-- http://www.phpmyadmin.net
--
-- Client: localhost
-- Généré le : Ven 18 Juillet 2014 à 13:59
-- Version du serveur: 5.5.38
-- Version de PHP: 5.3.10-1ubuntu3.13




--
-- Base de données: `spiceup`
--

-- --------------------------------------------------------

--
-- Structure de la table `actualites`
--

CREATE TABLE IF NOT EXISTS `actualites` (
  `actualites_id` int(10) unsigned NOT NULL AUTO_INCREMENT,
  `actualites_active` enum('Y','N') NOT NULL DEFAULT 'N',
  `actualites_profil` enum('superviseur','referenceur','administrateur','commercial','redacteur') NOT NULL DEFAULT 'administrateur',
  `agences_id` int(10) unsigned DEFAULT NULL,
  `thematiques_id` int(10) unsigned DEFAULT NULL,
  `univers_id` int(10) unsigned DEFAULT NULL,
  `actualites_creation` datetime DEFAULT NULL,
  `actualites_publication` date DEFAULT NULL,
  `actualites_photo` varchar(150) DEFAULT NULL,
  `actualites_pictogramme` varchar(150) DEFAULT NULL,
  `actualites_calendrier` enum('Y','N') NOT NULL DEFAULT 'N',
  `actualites_accueil` enum('Y','N') NOT NULL DEFAULT 'N',
  PRIMARY KEY (`actualites_id`),
  KEY `fk_actualites_thematiques_id` (`thematiques_id`),
  KEY `fk_actualites_univers_id` (`univers_id`),
  KEY `fk_actualites_agences_id` (`agences_id`)
) ENGINE=InnoDB  DEFAULT CHARSET=utf8 AUTO_INCREMENT=36 ;

--
-- Contenu de la table `actualites`
--

INSERT INTO `actualites` (`actualites_id`, `actualites_active`, `actualites_profil`, `agences_id`, `thematiques_id`, `univers_id`, `actualites_creation`, `actualites_publication`, `actualites_photo`, `actualites_pictogramme`, `actualites_calendrier`, `actualites_accueil`) VALUES
(1, 'Y', 'administrateur', NULL, NULL, NULL, '2013-05-06 20:20:14', '2013-07-11', '/uploaded/photos/photos_image_11.jpg', NULL, 'N', 'N'),
(6, 'Y', 'administrateur', NULL, NULL, NULL, '2013-07-15 14:43:48', '2013-07-15', '/uploaded/photos/photos_image_259.jpg', NULL, 'N', 'N'),
(7, 'Y', 'administrateur', NULL, NULL, NULL, '2013-11-13 11:42:45', '2013-11-13', '/uploaded/photos/photos_image_278.png', NULL, 'N', 'N'),
(8, 'Y', 'administrateur', NULL, NULL, NULL, '2013-11-13 12:18:05', '2013-11-18', '/uploaded/photos/photos_image_286.jpg', NULL, 'N', 'N'),
(9, 'Y', 'administrateur', NULL, NULL, NULL, '2013-11-15 12:40:57', '2013-11-15', '/uploaded/photos/photos_image_283.png', NULL, 'N', 'N'),
(10, 'Y', 'administrateur', NULL, NULL, NULL, '2013-11-15 12:52:01', '2013-11-15', '/uploaded/photos/photos_image_282.png', NULL, 'N', 'N'),
(11, 'Y', 'administrateur', NULL, NULL, NULL, '2013-11-15 13:02:52', '2013-11-15', '/uploaded/photos/photos_image_279.png', NULL, 'N', 'N'),
(12, 'Y', 'administrateur', NULL, NULL, NULL, '2013-11-20 10:05:25', '2013-11-20', '/uploaded/photos/photos_image_301.png', NULL, 'N', 'N'),
(13, 'Y', 'administrateur', NULL, NULL, NULL, '2013-11-29 10:06:44', '2013-11-29', '/uploaded/photos/photos_image_302.jpg', NULL, 'N', 'N'),
(14, 'Y', 'administrateur', NULL, NULL, NULL, '2013-11-29 10:19:06', '2013-11-28', '/uploaded/photos/photos_image_305.jpg', NULL, 'N', 'N'),
(15, 'Y', 'administrateur', NULL, NULL, NULL, '2013-11-29 10:43:37', '2013-11-27', '/uploaded/photos/photos_image_308.jpg', NULL, 'N', 'N'),
(16, 'N', 'administrateur', NULL, NULL, NULL, '2014-02-04 12:12:05', '2014-02-04', NULL, NULL, 'N', 'N'),
(17, 'Y', 'administrateur', NULL, NULL, NULL, '2014-02-07 17:46:19', '2014-02-07', '/uploaded/photos/photos_image_309.png', NULL, 'N', 'N'),
(18, 'Y', 'administrateur', NULL, NULL, NULL, '2014-02-09 22:49:26', '2014-02-10', '/uploaded/photos/photos_image_310.png', NULL, 'N', 'N'),
(19, 'Y', 'administrateur', NULL, NULL, NULL, '2014-03-04 09:30:18', '2014-03-04', '/uploaded/photos/photos_image_311.jpg', NULL, 'N', 'N'),
(20, 'Y', 'administrateur', NULL, NULL, NULL, '2014-03-04 09:34:21', '2014-03-04', '/uploaded/photos/photos_image_312.jpg', NULL, 'N', 'N'),
(21, 'Y', 'administrateur', NULL, NULL, NULL, '2014-03-04 09:41:51', '2014-03-04', '/uploaded/photos/photos_image_313.jpg', NULL, 'N', 'N'),
(22, 'Y', 'administrateur', NULL, NULL, NULL, '2014-03-04 09:44:56', '2014-03-04', '/uploaded/photos/photos_image_314.jpg', NULL, 'N', 'N'),
(23, 'Y', 'administrateur', NULL, NULL, NULL, '2014-03-04 09:47:55', '2014-03-04', '/uploaded/photos/photos_image_315.jpg', NULL, 'N', 'N'),
(24, 'Y', 'administrateur', NULL, NULL, NULL, '2014-03-04 09:54:11', '2014-03-04', '/uploaded/photos/photos_image_316.jpg', NULL, 'N', 'N'),
(25, 'Y', 'administrateur', NULL, NULL, NULL, '2014-03-04 09:58:46', '2014-03-04', '/uploaded/photos/photos_image_317.jpg', NULL, 'N', 'N'),
(26, 'Y', 'administrateur', NULL, NULL, NULL, '2014-03-04 10:01:53', '2014-03-04', '/uploaded/photos/photos_image_318.jpg', NULL, 'N', 'N'),
(27, 'Y', 'administrateur', NULL, NULL, NULL, '2014-03-04 10:04:43', '2014-03-04', '/uploaded/photos/photos_image_319.jpg', NULL, 'N', 'N'),
(28, 'Y', 'administrateur', NULL, NULL, NULL, '2014-03-04 10:07:16', '2014-03-04', '/uploaded/photos/photos_image_320.jpg', NULL, 'N', 'N'),
(29, 'Y', 'administrateur', NULL, NULL, NULL, '2014-03-25 10:25:34', '2014-03-25', '/uploaded/photos/photos_image_343.jpg', NULL, 'N', 'N'),
(30, 'Y', 'administrateur', NULL, NULL, NULL, '2014-04-04 14:32:36', '2014-04-05', '/uploaded/photos/photos_image_344.jpg', NULL, 'N', 'N'),
(31, 'Y', 'administrateur', NULL, NULL, NULL, '2014-04-16 09:38:44', '2014-04-16', '/uploaded/photos/photos_image_345.png', NULL, 'N', 'N'),
(32, 'Y', 'administrateur', NULL, NULL, NULL, '2014-05-06 10:21:03', '2014-05-06', '/uploaded/photos/photos_image_346.png', NULL, 'N', 'N'),
(33, 'N', 'administrateur', NULL, NULL, NULL, '2014-05-16 11:23:32', '2014-05-16', '/uploaded/photos/photos_image_347.jpg', NULL, 'N', 'N'),
(34, 'Y', 'administrateur', NULL, NULL, NULL, '2014-05-29 11:21:43', '2014-05-29', '/uploaded/photos/photos_image_357.jpg', NULL, 'N', 'N'),
(35, 'Y', 'administrateur', NULL, NULL, NULL, '2014-06-05 19:48:41', '2014-06-05', '/uploaded/photos/photos_image_364.png', NULL, 'N', 'N');

-- --------------------------------------------------------

--
-- Structure de la table `actualites_diffusion`
--

CREATE TABLE IF NOT EXISTS `actualites_diffusion` (
  `actualites_id` int(10) unsigned NOT NULL,
  `ndd` varchar(5) NOT NULL,
  `actualites_diffusion_active` enum('Y','N') NOT NULL DEFAULT 'N',
  PRIMARY KEY (`actualites_id`,`ndd`),
  KEY `fk_actualitesdiffusion_actualites_id` (`actualites_id`)
) ENGINE=InnoDB DEFAULT CHARSET=utf8;

--
-- Contenu de la table `actualites_diffusion`
--

INSERT INTO `actualites_diffusion` (`actualites_id`, `ndd`, `actualites_diffusion_active`) VALUES
(1, 'fr', 'Y'),
(6, 'fr', 'Y'),
(7, 'fr', 'Y'),
(8, 'fr', 'Y'),
(9, 'fr', 'Y'),
(10, 'fr', 'Y'),
(11, 'fr', 'Y'),
(12, 'fr', 'Y'),
(13, 'fr', 'Y'),
(14, 'fr', 'Y'),
(15, 'fr', 'Y'),
(16, 'fr', 'N'),
(17, 'fr', 'Y'),
(18, 'fr', 'Y'),
(19, 'fr', 'Y'),
(20, 'fr', 'Y'),
(21, 'fr', 'Y'),
(22, 'fr', 'Y'),
(23, 'fr', 'Y'),
(24, 'fr', 'Y'),
(25, 'fr', 'Y'),
(26, 'fr', 'Y'),
(27, 'fr', 'Y'),
(28, 'fr', 'Y'),
(29, 'fr', 'Y'),
(30, 'fr', 'Y'),
(31, 'fr', 'Y'),
(32, 'fr', 'Y'),
(33, 'fr', 'N'),
(34, 'fr', 'Y'),
(35, 'fr', 'Y');

-- --------------------------------------------------------

--
-- Structure de la table `actualites_translation`
--

CREATE TABLE IF NOT EXISTS `actualites_translation` (
  `actualites_id` int(10) unsigned NOT NULL,
  `lang` varchar(2) NOT NULL,
  `meta_title` varchar(250) DEFAULT NULL,
  `meta_description` varchar(250) DEFAULT NULL,
  `meta_keywords` varchar(250) DEFAULT NULL,
  `actualites_titre` varchar(150) NOT NULL,
  `actualites_resume` text,
  `actualites_contenu` longtext,
  `actualites_document` varchar(150) DEFAULT NULL,
  `actualites_video` text,
  PRIMARY KEY (`actualites_id`,`lang`),
  KEY `fk_actualites_actualites_id` (`actualites_id`)
) ENGINE=InnoDB DEFAULT CHARSET=utf8;

--
-- Contenu de la table `actualites_translation`
--

INSERT INTO `actualites_translation` (`actualites_id`, `lang`, `meta_title`, `meta_description`, `meta_keywords`, `actualites_titre`, `actualites_resume`, `actualites_contenu`, `actualites_document`, `actualites_video`) VALUES
(1, 'en', 'Spice Up goes to Eden Roc', 'Spice Up goes to Eden Roc', 'spice Up eden roc cap antibes french riviera', 'Spice Up goes to Eden Roc !', 'Spice Up visits its friends of Eden Roc hotel', '<p>As good neighbors, we went to visit our friends at the hotel Eden Roc in Cap d''Antibes to see the novelties of the 2014 season and to be sure to offer you the best deals. The hotel, still marvelous, is faithful to its legend. It is the famous venue chosen by the stars during the Cannes Film Festival and this is a must for luxury events on the French Riviera.</p>\r\n<p>We have even been whispered that Rihanna was taking a sunbath when we were there ... But hush! It''s a secret!</p>\r\n<p>The hotel Eden Roc is the perfect area for your evening of exception or your launching.</p>', NULL, NULL),
(1, 'fr', 'Spice Up à L''Eden Roc', 'Spice Up à L''Eden Roc', 'Spice Up eden roc cap antibes côte d''azur', 'Spice Up à l''Eden Roc !', 'Spice Up rend visite à ses amis de l''hôtel Eden Roc !', '<p>En bons voisins, nous sommes all&eacute;s rendre visite &agrave; nos amis de l''Eden Roc pour faire le tour des nouveaut&eacute;s de la saison 2014 et &ecirc;tre s&ucirc;r de pouvoir vous proposer les meilleures offres. L''h&ocirc;tel, toujours aussi splendide, ne fait pas mentir sa l&eacute;gende. Lieu de rendez-vous des stars pendant le festival de Cannes, c''est un passage oblig&eacute; pour les &eacute;v&eacute;nements luxe sur la C&ocirc;te d''Azur.&nbsp;</p>\r\n<p>On nous aurait m&ecirc;me gliss&eacute; &agrave; l''oreille que Rihanna prenait un bain de soleil au moment o&ugrave; on passait... Mais chut! C''est un secret!</p>\r\n<p>L''Eden Roc, c''est le domaine parfait pour des r&eacute;ceptions d''exception ou vos lancements presse.&nbsp;</p>', NULL, NULL),
(6, 'en', 'A Spice Up trip to Ireland', 'A Spice Up trip to Ireland', 'A Spice Up trip to Ireland', 'A Spice Up trip to Ireland', 'Last week Spice Up settled for a few days in Ireland, just to keep abreast of all the news for your events and say hello to our Irish friends!', '<p>Last week Spice Up settled for a few days in Ireland, just to keep abreast of all the&nbsp;news&nbsp;for your events and say hello to our Irish friends!</p>\r\n<p>In Dublin, we tasted Guinness in Temple Bar, in the mood "super friendly" of the capital. We took a walk in the green countryside of this typical and amazing island. Moreover, the weather has had the good taste to leave us alone with the rain and we enjoyed good weather during the whole trip !</p>\r\n<p>We didn''t want to leave ...</p>', NULL, NULL),
(6, 'fr', 'Spice Up Voyage en Irlande', 'Spice Up Voyage en Irlande', 'Spice Up Voyage en Irlande', 'Spice Up Voyage en Irlande', 'La semaine dernière Spice Up à déposé ses valises pour quelques jours en Irlande, histoire de se tenir au courant de toutes les nouveautés pour vos événements et de passer le bonjour à nos amis irlandais!', '<p>La semaine derni&egrave;re Spice Up &agrave; d&eacute;pos&eacute; ses valises pour quelques jours en Irlande, histoire de se tenir au courant de toutes les nouveaut&eacute;s pour vos &eacute;v&eacute;nements et de passer le bonjour &agrave; nos amis irlandais!</p>\r\n<p>A Dublin, on a d&eacute;gust&eacute; de la Guiness &agrave; Temple bar, dans l''ambiance "hyper friendly" de la capitale et on a fait un petit tour dans la campagne verdoyante de cette &icirc;le typique et &eacute;tonnante. Qui plus est, la m&eacute;t&eacute;o a eu le bon go&ucirc;t de nous laisser tranquille car le beau &eacute;tait au rendez-vous !</p>\r\n<p>On n''aurait presque plus envie de rentrer...</p>', NULL, NULL),
(7, 'en', 'Spice Up exhibits at EIBTM 2013', 'Spice Up exhibits at EIBTM 2013 global meeting and event expo', 'Spice Up exhibits EIBTM 2013 global meeting and event expo receptive french riviera dmc event communication venue finder', 'Spice Up exhibits at EIBTM 2013', 'Spice Up at EIBTM with the French Riviera CRT and the city of antibes Juan-les-Pins', '<p><span>Spice Up goes to the global meeting and event expo in Barcelona ! We will share a booth with the French Riviera CRT and the city of Antibes Juan-les-pins for the opening of the new Congress Center in Juan les Pins. Spice Up, is located just beside this new asset for the French Riviera and is firmly rooted in the region since the beggining. Spice Up is in the best position to provide you specific information and service for your events in this Congress Center. We look forward to welcoming you to booth D50 to introduce a new alternative for your events with the new congress center in Antibes Juan-les-Pins and surrounding opportunities. Let&rsquo;s meet and discuss your event projects in Barcelona between the 19</span><sup>th</sup><span>&nbsp;and 21</span><sup>st</sup><span>&nbsp;of November.</span></p>\r\n<p><span><br /></span></p>\r\n<p><img src="http://www.spiceup.fr//uploaded/tinymce/CC_web.jpg" alt="Palais des Congr&egrave;s Juan les Pins" /></p>\r\n<p><img src="http://www.spiceup.fr//uploaded/tinymce/CC5_web.jpg" alt="Palais des Congr&egrave;s Juan les Pins" /></p>', NULL, NULL),
(7, 'fr', 'Spice Up expose au salon EIBTM 2013', 'Spice Up expose au salon EIBTM 2013 salon international de l''événement et du tourisme d''affaires', 'Spice Up expose salon international événement tourisme d''affaires réceptif côte d''azur événement communication réceptif venue finder EIBTM 2013', 'Spice Up expose au salon EIBTM 2013', 'Spice Up à EIBTM  avec le CRT Côte d''Azur et le Ville d''Antibes Juan-les-Pins', '<p><span>Spice Up part au salon international de l''&eacute;v&eacute;nement et du tourisme d''affaires &agrave; Barcelone! Nous serons accompagn&eacute;s pour l''occasion par le CRT C&ocirc;te d''Azur et la Ville d''Antibes Juan-les-Pins pour l''ouverture du nouveau Palais des Congr&egrave;s de la ville. Spice Up, situ&eacute;e juste &agrave; c&ocirc;t&eacute; de ce nouvel atout pour la C&ocirc;te d''Azur et ancr&eacute;e dans la r&eacute;gion depuis le d&eacute;but est l''agence la mieux &agrave; m&ecirc;me de vous ouvrir les portes du Palais ! Nous vous attendons avec impatience pour vous rencontrer et&nbsp;</span><span>&eacute;voquer&nbsp;</span><span>ensemble vos projets. Rejoignez-nous&nbsp;</span><span>sur le&nbsp;</span><span>Stand D50 &agrave; Barcelone, du 19 au 21 novembre&nbsp;</span><span>p</span><span>rochain.</span></p>\r\n<p><span><br /></span></p>\r\n<p><img style="vertical-align: baseline;" src="http://www.spiceup.fr//uploaded/tinymce/CC_web.jpg" alt="Palais des Congr&egrave;s Juan les Pins" /></p>\r\n<p><img style="float: right;" src="http://www.spiceup.fr//uploaded/tinymce/CC5_web.jpg" alt="Palais des Congr&egrave;s Juan les Pins" /></p>', NULL, NULL),
(8, 'en', 'Spice Up supports the French Football team!', 'Spice Up supports the french Football team and invites its clients to the match France Ukraine on November 19', 'Spice Up match France Ukraine 19 November', 'Spice Up supports the French Football team!', 'Spice Up supports the french Football team and invites its clients to the match France Ukraine on November 19', '<p>On November 19, prepare your blue jerseys! Spice Up goes to Stade de France to support our national Football team for the European play-off match between France and Ukraine! We have invited some of our clients who are fond of sports! Do you think France will be qualified for the World Cup ? We hope so ! So let''s meet next year in Brasil!</p>', NULL, NULL),
(8, 'fr', 'Spice Up soutient l''équipe de France de Foot!', 'Spice Up soutient l''équipe de France de foot et invite ses clients au match France Ukraine du 19 novembre', 'Spice Up Match France Ukraine Football 19 novembre', 'Spice Up soutient l''équipe de France de Foot!', 'Spice Up soutient l''équipe de France de foot et invite ses clients au match France Ukraine du 19 novembre', '<p>Le 19 Novembre, pr&eacute;parez vos maillots bleus! Spice Up part au stade de France soutenir notre &eacute;quipe de Foot nationale pour le match de barrage Europ&eacute;en France Ukraine! Nous invitons pour l''occasion nos clients fans de sport! La France sera-t-elle qualifi&eacute;e pour la Coupe du Monde 2014? On l''esp&egrave;re! Alors rendez-vous au Br&eacute;sil l''ann&eacute;e prochaine!</p>', NULL, NULL),
(9, 'en', 'Christmas the old fashion way in Montmartre', 'Spice Up celebrates Christmas off the beaten track: Christmas the old fashion way in Montmartre', 'Spice Up celebrate Christmas Montmartre old fashion way different original', 'Spice Up celebrates Christmas off the beaten track: Christmas the old fashion way in Montmartre', 'Discover our ideas to celebrate Christmas differently: Spice Up organizes for you a traditional evening in Montmartre. Discover it in pictures!', '<p>Spice Up offers you to tighten the links and live an exceptional experience at the Espace Montmartre! Share a nice dinner with your clients or between employees listening to the music of Pink Martini. The menu : we offer healthy meals with the caterer Tout Bio and sweets with our famous candy bar. Do you want to spice up the evening? Why not add stripping animation to warm the atmosphere? What a Xmas party !</p>\r\n<p><a class="vert" title="contact" href="http://www.spiceup.fr/en/contact/" target="_blank"><strong>Contact us now to arrange your evening!</strong></a></p>\r\n<p><strong><br /></strong></p>\r\n<p><img src="http://www.spiceup.fr//uploaded/tinymce/espace_montmartre.png" alt="espace Montmartre" width="460" height="300" /></p>\r\n<p><strong><strong><strong><br /></strong></strong></strong></p>\r\n<p><strong><strong><strong><img src="http://www.spiceup.fr//uploaded/tinymce/candy.png" alt="candy bar" width="460" height="300" /></strong></strong></strong></p>\r\n<p>&nbsp;</p>\r\n<p><strong><br /></strong></p>', NULL, NULL),
(9, 'fr', 'Noël rétro à Montmartre', 'Spice Up fête Noël hors des sentiers battus : Noël rétro à Montmartre', 'Spice Up fête Noël  rétro traditionnel différent original Montmartre', 'Spice Up fête Noël hors des sentiers battus : Noël rétro à Montmartre', 'Découvrez nos idées pour fêter Noël autrement : Spice Up vous organise une soirée tradi à Montmartre. Découvrez la en images!', '<p><span>Spice Up vous propose de resserrer les liens et vivre un moment d''exception &agrave; l&rsquo;Espace Montmartre ! Partagez un bon d&icirc;ner avec vos clients ou entre collaborateurs et &eacute;vadez-vous sur fond musical de Pink Martini. Au menu nous vous proposons des petits plats healthy avec le traiteur Tout Bio et des sucreries &agrave; volont&eacute;s avec notre fameux Candy bar. Vous voulez pimenter la soir&eacute;e? Pourquoi pas ajouter une animation effeuillage pour r&eacute;chauffer l&rsquo;atmosph&egrave;re ? Voil&agrave; une sacr&eacute;e Xmas party qui s''annonce! </span></p>\r\n<p><strong><a class="vert" title="contact" href="http://www.spiceup.fr/fr/contact/" target="_blank">Contactez-nous vite pour organiser votre soir&eacute;e !</a></strong></p>\r\n<p><strong><br /></strong></p>\r\n<p><img style="vertical-align: baseline;" src="http://www.spiceup.fr//uploaded/tinymce/espace_montmartre.png" alt="espace Montmartre" width="460" height="300" /></p>\r\n<p><strong><br /></strong></p>\r\n<p><strong><img style="float: right;" src="http://www.spiceup.fr//uploaded/tinymce/candy.png" alt="candy bar" width="460" height="300" /></strong></p>', NULL, NULL),
(10, 'en', 'Traditional Christmas in the Marais', 'Spice Up Christmas feast off the beaten path: traditional Christmas in the Marais', 'Christmas tradition traditional Marais Paris Spice Up', 'Spice Up celebrates Christmas off the beaten path: traditional Christmas in the Marais', 'A desire for tradition revisited? Check out our suggestions for a traditional Christmas Eve dinner in the Marais!', '<p>Celebrate Christmas Eve in a gastronomic and friendly way! In Cellier Saint Paul, in the heart of the Marais, Spice Up enhances your meal using the services of a sommelier who will betray the all the secrets of his craft ! Enjoy various versions of foie gras, the dish of the season, listening to the sound of an electric harp. We will dive into an atmosphere of daydreaming through the poems read by our favorite actor. Do not rush! We are waiting for you ...</p>\r\n<p><strong><a class="vert" title="contact" href="http://www.spiceup.fr/en/contact/" target="_blank">Contact us now to arrange your evening !</a></strong></p>\r\n<p><strong><br /></strong></p>\r\n<p><strong><img src="http://www.spiceup.fr//uploaded/tinymce/cellier3.png" alt="cellier saint paul" /></strong></p>\r\n<p><strong><img src="http://www.spiceup.fr//uploaded/tinymce/cellier_4.png" alt="d&eacute;gustation de vin oenologie" /></strong></p>', NULL, NULL),
(10, 'fr', 'Noël tradi dans le Marais', 'Spice Up fête Noël hors des sentiers battus : Noël tradi dans le Marais', 'Noël tradition Marais Spice Up Paris', 'Spice Up fête Noël hors des sentiers battus : Noël tradi dans le Marais', 'Une envie de tradition revisitée? Découvrez nos suggestions pour un dîner de réveillon tradi dans le Marais!', '<p><span>F&ecirc;tez No&euml;l sous le signe de la gastronomie et de la convivialit&eacute;! Au Cellier Saint Paul, en plein c&oelig;ur du Marais, Spice Up vous rehausse votre repas en faisant appel aux services d&rsquo;un sommelier qui trahira tous les secrets de son m&eacute;tier&nbsp;!Vous d&eacute;gusterez diverses d&eacute;clinaisons de foie gras, l''aliment phare de la saison, au son d''une harpe &eacute;lectrique. Et pour couronner le tout, nous vous plongeons dans une ambiance de r&ecirc;ve &eacute;veill&eacute; gr&acirc;ce aux po&egrave;mes lus par notre acteur pr&eacute;f&eacute;r&eacute;. Nous vous pr&eacute;cipitez pas! On vous attend... </span></p>\r\n<p><span><strong><a class="vert" title="contact" href="http://www.spiceup.fr/fr/contact/" target="_blank">Contactez-nous vite pour organiser votre soir&eacute;e.</a></strong></span></p>\r\n<p><span><strong><br /></strong></span></p>\r\n<p><img style="vertical-align: baseline;" src="http://www.spiceup.fr//uploaded/tinymce/cellier3.png" alt="cellier saint paul" /></p>\r\n<p><img style="float: right;" src="http://www.spiceup.fr//uploaded/tinymce/cellier_4.png" alt="d&eacute;gustation de vin oenologie" /></p>', NULL, NULL),
(11, 'en', 'Hype Christmas on the roofs of Paris', 'Spice Up celebrates Christmas off the beaten track: hype Christmas on the roofs of Paris', 'Spice Up Christmas hype Paris roof top ', 'Spice Up celebrates Christmas off the beaten track: hype Christmas on the roofs of Paris', 'This is an original and luxurious way to celebrate Christmas! Spice Up has prepared for you an exceptional evening on the roofs of Paris ... Discover it in pictures!', '<p>Christmas, winter, snow, cold weather ... Denmark! You have many things to say to your staff? Organize a meeting at the House of Denmark to stay in the theme of the season. And after? We have set up a cooking show which you can enjoy, a cocktail in hand, waving to the sound of the DJ mix. A touch of unusual&nbsp;luxury? Follow us on the terrace with a breathtaking view on the Champs and enjoy the cigar bar especially prepared for you! To warm bodies and hearts we welcome you and your participants with blankets in (fake) fur. Who said the Ice Queen was not far?</p>\r\n<p><a class="vert" title="contact" href="http://www.spiceup.fr/en/contact/" target="_blank"><strong>Contact us now to arrange your evening !</strong></a></p>\r\n<p><strong><br /></strong></p>\r\n<p><strong><strong><img src="http://www.spiceup.fr//uploaded/tinymce/cooking.png" alt="show cooking" width="460" height="300" /></strong></strong></p>\r\n<p><strong><strong><strong><img src="http://www.spiceup.fr//uploaded/tinymce/cigare.png" alt="bar a cigares" width="460" height="300" /></strong></strong></strong></p>', NULL, NULL),
(11, 'fr', 'Noël hype sur les toits de Paris', 'Spice Up fête Noël hors des sentiers battus : Noël hype sur les toits de Paris', 'Spice Up Noël original sur les toits Paris hype', 'Spice Up fête Noël hors des sentiers battus : Noël hype sur les toits de Paris', 'Voilà une manière originale et luxe de fêter Noël! Spice Up vous concocte une soirée d''exception dur les toits de Paris… Découvrez les images! On est sûrs que ça vous donnera envie...', '<p><span>No&euml;l, hiver, neige, grands froids... Danemark! Vous avez des tas de choses &agrave; vous dire? Faites une r&eacute;union &agrave; la Maison du Danemark pour rester dans le th&egrave;me de la saison. Et apr&egrave;s? On vous pr&eacute;pare un show cooking que vous pourrez admirer, un cocktail &agrave; la main en ondulant au son des mix du DJ. Une petite touche luxe hors du commun ? Suivez nous sur la terrasse qui offre une vue &agrave; couper le souffle sur les Champs et profitez du bar &agrave; cigares sp&eacute;cialement dress&eacute; pour vous! Pour r&eacute;chauffer les corps et les c&oelig;urs on vous accueille avec des couvertures en (fausse) fourrure. Qui a dit que la Reine des Glaces n''&eacute;tait pas loin? </span></p>\r\n<p><a class="vert" title="Contact" href="http://www.spiceup.fr/fr/contact/" target="_blank"><strong>Contactez-nous vite pour organiser votre soir&eacute;e!</strong></a></p>\r\n<p><strong><br /></strong></p>\r\n<p><strong><img src="http://www.spiceup.fr//uploaded/tinymce/cooking.png" alt="show cooking" width="460" height="300" /></strong></p>\r\n<p><strong><img style="float: right;" src="http://www.spiceup.fr//uploaded/tinymce/cigare.png" alt="bar a cigares" width="460" height="300" /></strong></p>\r\n<p><strong><br /></strong></p>', NULL, NULL),
(12, 'en', 'Spice Up supports the French Football team… On purpose !', 'Spice Up supports the french Football team and invites its clients to the victory of France against Ukraine on November 19', 'Spice Up match football France Ukraine victory', 'Spice Up supports the French Football team… On purpose !', 'Spice Up went to the Stade de France last night with its customers to cheer the French Football Team! It was a crazy atmosphere! It is a 3-0 victory that opens the doors of the Football World Cup to the French Football Team.', '<p>Spice Up went to the Stade de France last night with its customers to cheer the French Football Team! It was a crazy atmosphere! After a pre-game cocktail at the bar "La Vue", we went to Stade de France towatched the game! 3-0, a great victory that opens the doors of the World Cup Soccer!</p>\r\n<p>Although initially it was a bad start, Spice Up has believed in it and was right! It was an unforgettable evening where Spice Up''s&nbsp;major customers &nbsp;were present. Eventful, full of warmth and positive energy!</p>\r\n<p>To summarize: a beautiful memory and a beautiful shared experience!</p>', NULL, NULL),
(12, 'fr', 'Spice Up soutient l''équipe de France de Foot … A raison!', 'Spice Up soutient l''équipe de France de foot et invite ses clients à la victoire de la France contre l''Ukraine du 19 novembre', 'Spice Up Match france Ukraine Victoire football', 'Spice Up soutient l''équipe de France de Foot … A raison!', 'C''est dans une ambiance de folie que Spice Up s''est rendu au Stade de France hier soir avec ses clients pour acclamer les Bleus! 3-0, une belle victoire qui nous ouvre les portes de la Coupe du Monde de Foot !', '<p>C''est dans une ambiance de folie que <strong>Spice Up</strong> s''est rendu au <strong>Stade de France</strong> hier soir avec ses clients pour acclamer les Bleus! Apr&egrave;s une collation d''avant match au bar "La Vue", nous sommes all&eacute;s au Stade de France pour assister au match! 3-0, une belle victoire qui nous ouvre les portes de la Coupe du Monde de Foot !</p>\r\n<p>M&ecirc;me si au d&eacute;part c''&eacute;tait mal parti, Spice Up y a cru et a eu raison! C''&eacute;tait une soir&eacute;e inoubliable &agrave; laquelle les clients majeurs de Spice Up ont r&eacute;pondu pr&eacute;sents. Riche en &eacute;motions, pleine de convivialit&eacute; et d''&eacute;nergie positive!&nbsp;</p>\r\n<p>Pour r&eacute;sumer : un beau souvenir et une belle exp&eacute;rience partag&eacute;e!</p>', NULL, NULL),
(13, 'en', 'Cocooning seminar by the chimney', 'Go white with Spice Up after Christmas : cocooning seminar in Chamonix', 'Spice Up seminar event ski Chamonix snow Alpes', 'Cocooning seminar by the chimney', 'The mountain is the perfect place to pamper yourself and have fun! Spice Up takes you to the chic resort of Chamonix where you can enjoy a tailor-made event for you to work in a relaxed atmosphere.', '<p><span>The mountain is the perfect place to pamper yourself and have fun! Spice Up takes you to the chic resort of Chamonix where you can enjoy a tailor-made event for you to work in a relaxed atmosphere. After a full day meeting, enjoy a raclette and fondue evening! During the appetizer, let your participants marvel at the magic of an ice sculpture show. Finally, Spice Up takes you to the Spa to shape up for business and come back full of energy</span></p>\r\n<p class="vert"><strong><br /></strong></p>\r\n<p class="vert"><a class="vert" title="contact" href="http://www.spiceup.fr/en/contact/" target="_blank"><strong>Contact us now to organize your event!</strong></a></p>\r\n<p class="vert"><strong><br /></strong></p>\r\n<p class="vert"><strong><strong><img src="http://www.spiceup.fr//uploaded/tinymce/tailleur.png" alt="tailleur de glace" width="460" height="300" /></strong></strong></p>\r\n<p class="vert"><strong><strong><br /></strong></strong></p>\r\n<p class="vert"><strong><strong><img style="float: right;" src="http://www.spiceup.fr//uploaded/tinymce/spa.png" alt="spa chamonix" width="460" height="300" /></strong></strong></p>', NULL, NULL),
(13, 'fr', 'Séminaire cocooning au pied de la cheminée', 'Spice Up vous met au blanc après les fêtes et organise un séminaire cocooning à Chamonix', 'Spice Up séminaire Ski Chamonix montagne neige événement Alpes', 'Séminaire cocooning au pied de la cheminée', 'La montagne, voilà l''endroit rêvé pour prendre soin de soi et se faire plaisir ! Spice Up vous guide dans la très chic station de Chamonix où vous pourrez profiter d''un événement sur mesure pour vous détendre.', '<p>La montagne, voil&agrave; l''endroit r&ecirc;v&eacute; pour prendre soin de soi et se faire plaisir ! Spice Up vous guide dans la tr&egrave;s chic station de Chamonix o&ugrave; vous pourrez profiter d''un &eacute;v&eacute;nement sur mesure pour vous d&eacute;tendre. Apr&egrave;s une journ&eacute;e enti&egrave;re de r&eacute;union, Spice Up vous r&eacute;gale d''une soir&eacute;e raclette et fondue ! Au cours de l''ap&eacute;ritif, laissez vos participants s''&eacute;merveiller devant les prestations magiques de notre tailleur de glace. Enfin, suivez-nous au Spa, pour une session cocooning. Si reposant que le temps semble s''y &ecirc;tre arr&ecirc;t&eacute;...</p>\r\n<p class="vert"><strong><br /></strong></p>\r\n<p class="vert"><a class="vert" title="contact" href="http://www.spiceup.fr/fr/contact/" target="_blank"><strong>Contactez-nous vite pour organiser votre &eacute;v&eacute;nement !</strong></a></p>\r\n<p class="vert"><strong><br /></strong></p>\r\n<p class="vert"><strong><img style="vertical-align: baseline;" src="http://www.spiceup.fr//uploaded/tinymce/tailleur.png" alt="tailleur de glace" width="460" height="300" /></strong></p>\r\n<p class="vert"><strong><br /></strong></p>\r\n<p class="vert"><strong><img style="float: right;" src="http://www.spiceup.fr//uploaded/tinymce/spa.png" alt="spa chamonix" width="460" height="300" /></strong></p>', NULL, NULL),
(14, 'en', 'Sporting seminar in the snow', 'go white with Spice Up after Christmas : sporting seminar in la Clusaz', 'Spice Up seminar party festive mountains snow ski event la Clusaz', 'Sporting seminar in the snow', 'Spice Up presents La Clusaz for an event that will combine work, sport and fresh air!', '<p><span>Spice Up presents La Clusaz for an event that will combine work, sport and fresh air! We will challenge your participants with a multi-slide activity afternoon coupled with mulled wine of course. Then, we take you for a lunch break on the slopes to get some strength before skiing with champions espacially selected for your group. You will then enjoy a party evening, networking, eating, drinking and dancing with the champions.</span></p>\r\n<p><strong><a class="vert" title="contact" href="http://www.spiceup.fr/en/contact/" target="_blank">Contact us now to organize your event!</a></strong></p>\r\n<p><strong><br /></strong></p>\r\n<p><strong><strong><img src="http://www.spiceup.fr//uploaded/tinymce/glisse.png" alt="activit&eacute;s multiglisse" width="460" height="300" /></strong></strong></p>\r\n<p><strong><strong><br /></strong></strong></p>\r\n<p><strong><strong><img style="float: right;" src="http://www.spiceup.fr//uploaded/tinymce/club.png" alt="club la clusaz" width="460" height="300" /></strong></strong></p>', NULL, NULL),
(14, 'fr', 'Séminaire sportif dans la poudreuse', 'Spice Up vous met au blanc après les êtes et organise un séminaire sportif à la Clusaz', 'Spice Up seminaire fête festif ski montagnes neige séminaire événement la Clusaz', 'Séminaire sportif dans la poudreuse', 'Spice Up vous accompagne à la Clusaz pour un événement qui alliera travail, sport et grand air !', '<p>Spice Up vous accompagne &agrave; la Clusaz pour un &eacute;v&eacute;nement qui alliera travail, sport et grand air ! On challenge vos participants avec une apr&egrave;s midi multi-glisse, on vous am&egrave;ne d&eacute;jeuner dans un restau sur les pistes, on vous offre m&ecirc;me le privil&egrave;ge de skier avec les stars de la discipline ! Et pour faire travailler tous vos muscles jusqu''au bout, venez vous r&eacute;chauffer sur la piste de danse pour une soir&eacute;e endiabl&eacute;e !</p>\r\n<p><strong><br /></strong></p>\r\n<p><strong><a class="vert" title="contact" href="http://www.spiceup.fr/fr/contact/" target="_blank">Contactez-nous vite pour organiser votre &eacute;v&eacute;nement !</a></strong></p>\r\n<p><strong><br /></strong></p>\r\n<p><strong><img style="vertical-align: baseline;" src="http://www.spiceup.fr//uploaded/tinymce/glisse.png" alt="activit&eacute;s multiglisse" width="460" height="300" /></strong></p>\r\n<p><strong><br /></strong></p>\r\n<p><strong><img style="float: right;" src="http://www.spiceup.fr//uploaded/tinymce/club.png" alt="club la clusaz" width="460" height="300" /></strong></p>', NULL, NULL),
(15, 'en', 'Festive seminar on the rocks', '', 'Spice up seminar party festive mountains snow ski event méribel', 'Festive seminar on the rocks', 'Do you want to spice up your sales meeting? Spice Up offers you up lifting training sessions with out of the box key note speakers and parties on the slopes, in Méribel.', '<p><span>Do you want to spice up your sales meeting? Spice Up offers you up lifting training sessions with out of the box key note speakers and parties on the slopes in M&eacute;ribel. After a half-day meeting, nothing revives you better than a trail in snowshoes followed by a ride of skijoering. Fun and laughter are garanteed! Are you looking for the surprise that makes the difference? Treat your groupe to dinner in a mountain restaurant followed by a night out clubbing, feet in the snow, head in the stars! Come back to work reboosted!</span></p>\r\n<p>&nbsp;</p>\r\n<p><a class="vert" title="contact" href="http://www.spiceup.fr/en/contact/" target="_blank"><strong>Contact us now to organize your event!</strong></a></p>\r\n<p><strong><br /></strong></p>\r\n<p><strong><strong><img src="http://www.spiceup.fr//uploaded/tinymce/raquette.png" alt="raquettes m&eacute;ribel" width="460" height="300" /></strong></strong></p>\r\n<p><strong><strong><br /></strong></strong></p>\r\n<p><strong><strong><img style="float: right;" src="http://www.spiceup.fr//uploaded/tinymce/skijoering.png" alt="skijoering" width="460" height="300" /></strong></strong></p>', NULL, NULL),
(15, 'fr', 'Séminaire festif au sommet ', 'Spice Up vous met au blanc après les fêtes et vous organise un séminaire festif à Méribel', 'Spice Up séminaire fête ski neige montagne Méribel événement ', 'Séminaire festif au sommet', 'Vous souhaitez offrir un événement inoubliable à vos participants ? Spice Up vous propose un séjour de formation, fête et détente au coeur des Alpes dans la station de Méribel.', '<p>Vous souhaitez offrir un &eacute;v&eacute;nement inoubliable &agrave; vos participants ? Spice Up vous propose un s&eacute;jour de formation, f&ecirc;te et d&eacute;tente au coeur des Alpes, dans la station de M&eacute;ribel. Apr&egrave;s une matin&eacute;e de r&eacute;union, partez &agrave; la d&eacute;couverte des montagnes en raquettes. Spice Up vous accompagne ensuite faire du skijoering. Rire et bonne humeur garantis ! La surprise qui fait la diff&eacute;rence ? Venez vous r&eacute;galer d''un d&icirc;ner en altitude suivi par une soir&eacute;e clubbing, les pieds dans la neige, la t&ecirc;te dans les &eacute;toiles !</p>\r\n<p>&nbsp;</p>\r\n<p><strong><a class="vert" title="contact" href="http://www.spiceup.fr/en/contact/" target="_blank">Contactez-nous vite pour organiser votre &eacute;v&eacute;nement !</a></strong></p>\r\n<p><strong><br /></strong></p>\r\n<p><strong><img style="vertical-align: baseline;" src="http://www.spiceup.fr//uploaded/tinymce/raquette.png" alt="raquettes m&eacute;ribel" width="460" height="300" /></strong></p>\r\n<p><strong><br /></strong></p>\r\n<p><strong><img style="float: right;" src="http://www.spiceup.fr//uploaded/tinymce/skijoering.png" alt="skijoering m&eacute;ribel" width="460" height="300" /></strong></p>', NULL, NULL),
(16, 'en', 'Spice Up were at Grand Palais', 'Spice Up était au Grand Palais pour #LaPlusBelleSalleDeFitnessDuMonde, événement Reebok rassemblant plus de 5000 sportifs', 'reebok,spiceup,la plus belle salle de fitness du monde', 'Spice Up était au Grand Palais', 'Spice Up était au Grand Palais pour #LaPlusBelleSalleDeFitnessDuMonde, événement Reebok rassemblant plus de 5000 sportifs', '<p>Spice Up &eacute;tait au Grand Palais pour #LaPlusBelleSalleDeFitnessDuMonde, &eacute;v&eacute;nement Reebok rassemblant plus de 5000 sportifs</p>', NULL, NULL),
(16, 'fr', 'Spice Up était au Grand Palais', 'Spice Up était au Grand Palais pour #LaPlusBelleSalleDeFitnessDuMonde, événement Reebok rassemblant plus de 5000 sportifs', 'reebok,spiceup,la plus belle salle de fitness du monde', 'Spice Up était au Grand Palais', 'Spice Up était au Grand Palais pour #LaPlusBelleSalleDeFitnessDuMonde, événement Reebok rassemblant plus de 5000 sportifs', '<p>Spice Up &eacute;tait au Grand Palais pour #LaPlusBelleSalleDeFitnessDuMonde, &eacute;v&eacute;nement Reebok rassemblant plus de 5000 sportifs</p>', NULL, NULL),
(17, 'en', 'Valentine''s Day Contest ', 'Win 2 tickets to the performance of Romeo &amp; Juliet on February 14 in Paris', 'Contest Valentine''s day Paris Romeo &amp; Juliet Spice Up', 'Valentine''s day contest !', 'Post your most beautiful declaration of love on our Facebook page and win 2 tickets to the performance of Romeo &amp; Juliet on February 14 in Paris!', '<p>Post your most beautiful declaration of love and win 2 tickets to the performance of Romeo &amp; Juliet on February 14 in Paris!</p>\r\n<p><a href="http://www.portestmartin.com/spectacle/piece/romeo-et-juliette" rel="nofollow nofollow" target="_blank">http://www.portestmartin.com/spectacle/piece/romeo-et-juliette</a></p>\r\n<p><strong>How to play?</strong></p>\r\n<p>Write your most beautiful declaration of love in the comments! Quote / Poem / Photo / Video ... Be creative, let yourself go ! The best statement will be designated on February 12 ! The winner will be notified by private message .</p>\r\n<p><br />See you very soon and in the meantime, Love &amp; Creativity !</p>', NULL, NULL),
(17, 'fr', 'Concours spécial Saint Valentin', 'Gagnez 2 places pour assister à la représentation de Roméo &amp; Juliette le 14 février à Paris !', 'Concours Saint Valentin Paris Roméo &amp; Juliette Spice Up', 'Concours spécial Saint Valentin !', 'Postez votre plus belle déclaration d''amour sur notre page Facebook et gagnez 2 places pour assister à la représentation de Roméo &amp; Juliette le 14 février à Paris !', '<p><span>Postez votre plus belle d&eacute;claration d''amour et gagnez 2 places pour assister &agrave; la repr&eacute;sentation de Rom&eacute;o &amp; Juliette le 14 f&eacute;vrier &agrave; Paris !</span></p>\r\n<p><a href="http://www.portestmartin.com/spectacle/piece/romeo-et-juliette" rel="nofollow nofollow" target="_blank">http://www.portestmartin.com/spectacle/piece/romeo-et-juliette</a></p>\r\n<p><strong>Comment jouer ? </strong></p>\r\n<p><span>Laissez votre plus belle d&eacute;claration dans les commentaires ! Citation / Po&egrave;me / Photo / Vid&eacute;o ... Soyez cr&eacute;atifs, l&acirc;chez-vous !&nbsp;</span><span>La plus belle d&eacute;claration sera d&eacute;sign&eacute;e le 12 f&eacute;vrier prochain ! Le gagnant sera averti par message priv&eacute;.</span></p>\r\n<p><br /><span>Alors &agrave; tr&egrave;s vite et en attendant, Amour &amp; Cr&eacute;ativit&eacute; !</span></p>', NULL, NULL),
(18, 'en', 'Pink menu for Valentine''s Day !', 'Spice Up takes you on a pink culinary trip for Valentine''s day', 'Spice Up Valentine''s day Menu recipe pink', 'Spice Up gives you the recipe of Love', 'Spice Up takes you on a pink culinary trip for your Valentine !', '<p><strong>Lovely Pink Champagne Cocktail</strong><br /><br /><span style="text-decoration: underline;"><em>Ingredients</em></span><br /><br /></p>\r\n<ul>\r\n<li>3-4 pomegranates</li>\r\n<li>caster sugar, optional</li>\r\n<li>1 bottle Champagne, chilled</li>\r\n</ul>\r\n<p>Cut your pomegranates in half and take their seeds out with a spatula <br /><br />Whiz the seeds for 5 to 10 seconds in a food processor, pour through a sieve and you''ll have some lovely pomegranate juice. If the pomegranates are particularly sharp, feel free to stir in a little sugar to sweeten.<br /><br />All you need to do is put about 5cm of pomegranate juice into a Champagne flute, then top it up with your Champagne.<br /><br /></p>\r\n<p><br /><strong>Tender Beetroot Blinis</strong><br /><br /><span style="text-decoration: underline;"><em>Beetroot cream</em></span></p>\r\n<ul>\r\n<li>1 raw beet</li>\r\n<li>3 spoons of Ricotta cheese</li>\r\n<li>2 spoons of olive oil</li>\r\n<li>Half a lemon juice</li>\r\n<li>Salt and pepper</li>\r\n</ul>\r\n<p>Dice the beet and pass it through the blender. Add the ricotta cheese, the lemon juice and the olive oil and seasoning. Keep the mixture in the fridge.</p>\r\n<p><span style="text-decoration: underline;"><em>For the blinis</em></span></p>\r\n<ul>\r\n<li>2 eggs</li>\r\n<li>150 g of flower</li>\r\n<li>30 cl of semi skimmed milk</li>\r\n<li>5 cl of full liquid cream</li>\r\n<li>5 g of baker&rsquo;s yeast</li>\r\n<li>1 cooked beet</li>\r\n<li>5 g casted sugar</li>\r\n<li>2 pinches of salt</li>\r\n<li>M&acirc;che leaves</li>\r\n<li>Thin slices of Chioggia beet</li>\r\n</ul>\r\n<p>Separate eggs whites<br />Warm up the milk and cream and pour the yeast in the mixture<br />Blend the diced beet<br />Mix the flour and egg yolks and pour the milk and yeast mixture as well as the beet. Stir and cover up with a damp cloth during at least one hour.<br />Whisk the egg whites and gently fold into the dough, stir to remove air bubbles. Add salt and sugar.<br />Pour a bit of dough in in a frying pan to form pan cakes cook 1 minute on each side. Don&rsquo;t hesitate to make the blinis thick so it stays firm.<br />Leave to cool and drop a spoon of beet cream on the blinis as well as m&acirc;che leaves and Chioggia beets.<br /><br /><br /><strong>Spicy Scallop Carpaccio with citrus and ginger</strong><br /><br /><span style="text-decoration: underline;"><em>Ingredients</em></span></p>\r\n<ul>\r\n<li>8 large scallops</li>\r\n<li>1 lime</li>\r\n<li>3 spoons of olive oil</li>\r\n<li>2cm of ginger</li>\r\n<li>1 pinch of espelette chilli</li>\r\n<li>Fleur de sel</li>\r\n<li>Rinse the scallops and dry them with kitchen roll.</li>\r\n</ul>\r\n<p>Cut them into thin slices with a paring knife. Take off the zest of the lime then squeeze it. Pell the ginger and cut it into thin sticks with the same knife.<br />Display the slices of scallops in the plates<br />Drizzle with olive oil, sprinkle with zests and ginger sticks. Add a little fleur de sel and espelette chilli<br /><br /><br /><strong>Sweet potato bake and languid ricotta whipped cream</strong><br /><br /><span style="text-decoration: underline;"><em>Ingredients</em></span></p>\r\n<ul>\r\n<li>400 gr of sweet potato</li>\r\n<li>3 spoons of olive oil</li>\r\n<li>2 spoons of mapple syrup</li>\r\n<li>1 tea spoon of cumin</li>\r\n<li>1 pinch of cinnamon</li>\r\n<li>Salt</li>\r\n<li>Pepper</li>\r\n<li>20 cl of single cream</li>\r\n<li>1 spoon of snipped chives</li>\r\n<li>2 spoons of ricotta</li>\r\n<li>ginger bread</li>\r\n</ul>\r\n<p>Preheat oven at 220&deg;. Cut the sweet potatoes into pieces. Mix olive oil, mapple syrup, cumin and cinnamon. Add salt and pepper. Place the pieces of sweet potato in a dish and spray with cumin oil. Bake between 25 to 30 min. Think about turning the potatoes around after 10/15 min.<br />Whip the cream and add the snipped chives and the ricotta<br />Toast the ginger bread<br />Serve the sweet potato warm or cold with cream and ginger bread croutons<br /><br /><br /><strong>Daring Chocolate cream with avocado, pomegranate &amp; pistachios</strong><br /><br /><span style="text-decoration: underline;">Ingredients</span></p>\r\n<ul>\r\n<li>Ripe avocado</li>\r\n<li>25 gr of unsweetened cocoa</li>\r\n<li>60 ml of mapple syrup</li>\r\n<li>vanilla bean seeds or pure vanilla extract</li>\r\n<li>1 pinch of fleur de sel</li>\r\n<li>Pomegrenate seeds (1/4 of pomegranate)</li>\r\n<li>Crushd pistachios (1 spoon)</li>\r\n</ul>\r\n<p>Mix all ingredients with a blender except for the pomegrenate seeds and pistachios until achieving a smooth cream texture.<br />Spinkle with pomegranate seeds and pistachios<br /><br /><br />Savour!</p>', NULL, NULL),
(18, 'fr', 'Un menu &quot;tout rose&quot; pour la Saint Valentin !', 'Spice Up vous propose un menu &quot;tout rose&quot; pour la Saint Valentin', 'Spice Up Saint Valentin menu recettes rose', 'Spice Up vous donne la recette de l''Amour', 'Pour la Saint Valentin, Spice Up vous propose un menu &quot;tout rose&quot; qui ravira les papilles de votre dulciné(e) !', '<p><strong>Cocktail rose de l''amour au Champagne</strong><br /><br /><span style="text-decoration: underline;"><em>Ingr&eacute;dients</em></span><br /><br /></p>\r\n<ul>\r\n<li>3-4 grenades</li>\r\n<li>sucre de canne</li>\r\n<li>1 bouteille de Champagne fra&icirc;che</li>\r\n</ul>\r\n<p>Coupez les grenades en deux et retirer les graines &agrave; l''aide d''une spatule.<br />Mixez les graines puis passez la pur&eacute;e obtene au choinois. Vous voil&agrave; avec un d&eacute;licieux jus de grenade ! Vous pouvez ajouter un peu de sucre de canne si le jus vous semble trop amer.<br />Versez le jus de grenade jusqu''&agrave; la moiti&eacute; de votre verre. Remplissez l''autre moiti&eacute; avec le Champagne. D&eacute;gustez !<br />A consommer avec mod&eacute;ration...</p>\r\n<p><br />&nbsp;<br /><strong>Tendres Blinis &agrave; la Betterave</strong><br /><br /><span style="text-decoration: underline;"><em>Pour la cr&egrave;me de betterave</em></span></p>\r\n<ul>\r\n<li>1 betterave crue</li>\r\n<li>3 c&agrave;s de ricotta</li>\r\n<li>2 c&agrave;s d&rsquo;huile d&rsquo;olive</li>\r\n<li>le jus d&rsquo;1/2 citron</li>\r\n<li>sel &amp; poivre</li>\r\n</ul>\r\n<p>Coupez la betterave en d&eacute;s et passez-la au mixeur. Ajoutez la ricotta, le jus de citron et l&rsquo;huile d&rsquo;olive puis assaisonnez. R&eacute;servez au r&eacute;frig&eacute;rateur.</p>\r\n<p><em><span style="text-decoration: underline;">Pour les blinis</span></em></p>\r\n<ul>\r\n<li>2 oeufs</li>\r\n<li>150 g de farine</li>\r\n<li>30 cl de lait demi-&eacute;cr&eacute;m&eacute;</li>\r\n<li>5 cl de cr&egrave;me fra&icirc;che enti&egrave;re</li>\r\n<li>5 g de levure boulang&egrave;re</li>\r\n<li>1 betterave cuite</li>\r\n<li>5 g de sucre de canne</li>\r\n<li>2 pinc&eacute;es de sel</li>\r\n<li>quelques feuilles de m&acirc;che</li>\r\n<li>Fines tranches de betterave Chioggia</li>\r\n</ul>\r\n<p>Commencez par clarifier les &oelig;ufs.<br />Faites ti&eacute;dir le lait et la cr&egrave;me puis d&eacute;layer la levure dedans.<br />Mixez la betterave pr&eacute;alablement coup&eacute;e en d&eacute;s.<br />M&eacute;langez la farine avec les jaunes d&rsquo;&oelig;ufs puis incorporez progressivement le m&eacute;lange &agrave; base de lait et levure ainsi que la betterave. M&eacute;langez soigneusement, puis couvrez d&rsquo;un linge humide pendant au moins 1 heure.<br />Montez les blancs en neige puis et incorporez-les &agrave; la p&acirc;te, remuez bien pour enlever une partie des bulles d&rsquo;air. Ajoutez le sel et le sucre.<br />Dans une po&ecirc;le l&eacute;g&egrave;rement huil&eacute;e, versez un peu de p&acirc;te pour former des cercles d&rsquo;une dizaine de centim&egrave;tres de diam&egrave;tre et laissez cuire 1 minute de chaque c&ocirc;t&eacute;. N&rsquo;h&eacute;sitez pas &agrave; faire des blinies un peu &eacute;pais pour qu&rsquo;ils se tiennent bien.<br />Laissez refroidir puis garnissez vos blinies d&rsquo;une bonne cuill&egrave;re de cr&egrave;me de betterave, d&rsquo;un bouquet de&nbsp; m&acirc;che et de triangles de betteraves chioggia.<br /><br />&nbsp;<br /><strong>Carpaccio &eacute;pic&eacute; de Saint Jacques aux agrumes &amp; gingembre</strong><br /><br /><span style="text-decoration: underline;"><em>Ingr&eacute;dients</em></span></p>\r\n<ul>\r\n<li>4 grosses noix de saint-jacques</li>\r\n<li>1 citron vert non trait&eacute;</li>\r\n<li>1 pamplemousse rose</li>\r\n<li>1 orange</li>\r\n<li>3 cuil. &agrave; soupe d''huile d''olive</li>\r\n<li>2 cm de gingembre</li>\r\n<li>1 pinc&eacute;e de piment d''Espelette</li>\r\n<li>Fleur de sel</li>\r\n</ul>\r\n<p>Passez les noix sous l''eau rapidement et s&eacute;chez-les avec du papier absorbant. <br />D&eacute;coupez-les en fines tranches avec un couteau d''office. Zestez le citron vert, puis pressez-le. &Eacute;pluchez le pamplemousse et l''orange, enlevez les petites peaux blanches et d&eacute;coupez-les en quartier. &Eacute;pluchez le gingembre et coupez-le en tr&egrave;s fins b&acirc;tonnets avec le m&ecirc;me couteau. <br />R&eacute;partissez les quartiers d''agrumes dans 2 assiettes puis poser dessus les tranches de saint-jacques.<br />Versez un filet d''huile d''olive et parsemez de zestes et de b&acirc;tonnets de gingembre. Ayez la main l&eacute;g&egrave;re avec la fleur de sel et le piment d''Espelette.<br /><br />&nbsp;<br /><strong>Patates douces au four - Chantilly langoureuse &agrave; la Ricotta</strong><br /><br /><span style="text-decoration: underline;"><em>Ingr&eacute;dients</em></span></p>\r\n<ul>\r\n<li>1 patate douce (environ 400g)</li>\r\n<li>3 cuill&egrave;res &agrave; soupe d&rsquo;huile d&rsquo;olive</li>\r\n<li>2 cuill&egrave;res &agrave; soupe de sirop d&rsquo;&eacute;rable</li>\r\n<li>1 cuill&egrave;re &agrave; caf&eacute; de cumin</li>\r\n<li>1 pinc&eacute;e de cannelle (facultatif)</li>\r\n<li>Sel</li>\r\n<li>Poivre</li>\r\n<li>20 cl de cr&egrave;me fleurette</li>\r\n<li>1 cuill&egrave;re &agrave; soupe de ciboulette cisel&eacute;e</li>\r\n<li>2 cuill&egrave;res &agrave; soupe de ricotta de brebis</li>\r\n<li>Du pain d&rsquo;&eacute;pice</li>\r\n</ul>\r\n<p>Pr&eacute;chauffez le four &agrave; 220&deg;C. Coupez la patate douce en morceaux. M&eacute;langez l&rsquo;huile d&rsquo;olive, le sirop d&rsquo;&eacute;rable, le cumin et la cannelle. Salez et poivrez &agrave; votre convenance. Placez les morceaux de patates douces dans un plat et arrosez d&rsquo;huile au cumin. Faites cuire pendant 25 &agrave; 30 min. Pensez &agrave; retourner les morceaux de patates douces au bout de 10/15 min.<br />Montez la cr&egrave;me en chantilly, ajoutez la ciboulette cisel&eacute;e et la ricotta. M&eacute;langez, salez et poivrez &agrave; votre convenance.<br />Faites griller des morceaux de pain d&rsquo;&eacute;pices.<br />Servez la patate douce ti&egrave;de ou froide avec de la chantilly et des croutons de pain d&rsquo;&eacute;pice.<br />&nbsp;<br />&nbsp;<br /><strong>Petits pots os&eacute;s de cr&egrave;me au chocolat, avocat, pistache et grenade</strong><br /><br /><span style="text-decoration: underline;"><em>Ingr&eacute;dients</em></span></p>\r\n<ul>\r\n<li>1 avocat bien m&ucirc;r</li>\r\n<li>25 g (1/4 de tasse) de bon cacao non-sucr&eacute;</li>\r\n<li>60 ml (1/4 de tasse) de sirop d&rsquo;&eacute;rable (ou sirop d&rsquo;agave ou miel)</li>\r\n<li>Les grains d&rsquo;une gousse de vanille ou 1/2 c.c. d&rsquo;extrait de vanille pure</li>\r\n<li>1 pinc&eacute;e de fleur de sel</li>\r\n<li>Grains de grenade, au go&ucirc;t</li>\r\n<li>Pistaches mond&eacute;es* et concass&eacute;es, au go&ucirc;t</li>\r\n</ul>\r\n<p>M&eacute;langer tous les ingr&eacute;dients &agrave; l&rsquo;aide d&rsquo;un mixeur plongeant (ou au robot culinaire), &agrave; l&rsquo;exception des grains de grenade et des pistaches, jusqu&rsquo;&agrave; obtenir une texture de cr&egrave;me homog&egrave;ne.<br />Saupoudrer de grains de grenade et de pistaches, au go&ucirc;t.<br /><br />D&eacute;lectez-vous !</p>', NULL, NULL),
(19, 'en', 'Spice Up favorite destinations in France : Monaco', 'Spice Up favorite destinations in France : Monaco', 'Spice Up favorite destinations france Monaco receptive DMC', 'Spice Up favorite destinations in France : Monaco', 'Are you looking for a top of the range destination combining luxury and excellence? Look no further! Monaco’s sumptuous facilities and internationally renowned events will add real flair to your conference or seminar.', '<p>Are you looking for a top of the range destination combining luxury and excellence? Look no further! Monaco&rsquo;s sumptuous facilities and internationally renowned events will add real flair to your conference or seminar.&nbsp;</p>\r\n<p>Spice Up knows all the tricks of the trade to secure the best seats all year round and attend the most prestigious occasions. Whether it be the Monte Carlo Rally in January, Monte Carlo Rolex Masters in April, Monaco Grand Prix in May, Monaco Yacht Show in September&hellip;. let Spice Up be your guide!</p>\r\n<p>&nbsp;</p>\r\n<p>Do you want to offer your delegates an exceptional experience? Follow us in the vaults of the H&ocirc;tel de Paris in search of some of the most acclaimed and extraordinary wine cellars in the world. From the Place du Casino to the cliffs overlooking the sea, the cellars - carved out of the rock - represent an area of more than 1500 m<sup>2&nbsp; </sup>and are overflowing with rare and exceptional wines. A truly unforgettable moment!</p>\r\n<p>The principality of Monaco is a high-end business destination enjoyed all year thanks to its mild Mediterranean climate. The period between January and March offers the best value.</p>\r\n<p>&nbsp;</p>\r\n<p class="vert"><a class="vert" title="Contact us" href="http://www.spiceup.fr/en/contact/" target="_self"><span style="text-decoration: underline;">Contact us today to organise your event&nbsp;!</span></a></p>', NULL, NULL),
(19, 'fr', 'Les destinations préférées de Spice Up en France : Monaco', 'Les destinations préférées de Spice Up en France : Monaco', 'destinations Spice Up France Monaco réceptif', 'Les destinations préférées de Spice Up en France : Monaco', 'Vous recherchez une destination haut de gamme, internationale, alliant luxe et excellence ? Monaco est fait pour vous ! ', '<p>Vous recherchez une destination haut de gamme, internationale, alliant luxe et excellence&nbsp;? Monaco est fait pour vous&nbsp;! La principaut&eacute; accueille des manifestations de renomm&eacute;e internationale qui sauront ajouter la touche d&rsquo;exception que vous souhaitez donner &agrave; vos &eacute;v&eacute;nements business. Spice Up conna&icirc;t toutes les ficelles pour trouver les meilleures places toute l&rsquo;ann&eacute;e&nbsp;et assister aux plus grandes manifestations ! Rallye de Monte-Carlo en janvier, Monte-Carlo Rolex Masters en avril, Grand Prix de Monaco en mai, Yacht Show en septembre &hellip; Laissez-vous guider&nbsp;!</p>\r\n<p>Vous souhaitez faire profiter vos participants&nbsp;d&rsquo;une activit&eacute; incentive hors du commun&nbsp;? Suivez Spice Up dans les sous-sols de l&rsquo;h&ocirc;tel de Paris &agrave; la d&eacute;couverte des plus grandes caves du monde et s&ucirc;rement les plus belles. De la place du casino&nbsp; jusqu&rsquo;aux falaises qui surplombent la mer, les caves, creus&eacute;es dans la roche,&nbsp; s&rsquo;&eacute;tendent sur plus de 1500 m<sup>2</sup> et regorgent de vins rares et de crus d&rsquo;exception. Un instant unique qui fera r&ecirc;ver vos participants.</p>\r\n<p>Monaco est une destination business haut de gamme, exploitable toute l&rsquo;ann&eacute;e gr&acirc;ce &agrave; son climat m&eacute;diterran&eacute;en. Vous y obtiendrez vos meilleurs deals entre janvier et mars.</p>\r\n<p>&nbsp;</p>\r\n<p class="vert"><a class="vert" title="Contactez-nous" href="http://www.spiceup.fr/fr/contact/" target="_self"><span style="text-decoration: underline;">Contactez-nous vite pour y organiser votre &eacute;v&eacute;nement&nbsp;!</span></a></p>', NULL, NULL);
INSERT INTO `actualites_translation` (`actualites_id`, `lang`, `meta_title`, `meta_description`, `meta_keywords`, `actualites_titre`, `actualites_resume`, `actualites_contenu`, `actualites_document`, `actualites_video`) VALUES
(20, 'en', 'Spice Up favorite destinations in France : Nice', 'Spice Up favorite destinations in France : Nice', 'Spice Up favorite destinations france Nice receptive DMC', 'Spice Up favorite destinations in France : Nice', 'The capital of the French Riviera is synonymous with culture and the good life.     Spice Up is there all year to organise your corporate events.', '<p>The capital of the French Riviera is synonymous with culture and the good life. &nbsp;&nbsp;&nbsp;&nbsp;Spice Up is there all year to organise your corporate events.</p>\r\n<p>In February, the world-famous Nice Carnival takes over the streets of the city and the glorious floats and lively atmosphere are sure to entertain your delegates. We can secure the best spots for you to admire the unmissable parade.</p>\r\n<p>Nice truly has a lot to offer. Your guests will discover the city through an enchanting walk on the hills overlooking the castle and along the Coul&eacute;e Verte - a green corridor and Nice&rsquo;s lastest green project &ndash; pausing at the MAMAC, the city&rsquo;s modern art museum. From Arman to Yves Klein via Nikki de Saint-Phalle, many great local artists are exhibited here.</p>\r\n<p>Arts and entertainment are always high on the agenda in the summer months which welcome the prestigious Nice Jazz Festival, boasting an eclectic and international line-up of musicians. Set in the historic Place Mass&eacute;na and Cimiez Arenas, your guests will enjoy music under the stars and spend an evening that promises to be festive and atmospheric.</p>\r\n<p>Do you want a taste of the local produce? Spice Up will take you to the hills behind Nice and open the door to the Domaine de Bellet where you can sample various wine growths and discover real local flavours.</p>\r\n<p>Although November is the quietest month, the city remains attractive throughout the year thanks to its exceptional climate.</p>\r\n<p>&nbsp;</p>\r\n<p class="vert"><a class="vert" title="Contact us" href="http://www.spiceup.fr/en/contact/" target="_self"><span style="text-decoration: underline;">Contact us today to organise your event</span>!</a></p>', NULL, NULL),
(20, 'fr', 'Les destinations préférées de Spice Up en France : Nice', 'Les destinations préférées de Spice Up en France : Nice', 'spice Up destinations préférées France Nice réceptif', 'Les destinations préférées de Spice Up en France : Nice', 'La capitale de la Côte d’Azur est celle de la culture et de la douceur de vivre.\r\nSpice Up vous accompagne pour y organiser vos événements d’entreprise toute l ‘année. ', '<p>La capitale de la C&ocirc;te d&rsquo;Azur est celle de la culture et de la douceur de vivre. Spice Up vous accompagne pour y organiser vos &eacute;v&eacute;nements d&rsquo;entreprise toute l&nbsp;&lsquo;ann&eacute;e. En f&eacute;vrier, la folie du Carnaval de Nice saura divertir vos participants. Spice Up vous d&eacute;nichera les meilleures places pour admirer le d&eacute;fil&eacute;&nbsp;! Nous ferons d&eacute;couvrir la ville &agrave; vos invit&eacute;s &agrave; travers une balade sur la colline du Ch&acirc;teau et le long de la Coul&eacute;e Verte qui les m&egrave;nera au MAMAC, le mus&eacute;e d&rsquo;art moderne de Nice. L&agrave;-bas, ils pourront admirer les &oelig;uvres des plus grands artistes du pays ni&ccedil;ois, de Arman &agrave; Nicki de Saint Phalle en passant par Yves Klein. Pour continuer sur notre lanc&eacute;e d&rsquo;activit&eacute;s artistiques, culturelles et ludiques, Spice Up vous propose d&rsquo;assister aux concerts du Nice Jazz Festival en &eacute;t&eacute; au cours duquel vous pourrez amener vos participants &eacute;couter les concerts en plein air au sein de ces lieux incroyables que sont les Ar&egrave;nes de Cimiez ou la Place Mass&eacute;na. Une vraie soir&eacute;e de f&ecirc;te en perspective&nbsp;!</p>\r\n<p>Vous souhaitez faire profiter vos &eacute;quipes d&rsquo;une d&eacute;gustation de produits locaux&nbsp;? Spice Up vous ouvre les portes du domaine de Bellet, situ&eacute; sur les hauteurs de Nice. L&agrave; bas, vous pourrez go&ucirc;ter aux vins de diff&eacute;rents crus et appr&eacute;cier les saveurs des coteaux ni&ccedil;ois.</p>\r\n<p>Si le mois de novembre sera le plus calme, la ville de Nice reste accessible tout au long de l&rsquo;ann&eacute;e gr&acirc;ce &agrave; son climat exceptionnel.</p>\r\n<p>&nbsp;</p>\r\n<p class="vert"><a class="vert" title="Contactez-nous" href="http://www.spiceup.fr/fr/contact/" target="_self"><span style="text-decoration: underline;">Contactez-nous vite pour y organiser votre &eacute;v&eacute;nement&nbsp;!</span></a></p>', NULL, NULL),
(21, 'en', 'Spice Up favorite destinations in France : Antibes', 'Spice Up favorite destinations in France : Antibes', 'Spice Up favorite destinations in France : Antibes dmc receptive', 'Spice Up favorite destinations in France : Antibes', 'Traditionally a more intimate destination on the French Riviera, the newly opened convention centre (Palais des Congrès) adds a corporate touch to the lovely town of Antibes.', '<p>Traditionally a more intimate destination on the French Riviera, the newly opened convention centre (<em>Palais des Congr&egrave;s</em>) adds a corporate touch to the lovely town of Antibes. The adjoining seaside resort of Juan-les-Pins offers an array of entertainment options and many high-end hotels.</p>\r\n<p>With offices ideally located next to the convention centre and a real expertise of the region, Spice Up is your number one partner when it comes to organising events in Antibes and Juan-les-Pins.</p>\r\n<p>There are many options for creating events withing walking distance. During the summer months, your guests can attend the many outdoor concerts of the <em>Jazz &agrave; Juan</em> festival taking place in the Gould pine forest, directly opposite the convention centre. The historic walled town offers plenty to see and we will take you on a fun and arty tour, starting&nbsp; at the Picasso Museum, a magnificent building overlooking the sea, where the artist used to live, and stopping at an absinthe bar where visitors can sample the delights of the green fairy.&nbsp;</p>\r\n<p>A bit further along the Cap d&rsquo;Antibes, why not treat your guests to a magical evening of classical music at the <em>Musique au C&oelig;ur&nbsp;</em>lyric art festival?&nbsp; <em></em></p>\r\n<p>For something extra special, Spice Up will create your gala dinner at the famous Villa Eilenroc, a sumptuous estate on the seafront and sought&ndash;after location for many films and commercials. A truly enchanting and timeless place.</p>\r\n<p>Antibes enjoys a mild and sunny climate which makes it accessible all year, with a peak season between May and September.</p>\r\n<p>&nbsp;</p>\r\n<p><a class="vert" title="Contac us" href="http://www.spiceup.fr/en/contact/" target="_self"><span class="vert" style="text-decoration: underline;">Contact us today to organise your event!</span></a><strong></strong></p>', NULL, NULL),
(21, 'fr', 'Les destinations préférées de Spice up en France : Antibes', 'Les destinations préférées de Spice up en France : Antibes', 'Les destinations préférées de Spice up en France : Antibes dmc receptif', 'Les destinations préférées de Spice up en France : Antibes', 'C’est la destination plus intime de la Côte d’Azur. L’ouverture de son nouveau Palais des Congrès cette année lui donne une plus grande dimension business.', '<p>C&rsquo;est la destination plus intime de la C&ocirc;te d&rsquo;Azur. L&rsquo;ouverture de son nouveau Palais des Congr&egrave;s cette ann&eacute;e lui donne une plus grande dimension business. Juan les Pins, la station baln&eacute;aire d&rsquo;Antibes accueille de nombreux h&ocirc;tels de qualit&eacute; et le nouveau Palais des congr&egrave;s. Devinez quoi&nbsp;? Spice Up est install&eacute; juste &agrave; c&ocirc;t&eacute;&nbsp;! Notre connaissance de la r&eacute;gion et notre implantation sur place fait de Spice Up le partenaire id&eacute;al pour organiser vos &eacute;v&eacute;nements sur Antibes et Juan les Pins&nbsp;! Sur place, vous pouvez construire un v&eacute;ritable &eacute;v&eacute;nement &agrave; &laquo;&nbsp;walking distance&nbsp;&raquo;. En &eacute;t&eacute;, vos participants pourront assister aux concerts en plein air du festival Jazz &agrave; Juan, dans la Pin&egrave;de Gould situ&eacute;e en face du Palais des congr&egrave;s. Un peu plus loin sur le Cap d&rsquo;Antibes, offrez une soir&eacute;e magique &agrave; vos &eacute;quipes avec les concerts classiques du festival d&rsquo;Art Lyrique &laquo;&nbsp;Musique au c&oelig;ur&nbsp;&raquo;.</p>\r\n<p>Spice Up organise votre soir&eacute;e de Gala &agrave; la Villa Eilenroc, magnifique domaine au bord de la mer&nbsp; o&ugrave; ont &eacute;t&eacute; tourn&eacute;s de nombreux films et publicit&eacute;s. Un lieu c&eacute;l&egrave;bre, enchanteur et hors du temps.</p>\r\n<p>Spice Up vous accompagne &eacute;galement dans la vieille ville fortifi&eacute;e d&rsquo;Antibes pour des activit&eacute;s conviviales et arty. Apr&egrave;s une visite du mus&eacute;e Picasso, magnifique b&acirc;tisse surplombant la mer, qui fut &eacute;galement sa demeure, Spice Up vous fait d&eacute;couvrir le bar &agrave; absinthe o&ugrave; vos participants pourront passer une soir&eacute;e&nbsp; agr&eacute;able en compagnie de la petite f&eacute;e verte&nbsp;!</p>\r\n<p>Cette destination est accessible toute l&rsquo;ann&eacute;e gr&acirc;ce &agrave; son climat doux et ensoleill&eacute;. Elle conna&icirc;t un fort pic d&rsquo;activit&eacute; entre mai et septembre.</p>\r\n<p>&nbsp;</p>\r\n<p class="vert"><a class="vert" title="Contactez-nous" href="http://www.spiceup.fr/fr/contact/" target="_self"><span style="text-decoration: underline;">Contactez-nous vite pour y organiser votre &eacute;v&eacute;nement!</span></a></p>', NULL, NULL),
(22, 'en', 'Spice Up favorite destinations in France : Camargue', 'Spice Up favorite destinations in France : Camargue', 'Spice Up favorite destinations in France : Camargue dmc receptive', 'Spice Up favorite destinations in France : Camargue', 'Spice Up will accompany your delegates (groups of 30 to 80) on a journey of discovery of this wild, unspoiled and welcoming region. ', '<p>Spice Up will accompany your delegates (groups of 30 to 80) on a journey of discovery of this wild, unspoiled and welcoming region. Meetings will take place in wine cellars typical of the Camargue, followed by local wine tastings. A very unusual location for what promises to be a colourful event!&nbsp;</p>\r\n<p>When it comes to activities, discover the fauna and flora between April to September. 4x4 safaris in the salt marshes can also be organised, or why not do as the locals and go horseriding?</p>\r\n<p>Are you looking to spend a lively and unusual evening? Your visitors can attend a traditional bull and horse show &ndash; <em>les Manades</em> &ndash; followed by regional music and dance in a festive and relaxed atmosphere.</p>\r\n<p>The Camargue region is a very authentic and friendly destination which will no doubt charm every visitor.</p>\r\n<p>&nbsp;</p>\r\n<p><a class="vert" title="Contact us" href="http://www.spiceup.fr/en/contact/" target="_self"><span class="vert" style="text-decoration: underline;">Contact us today to organise your event&nbsp;!</span></a><strong></strong></p>', NULL, NULL),
(22, 'fr', 'Les destinations préférées de Spice Up en France : La Camargue', 'les destinations préférées de Spice Up en France : La Camargue', 'les destinations préférées de Spice Up en France : La Camargue dmc receptif', 'Les destinations préférées de Spice Up en France : La Camargue', 'Spice Up accompagne vos petits groupes de 30 à 80 personnes à travers les paysages de cette destination sauvage, typique et conviviale.', '<p>Spice Up accompagne vos petits groupes de 30 &agrave; 80 personnes &agrave; travers les paysages de cette destination sauvage, typique et conviviale. Entre avril et septembre, nous faisons d&eacute;couvrir la faune et la flore de la Camargue &agrave; vos participants. Spice Up organise vos r&eacute;unions dans les caves des vignobles de la r&eacute;gion, suivies par une d&eacute;gustation de vins. Un cadre atypique pour des r&eacute;unions hautes<strong> </strong>en couleurs&nbsp;! Pour les activit&eacute;s, Spice Up vous propose des safaris en 4x4 dans les marais salins, ou des balades &agrave; cheval, pour faire comme les locaux&nbsp;! Vous recherchez une soir&eacute;e anim&eacute;e et originale ? Nous proposons &agrave; vos participants d&rsquo;assister &agrave; un&nbsp;spectacle taurin et &eacute;questre traditionnel, les Manades. Laissez vous ensuite envo&ucirc;ter par une soir&eacute;e de concert et danses traditionnels dans une ambiance festive et d&eacute;tendue.</p>\r\n<p>La Camargue est une v&eacute;ritable destination conviviale et authentique qui saura s&eacute;duire tous vos participants&nbsp;!</p>\r\n<p>&nbsp;</p>\r\n<p class="vert"><a class="vert" title="Contactez-nous" href="http://www.spiceup.fr/fr/contact/" target="_self"><span style="text-decoration: underline;">Contactez-nous vite pour y organiser votre &eacute;v&eacute;nement&nbsp;!</span></a></p>', NULL, NULL),
(23, 'en', 'Spice Up favorite destinations in France : Saint-Tropez', 'Spice Up favorite destinations in France : Saint-Tropez', 'Spice Up favorite destinations in France : Saint-Tropez dmc receptive', 'Spice Up favorite destinations in France : Saint-Tropez', 'The international playground of the rich and famous will delight your delegates. ', '<p>The international playground of the rich and famous will delight your delegates. To reward your guests with the ultimate VIP experience, we will pick them up from Cannes by helicopter for an unforgettable day or evening of indulgence. Discover the famous beaches of Pampelone and sample the delicious wines of the Gassin vineyard.</p>\r\n<p>Would you like to attend a large-scale event and treat your delegates to an exceptional night? For some adrenaline, Spice Up will take you to the <em>Voiles the Saint-Tropez </em>regatta, where jaw-dropping modern sailing boats race alongside beautiful traditional yachts. For culture buffs, the Ramatuelle jazz festival is sure to please.</p>\r\n<p>If you are looking for a destination combining fashion, a party atmosphere and the French <em>art de vivre</em>, Saint-Tropez is your undisputed choice.</p>\r\n<p>&nbsp;</p>\r\n<p><a class="vert" title="Contact us" href="http://www.spiceup.fr/en/contact/" target="_self"><span class="vert" style="text-decoration: underline;">Contact us today to organise your event!</span></a><strong></strong></p>', NULL, NULL),
(23, 'fr', 'Les destinations préférées de Spice Up en france : Saint-Tropez', 'Les destinations préférées de Spice Up en france : Saint-Tropez', 'Les destinations préférées de Spice Up en france : Saint-Tropez receptif dmc', 'Les destinations préférées de Spice Up en france : Saint-Tropez', 'Cette destination mondialement connue pour être le lieu de villégiature de nombreuses stars saura également ravir vos participants ! ', '<p>Cette destination mondialement connue pour &ecirc;tre le lieu de vill&eacute;giature de nombreuses stars saura &eacute;galement ravir vos participants&nbsp;! Spice Up vous propose de venir y passer une journ&eacute;e ou une&nbsp;soir&eacute;e et am&egrave;ne vos &eacute;quipes en h&eacute;licopt&egrave;re&nbsp;depuis Cannes&nbsp;! Une v&eacute;ritable journ&eacute;e de r&eacute;compense en somme pour des instants tr&egrave;s VIP&nbsp;! Nous vous ferons d&eacute;couvrir les fameuses plages de Pampelone, d&eacute;guster les vins du vignoble Gassin pour des instants inoubliables. Vous souhaitez assister &agrave; une manifestation de grande ampleur&nbsp;et offrir une soir&eacute;e de d&rsquo;exception &agrave; vos participants&nbsp;? Spice Up vousaccompagne aux Voiles de Saint-Tropez pour le c&ocirc;t&eacute; sportif ou encore au festival de Ramatuelle pour le c&ocirc;t&eacute; culturel&nbsp;!</p>\r\n<p>Sur la C&ocirc;te, Saint-Tropez reste le lieu indiscutable de la f&ecirc;te, de la mode et de l&rsquo;art de vivre&nbsp;!</p>\r\n<p>&nbsp;</p>\r\n<p class="vert"><a class="vert" title="Contactez-nous" href="http://www.spiceup.fr/fr/contact/" target="_self"><span style="text-decoration: underline;">Contactez-nous vite pour y organiser votre &eacute;v&eacute;nement&nbsp;!</span></a></p>', NULL, NULL),
(24, 'en', 'Spice Up favorite destinations in France : Cannes', 'Spice Up favorite destinations in France : Cannes', 'Spice Up favorite destinations in France : Cannes dmc receptive', 'Spice Up favorite destinations in France : Cannes', 'Synonymous with the prestigious Cannes Film Festival, the famous town knows how to put on a show when international celebrities walk the red carpet.', '<p>Synonymous with the prestigious Cannes Film Festival, the famous town knows how to put on a show when international celebrities walk the red carpet. Would you like to be a part of it? Spice Up will find the best hotel and entertainment to help you create the best showcase for your brand and your products.</p>\r\n<p>Away from the hustle and bustle of the festival,&nbsp;Cannes is a high-end business destination that we know like no other. The <em>Palais des Festivals et des Congr&egrave;s</em> is a superb meeting venue and the mythical palaces jotting the famous seafront offer exceptional accommodation and entertainment.</p>\r\n<p>At the end of a summer&rsquo;s day, wander through the streets of <em>le Suquet</em>, Cannes&rsquo; lovely old town, before enjoying a classical concert outside the church; a more intimate and relaxed alternative to entertain your delegates.</p>\r\n<p>Are you after an active yet easy-going activity? Follow us to the Radisson Hotel Spa for a fun aquagym class. &nbsp;Offering world-class seawater treatments, this exclusive spa will soothe and relax your guests in a most beautiful setting.</p>\r\n<p>For a journey back in time, join us on a short boat trip to the L&eacute;rins islands. Tranquil and well-preserved, these small paradises offer beautiful seafood and famous local wines produced by monks who have inhabited the islands more or less continuously since AD410.</p>\r\n<p>&nbsp;</p>\r\n<p><a class="vert" title="Contact us" href="http://www.spiceup.fr/en/contact/" target="_self"><span class="vert" style="text-decoration: underline;">Contact us today to organise your event!</span></a><strong></strong></p>', NULL, NULL),
(24, 'fr', 'Les destinations préférées de Spice Up en france : Cannes', 'les destinations préférées de Spice Up en france : Cannes', 'les destinations préférées de Spice Up en france : Cannes dmc réceptif ', 'Les destinations préférées de Spice Up en france : Cannes', 'C’est la ville du cinéma, rendue mondialement célèbre par son festival du cinéma et son défilé de stars qui chaque année embrase la Croisette.', '<p>C&rsquo;est la ville du cin&eacute;ma, rendue mondialement c&eacute;l&egrave;bre par son festival du cin&eacute;ma et son d&eacute;fil&eacute; de stars qui chaque ann&eacute;e embrase la Croisette. Vous souhaitez en faire partie&nbsp;? Spice Up vous d&eacute;niche votre h&ocirc;tel et vos soir&eacute;es et vous fait profiter de cette dynamique sans pareil pour&nbsp; cr&eacute;er une vitrine exceptionnelle pour votre marque et vos produits.</p>\r\n<p>Au del&agrave; du festival et de son agitation, Cannes est une destination business haut de gamme que Spice Up conna&icirc;t parfaitement. Nous saurons, par exemple, vous amener au Palais des festivals pour offrir un lieu de r&eacute;union exceptionnel &agrave; vos participants ou encore vous faire d&eacute;couvrir les palaces mythiques de cette ville pour votre h&eacute;bergement ou pour une soir&eacute;e d&rsquo;exception. En fin de journ&eacute;e les mois d&rsquo;&eacute;t&eacute;, vous pourrez &eacute;couter les concerts classiques devant l&rsquo;&eacute;glise du Suquet apr&egrave;s une visite de la vieille ville. Voil&agrave; une soir&eacute;e plus intime et conviviale &agrave; proposer &agrave; vos participants&nbsp;!</p>\r\n<p>Envie d&rsquo;une activit&eacute; &agrave; la fois d&eacute;tendue et sportive&nbsp;? Spice Up vous accompagne au spa de l&rsquo;h&ocirc;tel Radisson pour une session d&rsquo;aquagym dans la bonne humeur. Ce centre unique sur la c&ocirc;te vous propose des activit&eacute;s dans l&rsquo;eau de mer et des soins de qualit&eacute;.</p>\r\n<p>Sur un tout autre registre, Spice Up vous emm&egrave;ne vivre une journ&eacute;e d&rsquo;incentive hors du temps sur les Iles de Lerins.&nbsp; Prenez le bateau le matin et d&eacute;couvrez ces deux petits paradis pr&eacute;serv&eacute;s, o&ugrave; vous pourrez d&eacute;guster fruits de mer et vin produits sur place. Les Moines qui habitent l&rsquo;&icirc;le vous feront d&eacute;guster les crus de leur production, rares et renomm&eacute;s dans le monde entier.&nbsp;</p>\r\n<p>&nbsp;</p>\r\n<p class="vert"><a class="vert" title="Contactez-nous" href="http://www.spiceup.fr/fr/contact/" target="_self"><span style="text-decoration: underline;">Contactez-nous vite pour y organiser votre &eacute;v&eacute;nement&nbsp;!</span></a></p>', NULL, NULL),
(25, 'en', 'Spice Up favorite destinations in France : Bordeaux', 'Spice Up favorite destinations in France : Bordeaux', 'Spice Up favorite destinations in France : Bordeaux dmc receptive', 'Spice Up favorite destinations in France : Bordeaux', 'Bordeaux is the perfect example of a destination combining the authenticity of\r\n\r\na rich regional heritage with modern and dynamic sporting and recreational activities.', '<p>Bordeaux is the perfect example of a destination combining the authenticity of a rich regional heritage with modern and dynamic sporting and recreational activities.</p>\r\n<p>Discover wine harvesting in the Bordeaux wine region and the village of Saint-Emilion where you can sample the region&rsquo;s most superior grade wines.</p>\r\n<p>Why not offer your delegates a relaxing activity at the beautiful Caudalie spa where all treatments and products are created from natural vine and grape extracts?</p>\r\n<p>A little further away, we will take you on a visit of the Bay of Arcachon with its famous Dune du Pila<em>. </em>From there, your teams can choose between cycling, paragliding above magnificent scenery or sailing in the bay. To finish the day on a high note, sample delicious fresh seafood straight from the producer.</p>\r\n<p>From the beginning of summer to October, Bordeaux and its surroundings are an ideal choice to host your corporate events in an authentic and friendly atmosphere.&nbsp;</p>\r\n<p>&nbsp;</p>\r\n<p><a class="vert" title="Contact us" href="http://www.spiceup.fr/en/contact/" target="_self"><span class="vert" style="text-decoration: underline;">Contact us today to organise your event!</span></a><strong></strong></p>', NULL, NULL),
(25, 'fr', 'Les destinations préférées de Spice Up en France : Bordeaux', 'Les destinations préférées de Spice Up en France : Bordeaux', 'Les destinations préférées de Spice Up en France : Bordeaux dmc réceptif ', 'Les destinations préférées de Spice Up en France : Bordeaux', 'Bordeaux est l’une des destinations business qui sait allier l’authenticité d’un terroir riche et préservé à la dynamique des activités sportives et ludiques.', '<p>Bordeaux est l&rsquo;une des destinations business qui sait allier l&rsquo;authenticit&eacute; d&rsquo;un terroir riche et pr&eacute;serv&eacute; &agrave; la dynamique des activit&eacute;s sportives et ludiques. Spice Up vous fait d&eacute;couvrir les vendanges en bordelais et le village de Saint-Emilion o&ugrave; nous vous accompagnons d&eacute;guster les grands crus de la r&eacute;gion. Pour rester dans le th&egrave;me des vignes, offrez une activit&eacute; de d&eacute;tente &agrave; vos participants au spa Caudalie o&ugrave; tous les produits et les soins sont con&ccedil;us &agrave; partir du raisin.</p>\r\n<p>Un peu plus loin, Spice Up vous donne l&rsquo;opportunit&eacute; de visiter le Bassin d&rsquo;Arcachon, avec la fameuse Dune du Pila. L&agrave;-bas, vos &eacute;quipes pourront profiter d&rsquo;une balade &agrave; v&eacute;lo, d&rsquo;une sortie en voile sur le bassin ou d&rsquo;une activit&eacute; parapente au dessus des paysages magnifiques du bordelais. Pour terminer la journ&eacute;e en beaut&eacute;, Spice Up vous r&eacute;gale d&rsquo;une d&eacute;gustation de fruits de mer directement chez les producteurs.</p>\r\n<p>Des beaux jours jusqu&rsquo;&agrave; octobre, Bordeaux et sa r&eacute;gion accueilleront id&eacute;alement vos &eacute;v&eacute;nements business dans une ambiance authentique et conviviale.</p>\r\n<p>&nbsp;</p>\r\n<p class="vert"><a class="vert" title="Contactez-nous" href="http://www.spiceup.fr/fr/contact/" target="_self"><span style="text-decoration: underline;">Contactez-nous vite pour y organiser votre &eacute;v&eacute;nement&nbsp;!</span></a></p>', NULL, NULL),
(26, 'en', 'Spice up favorite destinations in France : Lyon', 'Spice up favorite destinations in France : Lyon', 'Spice up favorite destinations in France : Lyon dmc receptive', 'Spice up favorite destinations in France : Lyon', 'Let Spice Up open the gates of the French capital of gastronomy and uncover its secrets. ', '<p>Let Spice Up open the gates of the French capital of gastronomy and uncover its secrets. This city offers a real touch of originality and tradition to any event. Major occasions such as the Biennale of Contemporary Art from September to January or December&rsquo;s Festival of Lights will provide your guests with the perfect opportunity to combine work and pleasure while taking part in world-famous events.</p>\r\n<p>Stroll through the typical streets of the old town and join us for a selection of fun and engaging activities: a scavenger hunt in the famous <em>traboules</em>, Lyon&rsquo;s secret passageways, and a ride up the Fourvi&egrave;re or Croix Rousse hills on a funicular.</p>\r\n<p>After these exertions, your teams can relax and enjoy a tasting of local charcuterie and artisan confectionery in one of Lyon&rsquo;s famous eateries, the <em>bouchons lyonnais</em>.</p>\r\n<p>Are you looking for something exceptional? &nbsp;We will arrange a cooking class in the workshops of famous chef Paul Bocuse, where your delegates will share some very enjoyable and memorable moments.</p>\r\n<p>Lyon is a dynamic business destination, ideally enjoyed between September and June.</p>\r\n<p>&nbsp;</p>\r\n<p class="vert"><a class="vert" title="Contact us" href="http://www.spiceup.fr/en/contact/" target="_self"><span style="text-decoration: underline;">Contact us today to organise your event!</span></a></p>', NULL, NULL),
(26, 'fr', 'Les destinations préférées de Spice up en France : Lyon', 'Les destinations préférées de Spice up en France : Lyon', 'Les destinations préférées de Spice up en France : Lyon dmc réceptif ', 'Les destinations préférées de Spice up en France : Lyon', 'Spice Up vous ouvre les portes de la capitale de la gastronomie française et vous fait découvrir ses secrets.', '<p>Spice Up vous ouvre les portes de la capitale de la gastronomie fran&ccedil;aise et vous fait d&eacute;couvrir ses secrets. Cette ville saura vous offrir &agrave; la fois la touche d&rsquo;originalit&eacute; et de tradition que vous souhaitez donner &agrave; vos &eacute;v&eacute;nements. Les grandes manifestations comme la biennale d&rsquo;art contemporain de septembre &agrave; janvier ou la f&ecirc;te des lumi&egrave;res au mois de d&eacute;cembre donneront l&rsquo;occasion &agrave; vos participants d&rsquo;allier travail et d&eacute;tente et de participer &agrave; un &eacute;v&eacute;nement renomm&eacute; internationalement&nbsp;!</p>\r\n<p>Spice Up vous fait d&eacute;couvrir les lieux typiques de la vieille ville, pour des activit&eacute;s ludiques et conviviales. Rallye dans les fameuses &laquo;&nbsp;traboules&nbsp;&raquo;, funiculaire sur la colline de Fourvi&egrave;re, colline de la Croix Rousse&hellip; Apr&egrave;s cette activit&eacute; sportive, vos &eacute;quipes pourront se d&eacute;tendre et profiter d&rsquo;une d&eacute;gustation de confiseries et charcuteries lyonnaises dans les fameux Bouchons lyonnais.</p>\r\n<p>Vous r&ecirc;ver d&rsquo;offrir une activit&eacute; haut de gamme &agrave; vos participants&nbsp;? Spice Up organise pour vous un cours de cuisine dans les ateliers du c&eacute;l&egrave;bre chef Paul Bocuse. Un instant de plaisir et de d&eacute;couverte commune&nbsp;!</p>\r\n<p>Lyon est une destination business dynamique qui vous accueillera id&eacute;alement de septembre &agrave; juin.</p>\r\n<p>&nbsp;</p>\r\n<p class="vert"><a class="vert" title="Contactez-nous" href="http://www.spiceup.fr/fr/contact/" target="_self"><span style="text-decoration: underline;">Contactez-nous vite pour y organiser votre &eacute;v&eacute;nement&nbsp;!</span></a></p>', NULL, NULL),
(27, 'en', 'Spice Up favorite destinations in France : The Alpes', 'Spice Up favorite destinations in France : The Alpes', 'Spice Up favorite destinations in France : The Alpes dmc receptive', 'Spice Up favorite destinations in France : The Alpes', 'Spice Up knows the mountains like no other and can organise events in some of the most impressive ski resorts of this stunning region.', '<p>Spice Up knows the mountains like no other and can organise events in some of the most impressive ski resorts of this stunning region.</p>\r\n<p>In Chamonix, at the foot of the Mont-Blanc, we are there in both summer and winter. Boasting a modern convention centre, it is a great business destination suitable for everyone. During the warmer months, your delegates can enjoy a half-day of sports activities such as golf, paragliding, trekking or horseriding. In winter, the fantastic ski slopes and typical <em>raclette</em> dinners are high on the agenda.</p>\r\n<p>Let us guide you through M&eacute;ribel and Courchevel, two resorts which were made for each other: one is authentic, the other one trendy. Not sure which one to choose for your seminar or convention? We will take you to both. Hotel and meetings in M&eacute;ribel, gala evening on Courchevel&rsquo;s mountain summits -&nbsp; these two resorts compliment each other perfectly!</p>\r\n<p>When all is covered in snow, it is time for your teams to relax while experiencing a dog sled ride or an unusual skijoering tour.</p>\r\n<p>Would you like to treat your guests to a memorable night? Spice Up will guide you on the slopes and organise a dinner or nightclub at high altitude&hellip;.followed by a sled ride down the slopes.</p>\r\n<p>&nbsp;</p>\r\n<p class="vert"><a class="vert" title="Contact us" href="http://www.spiceup.fr/en/contact/" target="_self"><span style="text-decoration: underline;">Contact us today to organise your event!</span></a></p>', NULL, NULL),
(27, 'fr', 'Les destinations préférées de Spice up en France : Les Alpes', 'Les destinations préférées de Spice up en France : Les Alpes', 'Les destinations préférées de Spice up en France : Les Alpes dmc réceptif ', 'Les destinations préférées de Spice up en France : Les Alpes', 'Spice Up connaît les montages comme sa poche ! Et nous organisons vos événements dans les plus belles stations de cette magnifique région.', '<p>Spice Up conna&icirc;t les montages comme sa&nbsp;poche&nbsp;! Et nous organisons vos &eacute;v&eacute;nements dans les plus belles stations de cette magnifique r&eacute;gion.</p>\r\n<p>A Chamonix, la station au pied du Mont blanc, Spice Up vous accompagne aussi bien en &eacute;t&eacute; qu&rsquo;en hiver. Cette ville, dot&eacute;e d&rsquo;un centre de congr&egrave;s moderne est une destination business qui saura convenir &agrave; tous les groupes. A la belle saison, vos participants pourront profiter d&rsquo;une demie journ&eacute;e d&rsquo;activit&eacute;s sportives. Au programme&nbsp;: golf, parapente, &eacute;quitation ou randonn&eacute;e. En hiver, bien s&ucirc;r, les pistes enneig&eacute;es et les d&icirc;ners typiques de raclette et fondues s&rsquo;offrent &agrave; vous&nbsp;!</p>\r\n<p>Spice Up vous guide &eacute;galement au c&oelig;ur de M&eacute;ribel et &nbsp;Courchevel, deux stations qui se compl&egrave;tent parfaitement&nbsp;! L&rsquo;une authentique, l&rsquo;autre branch&eacute;e, vous pouvez choisir d&rsquo;organiser votre &eacute;v&eacute;nement soit dans l&rsquo;une, soit dans l&rsquo;autre, selon le ton que vous souhaitez donner &agrave; votre s&eacute;minaire ou congr&egrave;s. Vous ne savez pas laquelle choisir&nbsp;? Spice Up vous am&egrave;ne dans les deux&nbsp;! R&eacute;unions et h&ocirc;tel &agrave; M&eacute;ribel, soir&eacute;e de gala sur les sommets de Courchevel, ces deux stations c&ocirc;te &agrave; c&ocirc;te offrent toutes les combinaisons possibles&nbsp;! Lorsque la neige a tout recouvert, laissez vos &eacute;quipes se d&eacute;tendre lors d&rsquo;une activit&eacute; originale&nbsp;: chiens de traineau ou skijoering! Vous avez envie d&rsquo;offrir une soir&eacute;e m&eacute;morable &agrave; vos participants&nbsp;? Spice Up vous guide sur les pistes et organise votre d&icirc;ner ou votre soir&eacute;e clubbing en altitude&hellip; Suivi par une descente en luge&nbsp;!</p>\r\n<p>&nbsp;</p>\r\n<p class="vert"><a class="vert" title="Contactez-nous" href="http://www.spiceup.fr/fr/contact/" target="_self"><span style="text-decoration: underline;">Contactez-nous vite pour y organiser votre &eacute;v&eacute;nement&nbsp;!</span></a></p>', NULL, NULL),
(28, 'en', 'Spice Up favorite destinations in France : Paris', 'Spice Up favorite destinations in France : Paris', 'Spice Up favorite destinations in France : Paris dmc receptive', 'Spice Up favorite destinations in France : Paris', 'The City of Lights is the world’s most visited capital. You know it well? Let Spice Up show you another Paris. ', '<p>The City of Lights is the world&rsquo;s most visited capital. You know it well? Let Spice Up show you another Paris. Get off the beaten track and follow us on a theatrical tour of the Butte Montmartre; a quirky and innovative way to rediscover this mythical part of the city.</p>\r\n<p>Is your event due to take place in October? Stay in the area and experience the <em>F&ecirc;te des Vendanges</em>, a real institution where locals and artisans get together to harvest the grapes of Montmartre&rsquo;s famously small vineyard and sample its unique vintage.</p>\r\n<p>If you are seeking to spend a cultural evening full of surprises, we will take your delegates on a wander&nbsp;through the streets of Paris during the <em>Nuit Blanche</em>, an event that sees museums, galleries and other official buildings open their doors all night and host interesting art installations, concerts and much more.</p>\r\n<p>For somewhere different, Spice Up knows how to deliver. Follow us on a tour of the catacombs for a timeless subterranean experience, or why not visit the house of Coco Chanel and uncover new aspects of the famous fashion designer&rsquo;s life?</p>\r\n<p>If spicing up your meetings is what you are after, we will surprise your delegates and organise a seminar in an artist&rsquo;s loft and a show in an underground car park.</p>\r\n<p>Do you want to escape to the outskirts of Paris? Disneyland Parc is made for you. Spice Up knows all its secrets and will ensure you enjoy all it has to offer. Gala evening, activities, keynote, Wild West dinner&hellip;.let Spice Up be your guide, your delegates will be delighted!&nbsp;</p>\r\n<p>&nbsp;</p>\r\n<p class="vert"><a class="vert" title="Contact us" href="http://www.spiceup.fr/en/contact/" target="_self"><span style="text-decoration: underline;">Contact us today to organise your event!</span></a></p>\r\n<p><strong><br /></strong></p>', NULL, NULL),
(28, 'fr', 'Les destinations préférées de Spice up en France : Paris', 'Les destinations préférées de Spice up en France : Paris', 'Les destinations préférées de Spice up en France : Paris dmc réceptif ', 'Les destinations préférées de Spice up en France : Paris', 'Ville lumière, Paris est la capitale la plus touristique du monde. Vous la connaissez déjà ?  Spice Up vous la fait découvrir autrement.', '<p>Ville lumi&egrave;re, Paris est la capitale la plus touristique du monde. Vous la connaissez d&eacute;j&agrave;&nbsp;? &nbsp;Spice Up vous la fait d&eacute;couvrir autrement. Sortez des sentiers battus et laissez vous guider sur la Butte Montmartre pour une visite th&eacute;&acirc;tralis&eacute;e, une mani&egrave;re insolite de (re)d&eacute;couvrir ces lieux mythiques. Votre &eacute;v&eacute;nement se d&eacute;roule en octobre&nbsp;? Restons dans le m&ecirc;me quartier pour assister &agrave; la f&ecirc;te des vendanges de Montmartre&nbsp;! Les vignes et leur r&eacute;colte sont devenus une v&eacute;ritable institution&nbsp;et l&rsquo;occasion pour les habitants<strong>&nbsp;</strong>de c&eacute;l&eacute;brer cette occasion ! Envie d&rsquo;une soir&eacute;e culturelle surprenante&nbsp;? Nous arpentons les rues de Paris avec vos participants lors de la Nuit Blanche, &agrave; la d&eacute;couverte des &oelig;uvres &eacute;ph&eacute;m&egrave;res expos&eacute;es pour l&rsquo;occasion.</p>\r\n<p>Vous recherchez des lieux atypiques&nbsp;? Spice Up saura satisfaire votre d&eacute;sir d&rsquo;originalit&eacute;&nbsp;! Nous amenons vos participants visiter les catacombes pour un voyage dans le temps. Nous leur ferons d&eacute;couvrir la maison de Coco Chanel, o&ugrave; vous pourrez, l&rsquo;espace de quelques heures, p&eacute;n&eacute;trer dans l&rsquo;intimit&eacute; de cette grande dame. Vous souhaitez plut&ocirc;t pimenter vos espaces de r&eacute;unions&nbsp;? Spice Up surprend vos participants et organise vos meetings dans un loft d&rsquo;artiste et vos shows dans un parking underground.</p>\r\n<p>Envie d&rsquo;une escapade aux portes de Paris&nbsp;? Le Parc Disneyland est fait pour vous&nbsp;! Spice Up conna&icirc;t les lieux comme sa poche et saura tirer parti pour vous de toutes les possibilit&eacute;s offertes par le parc. Soir&eacute;e de gala, activit&eacute;s, pl&eacute;ni&egrave;re, d&icirc;ner far-west&hellip; Vos participants vont adorer&nbsp;! Laissez-vous guider&nbsp;!</p>\r\n<p>&nbsp;</p>\r\n<p class="vert"><a class="vert" title="Contactez-nous" href="http://www.spiceup.fr/fr/contact/" target="_self"><span style="text-decoration: underline;">Contactez-nous vite pour y organiser votre &eacute;v&eacute;nement&nbsp;!&nbsp;</span></a></p>', NULL, NULL),
(29, 'en', 'News from the French Riviera !', 'Ingrid has arrived in the Spice Up team on the French Riviera', 'recruitment Ingrid project manager Spice Up French Riviera', 'News from the French Riviera !', 'The Spice Up team is growing with the arrival of Ingrid ! She is your new Project Manager on the French Riviera.', '<p class="vert"><strong>The Spice Up team is growing with the arrival of Ingrid ! She is your new Project Manager on the French Riviera.</strong></p>\r\n<p><span lang="EN-US"><br /></span></p>\r\n<p><span lang="EN-US">As many Virgos, Ingrid has a double personality: on the one hand she is reasonable , thoughtful, discreet, attentionate. Fond of positive energies and zen attitude. Thanks to her chakras wide open, she listens to jazz or classical music. Avid reader, she loves philosophy and poetry, Sartre and Verlaine. Ingrid has a great artistic sensitivity, she loves to use her own pen and sketchbook in her spare time .&nbsp;</span></p>\r\n<p><span lang="EN-US"><br /></span></p>\r\n<p><span lang="EN-US">On the other hand,&nbsp;Ingrid&nbsp;has that touch of madness that makes the difference ! Her&nbsp;playlists&nbsp;of Bach and Beethoven are side by side with those of Led Zepplin , Metallica or AC / DC ! She has changed her hair&nbsp;color (even to red once !) so many times that she no longer remembers her natural color !<em>&nbsp;</em>She loves to laugh and make people laugh , not hesitating to tell the extraordinary adventures that she very often lives. At work she is really good at making contact and creating really nice working relations with her customers. She will endeavor to understand her their needs and make a point of going above and beyond expectations. Her goal is customer satisfaction !&nbsp;Whatever&nbsp;it takes !</span></p>', NULL, NULL),
(29, 'fr', 'Ca bouge sur la Côte !', 'Ingrid a intégré l''équipe Spice Up sur la Côte d''Azur', 'recrutement Ingrid chef de projet Spice Up Côte d''Azur', 'Ca bouge sur la Côte !', 'L''équipe Spice Up s''agrandit avec l''arrivée d''Ingrid, \r\nvotre nouvelle chef de projets sur la Côte d''Azur.', '<p class="vert"><strong>L''&eacute;quipe Spice Up s''agrandit avec l''arriv&eacute;e d''Ingrid, votre nouvelle chef de projets sur la C&ocirc;te d''Azur.</strong></p>\r\n<p class="vert"><strong><br /></strong></p>\r\n<p>Comme tous ceux qui ont la Vierge pour signe astrologique, Ingrid a une double facette. D&rsquo;un c&ocirc;t&eacute;, elle est raisonnable, r&eacute;fl&eacute;chie, discr&egrave;te, &agrave; l''&eacute;coute. Branch&eacute;e &eacute;nergies positives, zen attitude, c&rsquo;est les chakras bien ouverts qu&rsquo;elle &eacute;coute du jazz ou de la musique classique pour se d&eacute;tendre. Grande lectrice, elle se d&eacute;lecte de philosophie et de po&eacute;sie, entre Sartre et Verlaine, son coeur balance. &nbsp;Dot&eacute;e d&rsquo;une grande sensibilit&eacute; artistique, elle est elle-m&ecirc;me dessinatrice &agrave; ses heures.</p>\r\n<p>&nbsp;</p>\r\n<p>Ingrid a n&eacute;anmoins ce petit grain de folie qui fait la diff&eacute;rence ! Ses playlits de Bach et Beethoven c&ocirc;toient volontiers celles de Led Zepplin, Metallica ou AC/DC ! Elle en a fait voir de toutes les couleurs &agrave; ses cheveux (m&ecirc;me du rouge qui claque !), si bien qu&rsquo;elle ne se souvient plus de leur teinte naturelle ! Elle adore rire et faire rire, n&rsquo;h&eacute;sitant pas &agrave; raconter les p&eacute;rip&eacute;ties extraordinaires qui lui arrivent souvent.&nbsp;Dans le travail son fort c&rsquo;est le relationnel, elle aime le contact, elle se donne &agrave; fond pour comprendre ses clients et leur proposer les meilleures solutions Elle ne va pas vers la simplicit&eacute; son objectif c&rsquo;est la satisfaction du client !</p>', NULL, NULL),
(30, 'en', 'Spice Up hires !', 'Spice Up hires 2 interns based in antibes - Juan les Pins', 'recruitment, team, Spice Up, French Riviera, internship', 'Spice Up hires !', 'Spice Up agency based in Antibes - Juan les Pins hires 2 persons for a 6 months internship.', '<p class="vert"><strong>Spice Up agency based in Antibes - Juan les Pins hires 2 persons for a 6 months internship.</strong></p>\r\n<p><strong><br /></strong></p>\r\n<p>Spice Up agency in Antibes - Juan les Pins hires 2 interns for a 6 months internship. This internship offers rich and diverse missions...</p>\r\n<p><span style="text-decoration: underline;">In particular, the following missions will be handed out to the intern :&nbsp;</span></p>\r\n<p>1/ Events achievement : &laquo; From conception to achievement &raquo;</p>\r\n<ul>\r\n<li>Clients brief reception,</li>\r\n<li>Team brainstorming,</li>\r\n<li>Places, activities, external consultants... search in France and abroad,</li>\r\n<li>Identity thoughts, concepts creation, common thread&hellip;etc</li>\r\n<li>Creation of budget offers,</li>\r\n<li>Project set up, contractors'' follow up, content creation,</li>\r\n<li>Assessment of events held out</li>\r\n</ul>\r\n<p>&nbsp;</p>\r\n<p>2/ The intern, depending on the missions, will also play a role in "reinforcing the communication department of the agency" :</p>\r\n<ul>\r\n<li>Content redaction,</li>\r\n<li>Community management,</li>\r\n<li>Conception and establishement of a communication strategy rising the agency''s notoriety</li>\r\n<li>&hellip;.etc</li>\r\n</ul>\r\n<p><span style="text-decoration: underline;">Profile sought :</span></p>\r\n<ul>\r\n<li>Based on the French Riviera &ndash; car owner</li>\r\n<li>Internship length : 6 months minimum &ndash; starting : asap</li>\r\n<li>Bac + 4 minimum</li>\r\n<li>Autonomous and responsible &ndash; likes to work in team</li>\r\n<li>Really motivated and interested in working in events</li>\r\n<li>Taking initiatives, able to priorize, creative AND &laquo;&nbsp;business focused &raquo; - the candidate is most of all implied and multipurpose</li>\r\n<li>Redactional capacities requested</li>\r\n<li>1st experience in an angency or announcer''s preferred</li>\r\n<li>Good knowledge of Paris will be a "plus"</li>\r\n<li>Fluent English required</li>\r\n<li>Perfect Excel and power point mastering</li>\r\n<li>Excellent presentation</li>\r\n<li>Geographically mobile, not afraid to give time and be extremely implied personnaly</li>\r\n</ul>', NULL, NULL),
(30, 'fr', 'Spice Up recrute !', 'Spice Up recrute 2 stagiaires basés sur Antibes - Juan les Pins', 'recrutement, équipe, Spice Up, Cote d''Azur, stage', 'Spice Up recrute !', 'L''agence Spice Up basée à Antibes - Juan les Pins recrute 2 stagiaires pour une durée de 6 mois.', '<p class="vert"><strong>L''agence Spice Up bas&eacute;e &agrave; Antibes - Juan les Pins recrute 2 stagiaires pour une dur&eacute;e de 6 mois.</strong></p>\r\n<p><strong><br /></strong>L''agence Spice Up de Antibes - Juan les Pins recrute 2 stagiaires pour 6 mois. Des missions riches et vari&eacute;es attendent les nouveaux recrus...</p>\r\n<p><span style="text-decoration: underline;">Notamment les missions suivantes lui seront confi&eacute;es :</span></p>\r\n<p>1/ R&eacute;alisation des &eacute;v&egrave;nements&nbsp;: &laquo;&nbsp;de la conception &agrave; la r&eacute;alisation&nbsp;&raquo;</p>\r\n<ul>\r\n<li>R&eacute;ception de briefs client,</li>\r\n<li>Brainstorming en &eacute;quipe,</li>\r\n<li>Recherche de lieux, d&rsquo;activit&eacute;s, d&rsquo;intervenants&hellip; en France et &agrave; l&rsquo;&eacute;tranger,</li>\r\n<li>R&eacute;flexion identitaire, cr&eacute;ation de concepts, de fil conducteur&hellip;etc</li>\r\n<li>R&eacute;alisation d&rsquo;offres budg&eacute;taires,</li>\r\n<li>Mise en place du projet, suivi des prestataires, r&eacute;alisation de contenus,</li>\r\n<li>Bilan et d&eacute;brief sur les &eacute;v&egrave;nements r&eacute;alis&eacute;s</li>\r\n</ul>\r\n<p>&nbsp;</p>\r\n<p>2/ Le stagiaire sera &eacute;galement amen&eacute; - en fonction de ses missions &ndash; &laquo;&nbsp;&agrave; renforcer le d&eacute;partement communication de l&rsquo;agence&nbsp;&raquo;&nbsp;:</p>\r\n<ul>\r\n<li>R&eacute;daction de contenus,</li>\r\n<li>Animation des r&eacute;seaux sociaux,</li>\r\n<li>Conception et mise en place de strat&eacute;gie de communication servant la notori&eacute;t&eacute; de l&rsquo;agence</li>\r\n<li>&hellip;.etc</li>\r\n</ul>\r\n<p><span style="text-decoration: underline;">Le profil recherch&eacute; :</span></p>\r\n<ul>\r\n<li>Bas&eacute; sur la c&ocirc;te d&rsquo;azur &ndash; v&eacute;hicul&eacute;</li>\r\n<li>Dur&eacute;e du stage&nbsp;: 6 mois minimum &ndash; d&eacute;but du stage&nbsp;: asap</li>\r\n<li>Bac + 4 minimum</li>\r\n<li>Autonome et responsable &ndash; aimant travailler en &eacute;quipe</li>\r\n<li>R&eacute;elle volont&eacute; et envie de travailler dans l&rsquo;&eacute;v&egrave;nementiel</li>\r\n<li>Faisant preuve d&rsquo;initiative, ayant le sens des priorit&eacute;s, dot&eacute; d&rsquo;un esprit cr&eacute;atif ET &laquo;&nbsp;business focus&nbsp;&raquo; - le candidat est avant tout polyvalent et impliqu&eacute;.</li>\r\n<li>Capacit&eacute; r&eacute;dactionnelle requise.</li>\r\n<li>1<span>&egrave;re</span>&nbsp;exp&eacute;rience en agence ou chez l&rsquo;annonceur souhait&eacute;e</li>\r\n<li>Bonne connaissance de Paris serait un plus</li>\r\n<li>Anglais courant exig&eacute;</li>\r\n<li>Maitrise parfaite d&rsquo;Excel et power point</li>\r\n<li>Excellente pr&eacute;sentation</li>\r\n<li>Mobile et n&rsquo;ayant pas peur de donner de son temps et de sa personne&hellip;.</li>\r\n</ul>\r\n<p><span style="text-decoration: underline;"><br /></span></p>', NULL, NULL),
(31, 'en', 'Spice Up loves the Cannes Film Festival !', 'Spice Up organizes your showroom your event or your evening for the  2014 cannes film festival ', 'Spice Up cannes film festival 2014 organizes showroom event evening dinner', 'Spice Up loves the Cannes Film Festival !', 'This year, again, Spice Up has its festival entries ... Let''s go together!', '<p>Do you want to see the Croisette and its cinema stars ? Spice Up takes care of it ! We organize your showroom, your evening and your event during the Film Festival. Trust the experts ! Set up, venue finding, logistics ... We handle it thanks to our many connections on the french Riviera. Even for a last minute call !</p>', NULL, NULL),
(31, 'fr', 'Spice Up aime le festival de Cannes !', 'Spice Up organise votre événement votre showroom ou votre soirée au festival de Cannes 2014 ', 'Spice Up festival de Cannes 2014 organise événement showroom soirée', 'Spice Up aime le festival de Cannes !', 'Cette année encore, Spice Up a ses entrées au festival... Allons-y ensemble !', '<p><span>Vous avez envie de voir la Croisette et ses stars en mai ? Spice Up s''occupe de vous ! Nous organisons votre showroom, votre soir&eacute;e et / ou votre &eacute;v&eacute;nement pendant le festival. Faites confiance aux experts ! Set up, venue finding, logistique ... Nous prenons tout en main ! M&ecirc;me pour une demande de derni&egrave;re minute ...</span></p>', NULL, NULL);
INSERT INTO `actualites_translation` (`actualites_id`, `lang`, `meta_title`, `meta_description`, `meta_keywords`, `actualites_titre`, `actualites_resume`, `actualites_contenu`, `actualites_document`, `actualites_video`) VALUES
(32, 'en', 'Spice Up exhibits at IMEX 2014', 'Spice Up exhibits at IMEX 2014 in Frankfurt', 'Spice Up IMEX 2014 exhibitor Frnakfurt', 'Spice Up exhibits at IMEX 2014', 'Th agency will be in Frankfurt for 2014 IMEX trade show! Meet Laurence and Ingrid on stand D145 with the French Riviera CRT. ', '<p>It is with great pleasure that Spice Up renews the experience and goes to <strong class="vert">IMEX trade show</strong> with the French Riviera CRT this year.</p>\r\n<p>If you are looking for an agency to organize your event on the French Riviera (and beyond!), come and meet us on <strong>stand D145</strong>! Our two experts, Laurence and Ingrid will be happy to answer all your questions!</p>\r\n<p>&nbsp;</p>\r\n<p>See you in Frankfurt!</p>', NULL, NULL),
(32, 'fr', 'Spice Up expose à IMEX 2014', 'Spice Up expose au salon IMEX 2014 à Francfort', 'Spice Up IMEX Francfort 2014 exposant', 'Spice Up expose à IMEX 2014', 'L''agence sera à Francfort pour le salon IMEX 2014 ! Rencontrez Laurence et Ingrid au stand D145 avec le CRT Côte d''Azur.', '<p>C''est avec un grand plaisir que Spice Up renouvelle l''exp&eacute;rience et accompagne le CRT C&ocirc;te d''Azur au <strong class="vert">salon IMEX</strong> cette ann&eacute;e.&nbsp;</p>\r\n<p>Si vous cherchez une agence pour organiser votre &eacute;v&eacute;nement sur la C&ocirc;te d''Azur (et m&ecirc;me au del&agrave; !), venez donc nous rencontrer <strong>stand D145</strong> ! Nos deux expertes, Laurence et Ingrid seront ravies de r&eacute;pondre &agrave; toutes vos questions !</p>\r\n<p>&nbsp;</p>\r\n<p>See you in Frankfurt !</p>', NULL, NULL),
(33, 'en', 'Venue Finder : The agency that finds out the BEST suited place for your events', 'Spice Up, the agency specialized in Venue Finding that finds the best place for your events', 'Spice Up, Venue Finder, Venue Finding, event', 'Venue Finder : The agency that finds out the BEST suited place for your events', 'By definition, a Venue Finder is a « place seeker », an actor that guides a company in the search of a place that perfectly meets their requirements for a given event. ', '<p>By definition, a Venue Finder is a &laquo;&nbsp;place seeker&nbsp;&raquo;, an actor that guides a company in the search of a place that perfectly meets their requirements for a given event. Find THE best place for an event is an issue faced by many companies: because of missing time, human resources or lack of skills, companies can appeal to Venue Finders.&nbsp;</p>\r\n<p>A Venue Finder allows to preserve this precious time and save money because the search will cost no money for the company that will beneficiate with advice on the suggested places in order to better set the event.</p>\r\n<p>&nbsp;</p>\r\n<p><strong>What criteria are for Spice Up decisive in the choice of the place for an event?</strong></p>\r\n<p>How to find a place that meets your expectations for the event to be successful? How does a Venue Finder guide you in the search of a place&nbsp;for your events? Questions that Spice Up&rsquo;s Venue Finder decrypts for you in this article.</p>\r\n<p>&nbsp;</p>\r\n<h3 class="vert"><strong>The number of persons, the nature of the place, the location, as much criterion that are decisive for the Venue Finder</strong><span style="font-size: 10px;">&nbsp;</span></h3>\r\n<p>The event involves 10, 100, 1000 people? This changes everything! The Venue Finder concentrates his research according to the volume of participants. A place often corresponds to the requirements of a company but doesn&rsquo;t always allow to welcome enough participants or actually has a too big capacity. A good Venue Finder owns a rich portfolio of establishments able to answer the need of any volume.</p>\r\n<p>Whether it is a small committee or a huge manifestation, a good Venue Finder has to find the right hotels, working or leisure spaces right sized, places that are perfectly suited to the number of participants. What more impersonal than a huge hotel for a 10 people group?</p>\r\n<p>Conversely, what more constraining than a hotel located many kilometers away from the seminar imposing the participants long rides during an event adding transportation costs?</p>\r\n<p>&nbsp;</p>\r\n<p><strong>Spice Up is specialized in Venue Finding and owns hundreds of addresses across the world. Classic, atypical or even unique places for any kind of events. These places are regularly checked out and used because Spice Up also has an event marketing agency that exploits the great majority of the proposed places.</strong></p>\r\n<p>&nbsp;<span style="font-size: 1.5em;">&nbsp;</span></p>\r\n<h3 class="vert"><strong>The budget has to be specified to the Venue Finder</strong></h3>\r\n<p>The budget is indeed a decisive criterion; this is why it is better to determine a precise budget. The Venue Finder engages himself to respect your budget and negotiates prices as well as the commercial conditions with the selected place. A skilled Venue Finder will do his best to avoid that a small budget disallows to meet the objectives fixed. A Venue Finder negotiates like a purchasing service in order to contribute to costs reduction by maintaining the quality of the expected service.</p>\r\n<p>&nbsp;</p>\r\n<h3 class="vert"><strong>Venue Finding, zero cost for the company</strong></h3>\r\n<p>The business model of a Venue Finder is the following: it is the place that pays the Venue Finder for his business contribution. The place engages itself not to report the Venue Finder&rsquo;s commission on the negotiated amount. The Venue Finder, an added value whom the company should not prevent from, a free and efficient service.</p>\r\n<p>&nbsp;</p>\r\n<h3 class="vert"><strong>Work urgently: the weakness of companies, the strength of the Venue Finder<span style="font-size: 10px;">&nbsp;</span></strong></h3>\r\n<p>Many companies delay the launch of an event project for multiple reasons. A good Venue Finder will give you advice to anticipate in order to optimize the prices, availabilities and so beneficiate with a larger choice. We must then keep in mind that faster the companies call Venue Finders, better will be the research conditions.</p>\r\n<p>Of course, the reality makes companies to work&nbsp; at the last minute. A good Venue Finder is even more useful in those cases, the rich address book and the good relationship skills that the Venue Finder keeps with his service providers allow him to find solutions to the complex and urgent needs. This type of things constitute the daily challenges of&nbsp; Spice Up, specialist in Venue Finding.</p>\r\n<p>&nbsp;</p>\r\n<h3 class="vert"><strong>Enlarge your team: the Venue Finder is your human resource</strong></h3>\r\n<p>It is sometimes complicated for a company to find and monopolize a team to the search of a place for an event. Except for its partnerships, Spice Up carries out its role of Venue Finder with pleasure by representing the colors of the company they work for and let them save energy and time thanks to a research method very efficient and productive. It is a real job, Spice Up is proud to put at your service their agency skills in order to give you this entire satisfaction on Venue Finding.</p>\r\n<p>&nbsp;</p>\r\n<p>Discover our dedicated page about the <a title="Venue Finding" href="http://www.spiceup.fr/en/events/venue-finder.10.html" target="_blank">Venue Finding</a> offer and if you too need a place for your next event, contact Spice Up Venue Finding specialists right now!</p>\r\n<p>&nbsp;</p>\r\n<table>\r\n<tbody>\r\n<tr>\r\n<td class="boutoninternpagecarreorange" width="160">&nbsp;</td>\r\n<td class="boutoninternpagecarreorange" width="290">\r\n<p align="center"><a title="Venue Finder" href="http://www.spiceup.fr/en/events/venue-finder.10.html" target="_self">VENUE FINDER OFFER</a></p>\r\n</td>\r\n<td class="boutoninternpagecarreorange" width="20">&nbsp;</td>\r\n<td class="boutoninternpagecarre" width="290">\r\n<p align="center"><a title="Contact" href="http://www.spiceup.fr/en/contact/" target="_self">CONTACT US : +33 4 97 21 12 12</a></p>\r\n</td>\r\n<td class="boutoninternpagecarreorange" width="160">&nbsp;</td>\r\n</tr>\r\n</tbody>\r\n</table>', NULL, NULL),
(33, 'fr', 'Venue Finder : Agence qui trouve pour vous LE lieu adapté à votre événement', 'Spice Up, l''agence spécialisée dans le Venue Finding trouve le lieu le mieux adapté pour vos évènements', 'Spice Up, Venue Finder, Venue Finding, évènement', 'Venue Finder : Agence qui trouve pour vous LE lieu adapté à votre événement', 'Par définition, un Venue Finder est un « Chercheur de lieu », un acteur qui accompagne une entreprise dans la recherche du lieu qui répondra parfaitement à ses besoins pour un événement donné. ', '<p>Par d&eacute;finition, un Venue Finder est un &laquo;&nbsp;Chercheur de lieu&nbsp;&raquo;, un acteur qui accompagne une entreprise dans la recherche du lieu qui r&eacute;pondra parfaitement &agrave; ses besoins pour un &eacute;v&eacute;nement donn&eacute;. Trouver un lieu pour un &eacute;v&eacute;nement est la probl&eacute;matique &agrave; laquelle sont confront&eacute;es de nombreuses entreprises&nbsp;: par manque de temps, de ressources humaines ou de connaissances, les entreprises peuvent faire appel &agrave; un Venue Finder.</p>\r\n<p>Un Venue Finder permet de pr&eacute;server ce temps qui nous est &agrave; tous pr&eacute;cieux, de faire des &eacute;conomies car la recherche est &agrave; cout z&eacute;ro pour l&rsquo;entreprise et de b&eacute;n&eacute;ficier de conseils sur les lieux propos&eacute;s pour mieux r&eacute;ussir votre &eacute;v&egrave;nement.</p>\r\n<p>&nbsp;</p>\r\n<p><strong>Quels crit&egrave;res sont pour Spice Up d&eacute;cisifs dans le choix du lieu de son &eacute;v&eacute;nement&nbsp;?</strong></p>\r\n<p>Comment trouver un lieu r&eacute;pondant &agrave; toutes vos attentes pour que l&rsquo;&eacute;v&eacute;nement soit une r&eacute;ussite&nbsp;? Comment fait un Venue Finder pour vous accompagner dans la recherche et le choix d&rsquo;un lieu ? Des questions que Spice Up sp&eacute;cialiste Venue Finder, d&eacute;crypte pour vous dans cet article.</p>\r\n<h3 class="vert">&nbsp;</h3>\r\n<h3 class="vert"><strong>Le nombre de personnes, la nature du lieu, son emplacement, autant de crit&egrave;res d&eacute;cisifs pour le Venue Finder</strong></h3>\r\n<p>L&rsquo;&eacute;v&eacute;nement concerne 10, 100, 1000 personnes&nbsp;? Cela change tout&nbsp;! Le Venue Finder concentre ses recherches en fonction de la masse de participants. Un lieu r&eacute;pond souvent &agrave; toutes les attentes d&rsquo;une entreprise mais ne permet pas d&rsquo;accueillir le nombre de participants ou au contraire pr&eacute;sente une capacit&eacute; d&rsquo;accueil trop importante. Un bon Venue Finder poss&egrave;de un portefeuille d&rsquo;&eacute;tablissements tr&egrave;s riche &agrave; m&ecirc;me de r&eacute;pondre &agrave; tous volume de groupe.</p>\r\n<p>Qu&rsquo;il s&rsquo;agisse d&rsquo;un &eacute;v&eacute;nement en petit comit&eacute; ou d&rsquo;une manifestation de grande ampleur, un bon Venue Finder doit trouver des h&ocirc;tels, des espaces de travail et de d&eacute;tente &agrave; la taille optimale, des lieux parfaitement adapt&eacute;s au nombre de participants. Quoi de plus impersonnel qu&rsquo;un h&ocirc;tel gigantesque pour un groupe de 10 personnes&nbsp;?&nbsp;</p>\r\n<p>&Agrave; contrario quoi de plus contraignant qu&rsquo;un h&ocirc;tel situ&eacute; &agrave; plusieurs kilom&egrave;tres d&rsquo;un lieu de s&eacute;minaire imposant aux participants de longs trajets durant un &eacute;v&eacute;nement et ajoutant un cout de transport&nbsp;?&nbsp;</p>\r\n<p><strong>Spice Up sp&eacute;cialiste Venue Finder poss&egrave;de des centaines d&rsquo;adresses &agrave; travers le Monde, des lieux classiques, atypiques ou uniques pour tous types d&rsquo;&eacute;v&eacute;nements. Ces lieux sont rep&eacute;r&eacute;s r&eacute;guli&egrave;rement et utilis&eacute;s car Spice Up a &eacute;galement une activit&eacute; d&rsquo;agence de Marketing &eacute;v&egrave;nementiel qui exploite la majorit&eacute; des lieux propos&eacute;s. </strong></p>\r\n<p>&nbsp;</p>\r\n<h3 class="vert"><strong>Le budget doit &ecirc;tre sp&eacute;cifi&eacute; au Venue Finder</strong></h3>\r\n<p>Le budget est bien entendu un crit&egrave;re d&eacute;cisif, c&rsquo;est pourquoi il est pr&eacute;f&eacute;rable de d&eacute;terminer un budget pr&eacute;cis. Le Venue Finder s&rsquo;engage &agrave; respecter votre budget et n&eacute;gocier au mieux avec le lieu retenu les prix ainsi que les conditions commerciales. Un Venue Finder comp&eacute;tent fera le n&eacute;cessaire pour qu&rsquo;un budget restreint n&rsquo;aille pas &agrave; l&rsquo;encontre des&nbsp; objectifs fix&eacute;s. Un Venue Finder n&eacute;gocie tel un service achat afin de contribuer &agrave; r&eacute;duire les co&ucirc;ts tout en maintenant la qualit&eacute; de service attendue.</p>\r\n<p>&nbsp;</p>\r\n<h3 class="vert"><strong>Venue Finding, un service &agrave; cout z&eacute;ro pour l&rsquo;entreprise</strong></h3>\r\n<p>Le business mod&egrave;le du Venue Finding est le suivant&nbsp;: c&rsquo;est le lieu qui r&eacute;mun&egrave;re le Venue Finder pour son apport d&rsquo;affaire. Le lieu s&rsquo;engage &agrave; ne pas reporter la commission du Venue Finder sur le tarif n&eacute;goci&eacute; de l&rsquo;entreprise. Le Venue Finder, une valeur ajout&eacute;e dont l&rsquo;entreprise ne doit pas se priver, une couche de service gratuite et productive.</p>\r\n<p>&nbsp;</p>\r\n<h3 class="vert"><strong>Travailler dans l&rsquo;urgence&nbsp;: la faiblesse des entreprises, la force du Venue Finder</strong></h3>\r\n<p>Beaucoup d&rsquo;entreprises repoussent le lancement d&rsquo;un projet d&rsquo;&eacute;v&eacute;nement pour de multiples raisons. Un bon Venue Finder conseillera toujours d&rsquo;anticiper afin d&rsquo;optimiser les tarifs, les disponibilit&eacute;s et donc b&eacute;n&eacute;ficier d&rsquo;un choix plus large. Il faut donc garder &agrave; l&rsquo;esprit que plus vite les entreprises font appel &agrave; un Venue Finder, meilleures seront les conditions de recherche.</p>\r\n<p>Bien entendu, la r&eacute;alit&eacute; fait que les entreprises doivent souvent agir en derni&egrave;re minute. Un bon Venue Finder s&rsquo;av&egrave;re encore plus utile dans ces cas-l&agrave;, le carnet d&rsquo;adresse bien fourni ainsi que le bon relationnel qu&rsquo;entretien le Venue Finder avec ses prestataires permet de trouver des solutions aux probl&egrave;mes les plus complexes et les plus urgents.</p>\r\n<p>Ce genre de d&eacute;fi, constitue le quotidien de Spice Up sp&eacute;cialiste Venue Finder.</p>\r\n<p>&nbsp;</p>\r\n<h3 class="vert"><strong>L&rsquo;extension de votre &eacute;quipe&nbsp;: le Venue Finder est votre ressource humaine</strong></h3>\r\n<p>Il est parfois compliqu&eacute; pour une entreprise de trouver et de d&eacute;dier une &eacute;quipe &agrave; la recherche d&rsquo;un lieu pour un &eacute;v&eacute;nement. Hormis ses partenariats, Spice Up prend son r&ocirc;le de Venue Finder &agrave; c&oelig;ur en repr&eacute;sentant les couleurs de l&rsquo;entreprise qui l&rsquo;a sollicit&eacute;e et fait &eacute;conomiser de l&rsquo;&eacute;nergie et du temps gr&acirc;ce &agrave; une m&eacute;thode de recherche tr&egrave;s&nbsp; productive et efficace. C&rsquo;est un vrai m&eacute;tier, Spice Up est fier de mettre &agrave; votre service ses comp&eacute;tence d&rsquo;agence afin d&rsquo;apporter enti&egrave;re satisfaction sur le Venue Finding.</p>\r\n<p>&nbsp;</p>\r\n<p>D&eacute;couvrez notre page d&eacute;di&eacute;e &agrave; l&rsquo;offre <a title="Venue Finder" href="http://www.spiceup.fr/fr/events/venue-finder.10.html" target="_blank">Venue Finder</a> et si vous aussi, vous recherchez un lieu pour votre prochain &eacute;v&eacute;nement, contactez Spice Up sp&eacute;cialiste Venue Finder, d&egrave;s maintenant.</p>\r\n<p>&nbsp;</p>\r\n<table>\r\n<tbody>\r\n<tr>\r\n<td class="boutoninternpagecarreorange" width="160">&nbsp;</td>\r\n<td class="boutoninternpagecarreorange" width="290">\r\n<p align="center"><a title="Venue Finder" href="http://www.spiceup.fr/fr/events/venue-finder.10.html" target="_self">OFFRE VENUE FINDER</a></p>\r\n</td>\r\n<td class="boutoninternpagecarreorange" width="20">&nbsp;</td>\r\n<td class="boutoninternpagecarre" width="290">\r\n<p align="center"><a title="Contact" href="http://www.spiceup.fr/fr/contact/" target="_self">CONTACTEZ-NOUS : 04 97 21 12 12</a></p>\r\n</td>\r\n<td class="boutoninternpagecarreorange" width="160">&nbsp;</td>\r\n</tr>\r\n</tbody>\r\n</table>', NULL, NULL),
(34, 'en', 'Spice Up aboard the Villa Schweppes', 'Spice Up aboard the famous Villa Schweppes during the Cannes Film Festival', 'villa schweppes, club med 2, spice up, event', 'Spice Up aboard the Villa Schweppes', 'Spice Up participated to the organization Of a Reebok event during the 2014 Cannes Film Festival aboard the famous Villa Schweppes.', '<p class="p1"><br />This year 2014, the 67th International Film Festival in Cannes was the scene of many events<span class="s1">, Spice up was involved in one of the most prestigious one at</span> the Villa Schweppes<span class="s1">.</span> Spice Up participated in the organization of a Reebok event and &laquo; embarked &raquo; &nbsp;on the Villa. Yes yes,<span class="s1"> We really mean</span>&laquo; embarked &raquo;<span class="s1"> as this year</span> the Villa Schweppes took place on the largest 5 mast boat of the World, the Club Med 2! 204 yards long <span class="s1">anchored in the bay of</span> off Cannes where <span class="s1">a </span>few hundred<span class="s1">s of</span> lucky guys had fun in a festive and &laquo; <span class="s1">celeb</span> &raquo; atmosphere.</p>\r\n<p class="p1"><br />The vibes were really nice, the proximity with the celebrities, music and the environment made this event <span class="s1">so</span> unique and <span class="s1">the </span>Spice Up team is proud to have contributed to the organization of this event.</p>\r\n<p><br /><br /><br /><br /><br /><br /></p>\r\n<p><img style="padding-right: 28px;" src="http://www.spiceup.fr/fr/index/stream/index.html?image=%2Fuploaded%2Fphotos%2Fphotos_image_350.jpg&amp;width=210&amp;format=JPG" alt="Villa Schweppes Spice Up" /> <img style="padding-right: 28px;" src="http://www.spiceup.fr/fr/index/stream/index.html?image=%2Fuploaded%2Fphotos%2Fphotos_image_351.jpg&amp;width=210&amp;format=JPG" alt="Villa Schweppes Spice Up" /> <img style="padding-right: 28px;" src="http://www.spiceup.fr/fr/index/stream/index.html?image=%2Fuploaded%2Fphotos%2Fphotos_image_352.jpg&amp;width=210&amp;format=JPG" alt="Villa Schweppes Spice Up" /> <img style="padding-right: 0px;" src="http://www.spiceup.fr/fr/index/stream/index.html?image=%2Fuploaded%2Fphotos%2Fphotos_image_353.jpg&amp;width=210&amp;format=JPG" alt="Villa Schweppes Spice Up" /></p>\r\n<p><img style="padding-right: 28px;" src="http://www.spiceup.fr/fr/index/stream/index.html?image=%2Fuploaded%2Fphotos%2Fphotos_image_354.jpg&amp;width=210&amp;format=JPG" alt="Villa Schweppes Spice Up" /> <img style="padding-right: 28px;" src="http://www.spiceup.fr/fr/index/stream/index.html?image=%2Fuploaded%2Fphotos%2Fphotos_image_355.jpg&amp;width=210&amp;format=JPG" alt="Villa Schweppes Spice Up" /> <img style="padding-right: 28px;" src="http://www.spiceup.fr/fr/index/stream/index.html?image=%2Fuploaded%2Fphotos%2Fphotos_image_359.jpg&amp;width=210&amp;format=JPG" alt="Villa Schweppes Spice Up" /> <img style="padding-right: 0px;" src="http://www.spiceup.fr/fr/index/stream/index.html?image=%2Fuploaded%2Fphotos%2Fphotos_image_360.jpg&amp;width=210&amp;format=JPG" alt="Villa Schweppes Spice Up" /></p>\r\n<p><img style="padding-right: 28px;" src="http://www.spiceup.fr/fr/index/stream/index.html?image=%2Fuploaded%2Fphotos%2Fphotos_image_348.jpg&amp;width=210&amp;format=JPG" alt="Villa Schweppes Spice Up" /> <img style="padding-right: 28px;" src="http://www.spiceup.fr/fr/index/stream/index.html?image=%2Fuploaded%2Fphotos%2Fphotos_image_349.jpg&amp;width=210&amp;format=JPG" alt="Villa Schweppes Spice Up" /> <span>Photos : &copy; Nico Gomez</span></p>', NULL, NULL),
(34, 'fr', 'Spice Up à bord de la Villa Schweppes', 'Spice Up à bord de la fameuse Villa Schweppes durant le Festival International du Film', 'villa schweppes, club med 2, spice up, evenement', 'Spice Up à bord de la Villa Schweppes', 'Spice Up était présent et a participé à l''organisation d''un événement Reebok à bord de la fameuse Villa Schweppes du Festival International du Film 2014.', '<p><br />Cette ann&eacute;e 2014, le 67&egrave;me Festival International du Film &agrave; Cannes a &eacute;t&eacute; le th&eacute;&acirc;tre de nombreuses manifestations mais Spice Up s&rsquo;int&eacute;resse aujourd&rsquo;hui &agrave; la Villa Schweppes que l&rsquo;&eacute;quipe Spice Up a eu la chance de d&eacute;couvrir de tr&egrave;s pr&egrave;s ! En effet, Spice Up a particip&eacute; &agrave; l&rsquo;organisation d&rsquo;un &eacute;v&eacute;nement Reebok et a pu &laquo; embarquer &raquo; sur la Villa. Oui oui, vous avez bien lu &laquo; embarquer &raquo;, la villa Schweppes a investi cette ann&eacute;e le plus grand voilier 5 m&acirc;ts du Monde, le Club Med 2 ! 187 m&egrave;tres de long, pas loin de 15 000 tonnes flottantes au large de Cannes sur lesquelles se sont d&eacute;cha&icirc;n&eacute;s quelques centaines de chanceux au rythme d&rsquo;une ambiance festive est tr&egrave;s &laquo; people &raquo;.</p>\r\n<p><br />L&rsquo;ambiance &eacute;tait vraiment sympa, la proximit&eacute; avec les c&eacute;l&eacute;brit&eacute;s, la musique et le cadre ont rendu cet &eacute;v&egrave;nement unique et l&rsquo;&eacute;quipe Spice Up est fi&egrave;re d&rsquo;avoir particip&eacute; &agrave; l&rsquo;organisation de cet &eacute;v&eacute;nement.</p>\r\n<p><br /><br /><br /><br /></p>\r\n<p><img style="padding-right: 28px;" src="http://www.spiceup.fr/fr/index/stream/index.html?image=%2Fuploaded%2Fphotos%2Fphotos_image_350.jpg&amp;width=210&amp;format=JPG" alt="Villa Schweppes Spice Up" /> <img style="padding-right: 28px;" src="http://www.spiceup.fr/fr/index/stream/index.html?image=%2Fuploaded%2Fphotos%2Fphotos_image_351.jpg&amp;width=210&amp;format=JPG" alt="Villa Schweppes Spice Up" /> <img style="padding-right: 28px;" src="http://www.spiceup.fr/fr/index/stream/index.html?image=%2Fuploaded%2Fphotos%2Fphotos_image_352.jpg&amp;width=210&amp;format=JPG" alt="Villa Schweppes Spice Up" /> <img style="padding-right: 0px;" src="http://www.spiceup.fr/fr/index/stream/index.html?image=%2Fuploaded%2Fphotos%2Fphotos_image_353.jpg&amp;width=210&amp;format=JPG" alt="Villa Schweppes Spice Up" /></p>\r\n<p><img style="padding-right: 28px;" src="http://www.spiceup.fr/fr/index/stream/index.html?image=%2Fuploaded%2Fphotos%2Fphotos_image_354.jpg&amp;width=210&amp;format=JPG" alt="Villa Schweppes Spice Up" /> <img style="padding-right: 28px;" src="http://www.spiceup.fr/fr/index/stream/index.html?image=%2Fuploaded%2Fphotos%2Fphotos_image_355.jpg&amp;width=210&amp;format=JPG" alt="Villa Schweppes Spice Up" /> <img style="padding-right: 28px;" src="http://www.spiceup.fr/fr/index/stream/index.html?image=%2Fuploaded%2Fphotos%2Fphotos_image_359.jpg&amp;width=210&amp;format=JPG" alt="Villa Schweppes Spice Up" /> <img style="padding-right: 0px;" src="http://www.spiceup.fr/fr/index/stream/index.html?image=%2Fuploaded%2Fphotos%2Fphotos_image_360.jpg&amp;width=210&amp;format=JPG" alt="Villa Schweppes Spice Up" /></p>\r\n<p><img style="padding-right: 28px;" src="http://www.spiceup.fr/fr/index/stream/index.html?image=%2Fuploaded%2Fphotos%2Fphotos_image_348.jpg&amp;width=210&amp;format=JPG" alt="Villa Schweppes Spice Up" /> <img style="padding-right: 28px;" src="http://www.spiceup.fr/fr/index/stream/index.html?image=%2Fuploaded%2Fphotos%2Fphotos_image_349.jpg&amp;width=210&amp;format=JPG" alt="Villa Schweppes Spice Up" /> <span>Cr&eacute;dit Photo : Nico Gomez &copy;</span></p>', NULL, NULL),
(35, 'en', 'Spice Up has created Facebook and iPad game for easyJet', 'Easyjet Facebook Game Spice Up', 'facebook game, event, easyjet, spice up', 'Spice Up has created Facebook game for Easy Jet', 'To celebrate the opening of 4 new easyJet destinations from Nice, Spice Up organizes a public event at the Nice airport on June 10th!', '<p>What a pleasure for Spice Up to work for easyJet! The flight company has chosen to work with us in order to organize their public event at Nice airport on June 10th.&nbsp;</p>\r\n<p>&nbsp;</p>\r\n<p>Indeed, easyJet has opened 4 new destinations from Nice airport to : Hamburg, Marrakech, Palerma and Lisbon. A great reason to celebrate the brand and congratulate all the passengers! In order to let the passengers wait and insure communication before the event, we have organized for easyJet a Facebook game in the same spirit as the event.&nbsp;</p>\r\n<p>&nbsp;</p>\r\n<p><strong class="vert">The objective is simple :</strong> Touch Nice town with your paper plane as much as you can and try to win a round trip plane ticket to the destination of your choice!</p>\r\n<p>&nbsp;</p>\r\n<p>With little luck, you still have time to participate! Come on, give it a try!&nbsp;</p>\r\n<div class="boutoninternpagecarre">\r\n<table style="width: 1000px;" align="center">\r\n<tbody>\r\n<tr>\r\n<td width="20%">&nbsp;</td>\r\n<td style="text-align: center;" align="center" width="20%"><a title="Contact" href="http://www.spiceup.fr/en/contact/" target="_self">CONTACT US</a></td>\r\n<td width="10%">&nbsp;</td>\r\n<td style="text-align: center; background-color: #ff6e0d !important;" align="center" width="20%"><a title="Contact" href="https://www.facebook.com/easyJetFrance?sk=app_138778399475757" target="_blank">PLAY THE GAME</a></td>\r\n<td width="20%">&nbsp;</td>\r\n</tr>\r\n</tbody>\r\n</table>\r\n</div>', NULL, NULL),
(35, 'fr', 'Spice Up créé un jeu Facebook et iPad pour easyJet', 'Jeu Easyjet Facebook Spice Up', 'jeu facebook, evenement, easyjet, spice up', 'Spice Up créé un jeu Facebook pour Easy Jet', 'Pour fêter l''ouverture de 4 nouvelles destinations easyJet au départ de Nice, Spice Up organise un événement grand public à l''aéroport de Nice le 10 juin !', '<p>Quel plaisir pour Spice Up de travailler pour easyJet ! La compagnie a&eacute;rienne nous a choisi pour organiser son &eacute;v&eacute;nement grand public &agrave; l''a&eacute;roport de Nice le 10 juin prochain.&nbsp;</p>\r\n<p>&nbsp;</p>\r\n<p class="p1">En effet, easyJet a ouvert 4 nouvelles destinations au d&eacute;part de Nice : Hambourg, Marrakech, Palerme et Lisbonne. Une belle occasion pour c&eacute;l&eacute;brer la marque et faire plaisir &agrave; tous ses passagers ! Pour faire patienter nos voyageurs et assurer la communication avant l''&eacute;v&eacute;nement, nous avons propos&eacute; &agrave; easyJet de r&eacute;aliser pour eux un jeu Facebook dans la lign&eacute;e de l''&eacute;v&eacute;nement.&nbsp;</p>\r\n<p>&nbsp;</p>\r\n<p class="p1"><strong><span class="vert">L''objectif est simple :</span></strong> Touchez avec votre avion en papier la ville de Nice un maximum de fois et tentez de gagner un billet d''avion aller / retour vers la destination easyJet de votre choix !</p>\r\n<p>&nbsp;</p>\r\n<p class="p1">Avec un peu de chance, vous avez encore le temps de participer ! Tentez votre chance !</p>\r\n<div class="boutoninternpagecarre">\r\n<table style="width: 1000px;" align="center">\r\n<tbody>\r\n<tr>\r\n<td width="20%">&nbsp;</td>\r\n<td style="text-align: center;" align="center" width="20%"><a title="Contact" href="http://www.spiceup.fr/fr/contact/" target="_self">CONTACTEZ-NOUS</a></td>\r\n<td width="10%">&nbsp;</td>\r\n<td style="text-align: center;" align="center" width="20%"><a title="Contact" href="https://www.facebook.com/easyJetFrance?sk=app_138778399475757" target="_blank">ACC&Eacute;DEZ AU JEU</a></td>\r\n<td width="20%">&nbsp;</td>\r\n</tr>\r\n</tbody>\r\n</table>\r\n</div>', NULL, NULL);

-- --------------------------------------------------------

--
-- Structure de la table `agences`
--

CREATE TABLE IF NOT EXISTS `agences` (
  `agences_id` int(10) unsigned NOT NULL AUTO_INCREMENT,
  `agences_active` enum('Y','N') NOT NULL DEFAULT 'N',
  `agences_denomination` varchar(150) NOT NULL,
  `agences_adresse` varchar(150) DEFAULT NULL,
  `agences_complement` varchar(150) DEFAULT NULL,
  `agences_codepostal` varchar(10) DEFAULT NULL,
  `agences_ville` varchar(150) DEFAULT NULL,
  `pays_id` int(10) unsigned DEFAULT NULL,
  `agences_telephone` varchar(20) DEFAULT NULL,
  `agences_fax` varchar(20) DEFAULT NULL,
  `agences_contact` varchar(150) DEFAULT NULL,
  `agences_moderation` varchar(150) DEFAULT NULL,
  `agences_inscription` varchar(150) DEFAULT NULL,
  `agences_commande` varchar(150) DEFAULT NULL,
  `agences_defaut` enum('Y','N') NOT NULL DEFAULT 'N',
  PRIMARY KEY (`agences_id`),
  KEY `fk_agences_pays_id` (`pays_id`)
) ENGINE=InnoDB  DEFAULT CHARSET=utf8 AUTO_INCREMENT=3 ;

--
-- Contenu de la table `agences`
--

INSERT INTO `agences` (`agences_id`, `agences_active`, `agences_denomination`, `agences_adresse`, `agences_complement`, `agences_codepostal`, `agences_ville`, `pays_id`, `agences_telephone`, `agences_fax`, `agences_contact`, `agences_moderation`, `agences_inscription`, `agences_commande`, `agences_defaut`) VALUES
(1, 'N', 'Ideal-com', 'Les Cardoulines - Bât 5', '1360 route des Dolines', '06560', 'Sophia Antipolis', 69, '04 89 73 01 79', '04 89 73 20 89', 'contact@ideal-com.com', NULL, 'inscription@ideal-com.com', 'commande@ideal-com.com', 'N'),
(2, 'Y', 'Spiceup', '', '', '', '', 69, '', '', 'contact@spiceup.fr, manon@spiceup.fr', 'contact@spiceup.fr, manon@spiceup.fr', 'contact@spiceup.fr, manon@spiceup.fr', 'contact@spiceup.fr, manon@spiceup.fr', 'Y');

-- --------------------------------------------------------

--
-- Structure de la table `agences_translation`
--

CREATE TABLE IF NOT EXISTS `agences_translation` (
  `agences_id` int(10) unsigned NOT NULL,
  `lang` varchar(2) NOT NULL,
  `agences_hotline` text,
  PRIMARY KEY (`agences_id`,`lang`),
  KEY `fk_agences_agences_id` (`agences_id`)
) ENGINE=InnoDB DEFAULT CHARSET=utf8;

--
-- Contenu de la table `agences_translation`
--

INSERT INTO `agences_translation` (`agences_id`, `lang`, `agences_hotline`) VALUES
(1, 'fr', ''),
(2, 'en', ''),
(2, 'fr', '');

-- --------------------------------------------------------

--
-- Structure de la table `annonces`
--

CREATE TABLE IF NOT EXISTS `annonces` (
  `annonces_id` int(10) unsigned NOT NULL AUTO_INCREMENT,
  `ndd` varchar(5) NOT NULL,
  `lang` varchar(2) NOT NULL,
  `annonces_active` enum('Y','N') NOT NULL DEFAULT 'N',
  `annnoces_profil` enum('superviseur','referenceur','administrateur','commercial','redacteur') NOT NULL DEFAULT 'administrateur',
  `agences_id` int(10) unsigned DEFAULT NULL,
  `users_id` int(10) unsigned DEFAULT NULL,
  `annonces_type` int(11) NOT NULL DEFAULT '1',
  `familles_id` int(10) unsigned DEFAULT NULL,
  `annonces_creation` datetime DEFAULT NULL,
  `annonces_ipcreation` varchar(50) DEFAULT NULL,
  `annonces_modification` date DEFAULT NULL,
  `annonces_ipmodification` varchar(50) DEFAULT NULL,
  `annonces_renouvellement` date DEFAULT NULL,
  `annonces_debutparution` date DEFAULT NULL,
  `annonces_finparution` date DEFAULT NULL,
  `annonces_titre` varchar(150) NOT NULL,
  `annonces_resume` text,
  `annonces_description` longtext,
  `annonces_photo` varchar(150) DEFAULT NULL,
  `annonces_pictogramme` varchar(150) DEFAULT NULL,
  `annonces_accueil` varchar(50) NOT NULL DEFAULT 'N',
  `annonces_document` varchar(150) DEFAULT NULL,
  `annonces_video` varchar(150) DEFAULT NULL,
  PRIMARY KEY (`annonces_id`),
  KEY `fk_annonces_familles_id` (`familles_id`),
  KEY `fk_annonces_agences_id` (`agences_id`),
  KEY `fk_annonces_users_id` (`users_id`)
) ENGINE=InnoDB DEFAULT CHARSET=utf8 AUTO_INCREMENT=1 ;

-- --------------------------------------------------------

--
-- Structure de la table `attributs`
--

CREATE TABLE IF NOT EXISTS `attributs` (
  `attributs_id` int(10) unsigned NOT NULL AUTO_INCREMENT,
  `attributs_active` enum('Y','N') NOT NULL DEFAULT 'N',
  `attributs_type` enum('string','int','user') NOT NULL DEFAULT 'string',
  `attributs_required` enum('Y','N') NOT NULL DEFAULT 'N',
  `attributs_min` varchar(50) DEFAULT NULL,
  `attributs_max` varchar(50) DEFAULT NULL,
  PRIMARY KEY (`attributs_id`)
) ENGINE=InnoDB DEFAULT CHARSET=utf8 AUTO_INCREMENT=1 ;

-- --------------------------------------------------------

--
-- Structure de la table `attributs_compositions`
--

CREATE TABLE IF NOT EXISTS `attributs_compositions` (
  `jeuxattributs_id` int(10) unsigned NOT NULL,
  `attributs_id` int(10) unsigned NOT NULL,
  `attributs_compositions_ordre` int(10) unsigned NOT NULL DEFAULT '1',
  PRIMARY KEY (`jeuxattributs_id`,`attributs_id`),
  KEY `fk_attributscompositions_jeuxattributs_id` (`jeuxattributs_id`),
  KEY `fk_attributscompositions_attributs_id` (`attributs_id`)
) ENGINE=InnoDB DEFAULT CHARSET=utf8;

-- --------------------------------------------------------

--
-- Structure de la table `attributs_translation`
--

CREATE TABLE IF NOT EXISTS `attributs_translation` (
  `attributs_id` int(10) unsigned NOT NULL,
  `lang` varchar(2) NOT NULL,
  `attributs_code` varchar(150) NOT NULL,
  `attributs_label` varchar(150) NOT NULL,
  `attributs_help` varchar(250) DEFAULT NULL,
  `attributs_unite` varchar(50) DEFAULT NULL,
  `attributs_error` varchar(250) DEFAULT NULL,
  `attributs_error_min` varchar(250) DEFAULT NULL,
  `attributs_error_max` varchar(250) DEFAULT NULL,
  PRIMARY KEY (`attributs_id`,`lang`),
  KEY `fk_attributs_attributs_id` (`attributs_id`)
) ENGINE=InnoDB DEFAULT CHARSET=utf8;

-- --------------------------------------------------------

--
-- Structure de la table `attributs_valeurs`
--

CREATE TABLE IF NOT EXISTS `attributs_valeurs` (
  `attributs_id` int(10) unsigned NOT NULL,
  `produits_id` int(10) unsigned NOT NULL,
  `lang` varchar(2) NOT NULL,
  `attributs_valeur` varchar(250) NOT NULL,
  PRIMARY KEY (`attributs_id`,`produits_id`,`lang`),
  KEY `fk_attributsvaleurs_attributs_id` (`attributs_id`),
  KEY `fk_attributsvaleurs_produits_id` (`produits_id`)
) ENGINE=InnoDB DEFAULT CHARSET=utf8;

-- --------------------------------------------------------

--
-- Structure de la table `bannieres`
--

CREATE TABLE IF NOT EXISTS `bannieres` (
  `bannieres_id` int(10) unsigned NOT NULL AUTO_INCREMENT,
  `lang` varchar(2) NOT NULL,
  `bannieres_active` enum('Y','N') NOT NULL DEFAULT 'N',
  `bannieres_profil` enum('superviseur','referenceur','administrateur','commercial','redacteur') NOT NULL DEFAULT 'administrateur',
  `agences_id` int(10) unsigned DEFAULT NULL,
  `bannieres_position` int(11) NOT NULL DEFAULT '1',
  `bannieres_nom` varchar(150) NOT NULL,
  `bannieres_image` varchar(150) DEFAULT NULL,
  `bannieres_lien` varchar(250) DEFAULT NULL,
  `bannieres_destination` enum('_blank','_self') NOT NULL DEFAULT '_self',
  `bannieres_clicks` int(11) DEFAULT NULL,
  `bannieres_clickmax` int(11) DEFAULT NULL,
  `bannieres_datedebut` date DEFAULT NULL,
  `bannieres_datefin` date DEFAULT NULL,
  `bannieres_views` int(11) DEFAULT NULL,
  `bannieres_viewmax` int(11) DEFAULT NULL,
  `bannieres_ratio` int(11) NOT NULL DEFAULT '1',
  `bannieres_lastupdate` date DEFAULT NULL,
  PRIMARY KEY (`bannieres_id`),
  KEY `bannieres_active` (`bannieres_active`),
  KEY `bannieres_clickmax` (`bannieres_clickmax`),
  KEY `bannieres_datemax` (`bannieres_datefin`),
  KEY `bannieres_viewmax` (`bannieres_viewmax`),
  KEY `bannieres_start` (`bannieres_datedebut`),
  KEY `bannieres_right` (`bannieres_position`),
  KEY `bannieres_lang` (`lang`),
  KEY `fk_bannieres_agences_id` (`agences_id`)
) ENGINE=InnoDB DEFAULT CHARSET=utf8 AUTO_INCREMENT=1 ;

-- --------------------------------------------------------

--
-- Structure de la table `bannieres_diffusion`
--

CREATE TABLE IF NOT EXISTS `bannieres_diffusion` (
  `bannieres_id` int(10) unsigned NOT NULL,
  `ndd` varchar(5) NOT NULL,
  `bannieres_diffusion_active` enum('Y','N') NOT NULL DEFAULT 'N',
  PRIMARY KEY (`bannieres_id`,`ndd`),
  KEY `fk_bannieresdiffusion_bannieres_id` (`bannieres_id`)
) ENGINE=InnoDB DEFAULT CHARSET=utf8;

-- --------------------------------------------------------

--
-- Structure de la table `bannieres_stats`
--

CREATE TABLE IF NOT EXISTS `bannieres_stats` (
  `bannieres_id` int(11) unsigned NOT NULL,
  `bannieres_stats_date` date NOT NULL,
  `bannieres_stats_views` int(11) NOT NULL DEFAULT '0',
  `bannieres_stats_clicks` int(11) NOT NULL DEFAULT '0',
  PRIMARY KEY (`bannieres_id`,`bannieres_stats_date`),
  KEY `fk_bannieres_stats_bannieres_id` (`bannieres_id`)
) ENGINE=InnoDB DEFAULT CHARSET=utf8;

-- --------------------------------------------------------

--
-- Structure de la table `caroussels`
--

CREATE TABLE IF NOT EXISTS `caroussels` (
  `caroussels_id` int(10) unsigned NOT NULL AUTO_INCREMENT,
  `caroussels_active` enum('Y','N') NOT NULL DEFAULT 'N',
  `caroussels_profil` enum('superviseur','referenceur','administrateur','commercial','redacteur') NOT NULL DEFAULT 'administrateur',
  `agences_id` int(10) unsigned DEFAULT NULL,
  `univers_id` int(10) unsigned DEFAULT NULL,
  `caroussels_ordre` int(10) unsigned NOT NULL DEFAULT '1',
  PRIMARY KEY (`caroussels_id`),
  KEY `fk_caroussels_agences_id` (`agences_id`),
  KEY `fk_caroussels_univers_id` (`univers_id`)
) ENGINE=InnoDB  DEFAULT CHARSET=utf8 AUTO_INCREMENT=32 ;

--
-- Contenu de la table `caroussels`
--

INSERT INTO `caroussels` (`caroussels_id`, `caroussels_active`, `caroussels_profil`, `agences_id`, `univers_id`, `caroussels_ordre`) VALUES
(1, 'N', 'administrateur', NULL, NULL, 17),
(2, 'N', 'administrateur', NULL, NULL, 22),
(3, 'N', 'administrateur', NULL, NULL, 27),
(6, 'Y', 'administrateur', NULL, NULL, 28),
(7, 'Y', 'administrateur', NULL, NULL, 26),
(8, 'N', 'administrateur', NULL, NULL, 24),
(9, 'Y', 'administrateur', NULL, NULL, 29),
(10, 'N', 'administrateur', NULL, NULL, 23),
(11, 'N', 'administrateur', NULL, NULL, 21),
(12, 'N', 'administrateur', NULL, NULL, 19),
(13, 'Y', 'administrateur', NULL, NULL, 20),
(14, 'N', 'administrateur', NULL, NULL, 16),
(15, 'N', 'administrateur', NULL, NULL, 18),
(16, 'Y', 'administrateur', NULL, NULL, 25),
(17, 'N', 'administrateur', NULL, NULL, 15),
(18, 'N', 'administrateur', NULL, NULL, 14),
(19, 'N', 'administrateur', NULL, NULL, 13),
(20, 'N', 'administrateur', NULL, NULL, 12),
(21, 'Y', 'administrateur', NULL, NULL, 9),
(22, 'Y', 'administrateur', NULL, NULL, 10),
(23, 'N', 'administrateur', NULL, NULL, 8),
(24, 'N', 'administrateur', NULL, NULL, 7),
(25, 'N', 'administrateur', NULL, NULL, 6),
(26, 'N', 'administrateur', NULL, NULL, 5),
(27, 'N', 'administrateur', NULL, NULL, 4),
(28, 'N', 'administrateur', NULL, NULL, 3),
(29, 'Y', 'administrateur', NULL, NULL, 2),
(30, 'Y', 'administrateur', NULL, NULL, 11),
(31, 'Y', 'administrateur', NULL, NULL, 1);

-- --------------------------------------------------------

--
-- Structure de la table `caroussels_diffusion`
--

CREATE TABLE IF NOT EXISTS `caroussels_diffusion` (
  `caroussels_id` int(10) unsigned NOT NULL,
  `ndd` varchar(5) NOT NULL,
  `caroussels_diffusion_active` enum('Y','N') NOT NULL DEFAULT 'N',
  PRIMARY KEY (`caroussels_id`,`ndd`),
  KEY `fk_carousselsdiffusion_caroussels_id` (`caroussels_id`)
) ENGINE=InnoDB DEFAULT CHARSET=utf8;

--
-- Contenu de la table `caroussels_diffusion`
--

INSERT INTO `caroussels_diffusion` (`caroussels_id`, `ndd`, `caroussels_diffusion_active`) VALUES
(1, 'fr', 'N'),
(2, 'fr', 'N'),
(3, 'fr', 'N'),
(6, 'fr', 'Y'),
(7, 'fr', 'Y'),
(8, 'fr', 'N'),
(9, 'fr', 'Y'),
(10, 'fr', 'N'),
(11, 'fr', 'N'),
(12, 'fr', 'N'),
(13, 'fr', 'Y'),
(14, 'fr', 'N'),
(15, 'fr', 'N'),
(16, 'fr', 'Y'),
(17, 'fr', 'N'),
(18, 'fr', 'N'),
(19, 'fr', 'N'),
(20, 'fr', 'N'),
(21, 'fr', 'Y'),
(22, 'fr', 'Y'),
(23, 'fr', 'N'),
(24, 'fr', 'N'),
(25, 'fr', 'N'),
(26, 'fr', 'N'),
(27, 'fr', 'N'),
(28, 'fr', 'N'),
(29, 'fr', 'Y'),
(30, 'fr', 'Y'),
(31, 'fr', 'Y');

-- --------------------------------------------------------

--
-- Structure de la table `caroussels_translation`
--

CREATE TABLE IF NOT EXISTS `caroussels_translation` (
  `caroussels_id` int(11) unsigned NOT NULL,
  `lang` varchar(2) NOT NULL,
  `tag_alt` varchar(250) DEFAULT NULL,
  `caroussels_libelle` varchar(250) NOT NULL,
  `caroussels_fond` varchar(150) DEFAULT NULL,
  `caroussels_image` varchar(150) DEFAULT NULL,
  `caroussels_video` varchar(150) DEFAULT NULL COMMENT 'lien court youtube',
  `caroussels_lien` varchar(250) DEFAULT NULL,
  `caroussels_description` text,
  PRIMARY KEY (`caroussels_id`,`lang`),
  KEY `fk_caroussels_caroussels_id` (`caroussels_id`)
) ENGINE=InnoDB DEFAULT CHARSET=utf8;

--
-- Contenu de la table `caroussels_translation`
--

INSERT INTO `caroussels_translation` (`caroussels_id`, `lang`, `tag_alt`, `caroussels_libelle`, `caroussels_fond`, `caroussels_image`, `caroussels_video`, `caroussels_lien`, `caroussels_description`) VALUES
(1, 'en', 'Happy Halloween 2013 Spice Up; the terrible agency', 'film', NULL, '/uploaded/caroussels/en_caroussels_image_1.jpg', 'http://youtu.be/-_zm14aFEX0', '', ''),
(1, 'fr', 'Happy Halloween 2013 Spice Up, l''agence qui tue', 'happy Halloween 2013 - Spice Up, l''agence qui tue.', NULL, '/uploaded/caroussels/fr_caroussels_image_1.jpg', 'http://youtu.be/-_zm14aFEX0', '', ''),
(2, 'en', 'Bienvenue chez Spice Up', 'été 2013', NULL, '/uploaded/caroussels/en_caroussels_image_2.jpg', '', '', ''),
(2, 'fr', 'Bienvenue chez Spice Up', 'été 2013', NULL, '/uploaded/caroussels/fr_caroussels_image_2.jpg', '', '', ''),
(3, 'en', 'Spice Up congress', 'congress', NULL, '/uploaded/caroussels/en_caroussels_image_3.jpg', '', '', ''),
(3, 'fr', 'Congrès Spice Up', 'congrès', NULL, '/uploaded/caroussels/fr_caroussels_image_3.jpg', '', '', ''),
(6, 'en', 'urban tour reebok Spice Up', 'urban tour reebok', NULL, '/uploaded/caroussels/en_caroussels_image_6.jpg', '', '', ''),
(6, 'fr', 'urban tour reebok Spice Up', 'urban tour reebok', NULL, '/uploaded/caroussels/fr_caroussels_image_6.jpg', '', '', ''),
(7, 'en', 'evening', 'evening', NULL, '/uploaded/caroussels/en_caroussels_image_7.jpg', '', '', ''),
(7, 'fr', 'soirée', 'soirée', NULL, '/uploaded/caroussels/fr_caroussels_image_7.jpg', '', '', ''),
(8, 'en', 'back stage', 'back stage', NULL, '/uploaded/caroussels/en_caroussels_image_8.jpg', '', '', ''),
(8, 'fr', 'back stage', 'back stage', NULL, '/uploaded/caroussels/fr_caroussels_image_8.jpg', '', '', ''),
(9, 'en', 'congres disney', 'congres disney', NULL, '/uploaded/caroussels/en_caroussels_image_9.jpg', '', '', ''),
(9, 'fr', 'congres disney', 'congres disney', NULL, '/uploaded/caroussels/fr_caroussels_image_9.jpg', '', '', ''),
(10, 'en', 'Spice Up goes on holidays!', 'Holiday 2013', NULL, '/uploaded/caroussels/en_caroussels_image_10.jpg', '', 'http://s345605549.onlinehome.fr/EMAILING/Vacances%202013/emailing%20vacances%20EN.html', ''),
(10, 'fr', 'Spice Up prend des vacances !', 'Vacances 2013', NULL, '/uploaded/caroussels/fr_caroussels_image_10.jpg', '', 'http://s345605549.onlinehome.fr/EMAILING/Vacances%202013/emailing%20vacances%20FR.html', ''),
(11, 'en', 'Back to school with Spice Up!', 'School 2013', NULL, '/uploaded/caroussels/en_caroussels_image_11.jpg', '', '', ''),
(11, 'fr', 'C''est la rentrée avec Spice Up!', 'Rentrée 2013', NULL, '/uploaded/caroussels/fr_caroussels_image_11.jpg', '', '', ''),
(12, 'en', 'Spice Up launches its new website', 'Spice Up launches its new website', NULL, '/uploaded/caroussels/en_caroussels_image_12.jpg', '', '', ''),
(12, 'fr', 'Spice Up lance son nouveau site internet', 'Spice Up lance son nouveau site internet', NULL, '/uploaded/caroussels/fr_caroussels_image_12.jpg', '', '', ''),
(13, 'en', 'l''oréal hairdresser show', 'l''oréal hairdresser show', NULL, '/uploaded/caroussels/en_caroussels_image_13.jpg', '', '', ''),
(13, 'fr', 'Show coiffure l''oréal', 'Show coiffure l''oréal', NULL, '/uploaded/caroussels/fr_caroussels_image_13.jpg', '', '', ''),
(14, 'en', 'Spice Up exhibits at EIBTM 2013', 'Spice Up exhibits at EIBTM 2013', NULL, '/uploaded/caroussels/en_caroussels_image_14.jpg', '', '', 'Spice Up exhibits at EIBTM 2013'),
(14, 'fr', 'Spice up expose à EIBTM 2013', 'Spice up expose à EIBTM 2013', NULL, '/uploaded/caroussels/fr_caroussels_image_14.jpg', '', '', 'Spice Up expose à EIBTM 2013'),
(15, 'en', 'Happy Halloween 2013', 'Spice Up makes you shiver with delight', NULL, '/uploaded/caroussels/en_caroussels_image_15.jpg', '', '', ''),
(15, 'fr', 'Happy Halloween 2013', 'Frissonnez de plaisir avec Spice Up', NULL, '/uploaded/caroussels/fr_caroussels_image_15.jpg', '', '', ''),
(16, 'en', 'Spice Up in video : the agency in 1 minute', 'Spice Up in video : the agency in 1 minute', NULL, '/uploaded/caroussels/en_caroussels_image_16.jpg', 'http://youtu.be/GsSasWtzNms', '', ''),
(16, 'fr', 'Spice Up en images : l''agence en 1 minute', 'Spice Up en images : l''agence en 1 minute', NULL, '/uploaded/caroussels/fr_caroussels_image_16.jpg', 'http://youtu.be/GsSasWtzNms', '', ''),
(17, 'en', 'Book now your snow seminar !', 'ski seminar', NULL, '/uploaded/caroussels/en_caroussels_image_17.jpg', '', 'http://www.spiceup.fr/en/actualites/', ''),
(17, 'fr', 'Réserver votre séminaire à la neige maintenant!', 'seminaire au ski', NULL, '/uploaded/caroussels/fr_caroussels_image_17.jpg', '', 'http://www.spiceup.fr/fr/actualites/', ''),
(18, 'en', 'Spice Up Wishes you a Merry Christmas', 'Merry Christmas', NULL, '/uploaded/caroussels/en_caroussels_image_18.jpg', 'http://youtu.be/iqQIPfR7jQM', '', ''),
(18, 'fr', 'Spice Up vous souhaite un joyeux Noël et de merveilleuses fêtes', 'Joyeux Noel', NULL, '/uploaded/caroussels/fr_caroussels_image_18.jpg', 'http://youtu.be/iqQIPfR7jQM', '', ''),
(19, 'en', 'The Spice Up wishes you a wonderful New Year 2014 !', 'New Year 2014', NULL, '/uploaded/caroussels/en_caroussels_image_19.jpg', 'http://youtu.be/VpljCDBdVOc', '', ''),
(19, 'fr', 'L''équipe Spice Up vous souhaite une merveilleuse année 2014 !', 'New Year 2014', NULL, '/uploaded/caroussels/fr_caroussels_image_19.jpg', 'http://youtu.be/VpljCDBdVOc', '', ''),
(20, 'en', 'Valentine''s Day Contest !', 'Concours saint valentin', NULL, '/uploaded/caroussels/en_caroussels_image_20.png', '', 'https://www.facebook.com/photo.php?fbid=583516675051933&set=a.308280825908854.66162.305479696188967&type=1&theater', ''),
(20, 'fr', 'Concours spécial Saint Valentin !', 'Concours Saint valentin', NULL, '/uploaded/caroussels/fr_caroussels_image_20.png', '', 'https://www.facebook.com/photo.php?fbid=583516675051933&set=a.308280825908854.66162.305479696188967&type=1&theater', ''),
(21, 'en', 'Reebok Fit hub Opening', 'Reebok Fit hub Opening', NULL, '/uploaded/caroussels/en_caroussels_image_21.jpg', 'http://youtu.be/7fm3xs2Ey5w', '', 'Reebok Fit hub Opening in Paris'),
(21, 'fr', 'Reebok Fit hub Opening', 'Reebok Fit hub Opening', NULL, '/uploaded/caroussels/fr_caroussels_image_21.jpg', 'http://youtu.be/7fm3xs2Ey5w', '', 'Reebok Fit hub Opening à Opéra Paris'),
(22, 'en', 'Spice Up graphic design', 'Spice Up graphic design', NULL, '/uploaded/caroussels/en_caroussels_image_22.jpg', '', '', 'Spice Up graphic design'),
(22, 'fr', 'Spice Up graphic design', 'Spice Up graphic design', NULL, '/uploaded/caroussels/fr_caroussels_image_22.jpg', '', '', 'Spice Up graphic design'),
(23, 'en', 'dmc agadir morroco', 'receptif agadir maroc', NULL, '/uploaded/caroussels/en_caroussels_image_23.jpg', '', '', 'receptif agadir maroc'),
(23, 'fr', 'receptif agadir maroc', 'receptif agadir maroc', NULL, '/uploaded/caroussels/fr_caroussels_image_23.jpg', '', '', 'receptif agadir maroc'),
(24, 'en', 'Spice Up favorite destinations in France', 'Spice Up favorite destinations in France', NULL, '/uploaded/caroussels/en_caroussels_image_24.png', '', 'http://www.spiceup.fr/en/actualites/', 'Spice Up favorite destinations in France'),
(24, 'fr', 'les destinations préférées de Spice Up en France', 'Spice Up favorite destinations in France', NULL, '/uploaded/caroussels/fr_caroussels_image_24.jpg', '', 'http://www.spiceup.fr/fr/actualites/', 'les destinations préférées de Spice Up en France'),
(25, 'en', 'Spring has arrived ! Let''s grow up with Spice Up !', 'Printemps', NULL, '/uploaded/caroussels/en_caroussels_image_25.jpg', '', '', ''),
(25, 'fr', 'C''est le Printemps - Grandissez avec Spice Up', 'Printemps', NULL, '/uploaded/caroussels/fr_caroussels_image_25.jpg', '', '', ''),
(26, 'en', 'Easter', 'Pâques', NULL, '/uploaded/caroussels/en_caroussels_image_26.jpg', '', '', ''),
(26, 'fr', 'Pâques', 'Pâques', NULL, '/uploaded/caroussels/fr_caroussels_image_26.jpg', '', '', ''),
(27, 'en', 'Spice Up IMEX 2014', 'IMEX 2014', NULL, '/uploaded/caroussels/en_caroussels_image_27.jpg', '', '', ''),
(27, 'fr', 'Spice Up IMEX 2014', 'IMEX 2014', NULL, '/uploaded/caroussels/fr_caroussels_image_27.jpg', '', '', ''),
(28, 'en', 'Spice Up for easyJet Run your flight', 'easyJet', NULL, '/uploaded/caroussels/en_caroussels_image_28.jpg', '', 'http://easyjet.xg1.li/', ''),
(28, 'fr', 'Spice Up pour easyJet run your flight', 'easyJet', NULL, '/uploaded/caroussels/fr_caroussels_image_28.jpg', '', 'http://easyjet.xg1.li/', ''),
(29, 'en', 'Spice Up runs for easyJet !', 'spice up easyJet', NULL, '/uploaded/caroussels/en_caroussels_image_29.jpg', '', '', ''),
(29, 'fr', 'Spice Up roule pour easyJet !', 'spice up easyJet', NULL, '/uploaded/caroussels/fr_caroussels_image_29.jpg', '', '', ''),
(30, 'en', 'Matrix Seminar in Disney', 'Matrix', NULL, '/uploaded/caroussels/en_caroussels_image_30.jpg', '', '', ''),
(30, 'fr', 'Séminaire Matrix à Disney', 'Matrix', NULL, '/uploaded/caroussels/fr_caroussels_image_30.jpg', '', '', ''),
(31, 'en', 'This is summer !  Spice up goes on working', 'été 2014', NULL, '/uploaded/caroussels/en_caroussels_image_31.jpg', '', '', ''),
(31, 'fr', 'C''est l''été, Spice Up continue de travailler', 'été 2014', NULL, '/uploaded/caroussels/fr_caroussels_image_31.jpg', '', '', '');

-- --------------------------------------------------------

--
-- Structure de la table `cmspages`
--

CREATE TABLE IF NOT EXISTS `cmspages` (
  `cmspages_id` int(10) unsigned NOT NULL AUTO_INCREMENT,
  `cmspages_active` enum('Y','N') NOT NULL DEFAULT 'N',
  `cmspages_profil` enum('superviseur','referenceur','administrateur','commercial','redacteur') NOT NULL DEFAULT 'administrateur',
  `agences_id` int(10) unsigned DEFAULT NULL,
  `univers_id` int(10) unsigned DEFAULT NULL,
  `cmspages_photo` varchar(150) DEFAULT NULL,
  `cmspages_pictogramme` varchar(150) DEFAULT NULL,
  `cmspages_affmenu` enum('Y','N') NOT NULL DEFAULT 'N',
  `cmspages_bg` int(11) NOT NULL DEFAULT '0',
  `cmspages_bd` int(11) NOT NULL DEFAULT '0',
  `cmspages_niveau` int(11) NOT NULL DEFAULT '1',
  `parents_id` int(10) unsigned DEFAULT NULL,
  PRIMARY KEY (`cmspages_id`),
  KEY `fk_cmspages_parents_id` (`parents_id`),
  KEY `fk_cmspages_univers_id` (`univers_id`),
  KEY `fk_cmspages_agences_id` (`agences_id`)
) ENGINE=InnoDB  DEFAULT CHARSET=utf8 AUTO_INCREMENT=20 ;

--
-- Contenu de la table `cmspages`
--

INSERT INTO `cmspages` (`cmspages_id`, `cmspages_active`, `cmspages_profil`, `agences_id`, `univers_id`, `cmspages_photo`, `cmspages_pictogramme`, `cmspages_affmenu`, `cmspages_bg`, `cmspages_bd`, `cmspages_niveau`, `parents_id`) VALUES
(1, 'Y', 'administrateur', NULL, NULL, NULL, NULL, 'Y', 7, 18, 1, NULL),
(2, 'Y', 'administrateur', NULL, NULL, NULL, NULL, 'Y', 10, 11, 2, 1),
(3, 'Y', 'administrateur', NULL, NULL, NULL, NULL, 'Y', 19, 30, 1, NULL),
(5, 'Y', 'administrateur', NULL, NULL, NULL, NULL, 'Y', 31, 32, 1, NULL),
(6, 'Y', 'administrateur', NULL, NULL, NULL, NULL, 'Y', 26, 27, 2, 3),
(7, 'Y', 'administrateur', NULL, NULL, NULL, NULL, 'Y', 20, 23, 2, 3),
(8, 'Y', 'administrateur', NULL, NULL, NULL, NULL, 'N', 5, 6, 1, NULL),
(9, 'Y', 'administrateur', NULL, NULL, NULL, NULL, 'Y', 24, 25, 2, 3),
(10, 'Y', 'administrateur', NULL, NULL, NULL, NULL, 'Y', 28, 29, 2, 3),
(11, 'Y', 'administrateur', NULL, NULL, NULL, NULL, 'Y', 16, 17, 2, 1),
(12, 'Y', 'administrateur', NULL, NULL, NULL, NULL, 'Y', 14, 15, 2, 1),
(13, 'Y', 'administrateur', NULL, NULL, NULL, NULL, 'Y', 12, 13, 2, 1),
(14, 'N', 'administrateur', NULL, NULL, NULL, NULL, 'Y', 21, 22, 3, 7),
(15, 'Y', 'administrateur', NULL, NULL, NULL, NULL, 'N', 8, 9, 2, 1),
(18, 'Y', 'administrateur', NULL, NULL, NULL, NULL, 'N', 3, 4, 1, NULL),
(19, 'Y', 'administrateur', NULL, NULL, NULL, NULL, 'N', 1, 2, 1, NULL);

-- --------------------------------------------------------

--
-- Structure de la table `cmspages_diffusion`
--

CREATE TABLE IF NOT EXISTS `cmspages_diffusion` (
  `cmspages_id` int(10) unsigned NOT NULL,
  `ndd` varchar(5) NOT NULL,
  `cmspages_diffusion_active` enum('Y','N') NOT NULL DEFAULT 'N',
  PRIMARY KEY (`cmspages_id`,`ndd`),
  KEY `fk_cmspagesdiffusion_cmspages_id` (`cmspages_id`)
) ENGINE=InnoDB DEFAULT CHARSET=utf8;

--
-- Contenu de la table `cmspages_diffusion`
--

INSERT INTO `cmspages_diffusion` (`cmspages_id`, `ndd`, `cmspages_diffusion_active`) VALUES
(1, 'fr', 'Y'),
(2, 'fr', 'Y'),
(3, 'fr', 'Y'),
(5, 'fr', 'Y'),
(6, 'fr', 'Y'),
(7, 'fr', 'Y'),
(8, 'fr', 'Y'),
(9, 'fr', 'Y'),
(10, 'fr', 'Y'),
(11, 'fr', 'Y'),
(12, 'fr', 'Y'),
(13, 'fr', 'Y'),
(14, 'fr', 'N'),
(15, 'fr', 'Y'),
(18, 'fr', 'Y'),
(19, 'fr', 'Y');

-- --------------------------------------------------------

--
-- Structure de la table `cmspages_translation`
--

CREATE TABLE IF NOT EXISTS `cmspages_translation` (
  `cmspages_id` int(10) unsigned NOT NULL,
  `lang` varchar(2) NOT NULL,
  `meta_title` varchar(250) DEFAULT NULL,
  `meta_description` varchar(250) DEFAULT NULL,
  `meta_keywords` varchar(250) DEFAULT NULL,
  `cmspages_titremenu` varchar(150) NOT NULL,
  `cmspages_bandeau` varchar(150) DEFAULT NULL,
  `cmspages_vignette` varchar(250) DEFAULT NULL,
  `cmspages_titrepage` varchar(250) NOT NULL,
  `cmspages_accroche` text,
  `cmspages_contenu` longtext NOT NULL,
  `cmspages_document` varchar(150) DEFAULT NULL,
  `cmspages_video` text,
  PRIMARY KEY (`cmspages_id`,`lang`),
  KEY `fk_cmspages_cmspages_id` (`cmspages_id`)
) ENGINE=InnoDB DEFAULT CHARSET=utf8;

--
-- Contenu de la table `cmspages_translation`
--

INSERT INTO `cmspages_translation` (`cmspages_id`, `lang`, `meta_title`, `meta_description`, `meta_keywords`, `cmspages_titremenu`, `cmspages_bandeau`, `cmspages_vignette`, `cmspages_titrepage`, `cmspages_accroche`, `cmspages_contenu`, `cmspages_document`, `cmspages_video`) VALUES
(1, 'en', '', '', '', 'Agency', NULL, NULL, 'Agences', '', '<p>Spice Up</p>', NULL, NULL),
(1, 'fr', '', '', '', 'Agence', NULL, NULL, 'Agences', '', '<p>Spice Up</p>', NULL, NULL),
(2, 'en', 'Who are we ?', 'Spice Up, event agency : our difference, our philosophy, our humane-based approach, business friendly !', 'Spice up agency event different human corporate business friendly dedicated event best price partner conference congress seminar launching evening', 'Who Are We?', NULL, NULL, 'Who Are We?', '', '<table border="0">\r\n<tbody>\r\n<tr>\r\n<td colspan="2"><img src="http://www.spiceup.fr//uploaded/tinymce/agency_infographics.jpg" alt="Who are we infographics Spice Up" /></td>\r\n</tr>\r\n<tr>\r\n<td class="title">\r\n<p>Our difference</p>\r\n</td>\r\n<td class="title left-20">\r\n<p>Our philosophy</p>\r\n</td>\r\n</tr>\r\n<tr>\r\n<td>\r\n<p class="vert"><strong>Business</strong></p>\r\n<p>Spice Up, event marketing and consulting agency, understands your needs and maps out specifically tailored options to meet your objectives, forming part of a fully integrated program or a single event in France or abroad. We plan <strong>conferences, seminars, product lunches, incentives ans staff events</strong>. Our mission is to strengthen your business and drive your core communication objectives through maximised event strategy and production.</p>\r\n<p>&nbsp;</p>\r\n<p class="vert"><strong>Friendly</strong></p>\r\n<p>We all come from global corporations and that is where our customers come from too. We understand the way they operate, because we know how it works. Sharing our customer&rsquo;s environment and culture allows us to speak the same language.</p>\r\n<p><strong>We understand the cross functional needs of business development, sales, marketing and human ressouce</strong>s. We take time to get to know the customer and the business so we can develop differentiating concepts that align with the overall sales and marketing strategy.</p>\r\n<p>We have a great understanding of the challenges facing UK and US companies operating across global, multilingual boundries as we have worked in the different market places and worked within those cultures. This experience lends itself well to quickly identify needs and providing appropriate ideas ans solutions.</p>\r\n<p>&nbsp;</p>\r\n<p class="vert"><strong>Ask For more&nbsp;!</strong></p>\r\n<p>Our team is commited to creating the best possible event experience at every stage in the vent production cycle, from briefing to creative development and detailed logistical planning resulting in first class program execution.</p>\r\n<p>We will study your specifications and, where necessary, offer alternatives to boost the event''s full potential.</p>\r\n<p><strong>We offer straight-forward answers, a strict adherence to budget and regular reports</strong>. Finally, the team will look at ways of maximising the event''s lasting impact, generating value long after all participants have left.</p>\r\n</td>\r\n<td class="left-20">\r\n<p class="vert"><strong>Optimisation</strong></p>\r\n<p>Your dedicated Spice Up team member will remain the same throughout &ndash; from first quote to final stage &ndash; avoiding any loss of time and information.</p>\r\n<p>We know about purchasing. Each quote is thoroughly analysed to obtain the most competitive prices for all services whilst at the same time never compromising on quality. Our team works in collaboration with your purchasing department. Savings made cover our fees and allow us to offer you more services with no impact on your global budget.</p>\r\n<p>&nbsp;</p>\r\n<p class="vert"><strong>A human-based approach</strong></p>\r\n<p>People make the difference.</p>\r\n<ul>\r\n<li>We create an environment where people reveal their potential</li>\r\n<li>We work closely with you to generate the synergy that delivers tangible business benefits and drives success.</li>\r\n<li>We pull our energy from our diversity of backgrounds and experience.</li>\r\n<li>We are motivated and action driven with a focus on strategy.</li>\r\n<li>We love to operate in open working environments, we are eager to contribute and learn. Our creativity is supported by a strong sense of planning and organisation.</li>\r\n<li>We deliver superior account management.</li>\r\n</ul>\r\n<p>&nbsp;</p>\r\n<p>Want to know more? Visit our <a title="Facebook page Spice Up" href="http://www.facebook.com/spiceupagency">Facebook page</a> !</p>\r\n</td>\r\n</tr>\r\n</tbody>\r\n</table>', NULL, NULL),
(2, 'fr', 'Qui sommes-nous ?', 'Spice Up agence événementielle : notre différence, notre philosophie, notre approche humaine, business friendly!', 'Spice up agence événementielle différente humaine corporate business friendly écoute événement meilleur prix partenaire congrès séminaire incentive lancement soirée', 'Qui-sommes nous ?', NULL, NULL, 'Qui-sommes nous ?', '', '<table border="0">\r\n<tbody>\r\n<tr>\r\n<td colspan="2"><img src="http://www.spiceup.fr//uploaded/tinymce/infographie_agence.jpg" alt="Qui sommes-nous infographie Spice Up" /></td>\r\n</tr>\r\n<tr>\r\n<td class="title">\r\n<p>NOTRE DIFFERENCE</p>\r\n</td>\r\n<td class="title left-20">\r\n<p>Notre philosophie</p>\r\n</td>\r\n</tr>\r\n<tr>\r\n<td><strong class="vert">Business</strong>\r\n<p>Spice Up, agence conseil en marketing &eacute;v&egrave;nementiel, g&egrave;re vos &eacute;v&egrave;nements (<strong>congr&egrave;s, s&eacute;minaires, conf&eacute;rences, lancements, incentives</strong>) en France et &agrave; l&rsquo;international, de l&rsquo;initialisation &agrave; l&rsquo;&eacute;valuation. Notre mission&nbsp;: renforcer votre business, valoriser votre communication internet et externe gr&acirc;ce &agrave; une exploitation optimale de votre strat&eacute;gie &eacute;v&eacute;nementielle.</p>\r\n<p>&nbsp;</p>\r\n<p class="vert"><strong>Friendly</strong></p>\r\n<p>Spice Up c&rsquo;est avant tout <strong>cinq associ&eacute;s experts</strong>, venant des mondes de la Communication, Finance, Marketing, Tourisme d&rsquo;affaire et du Commerce.&nbsp;Un cocktail &eacute;tonnant et diff&eacute;renciateur&nbsp;!&nbsp;Issus de grands groupes comme les v&ocirc;tres, nous comprenons votre quotidien.&nbsp;Nous nous int&eacute;ressons d&rsquo;abord &agrave; votre secteur d&rsquo;activit&eacute; et &agrave; votre m&eacute;tier pour vous proposer ensuite un programme pertinent.</p>\r\n<p>&nbsp;</p>\r\n<p class="vert"><strong>Demandez plus &agrave; vos &eacute;v&eacute;nements !</strong></p>\r\n<p>Travailler avec Spice Up c&rsquo;est b&eacute;n&eacute;ficier d&rsquo;un partenaire &agrave; votre &eacute;coute, qui comprend votre business et vous conseille sur la solution optimale.&nbsp;Vos projets sont g&eacute;r&eacute;s avec m&eacute;thodologie. Nous exploitons l&rsquo;existant tout en apportant des touches d&rsquo;am&eacute;lioration (communication, outils de d&eacute;veloppement, &hellip;). <strong>Des r&eacute;ponses concr&egrave;tes, un cahier des charges respect&eacute; et optimis&eacute;, des comptes rendus r&eacute;guliers tout au long du projet</strong> sont les &eacute;tapes &agrave; travers lesquelles Spice Up prouve son engagement.</p>\r\n</td>\r\n<td class="left-20">\r\n<p class="vert"><strong>Optimiser</strong></p>\r\n<p>De l&rsquo;optimisation du premier devis, &agrave; la r&eacute;alisation finale, vos interlocuteurs restent inchang&eacute;s pour une communication de qualit&eacute;&nbsp;: pas de perte d&rsquo;information ni de temps. Votre interlocuteur d&eacute;di&eacute; de a &agrave; z, un gain de temps pour vous.&nbsp;Nos &eacute;quipes sont form&eacute;es au travail d&rsquo;acheteur, nous approfondissons chaque devis de mani&egrave;re &agrave; obtenir le meilleur prix pour l&rsquo;ensemble des prestations sans perte de qualit&eacute;. <strong>Le gain de temps et les &eacute;conomies r&eacute;alis&eacute;s compensent nos frais d&rsquo;agence.</strong></p>\r\n<p>&nbsp;</p>\r\n<p class="vert"><strong>Une approche plus humaine</strong></p>\r\n<p>Les &eacute;quipes &eacute;panouies r&eacute;alisent des projets r&eacute;ussis&hellip; nous cr&eacute;ons les conditions de cet &eacute;panouissement&hellip;</p>\r\n<ul>\r\n<li>Par la mise en commun du potentiel de chacun</li>\r\n<li>En privil&eacute;giant l&rsquo;&eacute;change</li>\r\n<li>En offrant une approche multi-m&eacute;tiers</li>\r\n<li>En s&eacute;lectionnant les meilleurs prestataires</li>\r\n</ul>\r\n<p>&nbsp;</p>\r\n<p>Pour mieux nous conna&icirc;tre visitez <a title="page facebook Spice Up agence &eacute;v&eacute;nementielle" href="http://www.facebook.com/spiceupagency">notre page Facebook</a>!</p>\r\n</td>\r\n</tr>\r\n</tbody>\r\n</table>', NULL, NULL),
(3, 'en', '', '', '', 'Expertise', NULL, NULL, 'Metiers', '', '<p>Lorem ipsum dolor sit amet, consectetur adipisicing elit, sed do eiusmod<br />tempor incididunt ut labore et dolore magna aliqua. Ut enim ad minim veniam,<br />quis nostrud exercitation ullamco laboris nisi ut aliquip ex ea commodo<br />consequat. Duis aute irure dolor in reprehenderit in voluptate velit esse<br />cillum dolore eu fugiat nulla pariatur. Excepteur sint occaecat cupidatat non<br />proident, sunt in culpa qui officia deserunt mollit anim id est laborum.</p>', NULL, NULL),
(3, 'fr', '', '', '', 'Métiers', NULL, NULL, 'Metiers', '', '<p>Lorem ipsum dolor sit amet, consectetur adipisicing elit, sed do eiusmod<br />tempor incididunt ut labore et dolore magna aliqua. Ut enim ad minim veniam,<br />quis nostrud exercitation ullamco laboris nisi ut aliquip ex ea commodo<br />consequat. Duis aute irure dolor in reprehenderit in voluptate velit esse<br />cillum dolore eu fugiat nulla pariatur. Excepteur sint occaecat cupidatat non<br />proident, sunt in culpa qui officia deserunt mollit anim id est laborum.</p>', NULL, NULL),
(5, 'en', '', '', '', 'Destinations', NULL, NULL, 'Our favorite destinations', '', '<p>Lorem ipsum dolor sit amet, consectetur adipisicing elit, sed do eiusmod<br />tempor incididunt ut labore et dolore magna aliqua. Ut enim ad minim veniam,<br />quis nostrud exercitation ullamco laboris nisi ut aliquip ex ea commodo<br />consequat. Duis aute irure dolor in reprehenderit in voluptate velit esse<br />cillum dolore eu fugiat nulla pariatur. Excepteur sint occaecat cupidatat non<br />proident, sunt in culpa qui officia deserunt mollit anim id est laborum.</p>', NULL, NULL),
(5, 'fr', '', '', '', 'Destinations', NULL, NULL, 'Nos destinations préférées', '', '<p>Lorem ipsum dolor sit amet, consectetur adipisicing elit, sed do eiusmod<br />tempor incididunt ut labore et dolore magna aliqua. Ut enim ad minim veniam,<br />quis nostrud exercitation ullamco laboris nisi ut aliquip ex ea commodo<br />consequat. Duis aute irure dolor in reprehenderit in voluptate velit esse<br />cillum dolore eu fugiat nulla pariatur. Excepteur sint occaecat cupidatat non<br />proident, sunt in culpa qui officia deserunt mollit anim id est laborum.</p>', NULL, NULL),
(6, 'en', 'DMC Provence French Riviera, Alpes &amp; Paris', 'Spice Up, DMC Provence French Riviera, Alpes &amp; Paris', 'Spice Up, DMC Provence French Riviera, Alpes &amp; Paris', 'DMC', '/uploaded/cmspages/en_cmspages_bandeau_6.png', '/uploaded/cmspages/en_cmspages_vignette_6.jpg', 'Provence, French Riviera, Alpes &amp; Paris', 'Discover our iconic tourism destinations : Provence, French Riviera, the Alpes and Paris !', '<table border="0">\r\n<tbody>\r\n<tr>\r\n<td colspan="2"><img src="http://www.spiceup.fr/uploaded/tinymce/DMC.jpg" alt="DMC Provence French Riviera Alpes Paris" /></td>\r\n</tr>\r\n<tr>\r\n<td class="title">Our Approach</td>\r\n<td class="title left-20">Our Destinations</td>\r\n</tr>\r\n<tr>\r\n<td class="left-20">\r\n<p>Besides our knowledge of foreing countries, there are four diverse destinations in France which we know like the back of our hands! <strong class="vert">Paris, the Alpes, Provence and French Riviera,&nbsp;</strong>were we have located our offices and have been building partnerships over the past 8 years. Which allow us to select the right provider and get preferential rates quickly.</p>\r\n<p>We have extensive knowledge of venues and activities for groups of various sizes, different abilities, no matter what the season. These four destinations have a lot to offer.</p>\r\n</td>\r\n<td class="left-20">\r\n<p><strong><span class="vert">From Monaco to Marseilles</span></strong> via Antibes, Nice or Cannes, Spice Up Event is the incoming agency of choice on the French Riviera.</p>\r\n<p>Chamonix, Meribel, La Clusaz, Courchevel ... <strong class="vert">Many legendary stations</strong> which we know well for having organized many events there! Surprise your participants in a refreshing environment and distinguishing!</p>\r\n<p><strong class="vert">In Paris and its region</strong>, we will bring you from the top of the Eiffel Tower to the gardens of the Ch&acirc;teau de Chantilly. When in Paris, there is only one step from trendy places to the finest monumets of French History&nbsp;!</p>\r\n<p><strong class="vert">Revisit the inevitable and discover more confidential spaces</strong>.&nbsp;Let us guide you and enjoy the treasures of these four iconic destinations for business tourism in France&nbsp;!</p>\r\n<p>&nbsp;</p>\r\n</td>\r\n</tr>\r\n</tbody>\r\n</table>', NULL, NULL),
(6, 'fr', 'Réceptif Provence, Côte d''Azur, Alpes &amp; Paris', 'Spice Up, agence réceptive Provence, Côte d''Azur, Alpes &amp; Paris', 'Spice Up, agence réceptive Provence, Côte d''Azur, Alpes &amp; Paris', 'Réceptif', '/uploaded/cmspages/fr_cmspages_bandeau_6.png', '/uploaded/cmspages/fr_cmspages_vignette_6.jpg', 'Provence, Côte d''Azur, Alpes &amp; Paris', 'Provence, Côte d''azur, Alpes, Paris : venez découvrir nos destinations touristiques phare!', '<table border="0">\r\n<tbody>\r\n<tr>\r\n<td colspan="2"><img src="http://www.spiceup.fr/uploaded/tinymce/DMC.jpg" alt="DMC Provence French Riviera Alpes Paris" /></td>\r\n</tr>\r\n<tr>\r\n<td class="title">\r\n<p>Notre Approche</p>\r\n</td>\r\n<td class="title left-20">\r\n<p>Nos Destinations</p>\r\n</td>\r\n</tr>\r\n<tr>\r\n<td>\r\n<p>Outre notre exp&eacute;rience pour les destinations &agrave; l&rsquo;&eacute;tranger, il en est quatre en France que nous connaissons sur le bout des doigts ! <strong class="vert">La Provence, la C&ocirc;te d''Azur, les Alpes et Paris</strong>. Quatre destinations touristiques phares dont les deux implantations historiques de Spice Up.</p>\r\n<p>&nbsp;</p>\r\n<p>Notre connaissance approfondie des lieux propices aux groupes de tailles diverses, des activit&eacute;s selon les saisons et la nature des participants, des prestataires qui sauront faciliter votre exp&eacute;rience au sein de ces quatre destinations, nous permettent de vous proposer <strong><span class="vert">des s&eacute;jours diff&eacute;rents et adapt&eacute;s</span></strong>. Notre pr&eacute;sence sur place et nos nombreuses collaborations vous permettent de b&eacute;n&eacute;ficier de nos tarifs pr&eacute;f&eacute;rentiels et d''optimiser votre s&eacute;jour.</p>\r\n</td>\r\n<td class="left-20">\r\n<p><strong class="vert">Sp&eacute;cialiste de la r&eacute;gion PACA</strong>, de la Camargue &agrave; Monaco, en passant par Marseille ou Cannes, nous vous accompagnons sur les routes de la Provence et de la C&ocirc;te d&rsquo;Azur.</p>\r\n<p>&nbsp;</p>\r\n<p>Chamonix, M&eacute;ribel, La Clusaz, Courchevel... Autant de <strong class="vert">stations mythiques</strong> que nous connaissons bien pour y avoir organis&eacute; de nombreux &eacute;v&eacute;nements! Surprenez vos participants dans un cadre rafra&icirc;chissant et diff&eacute;renciateur!</p>\r\n<p>&nbsp;</p>\r\n<p><strong class="vert">A Paris et dans sa r&eacute;gion</strong>, nous saurons vous amener au sommet de la Tour Eiffel ou dans les jardins du ch&acirc;teau de Chantilly. Des lieux branch&eacute;s aux monuments de notre riche patrimoine fran&ccedil;ais, il n&rsquo;y a qu&rsquo;un pas !</p>\r\n<p>&nbsp;</p>\r\n<p><strong class="vert">Revisitez les incontournables et d&eacute;couvrez des espaces plus confidentiels</strong>. Laissez vous guider et profitez pleinement des tr&eacute;sors de ces quatre destinations privil&eacute;gi&eacute;es du tourisme d&rsquo;affaires en France !</p>\r\n</td>\r\n</tr>\r\n</tbody>\r\n</table>', NULL, NULL),
(7, 'en', 'Event marketing', 'Our first expertise : Event marketing, Spice Up manages your congress, seminars, launching, incentives and evening in France and abroad.', 'event marketing, congress seminar incentive evening launching France international', 'Event', '/uploaded/cmspages/en_cmspages_bandeau_7.png', '/uploaded/cmspages/en_cmspages_vignette_7.jpg', 'Event marketing', 'Our experience and network allow us to provide both innovative and practical solutions in terms of logistics and content for your events.', '<table border="0">\r\n<tbody>\r\n<tr>\r\n<td><img src="http://www.spiceup.fr/uploaded/tinymce/congres.jpg" alt="congr&egrave;s L''Or&eacute;al" width="460" height="300" /></td>\r\n<td class="left-20"><img src="http://www.spiceup.fr/uploaded/tinymce/soiree.jpg" alt="soir&eacute;e salle des &eacute;toiles" width="460" height="300" /></td>\r\n</tr>\r\n<tr>\r\n<td class="title">\r\n<p>The concept</p>\r\n</td>\r\n<td class="title left-20">\r\n<p>The events</p>\r\n</td>\r\n</tr>\r\n<tr>\r\n<td>\r\n<p>Our mission is based primarily on the&nbsp;<strong class="vert">advice and implementation of the event that best suits your goals</strong>. We take into account your constraints: communication, human, marketing, budget, ethics and we harmonize the project accordingly. We identify every opportunity in order to return you the best.&nbsp;<strong class="vert">Anticipating and adapting to serve your project.</strong></p>\r\n<p>&nbsp;</p>\r\n<strong class="vert">A real expertise in project management for a flawless implementation.</strong></td>\r\n<td class="left-20">\r\n<p>Our experience and network allow us to provide both&nbsp;<strong class="vert">innovative and practical solutions</strong>&nbsp;ensuring seamless logistical execution and engaging, captivating content for your event.&nbsp;</p>\r\n<p>Selection and management of your targeted accomodation, process and implementation of registration, routing, personalized service, theme and content, external speakers, technical control, sign system, graphic environment ... These are competencies&nbsp; that we master internally and which make the success of a corporate event. We handle all aspects of your project, both in France and abroad.</p>\r\n<p>&nbsp;</p>\r\n<p class="vert"><span style="text-decoration: underline;"><strong>Expertise</strong></span></p>\r\n<ul>\r\n<li>Congress</li>\r\n<li>Seminar</li>\r\n<li>Workshop</li>\r\n<li>Launching</li>\r\n<li>Incentive</li>\r\n<li>Evening</li>\r\n</ul>\r\n<p>&nbsp;</p>\r\n<p><a title="Portfolio" href="http://www.spiceup.fr/en/realisations/" target="_self"><img style="margin-right: 5px;" src="http://www.spiceup.fr/uploaded/tinymce/plus_green.png" alt="plus_green.png" width="20" height="20" />See our portfolio</a></p>\r\n</td>\r\n</tr>\r\n</tbody>\r\n</table>', NULL, NULL),
(7, 'fr', 'Marketing événementiel', 'Notre premier métier : le marketing événementiel, Spice Up organise vos congrès, séminaires, lancements, incentive et soirées en France et à l''étranger', 'Marketing événementiel événement, congrès séminaire, lancement soirée incentive France international', 'Evénement', '/uploaded/cmspages/fr_cmspages_bandeau_7.png', '/uploaded/cmspages/fr_cmspages_vignette_7.jpg', 'Marketing événementiel', 'Nous fournissons des solutions innovantes et efficaces pour vos événements grâce à notre expérience et notre réseau.', '<table border="0">\r\n<tbody>\r\n<tr>\r\n<td><img src="http://www.spiceup.fr/uploaded/tinymce/congres.jpg" alt="congr&egrave;s L''Or&eacute;al" width="460" height="300" /></td>\r\n<td class="left-20"><img src="http://www.spiceup.fr/uploaded/tinymce/soiree.jpg" alt="soir&eacute;e salle des &eacute;toiles" width="460" height="300" /></td>\r\n</tr>\r\n<tr>\r\n<td class="title">\r\n<p>Le concept</p>\r\n</td>\r\n<td class="title left-20">\r\n<p>Les &eacute;v&eacute;nements</p>\r\n</td>\r\n</tr>\r\n<tr>\r\n<td>\r\n<p>Notre mission repose avant tout sur&nbsp;<strong class="vert">le conseil et la r&eacute;alisation de l&rsquo;&eacute;v&eacute;nement le plus adapt&eacute; &agrave; vos objectifs</strong>. Nous prenons en compte vos contraintes&nbsp;: communication, humain, marketing, budget, &eacute;thique et nous harmonisons le projet en cons&eacute;quence. Nous d&eacute;tectons chaque opportunit&eacute; dans le but de vous restituer le meilleur.&nbsp;<strong class="vert">Anticipation et adaptation au service de votre projet.</strong></p>\r\n<p><strong class="vert"><br /></strong></p>\r\n<p class="vert"><strong>Une vraie comp&eacute;tence en gestion de projet, une mise en &oelig;uvre sans faille.&nbsp;</strong></p>\r\n</td>\r\n<td class="left-20">\r\n<p>Notre exp&eacute;rience et notre r&eacute;seau nous permettent de fournir&nbsp;<strong class="vert">des solutions innovantes</strong>&nbsp;<strong class="vert">et efficaces</strong>&nbsp;en termes de&nbsp;<strong>logistique</strong>, mais &eacute;galement de&nbsp;<strong>contenu</strong>&nbsp;pour vos &eacute;v&eacute;nements. S&eacute;lection et gestion de l&rsquo;h&eacute;bergement adapt&eacute; &agrave; votre cible, process et r&eacute;alisation des inscriptions, acheminement, accueil personnalis&eacute;, contenu et th&eacute;matique, intervenants, r&eacute;gie technique, signal&eacute;tique, environnement graphique&hellip; Autant de m&eacute;tiers que nous ma&icirc;trisons en interne et qui font le succ&egrave;s d&rsquo;un &eacute;v&eacute;nement corporate. Nous prenons en charge toutes les facettes de votre projet, aussi bien en France qu&rsquo;&agrave; l&rsquo;&eacute;tranger.</p>\r\n<p>&nbsp;</p>\r\n<span style="color: #9bbc2b;"><strong><span style="text-decoration: underline;">Expertise</span></strong></span><br />\r\n<ul>\r\n<li>Congr&egrave;s</li>\r\n<li>S&eacute;minaire</li>\r\n<li>Lancement</li>\r\n<li>Incentive</li>\r\n<li>Soir&eacute;e</li>\r\n</ul>\r\n<p>&nbsp;</p>\r\n<p><a title="R&eacute;alisations" href="http://www.spiceup.fr/fr/realisations/" target="_self"><img style="margin-right: 5px;" src="http://www.spiceup.fr/uploaded/tinymce/plus_green.png" alt="plus_green.png" width="20" height="20" /></a><a title="Nos r&eacute;alisations" href="http://www.spiceup.fr/fr/realisations/" target="_self">Voir nos r&eacute;alisations&nbsp;</a></p>\r\n</td>\r\n</tr>\r\n</tbody>\r\n</table>', NULL, NULL),
(8, 'en', 'Legal information', 'Legal information of Spice Up web site - event agency', 'legal information Spice Up event agency', 'Legal information', NULL, NULL, 'Mentions légales', '', '<p class="spip">SPICE UP SARL is a Company with a capital of 40 000 &euro;</p>\r\n<ul>\r\n<li>Registered office in Paris (75), 20 rue Cambon, 75 001 Paris&nbsp;</li>\r\n<li>Date of Registration&nbsp;: 05/10/2007,&nbsp;</li>\r\n<li>RCS&nbsp;: Paris&nbsp;</li>\r\n<li>Administration ID&nbsp;: 2007B20366&nbsp;</li>\r\n<li>SIREN&nbsp;: 500 247 481&nbsp;</li>\r\n<li>SIRET&nbsp;: 500 247 481 00012&nbsp;</li>\r\n<li>Business Intercommunity VAT No&nbsp;: FR 68 500 247 481</li>\r\n</ul>\r\n<h3 class="spip">WEB EDITOR</h3>\r\n<p class="spip">Patrick Rocher - Spice Up&nbsp;<br />20 rue Cambon<br />75 001 Paris<br />France<br />www.spiceup.fr</p>\r\n<h3 class="spip">DESIGN &amp; DEVELOPMENT</h3>\r\n<p class="spip">Ideal Com Web Communication<br />www.ideal-com.com</p>\r\n<h3 class="spip">PHOTOS CREDIT</h3>\r\n<p class="spip">Any production or reproduction of the information contained in this site, in whole or partial, is strictly forbidden</p>\r\n<h3 class="spip">COPYRIGHT</h3>\r\n<p class="spip">All rights of the whole site are strictly reserved.</p>\r\n<p class="spip">Therefore, any production or reproduction of the information contained in this site, in whole or partial, on whatever media, is strictly forbidden unless express written authorization from the publication manager. Copies are for information purposes only.</p>\r\n<h3 class="spip">LINKS TOWARD WWW.SPICEUP.FR</h3>\r\n<p class="spip">The website www.spiceup.fr allows a hypertext link pointing the cursor toward its content provided the deep linking is not used. This means the pages of the website www.spiceup.fr shall not be overlapped inside the pages of another website but can be reached opening a window&nbsp;; indicate the source www.spiceup.fr of the content aimed at.</p>\r\n<p class="spip">This authorization does not apply to the websites spreading information considered as polemical, pornographic, xenophobic or likely to affect, to a wide extent, the sensitivity of a large number or the public order. Private Life and Personal Data Protection</p>\r\n<p class="spip">Users are informed that personal data collected in contact forms, personalized services or any other questionnaire are processed automatically by www.spiceup.fr. Information collected is strictly confidential and are meant to be exclusively used by members and www.spiceup.fr&nbsp;;</p>\r\n<p class="spip">Some specific information required in the forms online are compulsory. In case of a wrong capture, the information is not sent to www.spiceup.fr.</p>', NULL, NULL),
(8, 'fr', 'Mentions légales', 'Mentions légales du site de Spice Up Agence événementielle', 'Mentions légales Spice Up agence événementiel événementielle', 'Mentions légales', NULL, NULL, 'Mentions légales', '', '<p class="spip">SPICE UP est une S.A.R.L au capital de 40 000 &euro;, ayant son si&egrave;ge social &agrave; Paris (75), 20 rue Cambon, 75 001 Paris, immatricul&eacute;e au Registre du Commerce et des Soci&eacute;t&eacute;s de Paris, le 5 octobre 2007, sous le num&eacute;ro 500 247 481 R.C.S. Paris, N&deg;&nbsp;de gestion 2007B20366.</p>\r\n<ul>\r\n<li>SIREN&nbsp;: 500 247 481</li>\r\n<li>SIRET&nbsp;: 500 247 481 00012</li>\r\n<li>APE&nbsp;: 741 J</li>\r\n<li>TVA Intracommunautaire&nbsp;: FR 68 500 247 481</li>\r\n</ul>\r\n<h3 class="spip">EDITEUR DU SITE</h3>\r\n<p class="spip">Patrick Rocher - Spice Up&nbsp;<br />20 rue Cambon<br />75 001 Paris<br />France<br />www.spiceup.fr</p>\r\n<h3 class="spip">CONCEPTION ET R&Eacute;ALISATION</h3>\r\n<p class="spip">Ideal Com Web Communication<br />www.ideal-com.com</p>\r\n<h3 class="spip">CR&Eacute;DITS PHOTOS</h3>\r\n<p class="spip">La reproduction ou la repr&eacute;sentation en tout ou partie des &eacute;l&eacute;ments se trouvant sur le site est strictement interdite.</p>\r\n<h3 class="spip">DROIT D&rsquo;AUTEUR</h3>\r\n<p class="spip">Les droits de reproduction et de repr&eacute;sentation de l&rsquo;ensemble des &oelig;uvres repr&eacute;sent&eacute;es sur le site sont strictement r&eacute;serv&eacute;s.</p>\r\n<p class="spip">En cons&eacute;quence, la reproduction et la repr&eacute;sentation de tout ou partie de ce site, sur quel que support que ce soit, est formellement interdite sauf autorisation &eacute;crite expresse du responsable de la publication. Les documents ne peuvent faire l&rsquo;objet de copies qu&rsquo;&agrave; titre d&rsquo;information, la copie &eacute;tant r&eacute;serv&eacute;e au seul usage priv&eacute;. La cr&eacute;ation des liens vers www.spiceup.fr</p>\r\n<p class="spip">Le site www.spiceup.fr autorise la mise en place d&rsquo;un lien hypertexte pointant vers son contenu, sous r&eacute;serve de&nbsp;: Ne pas utiliser la technique du lien profond (&laquo;&nbsp;deep linking&nbsp;&raquo;), c&rsquo;est-&agrave;-dire que les pages du site www.spiceup.fr ne doivent pas &ecirc;tre imbriqu&eacute;es &agrave; l&rsquo;int&eacute;rieur des pages d&rsquo;un autre site, mais accessible par l&rsquo;ouverture d&rsquo;une fen&ecirc;tre&nbsp;; mentionner la source www.spiceup.fr du contenu vis&eacute;.</p>\r\n<p class="spip">Cette autorisation ne s&rsquo;applique pas aux sites Internet diffusant des informations &agrave; caract&egrave;re pol&eacute;mique, pornographique, x&eacute;nophobe ou pouvant, dans une plus large mesure, porter atteinte &agrave; la sensibilit&eacute; du plus grand nombre ou &agrave; l&rsquo;ordre public. Donn&eacute;es personnelles</p>\r\n<p class="spip">L&rsquo;utilisateur est inform&eacute; que ses donn&eacute;es personnelles recueillies dans le cadre des formulaires de contacts, services personnalis&eacute;s ou tout autre questionnaire font l&rsquo;objet d&rsquo;un traitement automatis&eacute; par Spice Up. Les informations recueillies sont tenues strictement confidentielles et sont destin&eacute;es &agrave; l&rsquo;usage exclusif des membres et des services de Spice Up.</p>\r\n<p class="spip">Certaines informations sp&eacute;cifiques demand&eacute;es dans les formulaires en ligne sont obligatoires. A noter que si leur saisie est erron&eacute;e, les informations ne sont pas envoy&eacute;es &agrave; Spice Up.</p>\r\n<p class="spip">Conform&eacute;ment &agrave; la loi Informatique et Libert&eacute;s du 6 janvier 1978 modifi&eacute;e par la loi du 6 ao&ucirc;t 2004 (articles 38 &agrave; 43 de la loi n&deg;&nbsp;78-17 du 6 janvier 1978 relative &agrave; l&rsquo;informatique, aux fichiers et aux libert&eacute;s), le pr&eacute;sent site a fait l&rsquo;objet d&rsquo;une d&eacute;claration &agrave; la Commission Nationale de l&rsquo;Informatique et des Libert&eacute;s (CNIL). Vous disposez d&rsquo;un droit d&rsquo;acc&egrave;s et de rectification aux donn&eacute;es vous concernant en &eacute;crivant &agrave; Spice Up, 20 Rue Cambon, 75 001 Paris, France.</p>\r\n<p class="spip">Pour toute information sur la protection des donn&eacute;es personnelles, vous pouvez consulter le site de la Commission Informatique et Libert&eacute;&nbsp;: www.cnil.fr.</p>', NULL, NULL),
(9, 'en', 'Expertise Communication', 'Strategic event communication consulting, dgital communication and graphic design', 'Communication strategic strategy event digital graphic design sign video scenography press relations plenary animation', 'Communication', '/uploaded/cmspages/en_cmspages_bandeau_9.png', '/uploaded/cmspages/en_cmspages_vignette_9.jpg', 'Communication', 'From strategic concept development to the application and adaptation across different communication tools and media.', '<table border="0">\r\n<tbody>\r\n<tr>\r\n<td><img src="http://www.spiceup.fr//uploaded/tinymce/com1EN.jpg" alt="conseil en communication strat&eacute;gique nos comp&eacute;tences" width="460" height="300" /></td>\r\n<td class="left-20"><img src="http://www.spiceup.fr//uploaded/tinymce/com2EN.jpg" alt="Conception graphique" width="460" height="300" /></td>\r\n</tr>\r\n<tr>\r\n<td class="title">\r\n<p>Strategic consulting</p>\r\n</td>\r\n<td class="title left-20">\r\n<p>Visual communication</p>\r\n</td>\r\n</tr>\r\n<tr>\r\n<td>\r\n<p><strong class="vert">The valuation of your event is based on &nbsp;successful collaborative communications </strong>understanding the strategic objectives and re-enforcing them at a tactical level. All of the marketing communications vehicles that are utilised will embody the core strategic objectives.</p>\r\n<p>Risk accessment is a matter of course, we consider potential upstream and downstream challenge accessments taking the focus from a macro to a micro level.</p>\r\n<p>Our team has a cross section of skills : visual identity, scenography, video production, digital animation, community management, print and web design, press relations, SEO. All of these skills are at your disposal, to help drive your core strategic message to your target audiences.</p>\r\n<p>&nbsp;</p>\r\n<p class="vert"><span style="text-decoration: underline;"><strong>Areas of Expertise</strong></span></p>\r\n<ul>\r\n<li>Event communication</li>\r\n<li>Scenography</li>\r\n<li>Plenary animation</li>\r\n<li>Production</li>\r\n<li>Press Relations</li>\r\n<li>Public Relations</li>\r\n</ul>\r\n</td>\r\n<td class="left-20">\r\n<p>From the creation of the concept to its application on all the communication formats and media. Our people and their expertise at your service so as to make your project an event that we will not forget!</p>\r\n<p>&nbsp;</p>\r\n<p class="vert"><span style="text-decoration: underline;"><strong>Digital communication</strong></span></p>\r\n<ul>\r\n<li>Video</li>\r\n<li>Events websites</li>\r\n<li>Smart phone and Web applications</li>\r\n<li>Email campaigns</li>\r\n<li>Sms campaign</li>\r\n<li>Social networks</li>\r\n<li>SEO</li>\r\n</ul>\r\n<p>&nbsp;</p>\r\n<p class="vert"><span style="text-decoration: underline;"><strong>Graphic design</strong></span></p>\r\n<ul>\r\n<li>Visual identity</li>\r\n<li>Print communication</li>\r\n<li>Logotype</li>\r\n<li>Sign system</li>\r\n<li>Web design</li>\r\n<li>Plenary content</li>\r\n</ul>\r\n<p>&nbsp;</p>\r\n<p>&nbsp;</p>\r\n<div>&nbsp;</div>\r\n<div>&nbsp;</div>\r\n<div>&nbsp;</div>\r\n</td>\r\n</tr>\r\n</tbody>\r\n</table>', NULL, NULL),
(9, 'fr', 'Métier - Communication', 'Conseil en communication événementielle stratégique communication digitale et design graphique', 'Communication stratégie stratégique événementiel événementielle digital digitale design graphique signalétique vidéo relations presse scénographie animation plénière', 'Communication', '/uploaded/cmspages/fr_cmspages_bandeau_9.png', '/uploaded/cmspages/fr_cmspages_vignette_9.jpg', 'Communication', 'De la création du concept à sa déclinaison sur tous les supports, développez votre communication stratégique !', '<table border="0">\r\n<tbody>\r\n<tr>\r\n<td><img src="http://www.spiceup.fr//uploaded/tinymce/com1FR.jpg" alt="conseil en communication strat&eacute;gique nos comp&eacute;tences" width="460" height="300" /></td>\r\n<td class="left-20"><img src="http://www.spiceup.fr//uploaded/tinymce/com2.jpg" alt="Conception graphique" width="460" height="300" /></td>\r\n</tr>\r\n<tr>\r\n<td class="title">\r\n<p>Conseil strat&eacute;gique</p>\r\n</td>\r\n<td class="title left-20">\r\n<p>Conception graphique</p>\r\n</td>\r\n</tr>\r\n<tr>\r\n<td>\r\n<p><strong><span class="vert">La valorisation de votre &eacute;v&eacute;nement passe par une communication r&eacute;ussie</span></strong>. Au del&agrave; de l&rsquo;&eacute;v&eacute;nement lui-m&ecirc;me nous mettons en perspective les enjeux en amont et en aval pour porter un regard pertinent sur votre projet. Identit&eacute; visuelle, sc&eacute;nographie, production vid&eacute;o, animation digitale, management des r&eacute;seaux sociaux, design print et web, relations presse, r&eacute;f&eacute;rencement&hellip; Nous saurons associer avec vous toutes ces comp&eacute;tences pour &eacute;valuer vos besoin et cr&eacute;er ensemble un concept de communication global et adapt&eacute; &agrave; vos cibles et &agrave; vos messages.</p>\r\n<p>&nbsp;</p>\r\n<p class="vert"><span style="text-decoration: underline;"><strong>Domaines d&rsquo;expertise</strong></span></p>\r\n<ul>\r\n<li>Communication &eacute;v&eacute;nementielle</li>\r\n<li>Sc&eacute;nographie</li>\r\n<li>Animation de pl&eacute;ni&egrave;re</li>\r\n<li>Production</li>\r\n<li>Relations presse</li>\r\n<li>Relations publiques</li>\r\n</ul>\r\n</td>\r\n<td class="left-20">\r\n<p>De la cr&eacute;ation du concept &agrave; sa d&eacute;clinaison sur tous les supports de communication, nous mettons notre expertise &agrave; votre service pour faire de votre projet un &eacute;v&eacute;nement percutant!</p>\r\n<p>&nbsp;</p>\r\n<p class="vert"><span style="text-decoration: underline;"><strong>Communication digitale</strong></span></p>\r\n<ul>\r\n<li>Vid&eacute;o</li>\r\n<li>Sites &eacute;v&eacute;nementiels</li>\r\n<li>Applications</li>\r\n<li>Campagne e-mailing</li>\r\n<li>Campagne sms</li>\r\n<li>R&eacute;seaux sociaux</li>\r\n<li>R&eacute;f&eacute;rencement</li>\r\n</ul>\r\n<p>&nbsp;</p>\r\n<p class="vert"><span style="text-decoration: underline;"><strong>Design graphique</strong></span></p>\r\n<ul>\r\n<li>Identit&eacute; visuelle</li>\r\n<li>Communication print</li>\r\n<li>Logotype</li>\r\n<li>Signal&eacute;tique</li>\r\n<li>Web design</li>\r\n<li>Contenu de pl&eacute;ni&egrave;re</li>\r\n</ul>\r\n<p>&nbsp;</p>\r\n<div>&nbsp;</div>\r\n<div>&nbsp;</div>\r\n</td>\r\n</tr>\r\n</tbody>\r\n</table>', NULL, NULL),
(10, 'en', 'Venue Finder', 'Spice Up finds the best place t the best price for your event', 'Venue finder hotel restaurant evening venue best price', 'Venue Finder', '/uploaded/cmspages/en_cmspages_bandeau_10.png', '/uploaded/cmspages/en_cmspages_vignette_10.jpg', 'Venue Finder', 'Hotel, restaurant, meeting? Classic, unusual? We find THE place that meets your expectations !', '<table border="0">\r\n<tbody>\r\n<tr>\r\n<td colspan="2"><img src="http://www.spiceup.fr/uploaded/tinymce/venue.jpg" alt="Venue Finder" /><br /><br /></td>\r\n</tr>\r\n<tr class="border-b-gray">\r\n<td class="title" colspan="2">A strong added value in France and abroad</td>\r\n</tr>\r\n<tr>\r\n<td colspan="2">\r\n<p>Hotel, restaurant, venue, meeting? Classic, unusual? <strong class="vert">We find THE place that meets your expectations</strong>, reflects the image of your event and welcomes all your participants in the best conditions and the best price. Beyond simple booking, we offer <strong><span class="vert">places tested and approved</span></strong> by our staff and customers and we put you in connection with our special industry partner within the institution. <strong class="vert">We negociate the best offer for you</strong> and support you until the contract signing. Let us guide you!&nbsp;</p>\r\n</td>\r\n</tr>\r\n</tbody>\r\n</table>', NULL, NULL),
(10, 'fr', 'Métier - venue Finder', 'Spice Up trouve le meilleur lieux au meilleur prix pour votre événement', 'Venue Finder Hôtel restaurant lieux de soirée meilleurs prix', 'Venue Finder', '/uploaded/cmspages/fr_cmspages_bandeau_10.png', '/uploaded/cmspages/fr_cmspages_vignette_10.jpg', 'Venue Finder', 'Hôtel, restaurant, réunion, soirée ? Classique, insolite ? Nous trouvons LE lieu qui correspond à vos attentes !', '<table border="0">\r\n<tbody>\r\n<tr>\r\n<td colspan="4"><img src="http://www.spiceup.fr//uploaded/tinymce/venue.jpg" alt="" /></td>\r\n</tr>\r\n<tr>\r\n<td class="title" colspan="4">\r\n<p>Spice Up Venue Finder&nbsp;</p>\r\n</td>\r\n</tr>\r\n<tr>\r\n<td colspan="4" align="center">\r\n<p class="vert">Vous devez <strong><em>internaliser</em></strong> vos projets afin de <strong><em>r&eacute;aliser des &eacute;conomies</em></strong>?</p>\r\n<p class="vert">Vos <em>ressources <strong>internes</strong></em> ne sont pas sans limites?</p>\r\n<p class="vert">Les <strong><em>agences &eacute;v&egrave;nementielles traditionnelles</em></strong> ont un <em><strong>co&ucirc;t qui n&rsquo;est pas en relation avec votre budget</strong>&nbsp;</em>?</p>\r\n<p class="vert">Vos projets&nbsp;&eacute;v&egrave;nementiels&nbsp;sont <strong><em>chronophages</em></strong>, vous avez besoin de <em>gagner du temps</em>?</p>\r\n<p class="vert"><strong>VOTRE ALTERNATIVE : LE VENUE FINDING BY SPICE UP</strong></p>\r\n</td>\r\n</tr>\r\n</tbody>\r\n</table>\r\n<table border="0">\r\n<tbody>\r\n<tr>\r\n<td colspan="2">\r\n<p><img src="http://www.spiceup.fr//uploaded/tinymce/vert2.jpg" alt="" /></p>\r\n</td>\r\n</tr>\r\n<tr>\r\n<td colspan="2">&nbsp;</td>\r\n</tr>\r\n<tr class="vert">\r\n<td colspan="2" align="center">&nbsp;</td>\r\n</tr>\r\n<tr class="vert">\r\n<td colspan="2" align="center"><strong>LA VALEUR DU VENUE FINDING</strong></td>\r\n</tr>\r\n<tr class="vert">\r\n<td colspan="2" align="center">&nbsp;</td>\r\n</tr>\r\n<tr>\r\n<td style="width: 460px;">\r\n<p class="vert"><strong>Les b&eacute;n&eacute;fices</strong></p>\r\n<div>\r\n<ul>\r\n<li>Nos experts en tourisme d&rsquo;affaire s&eacute;lectionnent <strong>selon votre cahier des charges</strong> les lieux <strong>disponibles les mieux adapt&eacute;s &agrave; votre projet</strong></li>\r\n<li>Nous vous proposons une r&eacute;ponse <strong>motiv&eacute;e&nbsp; et document&eacute;e <span class="vert">sous 48h</span></strong></li>\r\n<li>Nous vous faisons b&eacute;n&eacute;ficier des <strong>meilleurs tarifs</strong> mais &eacute;galement des <strong>meilleures conditions commerciales</strong></li>\r\n<li>Nous vous <strong>accompagnons</strong> sur l&rsquo;adaptation de l&rsquo;offre commerciale et de service au fil du projet vers l&rsquo;objectif souhait&eacute;</li>\r\n<li>Notre r&eacute;mun&eacute;ration est assur&eacute;e par le lieu qui s&rsquo;engage &agrave; vous donner ses meilleurs tarifs</li>\r\n</ul>\r\n</div>\r\n<div>&nbsp;</div>\r\n<p class="vert"><strong>La fid&eacute;lit&eacute; r&eacute;compens&eacute;e</strong></p>\r\n<p>Votre besoin est <strong>r&eacute;current</strong> ? &nbsp;Vous nous confiez plusieurs projet &agrave; l&rsquo;ann&eacute;e,&nbsp; nous mettons les bouch&eacute;es doubles pour vous faire gagner en <strong>efficacit&eacute; et en productivit&eacute;</strong> :</p>\r\n<div>\r\n<ul>\r\n<li>Organisation des <strong>rep&eacute;rages</strong></li>\r\n<li><strong>Reporting</strong> sur les &eacute;changes avec le lieux et la progression</li>\r\n<li>Etude du contrat et <strong>recommandations</strong></li>\r\n<li>Passation au <strong>responsable projet</strong> du lieu choisi</li>\r\n<li><strong>Evaluation</strong> apr&egrave;s r&eacute;alisation du projet</li>\r\n</ul>\r\n</div>\r\n<p>&nbsp;</p>\r\n</td>\r\n<td class="left-20">\r\n<p class="vert"><strong>Notre diff&eacute;rence , Spice Up le venue finder +++</strong></p>\r\n<div>\r\n<ul>\r\n<li>Les lieux s&eacute;lectionn&eacute;s sont <strong>r&eacute;guli&egrave;rement rep&eacute;r&eacute;s</strong> par notre &eacute;quipe et <strong>exploit&eacute;s</strong> lors des &eacute;v&egrave;nements que nous nous r&eacute;alisons en tant qu&rsquo;agence de marketing &eacute;v&egrave;nementiel pour nos clients.</li>\r\n<li>Vous b&eacute;n&eacute;ficiez de notre <strong>savoir faire agence</strong>, c&rsquo;est-&agrave;-dire de <strong>conseils</strong> sur la p&eacute;riode optimale, la meilleure utilisation des lieux, les avantages et inconv&eacute;nients des sites (travaux, r&eacute;novation, environnement) par rapport &agrave; votre &eacute;v&egrave;nement, les <strong>astuces</strong>&nbsp; pour optimiser votre projet.</li>\r\n</ul>\r\n</div>\r\n<p>&nbsp;</p>\r\n<p class="vert"><strong>Nos actu venue finding</strong></p>\r\n<p>Spice Up, le venue finder qui vous tient inform&eacute;. <strong>Chaque semaine des lieux &agrave; d&eacute;couvrir</strong> qui chatouillerons votre cr&eacute;ativit&eacute; ou bien <strong>des offres promotionnelles</strong> qui nous sont sp&eacute;cialement d&eacute;di&eacute;es dont nous vous ferons b&eacute;n&eacute;ficier.</p>\r\n<p>&nbsp;</p>\r\n<p class="vert"><strong>Notre terrain de jeux</strong></p>\r\n<p><strong>H&ocirc;tels</strong> pour vos <strong>s&eacute;minaires</strong>, <strong>lieux d&rsquo;exception</strong> pour vos <strong>lancements</strong> ou <strong>soir&eacute;es</strong>, <strong>centres de conf&eacute;rence</strong> pour vos <strong>congr&egrave;s</strong>, exploitation du <strong>domaine public.</strong></p>\r\n</td>\r\n</tr>\r\n<tr>\r\n<td style="width: 460px;" colspan="2">\r\n<table border="0">\r\n<tbody>\r\n<tr>\r\n<td colspan="2">\r\n<p><img src="http://www.spiceup.fr//uploaded/tinymce/vert2.jpg" alt="" /></p>\r\n</td>\r\n</tr>\r\n</tbody>\r\n</table>\r\n<p class="vert">&nbsp;</p>\r\n</td>\r\n</tr>\r\n<tr>\r\n<td style="width: 460px;">\r\n<p class="vert"><strong>Ils nous font confiance ...&nbsp;</strong></p>\r\n</td>\r\n<td class="left-20">\r\n<p class="vert"><strong>Nos destinations favorites</strong></p>\r\n</td>\r\n</tr>\r\n<tr>\r\n<td style="width: 460px;">\r\n<p class="vert">D&eacute;couvrez qui sont nos clients&nbsp;</p>\r\n<p class="vert"><a href="http://www.spiceup.fr/fr/events/nos-clients.13.html"><img style="vertical-align: middle;" src="http://www.spiceup.fr//uploaded/tinymce/go.jpg" alt="" /></a></p>\r\n</td>\r\n<td class="left-20">\r\n<p class="vert">D&eacute;couvrez les destinations que nous ma&icirc;trisons parfaitement, en France et &agrave; l''&eacute;tranger.</p>\r\n<p class="vert"><a href="http://www.spiceup.fr/fr/destinations/"><img style="vertical-align: middle;" src="http://www.spiceup.fr//uploaded/tinymce/go.jpg" alt="" /></a></p>\r\n</td>\r\n</tr>\r\n</tbody>\r\n</table>', NULL, NULL),
(11, 'en', 'Spice Up recruits !', 'Spice Up recruits !', 'Spice Up job offer event internship communication marketing commercial', 'Recruitment', NULL, NULL, 'Recruitment', '', '<table border="0">\r\n<tbody>\r\n<tr>\r\n<td class="title">\r\n<p><img src="http://www.spiceup.fr/uploaded/tinymce/bureau.jpg" alt="bureau spice Up" /></p>\r\n</td>\r\n<td class="title left-20">\r\n<p><img src="http://www.spiceup.fr/uploaded/tinymce/bureau2.jpg" alt="dossiers spice up bureau" /></p>\r\n</td>\r\n</tr>\r\n<tr>\r\n<td class="title" colspan="2">\r\n<h3>Spice Up recherche des stagiaires !</h3>\r\n</td>\r\n</tr>\r\n<tr>\r\n<td>\r\n<p class="vert"><strong><span>Le poste &ndash; description&nbsp;:</span></strong></p>\r\n<p>Nous recrutons deux stagiaires de 6 mois pour notre agence du sud, bas&eacute;e sur Antibes-Juan les Pins.</p>\r\n<p>Les missions confi&eacute;es aux stagiaires seront riches et vari&eacute;es&nbsp;:</p>\r\n<p>&nbsp;</p>\r\n<p>1/ R&eacute;alisation des &eacute;v&egrave;nements&nbsp;: &laquo;&nbsp;de la conception &agrave; la r&eacute;alisation&nbsp;&raquo;</p>\r\n<ul>\r\n<li>R&eacute;ception de briefs client,</li>\r\n<li>Brainstorming en &eacute;quipe,</li>\r\n<li>Recherche de lieux, d&rsquo;activit&eacute;s, d&rsquo;intervenants&hellip; en France et &agrave; l&rsquo;&eacute;tranger,</li>\r\n<li>R&eacute;flexion identitaire, cr&eacute;ation de concepts, de fil conducteur&hellip;etc</li>\r\n<li>R&eacute;alisation d&rsquo;offres budg&eacute;taires,</li>\r\n<li>Mise en place du projet, suivi des prestataires, r&eacute;alisation de contenus,</li>\r\n<li>Bilan et d&eacute;brief sur les &eacute;v&egrave;nements r&eacute;alis&eacute;s</li>\r\n</ul>\r\n<p>&nbsp;</p>\r\n<p>2/ Le stagiaire sera &eacute;galement amen&eacute; - en fonction de ses missions &ndash; &laquo;&nbsp;&agrave; renforcer le d&eacute;partement communication de l&rsquo;agence&nbsp;&raquo;&nbsp;:</p>\r\n<ul>\r\n<li>R&eacute;daction de contenus,</li>\r\n<li>Animation des r&eacute;seaux sociaux,</li>\r\n<li>Conception et mise en place de strat&eacute;gie de communication servant la notori&eacute;t&eacute; de l&rsquo;agence</li>\r\n<li>&hellip;.etc</li>\r\n</ul>\r\n</td>\r\n<td class="left-20">\r\n<p class="vert"><span><strong>Le profil recherch&eacute;&nbsp;:</strong></span></p>\r\n<ul>\r\n<li>Bas&eacute; sur la c&ocirc;te d&rsquo;azur &ndash; v&eacute;hicul&eacute;</li>\r\n<li>Dur&eacute;e du stage&nbsp;: 6 mois minimum &ndash; d&eacute;but du stage&nbsp;: asap</li>\r\n<li>Bac + 4 minimum</li>\r\n<li>Autonome et responsable &ndash; aimant travailler en &eacute;quipe</li>\r\n<li>R&eacute;elle volont&eacute; et envie de travailler dans l&rsquo;&eacute;v&egrave;nementiel</li>\r\n<li>Faisant preuve d&rsquo;initiative, ayant le sens des priorit&eacute;s, dot&eacute; d&rsquo;un esprit cr&eacute;atif ET &laquo;&nbsp;business focus&nbsp;&raquo; - le candidat est avant tout polyvalent et impliqu&eacute;.</li>\r\n<li>Capacit&eacute; r&eacute;dactionnelle requise.</li>\r\n<li>1<sup>&egrave;re</sup>&nbsp;exp&eacute;rience en agence ou chez l&rsquo;annonceur souhait&eacute;e</li>\r\n<li>Bonne connaissance de Paris serait un plus</li>\r\n<li>Anglais courant exig&eacute;</li>\r\n<li>Maitrise parfaite d&rsquo;Excel et power point</li>\r\n<li>Excellente pr&eacute;sentation</li>\r\n<li>Mobile et n&rsquo;ayant pas peur de donner de son temps et de sa personne&hellip;.</li>\r\n</ul>\r\n<br /><br /><br /><br /><br />\r\n<div class="boutoninternpagecarre">\r\n<p align="center"><a title="Contact" href="http://www.spiceup.fr/en/contact/" target="_self">CONTACT US : +33 4 97 21 12 12</a></p>\r\n</div>\r\n</td>\r\n</tr>\r\n</tbody>\r\n</table>', NULL, NULL);
INSERT INTO `cmspages_translation` (`cmspages_id`, `lang`, `meta_title`, `meta_description`, `meta_keywords`, `cmspages_titremenu`, `cmspages_bandeau`, `cmspages_vignette`, `cmspages_titrepage`, `cmspages_accroche`, `cmspages_contenu`, `cmspages_document`, `cmspages_video`) VALUES
(11, 'fr', 'Spice Up recrute !', 'Spice Up recrute !', 'Spice Up offre emploi événementiel événement stage communication marketing commercial', 'Recrutement', NULL, NULL, 'Recrutement', '', '<table border="0">\r\n<tbody>\r\n<tr>\r\n<td class="title">\r\n<p><img src="http://www.spiceup.fr/uploaded/tinymce/bureau.jpg" alt="bureau spice Up" /></p>\r\n</td>\r\n<td class="title left-20">\r\n<p><img src="http://www.spiceup.fr/uploaded/tinymce/bureau2.jpg" alt="dossiers spice up bureau" /></p>\r\n</td>\r\n</tr>\r\n<tr>\r\n<td class="title" colspan="2">\r\n<h3>Spice Up recherche des stagiaires !</h3>\r\n</td>\r\n</tr>\r\n<tr>\r\n<td>\r\n<p class="vert"><strong><span style="text-decoration: underline;">Le poste &ndash; description&nbsp;:</span></strong></p>\r\n<p>Nous recrutons deux stagiaires de 6 mois pour notre agence du sud, bas&eacute;e sur Antibes-Juan les Pins.</p>\r\n<p>Les missions confi&eacute;es aux stagiaires seront riches et vari&eacute;es&nbsp;:</p>\r\n<p>&nbsp;</p>\r\n<p>1/ R&eacute;alisation des &eacute;v&egrave;nements&nbsp;: &laquo;&nbsp;de la conception &agrave; la r&eacute;alisation&nbsp;&raquo;</p>\r\n<ul>\r\n<li>R&eacute;ception de briefs client,</li>\r\n<li>Brainstorming en &eacute;quipe,</li>\r\n<li>Recherche de lieux, d&rsquo;activit&eacute;s, d&rsquo;intervenants&hellip; en France et &agrave; l&rsquo;&eacute;tranger,</li>\r\n<li>R&eacute;flexion identitaire, cr&eacute;ation de concepts, de fil conducteur&hellip;etc</li>\r\n<li>R&eacute;alisation d&rsquo;offres budg&eacute;taires,</li>\r\n<li>Mise en place du projet, suivi des prestataires, r&eacute;alisation de contenus,</li>\r\n<li>Bilan et d&eacute;brief sur les &eacute;v&egrave;nements r&eacute;alis&eacute;s</li>\r\n</ul>\r\n<p>&nbsp;</p>\r\n<p>2/ Le stagiaire sera &eacute;galement amen&eacute; - en fonction de ses missions &ndash; &laquo;&nbsp;&agrave; renforcer le d&eacute;partement communication de l&rsquo;agence&nbsp;&raquo;&nbsp;:</p>\r\n<ul>\r\n<li>R&eacute;daction de contenus,</li>\r\n<li>Animation des r&eacute;seaux sociaux,</li>\r\n<li>Conception et mise en place de strat&eacute;gie de communication servant la notori&eacute;t&eacute; de l&rsquo;agence</li>\r\n<li>&hellip;.etc</li>\r\n</ul>\r\n</td>\r\n<td class="left-20">\r\n<p class="vert"><span style="text-decoration: underline;"><strong>Le profil recherch&eacute;&nbsp;:</strong></span></p>\r\n<ul>\r\n<li>Bas&eacute; sur la c&ocirc;te d&rsquo;azur &ndash; v&eacute;hicul&eacute;</li>\r\n<li>Dur&eacute;e du stage&nbsp;: 6 mois minimum &ndash; d&eacute;but du stage&nbsp;: asap</li>\r\n<li>Bac + 4 minimum</li>\r\n<li>Autonome et responsable &ndash; aimant travailler en &eacute;quipe</li>\r\n<li>R&eacute;elle volont&eacute; et envie de travailler dans l&rsquo;&eacute;v&egrave;nementiel</li>\r\n<li>Faisant preuve d&rsquo;initiative, ayant le sens des priorit&eacute;s, dot&eacute; d&rsquo;un esprit cr&eacute;atif ET &laquo;&nbsp;business focus&nbsp;&raquo; - le candidat est avant tout polyvalent et impliqu&eacute;.</li>\r\n<li>Capacit&eacute; r&eacute;dactionnelle requise.</li>\r\n<li>1<sup>&egrave;re</sup>&nbsp;exp&eacute;rience en agence ou chez l&rsquo;annonceur souhait&eacute;e</li>\r\n<li>Bonne connaissance de Paris serait un plus</li>\r\n<li>Anglais courant exig&eacute;</li>\r\n<li>Maitrise parfaite d&rsquo;Excel et power point</li>\r\n<li>Excellente pr&eacute;sentation</li>\r\n<li>Mobile et n&rsquo;ayant pas peur de donner de son temps et de sa personne&hellip;.</li>\r\n</ul>\r\n<br /><br /><br /><br /><br />\r\n<div class="boutoninternpagecarre">\r\n<p align="center"><a title="Contact" href="http://www.spiceup.fr/fr/contact/" target="_self">CONTACTEZ-NOUS : 04 97 21 12 12</a></p>\r\n</div>\r\n</td>\r\n</tr>\r\n</tbody>\r\n</table>', NULL, NULL),
(12, 'en', 'Press Corner', 'Spice Up press review', 'Spice Up press review press kit press relation press release', 'Press', NULL, NULL, 'Press Corner', '', '<p class="vert"><strong>Discover our press kit and press review.</strong></p>', NULL, NULL),
(12, 'fr', 'L'' Espace Presse', 'Revue de presse de l''agence Spice Up', 'Spice Up revue de presse espace presse communiqué dossier de presse relations presse', 'Presse', NULL, NULL, 'L''Espace Presse', '', '<p class="vert"><strong>D&eacute;couvrez nos dossiers et notre revue de presse.</strong></p>', NULL, NULL),
(13, 'en', 'Ils nous font confiance', 'Spice Up agency''s customers', 'Spice Up agency event clients customers l''oréal reebok guerlain luxury coca cola quality cosmetic', 'Our Clients', NULL, NULL, 'They trust us', '', '<table border="0">\r\n<tbody>\r\n<tr>\r\n<td><img src="http://www.spiceup.fr//uploaded/tinymce/aeroport.jpg" alt="" /></td>\r\n<td class="left-20"><img src="http://www.spiceup.fr//uploaded/tinymce/arko.jpg" alt="" /></td>\r\n<td class="left-20"><img src="http://www.spiceup.fr//uploaded/tinymce/edenred.jpg" alt="" /></td>\r\n<td class="left-20"><img src="http://www.spiceup.fr//uploaded/tinymce/easyJet.jpg" alt="" /></td>\r\n</tr>\r\n<tr>\r\n<td><img src="http://www.spiceup.fr/uploaded/tinymce/saatchi.jpg" alt="Saatchi" /></td>\r\n<td class="left-20"><img src="http://www.spiceup.fr//uploaded/tinymce/lvmh.jpg" alt="" /></td>\r\n<td class="left-20"><img src="http://www.spiceup.fr//uploaded/tinymce/tagHeuer.jpg" alt="" /></td>\r\n<td class="left-20"><img src="http://www.spiceup.fr/uploaded/tinymce/generali.jpg" alt="generli assurances" /></td>\r\n</tr>\r\n<tr>\r\n<td><img src="http://www.spiceup.fr//uploaded/tinymce/FFB.jpg" alt="" /></td>\r\n<td class="left-20"><img src="http://www.spiceup.fr/uploaded/tinymce/guerlain.jpg" alt="Guerlain" /></td>\r\n<td class="left-20"><img src="http://www.spiceup.fr/uploaded/tinymce/fotspor.jpg" alt="Fotspor" /></td>\r\n<td class="left-20"><img src="http://www.spiceup.fr/uploaded/tinymce/coca.jpg" alt="Coca Cola" /></td>\r\n</tr>\r\n<tr>\r\n<td><img src="http://www.spiceup.fr/uploaded/tinymce/Accor.jpg" alt="Accor" /></td>\r\n<td class="left-20"><img src="http://www.spiceup.fr/uploaded/tinymce/antibes.jpg" alt="Antibes" /></td>\r\n<td class="left-20"><img src="http://www.spiceup.fr/uploaded/tinymce/OP.jpg" alt="Objectif Pharma" /></td>\r\n<td class="left-20"><img src="http://www.spiceup.fr/uploaded/tinymce/sncf.jpg" alt="" /></td>\r\n</tr>\r\n<tr>\r\n<td class="title">&nbsp;<img src="http://www.spiceup.fr/uploaded/tinymce/carlson.jpg" alt="Carlson" /></td>\r\n<td class="title left-20"><img src="http://www.spiceup.fr/uploaded/tinymce/amadeus.jpg" alt="Amadeus" /></td>\r\n<td class="title left-20"><img src="http://www.spiceup.fr/uploaded/tinymce/ernst.jpg" alt="Ernst and young" /></td>\r\n<td class="title left-20"><img src="http://www.spiceup.fr/uploaded/tinymce/reebok.jpg" alt="Reebok" /></td>\r\n</tr>\r\n<tr>\r\n<td class="title">&nbsp;<img src="http://www.spiceup.fr/uploaded/tinymce/forte.jpg" alt="Forte Pharma" /></td>\r\n<td class="title left-20"><img src="http://www.spiceup.fr/uploaded/tinymce/fortis.jpg" alt="Fortis" /></td>\r\n<td class="title left-20"><img src="http://www.spiceup.fr/uploaded/tinymce/ginini.jpg" alt="Ginini Group" /></td>\r\n<td class="title left-20"><img src="http://www.spiceup.fr/uploaded/tinymce/LP.jpg" alt="L''Or&eacute;al Professionnel" /></td>\r\n</tr>\r\n<tr>\r\n<td class="title">&nbsp;<img src="http://www.spiceup.fr/uploaded/tinymce/kerastase.jpg" alt="K&eacute;rastase" /></td>\r\n<td class="title left-20"><img src="http://www.spiceup.fr/uploaded/tinymce/novartis.jpg" alt="Novartis" /></td>\r\n<td class="title left-20"><img src="http://www.spiceup.fr/uploaded/tinymce/matrix.gif" alt="Matrix" /></td>\r\n<td class="title left-20"><img src="http://www.spiceup.fr/uploaded/tinymce/mecalac.jpg" alt="Mecalac" /></td>\r\n</tr>\r\n<tr>\r\n<td class="title">&nbsp;<img src="http://www.spiceup.fr/uploaded/tinymce/redken.jpg" alt="Redken" /></td>\r\n<td class="title left-20"><img src="http://www.spiceup.fr/uploaded/tinymce/bazaarvoice.jpg" alt="bazaarvoice" /></td>\r\n<td class="title left-20"><img src="http://www.spiceup.fr/uploaded/tinymce/PHR.jpg" alt="PHR" /></td>\r\n<td class="title left-20"><img src="http://www.spiceup.fr/uploaded/tinymce/powerplate.jpg" alt="Power Plate" /></td>\r\n</tr>\r\n<tr>\r\n<td class="title"><img src="http://www.spiceup.fr/uploaded/tinymce/kantar.jpg" alt="" /></td>\r\n<td class="title left-20"><img src="http://www.spiceup.fr/uploaded/tinymce/APMGO.jpg" alt="APMGO" /></td>\r\n<td class="title left-20"><img src="http://www.spiceup.fr/uploaded/tinymce/anea.jpg" alt="Anea" /></td>\r\n<td class="title left-20"><img src="http://www.spiceup.fr/uploaded/tinymce/skema.jpg" alt="Skema Business School" /><br /><br /></td>\r\n</tr>\r\n<tr>\r\n<td class="title"><img src="http://www.spiceup.fr/uploaded/tinymce/FIB.jpg" alt="FIB" /></td>\r\n<td class="title left-20">&nbsp;</td>\r\n<td class="title left-20">&nbsp;</td>\r\n<td class="title left-20">&nbsp;</td>\r\n</tr>\r\n</tbody>\r\n</table>', NULL, NULL),
(13, 'fr', 'Ils nous font confiance', 'Les clients de l''agence Spice Up', 'Spice Up agence événementielle événement clients l''oréal reebok guerlain luxe coca cola qualité cosmétique', 'Nos Clients', NULL, NULL, 'Ils nous font confiance', '', '<table border="0">\r\n<tbody>\r\n<tr>\r\n<td><img src="http://www.spiceup.fr//uploaded/tinymce/aeroport.jpg" alt="" /></td>\r\n<td class="left-20"><img src="http://www.spiceup.fr//uploaded/tinymce/arko.jpg" alt="" /></td>\r\n<td class="left-20"><img src="http://www.spiceup.fr//uploaded/tinymce/edenred.jpg" alt="" width="200" height="180" /></td>\r\n<td class="left-20"><img src="http://www.spiceup.fr//uploaded/tinymce/easyJet.jpg" alt="" width="200" height="180" /></td>\r\n</tr>\r\n<tr>\r\n<td><img src="http://www.spiceup.fr/uploaded/tinymce/saatchi.jpg" alt="Saatchi" /></td>\r\n<td class="left-20"><img src="http://www.spiceup.fr//uploaded/tinymce/lvmh.jpg" alt="" /></td>\r\n<td class="left-20"><img src="http://www.spiceup.fr//uploaded/tinymce/tagHeuer.jpg" alt="" /></td>\r\n<td class="left-20"><img src="http://www.spiceup.fr/uploaded/tinymce/generali.jpg" alt="generli assurances" /></td>\r\n</tr>\r\n<tr>\r\n<td><img src="http://www.spiceup.fr//uploaded/tinymce/FFB.jpg" alt="" /></td>\r\n<td class="left-20"><img src="http://www.spiceup.fr/uploaded/tinymce/guerlain.jpg" alt="Guerlain" /></td>\r\n<td class="left-20"><img src="http://www.spiceup.fr/uploaded/tinymce/fotspor.jpg" alt="Fotspor" /></td>\r\n<td class="left-20"><img src="http://www.spiceup.fr/uploaded/tinymce/coca.jpg" alt="Coca Cola" /></td>\r\n</tr>\r\n<tr>\r\n<td><img src="http://www.spiceup.fr/uploaded/tinymce/Accor.jpg" alt="Accor" /></td>\r\n<td class="left-20"><img src="http://www.spiceup.fr/uploaded/tinymce/antibes.jpg" alt="Antibes" /></td>\r\n<td class="left-20"><img src="http://www.spiceup.fr/uploaded/tinymce/OP.jpg" alt="Objectif Pharma" /></td>\r\n<td class="left-20"><img src="http://www.spiceup.fr/uploaded/tinymce/sncf.jpg" alt="" /></td>\r\n</tr>\r\n<tr>\r\n<td class="title">&nbsp;<img src="http://www.spiceup.fr/uploaded/tinymce/carlson.jpg" alt="Carlson" /></td>\r\n<td class="title left-20"><img src="http://www.spiceup.fr/uploaded/tinymce/amadeus.jpg" alt="Amadeus" /></td>\r\n<td class="title left-20"><img src="http://www.spiceup.fr/uploaded/tinymce/ernst.jpg" alt="Ernst and young" />&nbsp;</td>\r\n<td class="title left-20"><img src="http://www.spiceup.fr/uploaded/tinymce/reebok.jpg" alt="Reebok" /></td>\r\n</tr>\r\n<tr>\r\n<td class="title">&nbsp;<img src="http://www.spiceup.fr/uploaded/tinymce/forte.jpg" alt="Forte Pharma" /></td>\r\n<td class="title left-20"><img src="http://www.spiceup.fr/uploaded/tinymce/fortis.jpg" alt="Fortis" />&nbsp;</td>\r\n<td class="title left-20"><img src="http://www.spiceup.fr/uploaded/tinymce/ginini.jpg" alt="Ginini Group" />&nbsp;</td>\r\n<td class="title left-20"><img src="http://www.spiceup.fr/uploaded/tinymce/LP.jpg" alt="L''Or&eacute;al Professionnel" /></td>\r\n</tr>\r\n<tr>\r\n<td class="title">&nbsp;<img src="http://www.spiceup.fr/uploaded/tinymce/kerastase.jpg" alt="K&eacute;rastase" /></td>\r\n<td class="title left-20"><img src="http://www.spiceup.fr/uploaded/tinymce/novartis.jpg" alt="Novartis" /></td>\r\n<td class="title left-20"><img src="http://www.spiceup.fr/uploaded/tinymce/matrix.gif" alt="Matrix" />&nbsp;</td>\r\n<td class="title left-20"><img src="http://www.spiceup.fr/uploaded/tinymce/mecalac.jpg" alt="Mecalac" />&nbsp;</td>\r\n</tr>\r\n<tr>\r\n<td class="title">&nbsp;<img src="http://www.spiceup.fr/uploaded/tinymce/redken.jpg" alt="Redken" /></td>\r\n<td class="title left-20"><img src="http://www.spiceup.fr/uploaded/tinymce/bazaarvoice.jpg" alt="bazaarvoice" /></td>\r\n<td class="title left-20"><img src="http://www.spiceup.fr/uploaded/tinymce/PHR.jpg" alt="PHR" />&nbsp;</td>\r\n<td class="title left-20"><img src="http://www.spiceup.fr/uploaded/tinymce/powerplate.jpg" alt="Power Plate" />&nbsp;</td>\r\n</tr>\r\n<tr>\r\n<td class="title"><img src="http://www.spiceup.fr/uploaded/tinymce/kantar.jpg" alt="" /></td>\r\n<td class="title left-20"><img src="http://www.spiceup.fr/uploaded/tinymce/APMGO.jpg" alt="APMGO" /></td>\r\n<td class="title left-20"><img src="http://www.spiceup.fr/uploaded/tinymce/anea.jpg" alt="Anea" /></td>\r\n<td class="title left-20"><img src="http://www.spiceup.fr/uploaded/tinymce/skema.jpg" alt="Skema Business School" /></td>\r\n</tr>\r\n<tr>\r\n<td class="title"><img src="http://www.spiceup.fr/uploaded/tinymce/FIB.jpg" alt="FIB" /></td>\r\n<td class="title left-20">&nbsp;</td>\r\n<td class="title left-20">&nbsp;</td>\r\n<td class="title left-20">&nbsp;</td>\r\n</tr>\r\n</tbody>\r\n</table>', NULL, NULL),
(14, 'en', 'Original Team Building', 'Spice Up for original Team Building', 'original team building', 'Team Building', NULL, NULL, 'Spice Up for original Team Building', '', '<table border="0">\r\n<tbody>\r\n<tr>\r\n<td colspan="2"><img src="http://www.spiceup.fr//uploaded/tinymce/infographie_agence.jpg" alt="Qui sommes-nous infographie Spice Up" /></td>\r\n</tr>\r\n<tr>\r\n<td class="title">\r\n<p>Spice Up organise pour votre entreprise un Team Building original</p>\r\n</td>\r\n</tr>\r\n<tr>\r\n<td>\r\n<p><strong class="vert">Qu''est ce qu''un Team Building original ?</strong></p>\r\n<p>Pour organiser un Team Building original, c''est avant tout avoir des id&eacute;es ! Spice Up vous accompagne dans votre imaginaire pour r&eacute;aliser un Team Building original</p>\r\n<p><strong class="vert">Pourquoi faire un Team Building original ?</strong></p>\r\n<p>Spice Up accorde une importance toute particuli&egrave;re &agrave; l''originalit&eacute; de votre Team Building. Il faut r&eacute;ussir &agrave; toucher vos &eacute;quipes &agrave; travers une exp&eacute;rience unique...</p>\r\n<p>&nbsp;</p>\r\n<p class="vert"><strong>Surprenez vos &eacute;quipes</strong></p>\r\n<p>Spice Up r&eacute;alise des Team Building sur-mesure,...</p>\r\n<p class="vert"><strong><br /></strong></p>\r\n<p class="vert"><strong>Rapprochez vos &eacute;quipes</strong></p>\r\n<p>Vos &eacute;quipes ont besoin de coh&eacute;sion ...</p>\r\n<p>&nbsp;</p>\r\n<p class="vert"><strong>Fa&icirc;tes vous accompagner !</strong></p>\r\n<p>Spice Up vous accompagne de la communication jusqu''&agrave; l''accompagnement de votre Team Building</p>\r\n<p class="vert">&nbsp;</p>\r\n</td>\r\n</tr>\r\n</tbody>\r\n</table>', NULL, NULL),
(14, 'fr', 'Organiser un Team Building original', 'Spice Up conseille pour un Team Building original', 'team building original ', 'Team Building ', NULL, NULL, 'Organiser un Team Building original', '', '<table border="0">\r\n<tbody>\r\n<tr>\r\n<td colspan="2"><img src="http://www.spiceup.fr//uploaded/tinymce/infographie_agence.jpg" alt="Qui sommes-nous infographie Spice Up" /></td>\r\n</tr>\r\n<tr>\r\n<td class="title">\r\n<p>Spice Up organise pour votre entreprise un Team Building original</p>\r\n</td>\r\n</tr>\r\n<tr>\r\n<td>\r\n<p><strong class="vert">Qu''est ce qu''un Team Building original ?</strong></p>\r\n<p>Pour organiser un Team Building original, c''est avant tout avoir des id&eacute;es ! Spice Up vous accompagne dans votre imaginaire pour r&eacute;aliser un Team Building original</p>\r\n<p><strong class="vert">Pourquoi faire un Team Building original ?</strong></p>\r\n<p>Spice Up accorde une importance toute particuli&egrave;re &agrave; l''originalit&eacute; de votre Team Building. Il faut r&eacute;ussir &agrave; toucher vos &eacute;quipes &agrave; travers une exp&eacute;rience unique...</p>\r\n<p>&nbsp;</p>\r\n<p class="vert"><strong>Surprenez vos &eacute;quipes</strong></p>\r\n<p>Spice Up r&eacute;alise des Team Building sur-mesure,...</p>\r\n<p class="vert"><strong><br /></strong></p>\r\n<p class="vert"><strong>Rapprochez vos &eacute;quipes</strong></p>\r\n<p>Vos &eacute;quipes ont besoin de coh&eacute;sion ...</p>\r\n<p>&nbsp;</p>\r\n<p class="vert"><strong>Fa&icirc;tes vous accompagner !</strong></p>\r\n<p>Spice Up vous accompagne de la communication jusqu''&agrave; l''accompagnement de votre Team Building</p>\r\n<p class="vert">&nbsp;</p>\r\n</td>\r\n</tr>\r\n</tbody>\r\n</table>', NULL, NULL),
(15, 'en', 'Agence évenementielle Antibes Juan-les-Pins', 'Agence évenementielle Antibes Juan-les-Pins', 'Agence évenementielle Antibes Juan-les-Pins', 'Antibes Juan-les-pins', NULL, NULL, 'Agence évenementielle Antibes Juan-les-Pins', 'Agence évenementielle Antibes Juan-les-Pins', '<p>Agence &eacute;venementielle Antibes Juan-les-Pins</p>', NULL, NULL),
(15, 'fr', 'Agence évenementielle Antibes Juan-les-Pins', 'Agence évenementielle Antibes Juan-les-Pins', 'Agence évenementielle Antibes Juan-les-Pins', 'Antibes Juan-les-pins', NULL, NULL, 'Agence évenementielle Antibes Juan-les-Pins', 'Agence évenementielle Antibes Juan-les-Pins', '<!-- H1 -->\r\n<h1>&nbsp;</h1>\r\n<div id="formulaire_contact"><!--?php endif; ?--></div>\r\n<!-- Fin Formulaire de contact -->\r\n<script type="text/javascript" src="http://maps.google.com/maps/api/js?sensor=true"></script>\r\n<script type="text/javascript">// <![CDATA[\r\n$(''#map_nice'').gmap({''zoom'':9, ''scrollwheel'': false, ''center'': ''43.568685,7.113987''}).bind(''init'', function(ev, map) {\r\n		$(''#map_nice'').gmap(''addMarker'', {''position'': ''43.568685,7.113987'', ''bounds'': false}).click(function() {\r\n			$(''#map_nice'').gmap(''openInfoWindow'', {''content'': ''SPICE UP<br />6 Boulevard de la Pinède<br /> 06160 Antibes Juan les Pins''}, this);\r\n		});\r\n	});\r\n\r\n	$(''#map_paris'').gmap({''zoom'':15,  ''center'': ''48.867662,2.326443''}).bind(''init'', function(ev, map) {\r\n		$(''#map_paris'').gmap(''addMarker'', {''position'': ''48.867662,2.326443'', ''bounds'': false}).click(function() {\r\n			$(''#map_paris'').gmap(''openInfoWindow'', {''content'': ''SPICE UP<br />20 rue Chambon<br /> 75001 Paris''}, this);\r\n		});\r\n	});\r\n// ]]></script>', NULL, NULL),
(18, 'en', '', '', '', 'test', NULL, NULL, 'test', '', '<p>test</p>', NULL, NULL),
(18, 'fr', '', '', '', 'test', NULL, NULL, 'test', '', '<table border="0">\r\n<tbody>\r\n<tr>\r\n<td><img src="http://www.spiceup.fr/uploaded/tinymce/venue.jpg" alt="Venue Finder" /><br /><br /></td>\r\n</tr>\r\n</tbody>\r\n</table>\r\n<table border="0">\r\n<tbody>\r\n<tr>\r\n<td class="title">\r\n<p>Une r&eacute;ponse rapide et efficace &agrave; votre brief</p>\r\n</td>\r\n<td class="title left-20">\r\n<p>Spice up d&eacute;niche le lieu id&eacute;al pour votre &eacute;v&eacute;nement</p>\r\n</td>\r\n</tr>\r\n<tr>\r\n<td><br /><iframe src="http://public.message-business.com/form/41422/137/form.aspx"></iframe></td>\r\n<td class="left-20">\r\n<p>Spice Up est <span class="vert" style="font-weight: bold;">sp&eacute;cialiste Venue Finder</span>, vous recherchez un lieu pour votre &eacute;v&eacute;nement mais ne savez pas comment vous y prendre ? Vous n''avez pas le temps de vous en occuper ? Vous n''arrivez pas &agrave; respecter votre budget ? Spice Up sp&eacute;cialiste Venue Finder recherche pour vous et vous offre un <span class="vert" style="font-weight: bold;">gain de temps et d''argent</span> en vous aidant &agrave; trouver le lieu parfait pour votre &eacute;v&eacute;nement. <br /><br />H&ocirc;tel, restaurant, lieu de soir&eacute;e, lieu de r&eacute;union ? Classique, insolite ? <span class="vert" style="font-weight: bold;">Nous trouvons LE lieu qui correspond &agrave; vos attentes</span>, refl&egrave;te l''image de votre &eacute;v&eacute;nement et accueille tous vos participants dans les meilleures conditions et au meilleur prix. Au del&agrave; du simple booking, nous vous proposons <span class="vert" style="font-weight: bold;">des lieux test&eacute;s et approuv&eacute;s par nos &eacute;quipes</span> et nos clients et nous vous mettons en lien avec notre interlocuteur privil&eacute;gi&eacute; au sein de l''&eacute;tablissement. <span class="vert" style="font-weight: bold;">Nous n&eacute;gocions pour vous la meilleure offre</span> et vous accompagnons jusqu''&agrave; la signature du contrat. Laissez-vous guider !</p>\r\n<div class="boutoninternpage">\r\n<p align="right"><a title="Contact" href="http://www.spiceup.fr/fr/contact/" target="_self">CONTACTEZ-NOUS : 04 97 21 12 12</a></p>\r\n</div>\r\n</td>\r\n</tr>\r\n</tbody>\r\n</table>\r\n<table border="0">\r\n<tbody>\r\n<tr>\r\n<td class="title-2">\r\n<p>Nos derni&egrave;res trouvailles !</p>\r\n</td>\r\n<td width="30">&nbsp;</td>\r\n<td class="title-2">\r\n<p>D&eacute;couvrez nos destinations pr&eacute;f&eacute;r&eacute;es !</p>\r\n</td>\r\n</tr>\r\n</tbody>\r\n</table>\r\n<table border="0">\r\n<tbody>\r\n<tr>\r\n<td>\r\n<table>\r\n<tbody>\r\n<tr>\r\n<td>&nbsp;<img src="test.jpg" alt="" width="200" height="120" /></td>\r\n<td width="10">&nbsp;</td>\r\n<td><br />LOREM IPSUM DOLOR<br />Consectetur adipisicing elit, sed do eiusmod tempor incididunt ut labore et dolore magna aliqua.</td>\r\n</tr>\r\n</tbody>\r\n</table>\r\n</td>\r\n<td width="30">&nbsp;</td>\r\n<td>\r\n<table>\r\n<tbody>\r\n<tr>\r\n<td>&nbsp;<img src="test.jpg" alt="" width="200" height="120" /></td>\r\n<td width="10">&nbsp;</td>\r\n<td><br />LOREM IPSUM DOLOR<br />Consectetur adipisicing elit, sed do eiusmod tempor incididunt ut labore et dolore magna aliqua.</td>\r\n</tr>\r\n</tbody>\r\n</table>\r\n</td>\r\n</tr>\r\n</tbody>\r\n</table>\r\n<p><br /><br /></p>\r\n<table border="0">\r\n<tbody>\r\n<tr>\r\n<td>\r\n<table>\r\n<tbody>\r\n<tr>\r\n<td>&nbsp;<img src="test.jpg" alt="" width="200" height="120" /></td>\r\n<td width="10">&nbsp;</td>\r\n<td><br />LOREM IPSUM DOLOR<br />Consectetur adipisicing elit, sed do eiusmod tempor incididunt ut labore et dolore magna aliqua.</td>\r\n</tr>\r\n</tbody>\r\n</table>\r\n</td>\r\n<td width="30">&nbsp;</td>\r\n<td>\r\n<table>\r\n<tbody>\r\n<tr>\r\n<td>&nbsp;<img src="test.jpg" alt="" width="200" height="120" /></td>\r\n<td width="10">&nbsp;</td>\r\n<td><br />LOREM IPSUM DOLOR<br />Consectetur adipisicing elit, sed do eiusmod tempor incididunt ut labore et dolore magna aliqua.</td>\r\n</tr>\r\n</tbody>\r\n</table>\r\n</td>\r\n</tr>\r\n</tbody>\r\n</table>', NULL, NULL),
(19, 'en', '', '', '', 'Test2', NULL, NULL, 'Test2', '', '<p>Test2</p>', NULL, NULL),
(19, 'fr', '', '', '', 'Test2', NULL, NULL, 'Déposez votre brief !', '', '<table border="0">\r\n<tbody>\r\n<tr>\r\n<td><img src="http://www.spiceup.fr/uploaded/tinymce/venue.jpg" alt="Venue Finder" /><br /><br /></td>\r\n</tr>\r\n</tbody>\r\n</table>\r\n<table border="0">\r\n<tbody>\r\n<tr>\r\n<td class="title">\r\n<p>Une r&eacute;ponse rapide et efficace &agrave; votre brief</p>\r\n</td>\r\n<td class="title left-20">\r\n<p>Spice up d&eacute;niche le lieu id&eacute;al pour votre &eacute;v&eacute;nement</p>\r\n</td>\r\n</tr>\r\n<tr>\r\n<td style="font-style: oblique;"><em>Pour vous donner la r&eacute;ponse la mieux adapt&eacute;e &agrave; votre brief, nous avons besoin de savoir des choses sur ...</em><br /><iframe src="http://public.message-business.com/form/41422/339/form.aspx" width="450" height="800"></iframe></td>\r\n<td class="left-20">\r\n<p>Vous pr&eacute;f&eacute;rez &ecirc;tre contact&eacute; directement par l''un de nos chefs de projets ? Laissez nous vos coordonn&eacute;s;es et nous vous rappelons dans l''heure !</p>\r\n<div class="boutoninternpagecarre">\r\n<p align="right"><a title="Contact" href="http://www.spiceup.fr/fr/venuefindercontact/" target="_self">ME CONTACTER</a></p>\r\n</div>\r\n</td>\r\n</tr>\r\n</tbody>\r\n</table>', NULL, NULL);

-- --------------------------------------------------------

--
-- Structure de la table `comlignes`
--

CREATE TABLE IF NOT EXISTS `comlignes` (
  `comlignes_id` int(10) unsigned NOT NULL AUTO_INCREMENT,
  `commandes_id` int(10) unsigned NOT NULL,
  `tva_id` int(10) unsigned DEFAULT NULL,
  `comlignes_catalogue` enum('public','pro') NOT NULL DEFAULT 'public',
  `comlignes_type` varchar(50) DEFAULT NULL,
  `produits_id` int(10) unsigned DEFAULT NULL,
  `remises_id` int(10) unsigned DEFAULT NULL,
  `comlignes_remises_code` varchar(50) DEFAULT NULL,
  `comlignes_reference` varchar(150) NOT NULL,
  `comlignes_designation` longtext NOT NULL,
  `comlignes_qte` int(11) NOT NULL,
  `comlignes_pu_ht` decimal(10,2) NOT NULL,
  `comlignes_pu_ttc` decimal(10,2) NOT NULL,
  `comlignes_total_ht` decimal(10,2) NOT NULL,
  `comlignes_total_ttc` decimal(10,2) NOT NULL,
  `comlignes_tva_taux` decimal(10,2) NOT NULL,
  `comlignes_tva` decimal(10,2) NOT NULL,
  `comlignes_poids_u` decimal(10,2) NOT NULL,
  `comlignes_poids_tot` decimal(10,2) NOT NULL,
  `comlignes_points` int(4) DEFAULT NULL,
  PRIMARY KEY (`comlignes_id`),
  KEY `fk_comlignes_commandes_id` (`commandes_id`),
  KEY `fk_comlignes_tva_id` (`tva_id`),
  KEY `fk_comlignes_produits_id` (`produits_id`),
  KEY `fk_comlignes_remises_id` (`remises_id`)
) ENGINE=InnoDB DEFAULT CHARSET=utf8 AUTO_INCREMENT=1 ;

-- --------------------------------------------------------

--
-- Structure de la table `commandes`
--

CREATE TABLE IF NOT EXISTS `commandes` (
  `commandes_id` int(10) unsigned NOT NULL AUTO_INCREMENT,
  `ndd` varchar(5) DEFAULT NULL,
  `lang` varchar(2) NOT NULL,
  `users_id` int(10) unsigned DEFAULT NULL,
  `commandes_statut` enum('NONAB','ECHEC','NONPAYE','PAYE','EXPEDIE') NOT NULL DEFAULT 'NONAB',
  `commandes_date` datetime NOT NULL,
  `commandes_reference` int(11) NOT NULL DEFAULT '1',
  `commandes_fact_civilite` enum('M.','Mme','Mlle') NOT NULL DEFAULT 'M.',
  `commandes_fact_nom` varchar(150) DEFAULT NULL,
  `commandes_fact_prenom` varchar(150) DEFAULT NULL,
  `commandes_fact_numero` varchar(50) DEFAULT NULL,
  `commandes_fact_email` varchar(150) DEFAULT NULL,
  `commandes_fact_societe` varchar(150) DEFAULT NULL,
  `commandes_fact_siret` varchar(50) DEFAULT NULL,
  `commandes_fact_adresse` varchar(150) DEFAULT NULL,
  `commandes_fact_complement` varchar(150) DEFAULT NULL,
  `commandes_fact_codepostal` varchar(10) DEFAULT NULL,
  `commandes_fact_ville` varchar(150) DEFAULT NULL,
  `commandes_fact_pays` varchar(150) DEFAULT NULL,
  `pays_fact_id` int(10) unsigned DEFAULT NULL,
  `commandes_fact_telephone` varchar(50) DEFAULT NULL,
  `commandes_fact_portable` varchar(50) DEFAULT NULL,
  `commandes_livr_civilite` enum('M.','Mme','Mlle') NOT NULL DEFAULT 'M.',
  `commandes_livr_nom` varchar(150) DEFAULT NULL,
  `commandes_livr_prenom` varchar(150) DEFAULT NULL,
  `commandes_livr_societe` varchar(150) DEFAULT NULL,
  `commandes_livr_adresse` varchar(150) DEFAULT NULL,
  `commandes_livr_complement` varchar(150) DEFAULT NULL,
  `commandes_livr_codepostal` varchar(10) DEFAULT NULL,
  `commandes_livr_ville` varchar(150) DEFAULT NULL,
  `commandes_livr_pays` varchar(150) DEFAULT NULL,
  `pays_livr_id` int(10) unsigned DEFAULT NULL,
  `commandes_livr_telephone` varchar(50) DEFAULT NULL,
  `commandes_livr_portable` varchar(50) DEFAULT NULL,
  `commandes_commentaire` text,
  `transporteurs_id` int(10) unsigned DEFAULT NULL,
  `commandes_transporteur` varchar(150) DEFAULT NULL,
  `commandes_url_tracking` varchar(250) DEFAULT NULL,
  `commandes_colis` varchar(250) DEFAULT NULL,
  `commandes_bonachat` varchar(50) DEFAULT NULL,
  `commandes_ba_montant` decimal(10,2) DEFAULT NULL,
  `commandes_poids` decimal(10,2) NOT NULL,
  `commandes_prix_ht` decimal(10,2) NOT NULL,
  `commandes_prix_port_ht` decimal(10,2) DEFAULT NULL,
  `commandes_fdp` decimal(10,2) DEFAULT NULL,
  `commandes_tva` decimal(10,2) NOT NULL,
  `commandes_tva_detail` text,
  `commandes_prix_ttc` decimal(10,2) NOT NULL,
  `commandes_prix_total` decimal(10,2) NOT NULL,
  `commandes_paiement` enum('CB','CHEQUE','CREDIT','VIREMENT','PAYPAL') DEFAULT NULL,
  `commandes_paiement_comment` text,
  `commandes_paiement_transac` varchar(50) DEFAULT NULL,
  `commandes_facture` int(11) DEFAULT NULL,
  `commandes_facture_date` date DEFAULT NULL,
  `commandes_facture_pdf` varchar(150) DEFAULT NULL,
  PRIMARY KEY (`commandes_id`),
  KEY `fk_commandes_users_id` (`users_id`),
  KEY `fk_commandes_paysfact_id` (`pays_fact_id`),
  KEY `fk_commandes_payslivr_id` (`pays_livr_id`),
  KEY `fk_commandes_transporteurs_id` (`transporteurs_id`),
  KEY `fk_commandes_domaines_code` (`ndd`)
) ENGINE=InnoDB DEFAULT CHARSET=utf8 AUTO_INCREMENT=1 ;

-- --------------------------------------------------------

--
-- Structure de la table `config`
--

CREATE TABLE IF NOT EXISTS `config` (
  `config_key` varchar(50) NOT NULL,
  `config_value` text,
  PRIMARY KEY (`config_key`)
) ENGINE=InnoDB DEFAULT CHARSET=utf8;

-- --------------------------------------------------------

--
-- Structure de la table `config_translation`
--

CREATE TABLE IF NOT EXISTS `config_translation` (
  `config_key` varchar(50) NOT NULL,
  `lang` varchar(2) NOT NULL,
  `config_valuetrad` varchar(50) DEFAULT NULL,
  PRIMARY KEY (`config_key`,`lang`),
  KEY `fk_config_config_key` (`config_key`)
) ENGINE=InnoDB DEFAULT CHARSET=utf8;

-- --------------------------------------------------------

--
-- Structure de la table `contacts`
--

CREATE TABLE IF NOT EXISTS `contacts` (
  `contacts_id` int(10) unsigned NOT NULL AUTO_INCREMENT,
  `ndd` varchar(5) DEFAULT NULL,
  `lang` varchar(2) NOT NULL,
  `contacts_traite` enum('Y','N') NOT NULL DEFAULT 'N',
  `contacts_reception` datetime NOT NULL,
  `contacts_traitement` datetime DEFAULT NULL,
  `contacts_type` int(11) DEFAULT NULL,
  `contacts_civilite` enum('M.','Mme','Mlle') NOT NULL DEFAULT 'M.',
  `contacts_nom` varchar(150) NOT NULL,
  `contacts_prenom` varchar(150) DEFAULT NULL,
  `contacts_societe` varchar(150) DEFAULT NULL,
  `contacts_adresse` varchar(150) DEFAULT NULL,
  `contacts_complement` varchar(150) DEFAULT NULL,
  `contacts_codepostal` varchar(10) DEFAULT NULL,
  `contacts_ville` varchar(150) DEFAULT NULL,
  `contacts_pays` varchar(150) DEFAULT NULL,
  `contacts_email` varchar(150) DEFAULT NULL,
  `contacts_telephone` varchar(50) DEFAULT NULL,
  `contacts_portable` varchar(50) DEFAULT NULL,
  `contacts_message` text,
  PRIMARY KEY (`contacts_id`)
) ENGINE=InnoDB  DEFAULT CHARSET=utf8 AUTO_INCREMENT=57 ;

--
-- Contenu de la table `contacts`
--

INSERT INTO `contacts` (`contacts_id`, `ndd`, `lang`, `contacts_traite`, `contacts_reception`, `contacts_traitement`, `contacts_type`, `contacts_civilite`, `contacts_nom`, `contacts_prenom`, `contacts_societe`, `contacts_adresse`, `contacts_complement`, `contacts_codepostal`, `contacts_ville`, `contacts_pays`, `contacts_email`, `contacts_telephone`, `contacts_portable`, `contacts_message`) VALUES
(12, NULL, 'fr', 'N', '2013-05-15 15:27:28', NULL, NULL, 'M.', 'Petrikovsky', 'Johan', 'boss', NULL, NULL, NULL, NULL, 'france', 'johan@ideal-com.com', '0615373595', NULL, 'mon message d''amour'),
(13, NULL, 'fr', 'Y', '2013-05-15 15:28:52', '2013-07-02 09:34:52', NULL, 'M.', 'Petrikovsky', 'Johan', 'boss', NULL, NULL, NULL, NULL, 'france', 'johan@ideal-com.com', '0615373595', NULL, 'mon message d''amour'),
(16, NULL, 'fr', 'N', '2013-07-18 12:49:14', NULL, NULL, 'M.', 'DAVID', 'Bruno', 'QUESTION DECO', NULL, NULL, NULL, NULL, 'france', 'question.deco@yahoo.fr', '0695199884', NULL, 'QUESTION DECO \r\n				Répond à toutes vos attentes.  \r\n                                                           \r\n		Tout un art. Ne fais pas l’impasse sur les détails. \r\n\r\nConstruction et confection de décors (velums, voilage, tissus tendus…).   \r\nFabrication et installation de stands avec différents matériaux sur divers thèmes partout en Europe.\r\nLocation de structures, tentes  et agencements de magasins, points de vente immobilier.\r\nEn adéquation avec vos projets, nous nous engageons avec notre savoir-faire à tout mettre en œuvre de la conception à la réalisation de votre évènement, accompagné de son et lumières.\r\nNous vous garantissons des solutions, de la créativité et de la réalisation de décors sur mesure.    \r\n\r\n\r\n                                             Question deco \r\n                    3bis, Rue du docteur BABIN  91 290 ARPAJON\r\n			       Email:question.deco@yahoo.fr                                                                                                                                                            : 06 95 19 98 84 / Fax : 01 64 90 40 78      site:http://www.questiondeco.net\r\n'),
(17, NULL, 'en', 'N', '2013-07-24 19:59:16', NULL, NULL, 'M.', 'normy273@hotmail.com', 'normy273@hotmail.com', 'normy273@hotmail.com', NULL, NULL, NULL, NULL, 'normy273@hotmail.com', 'normy273@hotmail.com', '66682568472', NULL, 'xQiMBu http://www.c1dOvW6eef5JOp8ApWjKQy5RO5mLafkc.com'),
(18, NULL, 'fr', 'N', '2013-08-01 14:30:51', NULL, NULL, 'M.', 'siméon', 'manon', 'Entreprise', NULL, NULL, NULL, NULL, 'Pays', 'manon@spiceup.fr', 'Téléphone', NULL, 'blabla'),
(19, NULL, 'fr', 'N', '2013-08-01 14:32:19', NULL, NULL, 'M.', 'bibi', 'gigi', 'Entreprise', NULL, NULL, NULL, NULL, 'Pays', 'test@test.fr', 'Téléphone', NULL, 'test'),
(20, NULL, 'fr', 'N', '2013-09-11 17:00:01', NULL, NULL, 'M.', 'RIVIERE', 'Bertrand', 'Entreprise', NULL, NULL, NULL, NULL, 'France', 'bertrandriviere@live.fr', '0681103907', NULL, 'Bonjour,\r\n\r\nJe me permets de vous présenter ma candidature à un poste de chef de projet que vous pourriez avoir à l''étude en ce moment.\r\n\r\nJe suis actuellement consultant indépendant et auto-entrepreneur, pour le compte d''un groupe canadien spécialiste et référent de la communication volumétrique et holographique.\r\n\r\nJ''ai l''habitude du contact de haut niveau ainsi que d''organiser des événements et manager des équipes à un niveau international, du fait de mes déplacements réguliers et nombreux dans différents pays (Canada, Australie, Suisse, Emirats arabes unis et Europe bien entendu) ainsi que de mes responsabilités liées à ce poste.\r\n\r\nLes éléments du poste de chef de projet au sein de votre société est une chose qui me parait très intéressante, c''est pour cette raison que je vous propose de nous rencontrer prochainement et étudier ensemble les opportunités de collaboration.\r\n\r\nJe me tiens à votre disposition\r\n\r\nBien cordialement.\r\n\r\nBertrand RIVIERE\r\n0033 (0)6 81 10 39 07'),
(21, NULL, 'fr', 'N', '2013-09-11 17:01:26', NULL, NULL, 'M.', 'RIVIERE', 'Bertrand', 'Entreprise', NULL, NULL, NULL, NULL, 'France', 'bertrandriviere@live.fr', '0033681103907', NULL, 'Ci-joint on CV su Viadeo\r\n\r\nhttp://fr.viadeo.com/profile/00213tg7l4mtevpg'),
(22, NULL, 'fr', 'N', '2013-09-30 22:47:18', NULL, NULL, 'M.', 'pestel', 'vincent', 'Entreprise', NULL, NULL, NULL, NULL, 'Pays', 'vincent@viaprestige-agency.com', 'Téléphone', NULL, '\r\n\r\nBonjour,\r\n\r\nJe suis Vincent de Viaprestige Web Agency, société spécialisée en Netlinking (création de liens pointant vers votre site afin d’améliorer votre positionnement dans les moteurs de recherches)\r\n\r\nJe pense que votre site peut être optimisé et gagner des positions.\r\n\r\nGratuitement je vous propose un rapport de positionnement et de répondre aux questions suivantes:\r\n\r\n· Quelles expressions choisir pour votre site, quelles sont les plus recherchées?\r\n\r\n· Où votre site est-il positionné dans les moteurs de recherches?\r\n\r\n· Quel trafic pourrez-vous espérer, sur quelles positions?\r\n\r\n· Où sont vos concurrents, quelles stratégies ont-ils développé?\r\n\r\nJe vous proposerai une stratégie par la suite pour augmenter votre trafic. Nos méthodes ont été étudiées et validées pour obtenir un positionnement et une visibilité durable :\r\n\r\n    Soumissions manuelles de votre site sur annuaires qualifiées (rédaction de textes optimisés à usage unique)\r\n\r\n    Création et/ou animation de blog avec rédaction d’articles originaux et d’actualités toutes les semaines (création de liens internes, diffusion sur les réseaux sociaux)…\r\n\r\nCes prestations sont réalisées « à la main », nous n''utilisons aucun automatisme ou robot.\r\n\r\nAujourd’hui, le qualitatif remplace le quantitatif… Oubliez les méthodes douteuses, vous promettant des résultats extraordinaires en peu de temps.\r\n\r\nVos concurrents sont déjà en première page de Google (utilisé par 90% des internautes). Différenciez vous par la qualité de vos liens, de vos contenus, la régularité dans leurs créations et visez une Top Position.\r\n\r\nPoussez les moteurs de recherche à passer plus régulièrement sur votre site en publiant des articles optimisés…\r\n\r\nVotre site survivra aux mises à jour Google, gagnera en popularité, et vous imposera sur les requêtes relatives à votre activité.\r\n\r\nPour votre rapport gratuit (et sans engagement) ou des d''informations supplémentaires vous pouvez me joindre par mail à vincent@viaprestige-agency.com ou remplir le formulaire de devis gratuit sur notre site.\r\n\r\nRendez-vous sur notre site : www.viaprestige-agency.com, pour consulter en détails nos offres et nos méthodes (Vous pouvez accéder directement à nos offres de référencement en cliquant ici : http://viaprestige-agency.com/strategie-de-referencement-naturel/ ).\r\n\r\nBien cordialement,\r\n\r\nVincent Pestel\r\nResponsable Netlinking\r\n\r\nhttp://www.viaprestige-agency.com/\r\n'),
(23, NULL, 'fr', 'N', '2013-10-03 16:47:15', NULL, NULL, 'M.', 'Brasset', 'Julie', 'Com &amp; Image', NULL, NULL, NULL, NULL, 'France', 'julie.brasset@com-et-image.com', '0173790406', NULL, 'Bonjour,\r\n\r\nJ''ai créé l''EURL Com &amp; Image et suis chef de projets en communication. Mon produit phare est celui de la vidéo. En auriez vous besoin pour compléter vos évènements?\r\n\r\nJe vous invite à visionner les bandes démos 2012 (https://vimeo.com/60545131) et 2013 (https://vimeo.com/75287982).\r\n\r\n Dans l''attente de votre retour, je reste à votre disposition.\r\n\r\nCordialement,\r\nJulie Brasset'),
(24, NULL, 'fr', 'N', '2013-11-06 13:48:10', NULL, NULL, 'M.', 'DAVID', 'Bruno', 'QUESTION DECO', NULL, NULL, NULL, NULL, 'FRANCE', 'question.deco@yahoo.fr', '0695199884', NULL, 'QUESTION DECO \r\n				Répond à toutes vos attentes.  \r\n                                                           \r\n		Tout un art. Ne fais pas l’impasse sur les détails. \r\n\r\nConstruction et confection de décors (velums, voilage, tissus tendus…).   \r\nFabrication et installation de stands avec différents matériaux sur divers thèmes partout en Europe.\r\nLocation de structures, tentes  et agencements de magasins, points de vente immobilier.\r\nEn adéquation avec vos projets, nous nous engageons avec notre savoir-faire à tout mettre en œuvre de la conception à la réalisation de votre évènement, accompagné de son et lumières.\r\nNous vous garantissons des solutions, de la créativité et de la réalisation de décors sur mesure.    \r\n\r\n\r\n                                             Question deco \r\n                    3bis, Rue du docteur BABIN  91 290 ARPAJON\r\n			       Email:question.deco@yahoo.fr        \r\nsite :http://www.questiondeco.net                                                                                           \r\n  portable : 06 95 19 98 84 / Fax : 01 64 90 40 78\r\n'),
(25, NULL, 'en', 'N', '2013-12-01 09:00:53', NULL, NULL, 'M.', '313336731', '648606718', 'Company', NULL, NULL, NULL, NULL, 'Country', 'xyechethequethe@sanfranmail.com', '541236552', NULL, 'I''m having trouble finding you on cardsapp, how can I find you?'),
(26, NULL, 'fr', 'N', '2013-12-04 16:40:25', NULL, NULL, 'M.', 'gomez', 'sébastien', 'ohm-music', NULL, NULL, NULL, NULL, 'françe', 'info@label-ohm.com', '0678014520', NULL, 'Bonjour,\r\n\r\nje vous propose de découvrir notre groupe OHM-music.\r\n\r\nPrésentation :\r\nOHM est un groupe de reprises créé par Sébastien Gomez en 2004, qui est proposé sous 3 formats (Solo, Duo, Trio) en version acoustique ou électro-acoustique.\r\nLeur très large répertoire (+de 500 titres) leur permet de vous emporter sur les titres de légende du Blues, Rock, Folk, Pop en passant par le Funk et le Jazz.\r\nOHM propose des prestations soirées privées (Mariage, Anniversaire, Incentive, Baptèmes,...) partout en France.\r\n\r\nSite OHM--music.com :\r\nExtraits audio\r\nhttp://www.ohm-music.com/test-players/\r\nExtraits vidéo\r\nhttp://www.ohm-music.com/category/videos-2/videos/\r\nRépertoire\r\nhttp://www.ohm-music.com/repertoire-ohm/\r\n\r\nNous nous tenons à votre disposition pour échanger ensemble sur la prestation souhaitée.\r\n\r\nCordialement,\r\nSébastien GOMEZ\r\nOHM-music\r\n'),
(27, NULL, 'fr', 'N', '2013-12-06 16:13:56', NULL, NULL, 'M.', 'Jouvin', 'Cédric', 'Unknown Project', NULL, NULL, NULL, NULL, 'France', 'ccjou2001@yahoo.fr', '06 70 31 75 43', NULL, 'Bonjour,\r\n\r\nje fais des portraits en photos polaroid. Je réalise aussi des photocall pour différents salons comme le Who''s Next, Maison et Objet ou encore le Christmas Market à la cité de la Mode et du Design. J''ai aussi travaillé pour des marques comme American Apparel ou Idole Agency.\r\n\r\nJe vous propose mes services pour une éventuelle soirée qui nécessiterait un photocall.\r\n\r\nJe vous laisse ma page facebook et mon site :\r\nhttps://www.facebook.com/CJ.UnknownProject\r\nhttp://unknownproject.tumblr.com\r\n\r\nA très vite,\r\n\r\nCédric Jouvin'),
(28, NULL, 'fr', 'N', '2013-12-09 21:36:55', NULL, NULL, 'M.', 'gomez', 'sébastien', 'ohm-music', NULL, NULL, NULL, NULL, 'france', 'info@label-ohm.com', '0678014520', NULL, 'Bonjour,\r\n\r\nje vous propose de découvrir notre groupe OHM-music.\r\n\r\nPrésentation :\r\nOHM est un groupe de reprises créé par Sébastien Gomez en 2004, qui est proposé sous 3 formats (Solo, Duo, Trio) en version acoustique ou électro-acoustique.\r\nLeur très large répertoire (+de 500 titres) leur permet de vous emporter sur les titres de légende du Blues, Rock, Folk, Pop en passant par le Funk et le Jazz.\r\nOHM propose des prestations soirées privées (Mariage, Anniversaire, Incentive, Baptèmes,...) partout en France.\r\n\r\nSite OHM--music.com :\r\nExtraits audio\r\nhttp://www.ohm-music.com/test-players/\r\nExtraits vidéo\r\nhttp://www.ohm-music.com/category/videos-2/videos/\r\nRépertoire\r\nhttp://www.ohm-music.com/repertoire-ohm/\r\n\r\nNous nous tenons à votre disposition pour échanger ensemble sur la prestation souhaitée.\r\n\r\nCordialement,\r\nSébastien GOMEZ\r\nOHM-music\r\nTél : 06 78 01 45 20'),
(29, NULL, 'en', 'N', '2013-12-13 21:38:59', NULL, NULL, 'M.', 'dbfuzz@hotmail.com', 'dbfuzz@hotmail.com', 'dbfuzz@hotmail.com', NULL, NULL, NULL, NULL, 'dbfuzz@hotmail.com', 'dbfuzz@hotmail.com', '65948167674', NULL, 'U9CPgy http://www.MHyzKpN7h4ERauvS72jUbdI0HeKxuZom.com'),
(30, NULL, 'en', 'N', '2013-12-18 09:00:43', NULL, NULL, 'M.', '339237904', '716195628', 'Company', NULL, NULL, NULL, NULL, 'Country', 'neyfyruideoniy@theplate.com', '339895921', NULL, 'I cant find you on CardsApp how can I find you?'),
(31, NULL, 'fr', 'N', '2013-12-18 19:48:42', NULL, NULL, 'M.', 'Quiblier', 'Alix', 'EFAP Lyon', NULL, NULL, NULL, NULL, 'Pays', 'tiite-Alix@hotmail.fr', 'Téléphone', NULL, 'Bonsoir, \r\n\r\nNous sommes un groupe d''étudiants de l''EFAP Lyon et nous travaillons sur un cas fictif à savoir, nous organisons les 80 ans d''une entreprise bretonne. De ce fait, vous serait il possible de me communiquer les tarifs pour des conseils en evenementiel ? Nous n''avons pas necessairement besoin d''un devis pour l''organisation complète de l''évènement mais seulement de conseils, de voies à suivre. \r\nMerci d''avance de l''attention que vous accorderez à notre demande. \r\n\r\nBien cordialement, \r\n\r\nAlix Quiblier'),
(32, NULL, 'fr', 'N', '2013-12-28 00:04:30', NULL, NULL, 'M.', 'Demigneux', 'Gilles', 'MEDECIN ADDICTOLOGUE', NULL, NULL, NULL, NULL, 'FRANCE', 'gillesd@wanadoo.fr', '0662580805', NULL, 'Bonjour,\r\nJe me suis inscrit au GEST2014 mais à ce jour, n''ai pas reçu de confirmation. Rassurez-moi, SVP,... ou pas,\r\nBonnes fêtes, et merci de votre réponse,\r\nGilles Demigneux'),
(35, NULL, 'fr', 'N', '2014-01-27 13:55:45', NULL, NULL, 'M.', 'lazic', 'daniela', 'CAP 15', NULL, NULL, NULL, NULL, 'france', 'd.lazik@cap15.com', 'Téléphone', NULL, 'Bonjour, je vous contactais en vue d''un partenariat, \r\n\r\nCdt,\r\n\r\nDaniela, responsable commerciale des espaces Cap 15, \r\n\r\nParis 15 ème'),
(36, NULL, 'fr', 'N', '2014-01-29 10:19:19', NULL, NULL, 'M.', 'Nom', 'Frédéric Merson', 'Entreprise', NULL, NULL, NULL, NULL, 'Pays', 'frederic.merson@cg63.fr', 'Téléphone', NULL, 'Bonjour,\r\nJ''ai assisté au GEST 2014 qui s''est déroulé les 9 et 10 janvier. Vous serait-il possible de me faire parvenir une attestation de présence ?\r\nMon adresse email est : frederic.merson@cg63.fr\r\nJe vous remercie d''avance.\r\nF.MERSON'),
(37, NULL, 'fr', 'N', '2014-02-12 11:46:59', NULL, NULL, 'M.', 'DROUIN', 'Hugo', 'Entreprise', NULL, NULL, NULL, NULL, 'France', 'hdrouin.realisation@gmail.com', '0682635552', NULL, 'Bonjour,\r\n\r\nAyant parcouru votre site web avec attention, très intéressé par la qualité de vos prestations, je me permets de me présenter à vous.\r\n\r\nBasé en Basse-Normandie, je suis illustrateur 2D/3D et technicien vidéo indépendant. Diplômé en audiovisuel, j''ai suivi un cursus me conférant culture artistique et connaissances techniques solides. Ceci m''a conduit à intégrer différents groupes et agences de communication. \r\n\r\nAu travers d''une large variété de missions, j''ai pu découvrir et mettre en valeur des secteurs d''activités très divers (artisanat, tertiaire, industrie...). J ''ai été amené à réaliser films institutionnels, clips, reportages, publicités, et, récemment, à travailler dans le domaine de la reconstitution historique et de la muséographie.\r\n\r\nJe conçois par ailleurs, des spectacles en vidéo projection monumentale complets, dédiés à la musique ou au patrimoine, ou au lancement de produits. (mapping).\r\n\r\nDans le cas où vous seriez sollicités pour ce type de moyen de communication émergent, je serais heureux de pouvoir m''associer à votre structure comme créateur vidéo ou comme conseiller technique. \r\n\r\nMes outils d''expression sont nombreux : captation et montage vidéo, dessin traditionnel ou vectoriel, ainsi que l''animation 2D et 3D. Je suis donc habitué aux missions en toute autonomie, ou en équipe. Je bénéficie d''expériences réussies de travail en interne et en externe, et suis à même de facturer mes prestations.\r\n\r\nPlus généralement, si mon profil vous intéresse, je vous propose en somme de vous apporter ma contribution, ponctuellement ou sur la durée, pour tous types de projets et selon vos besoins.\r\n\r\n\r\nVoici un lien vers une bande démo vidéo:\r\n \r\nhttps://www.dropbox.com/s/6n0uglm63370h2i/Demo%202014%20-%20Hugo%20Drouin.mpg\r\n \r\nCet autre lien vous dirigera vers un book en ligne\r\nhttps://www.dropbox.com/sh/74o24nl5ehitj63/C_mf3lQMwa\r\n\r\n\r\nVous trouverez  un curriculum vitae vous détaillant l’ensemble de mes compétences. \r\nà cette adresse : \r\nhttps://www.dropbox.com/s/tl01ugi1r7xyon2/CV%20Technicien%20vid%C3%A9o%20mapping%20Illustrateur%202D-3D%20-%20Hugo%20DROUIN.pdf\r\n \r\nJe suis disponible immédiatement ; je vous invite simplement à me contacter dès que vous le souhaitez par mail ou par par téléphone (06.82.63.55.52).\r\n\r\nBien cordialement,\r\n \r\nHugo DROUIN\r\n \r\n \r\nTél.: 06.82.63.55.52\r\n19, rue de Bayeux\r\n14000 CAEN'),
(38, NULL, 'fr', 'N', '2014-02-21 12:07:16', NULL, NULL, 'M.', 'sobe', 'michel', 'TEXTILE EVENTS', NULL, NULL, NULL, NULL, 'france', 'contact@textile-events.fr', '0144022185', NULL, 'Je tenais tout d''abord à vous remercier de votre accueil téléphonique.\r\nNous sommes spécialisé dans location et confection de linges de table.\r\nNous avons eût l''occasion de faire du sur-mesure à certains de nos clients; aussi bien dans les dimensions que dans la qualité de tissus.\r\nVous avez également la possibilité de personnaliser vos confections par de la broderie, du plissage, du fronçage... tout cela à des prix imbattables. \r\n\r\nPour toutes demandes particulières de tissus et confections ( velours, voilages, Lin....) je reste bien évidemment disponible.\r\nAfin de mieux vous présenter nos différents tissus, n''hésitez pas à me contacter pour un éventuel rendez-vous.\r\n\r\nJe me tiens ainsi que toute l''équipe de Textile Évents à votre disposition pour toutes demandes.\r\n'),
(39, NULL, 'en', 'N', '2014-03-01 16:37:19', NULL, NULL, 'M.', 'Nom', 'First name', 'Company', NULL, NULL, NULL, NULL, 'Country', 'tgedmsqt@lnokvfwe.com', 'Phone', NULL, 'comment3, &lt;a href=&quot;http://num1sverigeonlinecasino.eu/&quot;&gt;online casino sverige&lt;/a&gt;, [url=&quot;http://num1sverigeonlinecasino.eu/&quot;]online casino sverige[/url],  &gt;:D, '),
(40, NULL, 'fr', 'N', '2014-03-18 23:05:16', NULL, NULL, 'M.', 'Ponant', 'Pierre-Alexandre', 'Freestyle Fans Production', NULL, NULL, NULL, NULL, 'France', 'pa.ponant@freestylefans.com', '06 50 96 92 45', NULL, 'Bonjour, \r\n\r\nSi vous cherchez des idées d''animations à l''occasion de la Coupe du Monde, nous vous proposons des spectacles et initiations de Freestyle Football qui enchanteront votre public. Notre équipe est composée des meilleurs joueurs français et mondiaux: https://www.youtube.com/watch?v=9u7WertuU0c\r\n\r\nSi vous aussi souhaitez bénéficier de cette opportunité n''hésitez pas à nous contacter par mail ou au +33 (0)6 50 96 92 45.\r\n\r\nCordialement,\r\n\r\nPierre-Alexandre Ponant\r\nEvents Manager\r\nTel : +33 (0)6 50 96 92 45\r\nwww.freestylefans.com\r\n'),
(41, NULL, 'fr', 'N', '2014-03-19 16:04:00', NULL, NULL, 'M.', 'Bernard', 'laure-anne', 'Entreprise', NULL, NULL, NULL, NULL, 'Pays', 'laureanne.bernard@sfr.fr', 'Téléphone', NULL, 'a l''attention de julien , \r\nje n''ai pas reçu votre message du jour ni celui du 4 mars,  concernant l''attestation de présencedu GEST  pour le 9 et 10 janvier 2014 ni ce jour ni le 4 mars, pouvez vous svp adresser copie sur laureanne.bernard@ch-dinan.fr\r\nmerci beaucoup\r\nLaure-Anne Bernard '),
(42, NULL, 'en', 'N', '2014-03-21 21:03:02', NULL, NULL, 'M.', 'Nom', 'First name', 'Company', NULL, NULL, NULL, NULL, 'Country', 'bfozwerh@admltsbb.com', 'Phone', NULL, 'He is responsible for the common traits of capitalism. The Japanese people, the funniest celebrity clips and all possible assistance to those who have not., &lt;a href=&quot;http://sverigeonlinecasino.net/&quot;&gt;casino online sverige&lt;/a&gt;, [url=&quot;http://sverigeonlinecasino.net/&quot;]casino online sverige[/url],  %PP, &lt;a href=&quot;http://theonlinecasinosverige.com/&quot;&gt;casino bonus&lt;/a&gt;, [url=&quot;http://theonlinecasinosverige.com/&quot;]casino bonus[/url],  &gt;:))), '),
(43, NULL, 'en', 'N', '2014-03-24 03:32:51', NULL, NULL, 'M.', 'Nom', 'First name', 'Company', NULL, NULL, NULL, NULL, 'Country', 'hbocxw@epacnq.com', 'Phone', NULL, 'XcG2K4  &lt;a href=&quot;http://evfpahpxfcyt.com/&quot;&gt;evfpahpxfcyt&lt;/a&gt;, [url=http://ulensomsqzll.com/]ulensomsqzll[/url], [link=http://ostsjzrqgvxa.com/]ostsjzrqgvxa[/link], http://htgcxoghkwpp.com/'),
(44, NULL, 'fr', 'N', '2014-03-26 17:23:30', NULL, NULL, 'M.', 'Caubet', 'Antoine', 'NOVA', NULL, NULL, NULL, NULL, 'France', 'antoine@nova-tm.com', '0479289803', NULL, 'Bonjour Madame, Monsieur,\r\n\r\nUn simple mail ne peut vous faire découvrir une société et ses produits dans leurs totalités...\r\n\r\nNous sommes la société NOVA, fabriquant MADE IN FRANCE depuis plus de 20 ans dans le domaine du publicitaire et du retail.\r\n\r\nNous travaillons sur les 6 continents.\r\n\r\nNous avons 2 type de produits :\r\n\r\n* Ceux qui ont fait et qui font encore leur preuve : Tapis de Souris, Magnets, Fix Max II.\r\n* Ceux qui sont en pleine expansion avec un potentiel énorme : Protection Smartphones (+ de 20 références = Iphone / Samsung / Nokia...), tout cela en DOMING, IMPRESSION DIRECTE ET FOLIO.\r\n\r\nCe serai un plaisir de vous rencontrez et pourquoi de développer un partenariat à l''avenir.\r\n\r\nN''hésitez pas à revenir vers moi pour l''envoi d''échantillon gratuit. Un produit dans les mains est toujours plus parlant.\r\n\r\nJe reste à votre entière disposition pour tout renseignement complémentaire.\r\n\r\nBien cordialement, Bonne journée.\r\n\r\nAntoine Caubet\r\nSales Department\r\nNOVA\r\n'),
(45, NULL, 'fr', 'N', '2014-03-27 12:23:28', NULL, NULL, 'M.', 'Ladure', 'Martin', 'ENSEIRB-MATMECA', NULL, NULL, NULL, NULL, 'France', 'martin.ladure@enseirb-matmeca.fr', '0621674187', NULL, '\r\nBonjour, \r\nJe suis un des responsables du club MiX (du groupe Prysme: https://www.facebook.com/prysmusic un collectif de DJ bordelais). Nous animons de nombreux événements étudiants sur bordeaux. De plus, nous assurons la sonorisation et l''éclairage à l''ENSEIRB-MATMECA, lors d''événements rassemblant plus de 1100 élèves. \r\nNous sommes actuellement a la recherche de produit publicitaires à distribuer pendant nos événements. Cela vous assurera une visibilité auprès des étudiants, et sur tout le campus. \r\nJe reste à votre disposition pour tous renseignements complémentaires,\r\nDans l''attente d''une réponse positive de votre part,\r\n\r\n-- \r\n\r\n\r\nMartin LADURE\r\nResponsable Événementiel du BDE\r\nResponsable club MIX\r\nTélécommunications 2ième année\r\nENSEIRB-MATMECA\r\n1, av. Dr Albert Schweitzer 33402 TALENCE Cedex \r\nmartin.ladure@enseirb-matmeca.fr \r\nwww.enseirb-matmeca.fr\r\n'),
(46, NULL, 'fr', 'N', '2014-04-14 07:45:32', NULL, NULL, 'M.', 'lamblot', 'dominique', 'harrypomdeter', NULL, NULL, NULL, NULL, 'france', 'harry@harrypomdeter.com', 'Téléphone', NULL, 'Animation et spectacle de magie avec l''humour du clown Harrypomdeter pour tout événement dans  le sud est.\r\nAnimant le Festival International du Cirque de MONTE CARLO depuis 8 ans Harrypomdeter et son copain Dom le Magicien se produisent en France,Italie, Suisse Tunisie. Dom le Magicien termine le spectacle avec un merveilleux jonglage de Bulles de Savons Géantes.\r\nClose-up, grandes illusions, animation de Mariage, anniversaire, Arbre de Noël, Comité d''entreprise sont quelques unes des activités  de Harrypomdeter et de Dom le Magicien.  \r\nWww.harrypomdeter.com\r\ntel 0615216960'),
(47, NULL, 'fr', 'N', '2014-04-14 18:24:47', NULL, NULL, 'M.', 'Contout', 'Christopher', 'Le Saint Charles', NULL, NULL, NULL, NULL, 'France', 'contout.christopher@hotmail.fr', '06 15 11 43 87', NULL, 'Bonjour, Je suis actuellement en 3ème années DEESMA option Marketing en Alternance dans un restaurant discothèque, mon projet est de passer d''une stratégie Marketing BtoC en une stratégie Marketing BtoB, proposer une prestation de qualité tels que les Afters work, les séminaires, les soirées de comités d''entreprises, je souhaiterai avoirs vos conseils car je suis la seule force de vente et je suis novice dans le domaine. Pourriez vous me montrer les démarches à suivre?\r\nCordialement'),
(48, NULL, 'fr', 'N', '2014-04-23 16:57:42', NULL, NULL, 'M.', 'BROCHARD', 'Jérémy', 'Coffee-Marketing', NULL, NULL, NULL, NULL, 'France', 'brochard.jeremy@gmail.com', '0617324574', NULL, 'TEST'),
(49, NULL, 'fr', 'N', '2014-04-24 10:30:26', NULL, NULL, 'M.', 'BROCHARD', 'Jérémy', 'Coffee-Marketing', NULL, NULL, NULL, NULL, 'FRANCE', 'jeremy.brochard@coffee-marketing.fr', '0617324574', NULL, 'test test 24APR 10H30'),
(50, NULL, 'fr', 'N', '2014-05-06 12:00:23', NULL, NULL, 'M.', 'RAKOTO', 'Cédric', 'Wholesaler-website', NULL, NULL, NULL, NULL, 'Madagascar', 'cedric@wholesaler-website.com', 'Téléphone', NULL, 'Sous traitance de sites web\r\nBonjour,\r\nMonsieur, Madame\r\nJe suis un représentant de la société WholeSaler Website, sous-traitant en création de sites internet, graphismes et référencement. Nous travaillons uniquement  en tant que sous-traitant  pour le compte d’agences web telles que la vôtre.\r\nVous avez des demandes dans ces domaines, mais vous manquez de temps ou ne disposez pas du personnel nécessaire. Vous pouvez nous  confier  vos projets en sous-traitance et externaliser vos besoins de façon temporaire ou permanente.\r\nNous vous garantissons une tarification ultra intéressante et un résultat digne du made in France. Vous pouvez nous confier la totalité de votre projet web et vous concentrer dorénavant  sur la prospection clients. \r\nAfin de constater par vous-même nos tarifs, nous vous invitons à nous transmettre le cahier des charges de votre prochain client. Dès sa réception nous vous  transmettrons notre devis.\r\nSi ce dernier est validé par vos soins, nous réaliserons la totalité dudit site et ensuite vous règlerez le montant total. Ces conditions ne sont valables que pour la première réalisation. Pour les projets suivants,  les modalités de paiement sont les suivantes : 50% à la commande et 50% à la livraison.\r\nNous aimerions avoir votre retour même si vous ne souhaitez pas de partenariat. \r\nSi vous avez besoin de plus d’informations, nous restons à votre entière disposition pour en discuter.\r\nBien cordialement, \r\nCédric RAKOTO\r\nMarketing Wholesaler Website \r\nParis, France / Téléphone: +339 70 46 37 77\r\nAntananarivo, MADAGASCAR / Téléphone: +261 3402 54437\r\ndevis@wholesaler-website.com - www.wholesaler-website.com\r\n\r\n'),
(51, NULL, 'fr', 'N', '2014-05-14 14:49:15', NULL, NULL, 'M.', 'BROCHARD TEST', 'TEST', 'Coffee-Marketing', NULL, NULL, NULL, NULL, 'FRANCE', 'brochard.jeremy@gmail.com', '0617324574', NULL, 'TEST'),
(52, NULL, 'en', 'N', '2014-05-14 15:42:06', NULL, NULL, 'M.', 'BROCHARD', 'TEST', 'TEST', NULL, NULL, NULL, NULL, 'FR', 'brochard.jeremy@gmail.com', '0798789789', NULL, 'TEST'),
(53, NULL, 'fr', 'N', '2014-05-25 22:55:11', NULL, NULL, 'M.', 'saby', 'svetlana', 'L&amp;M', NULL, NULL, NULL, NULL, 'france', 'lanasaby34@gmail.com', '0643568447', NULL, 'Bonjour!\r\nJe vous propose mes services dans les domaines : traduction – interprétariat français, russe, ukrainien sur la Côte d’Azur.\r\n Traduction:\r\n•	 Technique (devis, factures, menus, notices, manuels, procédés de fabrication, brochures commerciales, …)\r\n•	Juridique (contrats, transactions, jugements,…)\r\n•	Économie et finances (rapports annuels, rapports d''audit, analyses de marché,…)\r\n•	Informatique (logiciels et sites WEB)\r\n•	Presse et édition (articles, reportages, interviews, essais, œuvres littéraires,…)\r\n•	 Correspondance d’affaire et personnelle \r\n Interprétariat et accompagnement:\r\n•	Interprétation simultanée et consécutive pour conférences, congrès, salons, rencontres d’affaires\r\n•	Accompagnement, Organisation de programmes culturels et touristiques\r\n•	Visites guidées pendant un séjour touristique en France\r\nFormation:\r\n•	Cours de russe - français pour tous les niveaux et tous les âges\r\nJe suis prête pour accueillir toute coopération et contre-propositions.\r\nJe suis à votre service. Svetlana SABY.\r\nL&amp;M Svetlana Saby \r\n06400 Cannes  \r\nTel.: +33 6 43 56 84 47\r\nlanaservice34@gmail.com\r\nhttp://lanaservice.com\r\n'),
(54, NULL, 'en', 'N', '2014-06-13 05:57:55', NULL, NULL, 'M.', 'Nom', 'First name', 'Company', NULL, NULL, NULL, NULL, 'Country', 'dsjglb@mkhnzk.com', 'Phone', NULL, 'BYsKKa  &lt;a href=&quot;http://vnvyitepplhv.com/&quot;&gt;vnvyitepplhv&lt;/a&gt;, [url=http://dgnjpjjvlkdq.com/]dgnjpjjvlkdq[/url], [link=http://tqrznsuwmqlt.com/]tqrznsuwmqlt[/link], http://qkwvmggcunmo.com/'),
(55, NULL, 'fr', 'N', '2014-06-19 19:01:45', NULL, NULL, 'M.', 'ingrassia', 'franck', 'Platinum limousine', NULL, NULL, NULL, NULL, 'france ', 'contact@platinumlimousine.fr', '0601007290', NULL, '\r\nBonjour, \r\nNous sommes à votre disposition sur Cannes et ces alentours.\r\nDisponible pour le transport avec chauffeur et équiper de limousine stretch type lincoln town car, Mercedes Class S ou Viano mais aussi de Cadillac escalade.\r\nNous disposons de voiture de prestige mais aussi de collection si vous vous voulez faire découvrir notre belle région dans des voitures d’exception.\r\nNous disposons aussi d''un bateau de 13.80m pouvant contenir 14 personnes et d''un autre de 15m pouvant contenir 13 personnes plus le skipper.\r\nDes formules sont disponible pour des après-midi exemple: 1h de limousine avec une bouteille de champagne, 4h de bateaux avec du Rosé d''Or servie à bord et un repas sur une plage de la croisette avec entré, plat et dessert.\r\nMais d autre aussi pour les feu d''artifice etc...\r\nJe reste à votre disposition.\r\nCordialement  '),
(56, NULL, 'en', 'N', '2014-07-01 05:01:02', NULL, NULL, 'M.', 'Nom', 'First name', 'Company', NULL, NULL, NULL, NULL, 'Country', 'xgrryr@wcmqdn.com', 'Phone', NULL, 'Qd08ay  &lt;a href=&quot;http://dwylroatkhev.com/&quot;&gt;dwylroatkhev&lt;/a&gt;, [url=http://ehnvmmurtkgi.com/]ehnvmmurtkgi[/url], [link=http://hqpnxwtsxkzy.com/]hqpnxwtsxkzy[/link], http://zwswogwgqhjf.com/');

-- --------------------------------------------------------

--
-- Structure de la table `contenus`
--

