CREATE TABLE IF NOT EXISTS `emplois` (
  `emplois_id` int(10) unsigned NOT NULL AUTO_INCREMENT,
  `emplois_active` enum('Y','N') NOT NULL DEFAULT 'N',
  `emplois_profil` enum('superviseur','referenceur','administrateur','commercial','redacteur') NOT NULL DEFAULT 'administrateur',
  `agences_id` int(10) unsigned DEFAULT NULL,
  `emplois_date` date DEFAULT NULL,
  `emplois_reference` varchar(50) DEFAULT NULL,
  `emplois_renumeration` decimal(10,2) DEFAULT NULL,
  PRIMARY KEY (`emplois_id`),
  KEY `fk_emplois_agences_id` (`agences_id`)
) ENGINE=InnoDB DEFAULT CHARSET=utf8 AUTO_INCREMENT=1 ;

-- --------------------------------------------------------

--
-- Structure de la table `emplois_diffusion`
--

CREATE TABLE IF NOT EXISTS `emplois_diffusion` (
  `emplois_id` int(10) unsigned NOT NULL,
  `ndd` varchar(5) NOT NULL,
  `emplois_diffusion_active` varchar(50) NOT NULL DEFAULT 'N',
  PRIMARY KEY (`emplois_id`,`ndd`),
  KEY `fk_emploisdiffusion_emplois_id` (`emplois_id`)
) ENGINE=InnoDB DEFAULT CHARSET=utf8;

-- --------------------------------------------------------

--
-- Structure de la table `emplois_translation`
--

CREATE TABLE IF NOT EXISTS `emplois_translation` (
  `emplois_id` int(10) unsigned NOT NULL,
  `lang` varchar(2) NOT NULL,
  `emplois_intitule` varchar(150) DEFAULT NULL,
  `emplois_description` text,
  `emplois_complement` text,
  PRIMARY KEY (`emplois_id`,`lang`),
  KEY `fk_emplois_emplois_id` (`emplois_id`)
) ENGINE=InnoDB DEFAULT CHARSET=utf8;

-- --------------------------------------------------------

--
-- Structure de la table `familles`
--

CREATE TABLE IF NOT EXISTS `familles` (
  `familles_id` int(10) unsigned NOT NULL AUTO_INCREMENT,
  `familles_active` enum('Y','N') NOT NULL DEFAULT 'N',
  `familles_profil` enum('superviseur','referenceur','administrateur','commercial','redacteur') NOT NULL DEFAULT 'administrateur',
  `agences_id` int(10) unsigned DEFAULT NULL,
  `familles_affmenu` enum('Y','N') NOT NULL DEFAULT 'N',
  `familles_affaccueil` enum('Y','N') NOT NULL DEFAULT 'N',
  `marques_id` int(10) unsigned DEFAULT NULL,
  `familles_bandeau` varchar(150) DEFAULT NULL,
  `familles_vignette` varchar(150) DEFAULT NULL,
  `familles_codecouleur` varchar(7) DEFAULT NULL,
  `familles_bg` int(11) NOT NULL DEFAULT '0',
  `familles_bd` int(11) NOT NULL DEFAULT '0',
  `familles_niveau` int(10) unsigned NOT NULL DEFAULT '1',
  `parents_id` int(10) unsigned DEFAULT NULL,
  PRIMARY KEY (`familles_id`),
  KEY `fk_familles_parents_id` (`parents_id`),
  KEY `fk_familles_marques_id` (`marques_id`),
  KEY `fk_familles_agences_id` (`agences_id`)
) ENGINE=InnoDB DEFAULT CHARSET=utf8 AUTO_INCREMENT=1 ;

-- --------------------------------------------------------

--
-- Structure de la table `familles_annonces`
--

CREATE TABLE IF NOT EXISTS `familles_annonces` (
  `familles_id` int(10) unsigned NOT NULL,
  `annonces_id` int(10) unsigned NOT NULL,
  PRIMARY KEY (`familles_id`,`annonces_id`),
  KEY `fk_famillesannonces_familles_id` (`familles_id`),
  KEY `fk_famillesannonces_annonces_id` (`annonces_id`)
) ENGINE=InnoDB DEFAULT CHARSET=utf8;

-- --------------------------------------------------------

--
-- Structure de la table `familles_formations`
--

CREATE TABLE IF NOT EXISTS `familles_formations` (
  `familles_id` int(10) unsigned NOT NULL,
  `formations_id` int(10) unsigned NOT NULL,
  PRIMARY KEY (`familles_id`,`formations_id`),
  KEY `fk_famillesformations_familles_id` (`familles_id`),
  KEY `fk_famillesformations_formations_id` (`formations_id`)
) ENGINE=InnoDB DEFAULT CHARSET=utf8;

-- --------------------------------------------------------

--
-- Structure de la table `familles_produits`
--

CREATE TABLE IF NOT EXISTS `familles_produits` (
  `familles_id` int(10) unsigned NOT NULL,
  `produits_id` int(10) unsigned NOT NULL,
  PRIMARY KEY (`familles_id`,`produits_id`),
  KEY `fk_famillesproduits_familles_id` (`familles_id`),
  KEY `fk_famillesproduits_produits_id` (`produits_id`)
) ENGINE=InnoDB DEFAULT CHARSET=utf8;

-- --------------------------------------------------------

--
-- Structure de la table `familles_translation`
--

CREATE TABLE IF NOT EXISTS `familles_translation` (
  `familles_id` int(10) unsigned NOT NULL,
  `lang` varchar(2) NOT NULL,
  `meta_title` varchar(250) DEFAULT NULL,
  `meta_description` varchar(250) DEFAULT NULL,
  `meta_keywords` varchar(250) DEFAULT NULL,
  `familles_titremenu` varchar(150) DEFAULT NULL,
  `familles_libelle` varchar(150) NOT NULL,
  `familles_accroche` text,
  `familles_description` longtext,
  `familles_bouton` varchar(150) DEFAULT NULL,
  PRIMARY KEY (`familles_id`,`lang`),
  KEY `fk_familles_familles_id` (`familles_id`)
) ENGINE=InnoDB DEFAULT CHARSET=utf8;

-- --------------------------------------------------------

--
-- Structure de la table `faqs`
--

CREATE TABLE IF NOT EXISTS `faqs` (
  `faqs_id` int(10) unsigned NOT NULL AUTO_INCREMENT,
  `faqs_active` enum('Y','N') NOT NULL DEFAULT 'N',
  `faqs_profil` enum('superviseur','referenceur','administrateur','commercial','redacteur') NOT NULL DEFAULT 'administrateur',
  `agences_id` int(10) unsigned DEFAULT NULL,
  `univers_id` int(10) unsigned DEFAULT NULL,
  `faqs_image` varchar(150) DEFAULT NULL,
  `faqs_ordre` int(10) unsigned NOT NULL DEFAULT '1',
  PRIMARY KEY (`faqs_id`),
  KEY `fk_faqs_univers_id` (`univers_id`),
  KEY `fk_faqs_agences_id` (`agences_id`)
) ENGINE=InnoDB DEFAULT CHARSET=utf8 AUTO_INCREMENT=1 ;

-- --------------------------------------------------------

--
-- Structure de la table `faqs_diffusion`
--

CREATE TABLE IF NOT EXISTS `faqs_diffusion` (
  `faqs_id` int(10) unsigned NOT NULL,
  `ndd` varchar(5) NOT NULL,
  `faqs_diffusion_active` enum('Y','N') NOT NULL DEFAULT 'N',
  PRIMARY KEY (`faqs_id`,`ndd`),
  KEY `fk_faqsdiffusion_faqs_id` (`faqs_id`)
) ENGINE=InnoDB DEFAULT CHARSET=utf8;

-- --------------------------------------------------------

--
-- Structure de la table `faqs_translation`
--

CREATE TABLE IF NOT EXISTS `faqs_translation` (
  `faqs_id` int(10) unsigned NOT NULL,
  `lang` varchar(2) NOT NULL,
  `meta_title` varchar(250) DEFAULT NULL,
  `meta_description` varchar(250) DEFAULT NULL,
  `meta_keywords` varchar(250) DEFAULT NULL,
  `faqs_question` varchar(250) NOT NULL,
  `faqs_reponse` longtext,
  PRIMARY KEY (`faqs_id`,`lang`),
  KEY `fk_faqs_faqs_id` (`faqs_id`)
) ENGINE=InnoDB DEFAULT CHARSET=utf8;

-- --------------------------------------------------------

--
-- Structure de la table `favoris`
--

CREATE TABLE IF NOT EXISTS `favoris` (
  `produits_id` int(10) unsigned NOT NULL,
  `users_id` int(10) unsigned NOT NULL,
  `favoris_ordre` int(10) unsigned NOT NULL DEFAULT '1',
  PRIMARY KEY (`produits_id`,`users_id`),
  KEY `fk_favoris_produits_id` (`produits_id`),
  KEY `fk_favoris_users_id` (`users_id`)
) ENGINE=InnoDB DEFAULT CHARSET=utf8;

-- --------------------------------------------------------

--
-- Structure de la table `formations`
--

CREATE TABLE IF NOT EXISTS `formations` (
  `formations_id` int(10) unsigned NOT NULL AUTO_INCREMENT,
  `formations_active` enum('Y','N') NOT NULL DEFAULT 'N',
  `formations_profil` enum('superviseur','referenceur','administrateur','commercial','redacteur') NOT NULL DEFAULT 'administrateur',
  `agences_id` int(10) unsigned DEFAULT NULL,
  `familles_id` int(10) unsigned DEFAULT NULL,
  `formations_duree` int(11) DEFAULT NULL,
  `formations_cout` decimal(10,2) DEFAULT NULL,
  `formations_photo` varchar(150) DEFAULT NULL,
  `formations_pictogramme` varchar(150) DEFAULT NULL,
  `formations_marketing1` enum('Y','N') NOT NULL DEFAULT 'N',
  `formations_marketing2` enum('Y','N') NOT NULL DEFAULT 'N',
  `formations_marketing3` enum('Y','N') NOT NULL DEFAULT 'N',
  `formations_marketing4` enum('Y','N') NOT NULL DEFAULT 'N',
  `formations_marketing5` enum('Y','N') NOT NULL DEFAULT 'N',
  `formations_accueil` enum('Y','N') NOT NULL DEFAULT 'N',
  `formations_ordre` int(10) unsigned NOT NULL DEFAULT '1',
  PRIMARY KEY (`formations_id`),
  KEY `fk_formations_familles_id` (`familles_id`),
  KEY `fk_formations_agences_id` (`agences_id`)
) ENGINE=InnoDB DEFAULT CHARSET=utf8 AUTO_INCREMENT=1 ;

-- --------------------------------------------------------

--
-- Structure de la table `formations_associes`
--

CREATE TABLE IF NOT EXISTS `formations_associes` (
  `formations_id` int(10) unsigned NOT NULL,
  `associes_id` int(10) unsigned NOT NULL,
  KEY `fk_formationsassocies_associes_id` (`associes_id`),
  KEY `fk_formationsassocies_formations_id` (`formations_id`)
) ENGINE=InnoDB DEFAULT CHARSET=utf8;

-- --------------------------------------------------------

--
-- Structure de la table `formations_diffusion`
--

CREATE TABLE IF NOT EXISTS `formations_diffusion` (
  `formations_id` int(10) unsigned NOT NULL,
  `ndd` varchar(5) NOT NULL,
  `formations_diffusion_active` enum('Y','N') NOT NULL DEFAULT 'N',
  PRIMARY KEY (`formations_id`,`ndd`),
  KEY `fk_formationsdiffusion_formations_id` (`formations_id`)
) ENGINE=InnoDB DEFAULT CHARSET=utf8;

-- --------------------------------------------------------

--
-- Structure de la table `formations_translation`
--

CREATE TABLE IF NOT EXISTS `formations_translation` (
  `formations_id` int(10) unsigned NOT NULL,
  `lang` varchar(2) NOT NULL,
  `meta_title` varchar(250) DEFAULT NULL,
  `meta_description` varchar(250) DEFAULT NULL,
  `meta_keywords` varchar(250) DEFAULT NULL,
  `formations_nom` varchar(150) NOT NULL,
  `formations_resume` varchar(250) DEFAULT NULL,
  `formations_description` longtext,
  `formations_cible` text,
  `formations_objectifs` text,
  `formations_methodologie` text,
  `formations_programmej1` text,
  `formations_programmej2` text,
  `formations_programmej3` text,
  `formations_document` varchar(150) DEFAULT NULL,
  `formations_video` text,
  PRIMARY KEY (`formations_id`,`lang`),
  KEY `fk_formations_formations_id` (`formations_id`)
) ENGINE=InnoDB DEFAULT CHARSET=utf8;

-- --------------------------------------------------------

--
-- Structure de la table `fournisseurs`
--

CREATE TABLE IF NOT EXISTS `fournisseurs` (
  `fournisseurs_id` int(10) unsigned NOT NULL AUTO_INCREMENT,
  `fournisseurs_active` enum('Y','N') NOT NULL DEFAULT 'N',
  `fournisseurs_profil` enum('superviseur','referenceur','administrateur','commercial','redacteur') NOT NULL DEFAULT 'administrateur',
  `agences_id` int(10) unsigned DEFAULT NULL,
  `fournisseurs_societe` varchar(150) NOT NULL,
  `fournisseurs_adresse` varchar(150) DEFAULT NULL,
  `fournisseurs_complement` varchar(150) DEFAULT NULL,
  `fournisseurs_codepostal` varchar(10) DEFAULT NULL,
  `fournisseurs_ville` varchar(150) DEFAULT NULL,
  `fournisseurs_pays` varchar(150) DEFAULT NULL,
  `fournisseurs_logo` varchar(50) DEFAULT NULL,
  `fournisseurs_acheteur` varchar(150) DEFAULT NULL,
  `fournisseurs_email` varchar(150) DEFAULT NULL,
  `fournisseurs_telephone` varchar(50) DEFAULT NULL,
  `fournisseurs_portable` varchar(50) DEFAULT NULL,
  `fournisseurs_envoicmd` enum('Y','N') NOT NULL DEFAULT 'N',
  `fournisseurs_ordre` int(10) unsigned NOT NULL DEFAULT '1',
  PRIMARY KEY (`fournisseurs_id`),
  KEY `fk_fournisseurs_agences_id` (`agences_id`)
) ENGINE=InnoDB DEFAULT CHARSET=utf8 AUTO_INCREMENT=1 ;

-- --------------------------------------------------------

--
-- Structure de la table `fournisseurs_translation`
--

CREATE TABLE IF NOT EXISTS `fournisseurs_translation` (
  `fournisseurs_id` int(10) unsigned NOT NULL,
  `lang` varchar(2) NOT NULL,
  `meta_title` varchar(250) DEFAULT NULL,
  `meta_description` varchar(250) DEFAULT NULL,
  `meta_keywords` varchar(250) DEFAULT NULL,
  `fournisseurs_description` longtext,
  PRIMARY KEY (`fournisseurs_id`,`lang`),
  KEY `fk_fournisseurs_fournisseurs_id` (`fournisseurs_id`)
) ENGINE=InnoDB DEFAULT CHARSET=utf8;

-- --------------------------------------------------------

--
-- Structure de la table `gammes`
--

CREATE TABLE IF NOT EXISTS `gammes` (
  `gammes_id` int(10) unsigned NOT NULL AUTO_INCREMENT,
  `gammes_active` enum('Y','N') NOT NULL DEFAULT 'N',
  `gammes_profil` enum('superviseur','referenceur','administrateur','commercial','redacteur') NOT NULL DEFAULT 'administrateur',
  `agences_id` int(10) unsigned DEFAULT NULL,
  `familles_id` int(10) unsigned DEFAULT NULL,
  `gammes_affmenu` enum('Y','N') NOT NULL DEFAULT 'N',
  `gammes_photo` varchar(150) DEFAULT NULL,
  `gammes_ordre` int(10) unsigned NOT NULL DEFAULT '1',
  PRIMARY KEY (`gammes_id`),
  KEY `fk_gammes_agences_id` (`agences_id`),
  KEY `fk_gammes_familles_id` (`familles_id`)
) ENGINE=InnoDB DEFAULT CHARSET=utf8 AUTO_INCREMENT=1 ;

-- --------------------------------------------------------

--
-- Structure de la table `gammes_translation`
--

CREATE TABLE IF NOT EXISTS `gammes_translation` (
  `gammes_id` int(10) unsigned NOT NULL,
  `lang` varchar(2) NOT NULL,
  `gammes_libelle` varchar(150) NOT NULL,
  `gammes_description` text,
  `gammes_complement` text,
  PRIMARY KEY (`gammes_id`,`lang`),
  KEY `fk_gammes_gammes_id` (`gammes_id`)
) ENGINE=InnoDB DEFAULT CHARSET=utf8;

-- --------------------------------------------------------

--
-- Structure de la table `gestions`
--

CREATE TABLE IF NOT EXISTS `gestions` (
  `agences_id` int(10) unsigned NOT NULL,
  `domaines_code` varchar(5) NOT NULL,
  `gestions_active` enum('Y','N') NOT NULL DEFAULT 'N',
  `gestions_defaut` enum('Y','N') NOT NULL DEFAULT 'N',
  PRIMARY KEY (`agences_id`,`domaines_code`),
  KEY `fk_gestions_agences_id` (`agences_id`),
  KEY `fk_gestions_domaines_code` (`domaines_code`)
) ENGINE=InnoDB DEFAULT CHARSET=utf8;

--
-- Contenu de la table `gestions`
--

INSERT INTO `gestions` (`agences_id`, `domaines_code`, `gestions_active`, `gestions_defaut`) VALUES
(1, 'fr', 'Y', 'N'),
(2, 'fr', 'Y', 'N');

-- --------------------------------------------------------

--
-- Structure de la table `grillesfdp`
--

CREATE TABLE IF NOT EXISTS `grillesfdp` (
  `grillesfdp_id` int(10) unsigned NOT NULL AUTO_INCREMENT,
  `transporteurs_id` int(10) unsigned NOT NULL,
  `grillesfdp_saisieprix` enum('ht','ttc') NOT NULL DEFAULT 'ht',
  `grillesfdp_affichageprix` enum('ht','ttc') NOT NULL DEFAULT 'ht',
  `grillesfdp_poidsmin` decimal(10,2) NOT NULL,
  `grillesfdp_poidsmax` decimal(10,2) NOT NULL,
  `grillesfdp_prix` decimal(10,2) NOT NULL,
  PRIMARY KEY (`grillesfdp_id`),
  KEY `fk_grillesfdp_transporteurs_id` (`transporteurs_id`)
) ENGINE=InnoDB DEFAULT CHARSET=utf8 AUTO_INCREMENT=1 ;

-- --------------------------------------------------------

--
-- Structure de la table `grillesprix`
--

CREATE TABLE IF NOT EXISTS `grillesprix` (
  `grillesprix_id` int(10) unsigned NOT NULL AUTO_INCREMENT,
  `produits_id` int(10) unsigned NOT NULL,
  `ndd` varchar(5) NOT NULL,
  `grillesprix_quantite` int(10) unsigned NOT NULL,
  `grillesprix_saisieprix` enum('ht','ttc') NOT NULL DEFAULT 'ht',
  `grillesprix_affichageprix` enum('ht','ttc') NOT NULL DEFAULT 'ht',
  `grillesprix_prixpublic` decimal(10,2) DEFAULT NULL,
  `grillesprix_promopublicprix` decimal(10,2) DEFAULT NULL,
  `grillesprix_prixpro` decimal(10,2) DEFAULT NULL,
  `grillesprix_promoproprix` decimal(10,2) DEFAULT NULL,
  PRIMARY KEY (`grillesprix_id`),
  KEY `fk_grillesprix_produitsdiffusion_id` (`produits_id`)
) ENGINE=InnoDB DEFAULT CHARSET=utf8 AUTO_INCREMENT=1 ;

-- --------------------------------------------------------

--
-- Structure de la table `inscriptions`
--

CREATE TABLE IF NOT EXISTS `inscriptions` (
  `inscriptions_id` int(10) unsigned NOT NULL AUTO_INCREMENT,
  `ndd` varchar(5) DEFAULT NULL,
  `lang` varchar(2) NOT NULL,
  `inscriptions_traite` enum('Y','N') NOT NULL DEFAULT 'N',
  `inscriptions_reception` datetime NOT NULL,
  `inscriptions_traitement` datetime DEFAULT NULL,
  `inscriptions_civilite` enum('M.','Mme','Mlle') NOT NULL DEFAULT 'M.',
  `inscriptions_nom` varchar(150) NOT NULL,
  `inscriptions_prenom` varchar(150) DEFAULT NULL,
  `inscriptions_societe` varchar(150) DEFAULT NULL,
  `inscriptions_service` varchar(150) DEFAULT NULL,
  `inscriptions_fonction` varchar(150) DEFAULT NULL,
  `inscriptions_responsable` varchar(150) DEFAULT NULL,
  `inscriptions_adresse` varchar(150) DEFAULT NULL,
  `inscriptions_complement` varchar(150) DEFAULT NULL,
  `inscriptions_codepostal` varchar(10) DEFAULT NULL,
  `inscriptions_ville` varchar(150) DEFAULT NULL,
  `inscriptions_pays` varchar(150) DEFAULT NULL,
  `inscriptions_email` varchar(150) DEFAULT NULL,
  `inscriptions_telephone` varchar(50) DEFAULT NULL,
  `inscriptions_portable` varchar(50) DEFAULT NULL,
  `inscriptions_message` text,
  `formations_id` int(10) unsigned DEFAULT NULL,
  `inscriptions_formationnom` varchar(150) DEFAULT NULL,
  `sessions_id` int(10) unsigned DEFAULT NULL,
  `inscriptions_sessionlieu` varchar(150) DEFAULT NULL,
  `inscriptions_sessiondatedebut` date DEFAULT NULL,
  `inscriptions_sessiondatefin` date DEFAULT NULL,
  `inscriptions_avertir` enum('Y','N') NOT NULL DEFAULT 'N',
  PRIMARY KEY (`inscriptions_id`),
  KEY `fk_insccriptions_formations_id` (`formations_id`),
  KEY `fk_inscriptions_sessions_id` (`sessions_id`)
) ENGINE=InnoDB DEFAULT CHARSET=utf8 AUTO_INCREMENT=1 ;

-- --------------------------------------------------------

--
-- Structure de la table `jeuxattributs`
--

CREATE TABLE IF NOT EXISTS `jeuxattributs` (
  `jeuxattributs_id` int(10) unsigned NOT NULL AUTO_INCREMENT,
  `jeuxattributs_active` enum('Y','N') NOT NULL DEFAULT 'N',
  PRIMARY KEY (`jeuxattributs_id`)
) ENGINE=InnoDB DEFAULT CHARSET=utf8 AUTO_INCREMENT=1 ;

-- --------------------------------------------------------

--
-- Structure de la table `jeuxattributs_translation`
--

CREATE TABLE IF NOT EXISTS `jeuxattributs_translation` (
  `jeuxattributs_id` int(10) unsigned NOT NULL,
  `lang` varchar(2) NOT NULL,
  `jeuxattributs_nom` varchar(250) NOT NULL,
  PRIMARY KEY (`jeuxattributs_id`,`lang`),
  KEY `fk_jeuxattributs_jeuxattributs_id` (`jeuxattributs_id`)
) ENGINE=InnoDB DEFAULT CHARSET=utf8;

-- --------------------------------------------------------

--
-- Structure de la table `langues`
--

CREATE TABLE IF NOT EXISTS `langues` (
  `langues_code` varchar(2) NOT NULL,
  `langues_active` enum('Y','N') NOT NULL DEFAULT 'N',
  `langues_alpha2` varchar(2) DEFAULT NULL,
  `langues_libelle` varchar(50) NOT NULL,
  `langues_datecourt` varchar(10) DEFAULT NULL,
  `langues_datelong` varchar(50) DEFAULT NULL,
  `langues_datetime` varchar(50) DEFAULT NULL,
  PRIMARY KEY (`langues_code`)
) ENGINE=InnoDB DEFAULT CHARSET=utf8;

--
-- Contenu de la table `langues`
--

INSERT INTO `langues` (`langues_code`, `langues_active`, `langues_alpha2`, `langues_libelle`, `langues_datecourt`, `langues_datelong`, `langues_datetime`) VALUES
('en', 'Y', 'en', 'English', NULL, NULL, NULL),
('fr', 'Y', 'fr', 'Français', NULL, NULL, NULL);

-- --------------------------------------------------------

--
-- Structure de la table `lexiques`
--

CREATE TABLE IF NOT EXISTS `lexiques` (
  `lexiques_id` int(10) unsigned NOT NULL AUTO_INCREMENT,
  `lexiques_active` enum('Y','N') NOT NULL DEFAULT 'N',
  `lexiques_profil` enum('superviseur','referenceur','administrateur','commercial','redacteur') NOT NULL DEFAULT 'administrateur',
  `agences_id` int(10) unsigned DEFAULT NULL,
  `univers_id` int(10) unsigned DEFAULT NULL,
  `lexiques_image` varchar(150) DEFAULT NULL,
  `lexiques_ordre` int(10) unsigned NOT NULL DEFAULT '1',
  PRIMARY KEY (`lexiques_id`),
  KEY `fk_lexiques_univers_id` (`univers_id`),
  KEY `fk_agences_id` (`agences_id`)
) ENGINE=InnoDB DEFAULT CHARSET=utf8 AUTO_INCREMENT=1 ;

-- --------------------------------------------------------

--
-- Structure de la table `lexiques_diffusion`
--

CREATE TABLE IF NOT EXISTS `lexiques_diffusion` (
  `lexiques_id` int(10) unsigned NOT NULL,
  `ndd` varchar(5) NOT NULL,
  `lexiques_diffusion_active` enum('Y','N') NOT NULL DEFAULT 'N',
  PRIMARY KEY (`lexiques_id`,`ndd`),
  KEY `fk_lexiquesdiffusion_lexiques_id` (`lexiques_id`)
) ENGINE=InnoDB DEFAULT CHARSET=utf8;

-- --------------------------------------------------------

--
-- Structure de la table `lexiques_translation`
--

CREATE TABLE IF NOT EXISTS `lexiques_translation` (
  `lexiques_id` int(10) unsigned NOT NULL,
  `lang` varchar(2) NOT NULL,
  `meta_title` varchar(250) DEFAULT NULL,
  `meta_description` varchar(250) DEFAULT NULL,
  `meta_keywords` varchar(250) DEFAULT NULL,
  `lexiques_definition` varchar(250) NOT NULL,
  `lexiques_resume` text,
  `lexiques_description` longtext,
  PRIMARY KEY (`lexiques_id`,`lang`),
  KEY `fk_lexiques_lexiques_id` (`lexiques_id`)
) ENGINE=InnoDB DEFAULT CHARSET=utf8;

-- --------------------------------------------------------

--
-- Structure de la table `livraisons`
--

CREATE TABLE IF NOT EXISTS `livraisons` (
  `livraisons_id` int(10) unsigned NOT NULL AUTO_INCREMENT,
  `users_id` int(10) unsigned NOT NULL,
  `livraisons_civilite` enum('M.','Mme','Mlle') NOT NULL DEFAULT 'M.',
  `livraisons_nom` varchar(150) DEFAULT NULL,
  `livraisons_prenom` varchar(150) DEFAULT NULL,
  `livraisons_societe` varchar(150) DEFAULT NULL,
  `livraisons_adresse` varchar(150) DEFAULT NULL,
  `livraisons_complement` varchar(150) DEFAULT NULL,
  `livraisons_codepostal` varchar(10) DEFAULT NULL,
  `livraisons_ville` varchar(150) DEFAULT NULL,
  `pays_id` int(10) unsigned NOT NULL,
  `livraisons_telephone` varchar(50) DEFAULT NULL,
  `livraisons_portable` varchar(50) DEFAULT NULL,
  PRIMARY KEY (`livraisons_id`),
  KEY `fk_livraisons_users_id` (`users_id`),
  KEY `fk_livraisons_pays_id` (`pays_id`)
) ENGINE=InnoDB DEFAULT CHARSET=utf8 AUTO_INCREMENT=1 ;

-- --------------------------------------------------------

--
-- Structure de la table `localisation`
--

CREATE TABLE IF NOT EXISTS `localisation` (
  `dictionnaire_id` int(10) unsigned NOT NULL,
  `lang` varchar(2) NOT NULL,
  `localisation_table` varchar(20) NOT NULL,
  `localisation_priority` int(11) NOT NULL,
  `localisation_id` int(11) NOT NULL,
  UNIQUE KEY `uk_localisation_unique` (`dictionnaire_id`,`lang`,`localisation_table`,`localisation_priority`,`localisation_id`)
) ENGINE=InnoDB DEFAULT CHARSET=utf8;

--
-- Contenu de la table `localisation`
--

INSERT INTO `localisation` (`dictionnaire_id`, `lang`, `localisation_table`, `localisation_priority`, `localisation_id`) VALUES
(50, 'fr', 'actualites', 1, 22),
(105, 'fr', 'actualites', 3, 2),
(105, 'fr', 'actualites', 3, 3),
(105, 'fr', 'actualites', 3, 4),
(106, 'fr', 'actualites', 3, 2),
(106, 'fr', 'actualites', 3, 3),
(106, 'fr', 'actualites', 3, 4),
(106, 'fr', 'actualites', 3, 5),
(107, 'fr', 'actualites', 2, 2),
(107, 'fr', 'actualites', 2, 3),
(107, 'fr', 'actualites', 2, 4),
(108, 'fr', 'actualites', 3, 5),
(109, 'fr', 'actualites', 1, 5),
(109, 'fr', 'actualites', 2, 5),
(110, 'fr', 'actualites', 1, 5),
(110, 'fr', 'actualites', 2, 5),
(111, 'fr', 'actualites', 1, 5),
(111, 'fr', 'actualites', 2, 5),
(112, 'fr', 'actualites', 1, 5),
(112, 'fr', 'actualites', 2, 5),
(113, 'fr', 'actualites', 1, 5),
(113, 'fr', 'actualites', 2, 5),
(114, 'fr', 'actualites', 1, 5),
(114, 'fr', 'actualites', 2, 5),
(115, 'fr', 'actualites', 1, 5),
(115, 'fr', 'actualites', 2, 5),
(116, 'fr', 'actualites', 1, 5),
(116, 'fr', 'actualites', 2, 5),
(117, 'fr', 'actualites', 1, 5),
(117, 'fr', 'actualites', 2, 5),
(118, 'fr', 'actualites', 1, 5),
(118, 'fr', 'actualites', 2, 5),
(119, 'fr', 'actualites', 1, 5),
(119, 'fr', 'actualites', 2, 5),
(120, 'fr', 'actualites', 2, 5),
(121, 'fr', 'actualites', 1, 5),
(121, 'fr', 'actualites', 2, 5),
(122, 'fr', 'actualites', 1, 5),
(122, 'fr', 'actualites', 2, 5),
(123, 'fr', 'actualites', 1, 5),
(123, 'fr', 'actualites', 2, 5),
(124, 'fr', 'actualites', 1, 5),
(124, 'fr', 'actualites', 2, 5),
(125, 'fr', 'actualites', 1, 5),
(125, 'fr', 'actualites', 2, 5),
(126, 'fr', 'actualites', 1, 5),
(126, 'fr', 'actualites', 2, 5),
(127, 'fr', 'actualites', 1, 5),
(128, 'fr', 'actualites', 1, 5),
(129, 'fr', 'actualites', 1, 5),
(130, 'fr', 'actualites', 1, 5),
(131, 'fr', 'actualites', 1, 5),
(132, 'fr', 'actualites', 1, 5),
(133, 'fr', 'actualites', 1, 5),
(134, 'fr', 'actualites', 1, 5),
(135, 'fr', 'actualites', 1, 5),
(136, 'fr', 'actualites', 1, 5),
(137, 'fr', 'actualites', 1, 5),
(138, 'fr', 'actualites', 1, 5),
(139, 'fr', 'actualites', 1, 5),
(140, 'fr', 'actualites', 1, 5),
(141, 'fr', 'actualites', 1, 5),
(142, 'fr', 'actualites', 1, 5),
(143, 'fr', 'actualites', 1, 5),
(144, 'fr', 'actualites', 1, 5),
(145, 'fr', 'actualites', 1, 5),
(146, 'fr', 'actualites', 1, 5),
(147, 'fr', 'actualites', 1, 5),
(148, 'fr', 'actualites', 1, 5),
(149, 'fr', 'actualites', 1, 5),
(150, 'fr', 'actualites', 1, 5),
(151, 'fr', 'actualites', 1, 5),
(152, 'fr', 'actualites', 1, 5),
(153, 'fr', 'actualites', 1, 5),
(154, 'fr', 'actualites', 1, 5),
(155, 'fr', 'actualites', 1, 5),
(156, 'fr', 'actualites', 1, 5),
(157, 'fr', 'actualites', 1, 5),
(158, 'fr', 'actualites', 1, 5),
(159, 'fr', 'actualites', 1, 5),
(160, 'fr', 'actualites', 1, 5),
(161, 'fr', 'actualites', 1, 5),
(162, 'fr', 'actualites', 1, 5),
(163, 'fr', 'actualites', 1, 5),
(164, 'fr', 'actualites', 1, 5),
(165, 'fr', 'actualites', 1, 5),
(166, 'fr', 'actualites', 1, 5),
(166, 'fr', 'actualites', 1, 35),
(166, 'fr', 'actualites', 2, 35),
(167, 'fr', 'actualites', 1, 5),
(168, 'fr', 'actualites', 1, 5),
(169, 'fr', 'actualites', 1, 5),
(170, 'fr', 'actualites', 1, 5),
(171, 'fr', 'actualites', 1, 5),
(172, 'fr', 'actualites', 1, 5),
(173, 'fr', 'actualites', 1, 5),
(174, 'fr', 'actualites', 1, 5),
(174, 'fr', 'actualites', 1, 17),
(174, 'fr', 'actualites', 1, 19),
(174, 'fr', 'actualites', 1, 20),
(174, 'fr', 'actualites', 2, 17),
(175, 'fr', 'actualites', 1, 5),
(176, 'fr', 'actualites', 1, 5),
(177, 'fr', 'actualites', 1, 5),
(178, 'fr', 'actualites', 1, 5),
(179, 'fr', 'actualites', 1, 5),
(180, 'fr', 'actualites', 1, 5),
(181, 'fr', 'actualites', 1, 5),
(182, 'fr', 'actualites', 1, 5),
(183, 'fr', 'actualites', 1, 5),
(184, 'fr', 'actualites', 1, 5),
(185, 'fr', 'actualites', 1, 5),
(186, 'fr', 'actualites', 1, 5),
(187, 'fr', 'actualites', 1, 5),
(188, 'fr', 'actualites', 1, 5),
(189, 'fr', 'actualites', 1, 5),
(190, 'fr', 'actualites', 1, 5),
(191, 'fr', 'actualites', 1, 5),
(192, 'fr', 'actualites', 1, 5),
(193, 'fr', 'actualites', 1, 5),
(194, 'fr', 'actualites', 1, 5),
(195, 'fr', 'actualites', 1, 5),
(196, 'fr', 'actualites', 1, 5),
(197, 'fr', 'actualites', 1, 5),
(198, 'fr', 'actualites', 1, 5),
(199, 'fr', 'actualites', 1, 5),
(200, 'fr', 'actualites', 1, 5),
(201, 'fr', 'actualites', 1, 5),
(202, 'fr', 'actualites', 1, 5),
(203, 'fr', 'actualites', 1, 5),
(204, 'fr', 'actualites', 1, 5),
(205, 'fr', 'actualites', 1, 5),
(206, 'fr', 'actualites', 1, 5),
(207, 'fr', 'actualites', 1, 5),
(208, 'fr', 'actualites', 1, 5),
(209, 'fr', 'actualites', 1, 5),
(210, 'fr', 'actualites', 1, 5),
(211, 'fr', 'actualites', 1, 5),
(212, 'fr', 'actualites', 1, 5),
(213, 'fr', 'actualites', 1, 5),
(214, 'fr', 'actualites', 1, 5),
(215, 'fr', 'actualites', 1, 5),
(216, 'fr', 'actualites', 1, 5),
(217, 'fr', 'actualites', 1, 5),
(218, 'fr', 'actualites', 1, 5),
(219, 'fr', 'actualites', 1, 5),
(220, 'fr', 'actualites', 1, 5),
(221, 'fr', 'actualites', 1, 5),
(222, 'fr', 'actualites', 1, 5),
(223, 'fr', 'actualites', 1, 5),
(224, 'fr', 'actualites', 1, 5),
(225, 'fr', 'actualites', 1, 5),
(226, 'fr', 'actualites', 1, 5),
(227, 'fr', 'actualites', 1, 5),
(228, 'fr', 'actualites', 1, 5),
(229, 'fr', 'actualites', 1, 5),
(230, 'fr', 'actualites', 1, 5),
(231, 'fr', 'actualites', 1, 5),
(232, 'fr', 'actualites', 1, 5),
(233, 'fr', 'actualites', 1, 5),
(234, 'fr', 'actualites', 1, 5),
(235, 'fr', 'actualites', 1, 5),
(236, 'fr', 'actualites', 1, 5),
(237, 'fr', 'actualites', 1, 5),
(238, 'fr', 'actualites', 1, 5),
(239, 'fr', 'actualites', 1, 5),
(240, 'fr', 'actualites', 1, 5),
(241, 'fr', 'actualites', 1, 5),
(242, 'fr', 'actualites', 1, 5),
(243, 'fr', 'actualites', 1, 5),
(244, 'fr', 'actualites', 1, 5),
(245, 'fr', 'actualites', 1, 5),
(246, 'fr', 'actualites', 1, 5),
(247, 'fr', 'actualites', 1, 5),
(248, 'fr', 'actualites', 1, 5),
(249, 'fr', 'actualites', 1, 5),
(250, 'fr', 'actualites', 1, 5),
(251, 'fr', 'actualites', 1, 5),
(252, 'fr', 'actualites', 1, 5),
(252, 'fr', 'actualites', 1, 35),
(253, 'fr', 'actualites', 1, 5),
(254, 'fr', 'actualites', 1, 5),
(255, 'fr', 'actualites', 1, 5),
(256, 'fr', 'actualites', 1, 5),
(257, 'fr', 'actualites', 1, 5),
(258, 'fr', 'actualites', 1, 5),
(259, 'fr', 'actualites', 1, 5),
(260, 'fr', 'actualites', 1, 5),
(261, 'fr', 'actualites', 1, 5),
(262, 'fr', 'actualites', 1, 5),
(263, 'fr', 'actualites', 1, 5),
(264, 'fr', 'actualites', 1, 5),
(265, 'fr', 'actualites', 1, 5),
(265, 'fr', 'actualites', 1, 8),
(265, 'fr', 'actualites', 1, 12),
(265, 'fr', 'actualites', 1, 30),
(265, 'fr', 'actualites', 2, 8),
(265, 'fr', 'actualites', 2, 12),
(265, 'fr', 'actualites', 3, 8),
(265, 'fr', 'actualites', 3, 12),
(265, 'fr', 'actualites', 3, 19),
(265, 'fr', 'actualites', 3, 20),
(265, 'fr', 'actualites', 3, 21),
(265, 'fr', 'actualites', 3, 22),
(265, 'fr', 'actualites', 3, 23),
(265, 'fr', 'actualites', 3, 24),
(265, 'fr', 'actualites', 3, 25),
(265, 'fr', 'actualites', 3, 26),
(265, 'fr', 'actualites', 3, 27),
(265, 'fr', 'actualites', 3, 28),
(266, 'fr', 'actualites', 1, 5),
(267, 'fr', 'actualites', 1, 5),
(268, 'fr', 'actualites', 1, 5),
(269, 'fr', 'actualites', 1, 5),
(270, 'fr', 'actualites', 1, 5),
(271, 'fr', 'actualites', 1, 5),
(272, 'fr', 'actualites', 1, 5),
(273, 'fr', 'actualites', 1, 5),
(274, 'fr', 'actualites', 1, 5),
(275, 'fr', 'actualites', 1, 5),
(276, 'fr', 'actualites', 1, 5),
(277, 'fr', 'actualites', 1, 5),
(278, 'fr', 'actualites', 1, 5),
(279, 'fr', 'actualites', 1, 5),
(280, 'fr', 'actualites', 1, 5),
(281, 'fr', 'actualites', 1, 5),
(282, 'fr', 'actualites', 1, 5),
(283, 'fr', 'actualites', 1, 5),
(284, 'fr', 'actualites', 1, 5),
(285, 'fr', 'actualites', 1, 5),
(286, 'fr', 'actualites', 1, 5),
(287, 'fr', 'actualites', 1, 5),
(288, 'fr', 'actualites', 1, 5),
(289, 'fr', 'actualites', 1, 5),
(290, 'fr', 'actualites', 1, 5),
(291, 'fr', 'actualites', 1, 5),
(291, 'fr', 'actualites', 1, 10),
(292, 'fr', 'actualites', 1, 5),
(293, 'fr', 'actualites', 1, 5),
(294, 'fr', 'actualites', 1, 5),
(295, 'fr', 'actualites', 1, 5),
(296, 'fr', 'actualites', 1, 5),
(297, 'fr', 'actualites', 1, 5),
(298, 'fr', 'actualites', 1, 5),
(299, 'fr', 'actualites', 1, 5),
(300, 'fr', 'actualites', 1, 5),
(301, 'fr', 'actualites', 1, 5),
(302, 'fr', 'actualites', 1, 5),
(303, 'fr', 'actualites', 1, 5),
(304, 'fr', 'actualites', 1, 5),
(305, 'fr', 'actualites', 1, 5),
(306, 'fr', 'actualites', 1, 5),
(307, 'fr', 'actualites', 1, 5),
(308, 'fr', 'actualites', 1, 5),
(309, 'fr', 'actualites', 1, 5),
(310, 'fr', 'actualites', 1, 5),
(311, 'fr', 'actualites', 1, 5),
(312, 'fr', 'actualites', 1, 5),
(313, 'fr', 'actualites', 1, 5),
(314, 'fr', 'actualites', 1, 5),
(315, 'fr', 'actualites', 1, 5),
(316, 'fr', 'actualites', 1, 5),
(317, 'fr', 'actualites', 1, 5),
(318, 'fr', 'actualites', 1, 5),
(319, 'fr', 'actualites', 1, 5),
(320, 'fr', 'actualites', 1, 5),
(321, 'fr', 'actualites', 1, 5),
(322, 'fr', 'actualites', 1, 5),
(323, 'fr', 'actualites', 1, 5),
(324, 'fr', 'actualites', 1, 5),
(325, 'fr', 'actualites', 1, 5),
(326, 'fr', 'actualites', 1, 5),
(327, 'fr', 'actualites', 1, 5),
(328, 'fr', 'actualites', 1, 5),
(329, 'fr', 'actualites', 1, 5),
(330, 'fr', 'actualites', 1, 5),
(331, 'fr', 'actualites', 1, 5),
(332, 'fr', 'actualites', 1, 5),
(333, 'fr', 'actualites', 1, 5),
(334, 'fr', 'actualites', 1, 5),
(335, 'fr', 'actualites', 1, 5),
(336, 'fr', 'actualites', 1, 5),
(337, 'fr', 'actualites', 1, 5),
(338, 'en', 'actualites', 3, 5),
(339, 'en', 'actualites', 3, 5),
(340, 'en', 'actualites', 1, 5),
(340, 'en', 'actualites', 2, 5),
(341, 'en', 'actualites', 1, 5),
(341, 'en', 'actualites', 2, 5),
(342, 'en', 'actualites', 1, 5),
(342, 'en', 'actualites', 2, 5),
(343, 'en', 'actualites', 1, 5),
(343, 'en', 'actualites', 2, 5),
(344, 'en', 'actualites', 1, 5),
(344, 'en', 'actualites', 2, 5),
(345, 'en', 'actualites', 1, 5),
(345, 'en', 'actualites', 1, 28),
(345, 'en', 'actualites', 2, 5),
(346, 'en', 'actualites', 1, 5),
(346, 'en', 'actualites', 2, 5),
(347, 'en', 'actualites', 1, 5),
(347, 'en', 'actualites', 2, 5),
(348, 'en', 'actualites', 2, 5),
(349, 'en', 'actualites', 1, 5),
(349, 'en', 'actualites', 2, 5),
(350, 'en', 'actualites', 1, 5),
(350, 'en', 'actualites', 1, 29),
(350, 'en', 'actualites', 2, 5),
(351, 'en', 'actualites', 1, 5),
(351, 'en', 'actualites', 2, 5),
(352, 'en', 'actualites', 1, 5),
(352, 'en', 'actualites', 2, 5),
(353, 'en', 'actualites', 1, 5),
(354, 'en', 'actualites', 1, 5),
(355, 'en', 'actualites', 1, 5),
(355, 'en', 'actualites', 1, 29),
(356, 'en', 'actualites', 1, 5),
(357, 'en', 'actualites', 1, 5),
(358, 'en', 'actualites', 1, 5),
(359, 'en', 'actualites', 1, 5),
(360, 'en', 'actualites', 1, 5),
(361, 'en', 'actualites', 1, 5),
(362, 'en', 'actualites', 1, 5),
(363, 'en', 'actualites', 1, 5),
(364, 'en', 'actualites', 1, 5),
(365, 'en', 'actualites', 1, 5),
(366, 'en', 'actualites', 1, 5),
(367, 'en', 'actualites', 1, 5),
(368, 'en', 'actualites', 1, 5),
(369, 'en', 'actualites', 1, 5),
(370, 'en', 'actualites', 1, 5),
(371, 'en', 'actualites', 1, 5),
(372, 'en', 'actualites', 1, 5),
(373, 'en', 'actualites', 1, 5),
(373, 'en', 'actualites', 1, 19),
(373, 'en', 'actualites', 1, 21),
(374, 'en', 'actualites', 1, 5),
(375, 'en', 'actualites', 1, 5),
(375, 'en', 'actualites', 1, 12),
(376, 'en', 'actualites', 1, 5),
(377, 'en', 'actualites', 1, 5),
(378, 'en', 'actualites', 1, 5),
(379, 'en', 'actualites', 1, 5),
(380, 'en', 'actualites', 1, 5),
(381, 'en', 'actualites', 1, 5),
(382, 'en', 'actualites', 1, 5),
(383, 'en', 'actualites', 1, 5),
(383, 'en', 'actualites', 1, 35),
(383, 'en', 'actualites', 2, 35),
(384, 'en', 'actualites', 1, 5),
(385, 'en', 'actualites', 1, 5),
(386, 'en', 'actualites', 1, 5),
(386, 'en', 'actualites', 1, 19),
(387, 'en', 'actualites', 1, 5),
(388, 'en', 'actualites', 1, 5),
(389, 'en', 'actualites', 1, 5),
(390, 'en', 'actualites', 1, 5),
(390, 'en', 'actualites', 1, 30),
(390, 'en', 'actualites', 1, 33),
(391, 'en', 'actualites', 1, 5),
(392, 'en', 'actualites', 1, 5),
(392, 'en', 'actualites', 1, 24),
(393, 'en', 'actualites', 1, 5),
(393, 'en', 'actualites', 2, 6),
(393, 'en', 'actualites', 3, 29),
(394, 'en', 'actualites', 1, 5),
(395, 'en', 'actualites', 1, 5),
(396, 'en', 'actualites', 1, 5),
(397, 'en', 'actualites', 1, 5),
(398, 'en', 'actualites', 1, 5),
(399, 'en', 'actualites', 1, 5),
(400, 'en', 'actualites', 1, 5),
(401, 'en', 'actualites', 1, 5),
(402, 'en', 'actualites', 1, 5),
(403, 'en', 'actualites', 1, 5),
(404, 'en', 'actualites', 1, 5),
(405, 'en', 'actualites', 1, 5),
(406, 'en', 'actualites', 1, 5),
(407, 'en', 'actualites', 1, 5),
(408, 'en', 'actualites', 1, 5),
(409, 'en', 'actualites', 1, 5),
(410, 'en', 'actualites', 1, 5),
(410, 'en', 'actualites', 1, 10),
(411, 'en', 'actualites', 1, 5),
(412, 'en', 'actualites', 1, 5),
(413, 'en', 'actualites', 1, 5),
(414, 'en', 'actualites', 1, 5),
(415, 'en', 'actualites', 1, 5),
(416, 'en', 'actualites', 1, 5),
(417, 'en', 'actualites', 1, 5),
(418, 'en', 'actualites', 1, 5),
(419, 'en', 'actualites', 1, 5),
(419, 'en', 'actualites', 1, 20),
(419, 'en', 'actualites', 1, 23),
(419, 'en', 'actualites', 1, 25),
(419, 'en', 'actualites', 1, 27),
(419, 'en', 'actualites', 2, 25),
(420, 'en', 'actualites', 1, 5),
(421, 'en', 'actualites', 1, 5),
(422, 'en', 'actualites', 1, 5),
(423, 'en', 'actualites', 1, 5),
(424, 'en', 'actualites', 1, 5),
(425, 'en', 'actualites', 1, 5),
(425, 'en', 'actualites', 1, 25),
(425, 'en', 'actualites', 3, 35),
(426, 'en', 'actualites', 1, 5),
(426, 'en', 'actualites', 1, 30),
(427, 'en', 'actualites', 1, 5),
(427, 'en', 'actualites', 1, 18),
(427, 'en', 'actualites', 1, 33),
(428, 'en', 'actualites', 1, 5),
(428, 'en', 'actualites', 1, 7),
(429, 'en', 'actualites', 1, 5),
(430, 'en', 'actualites', 1, 5),
(431, 'en', 'actualites', 1, 5),
(432, 'en', 'actualites', 1, 5),
(433, 'en', 'actualites', 1, 5),
(434, 'en', 'actualites', 1, 5),
(434, 'en', 'actualites', 1, 33),
(435, 'en', 'actualites', 1, 5),
(436, 'en', 'actualites', 1, 5),
(437, 'en', 'actualites', 1, 5),
(438, 'en', 'actualites', 1, 5),
(439, 'en', 'actualites', 1, 5),
(440, 'en', 'actualites', 1, 5),
(441, 'en', 'actualites', 1, 5),
(442, 'en', 'actualites', 1, 5),
(443, 'en', 'actualites', 1, 5),
(444, 'en', 'actualites', 1, 5),
(445, 'en', 'actualites', 1, 5),
(446, 'en', 'actualites', 1, 5),
(447, 'en', 'actualites', 1, 5),
(448, 'en', 'actualites', 1, 5),
(449, 'en', 'actualites', 1, 5),
(450, 'en', 'actualites', 1, 5),
(451, 'en', 'actualites', 1, 5),
(452, 'en', 'actualites', 1, 5),
(453, 'en', 'actualites', 1, 5),
(454, 'en', 'actualites', 1, 5),
(455, 'en', 'actualites', 1, 5),
(456, 'en', 'actualites', 1, 5),
(457, 'en', 'actualites', 1, 5),
(458, 'en', 'actualites', 1, 5),
(459, 'en', 'actualites', 1, 5),
(460, 'en', 'actualites', 1, 5),
(461, 'en', 'actualites', 1, 5),
(462, 'en', 'actualites', 1, 5),
(463, 'en', 'actualites', 1, 5),
(464, 'en', 'actualites', 1, 5),
(465, 'en', 'actualites', 1, 5),
(466, 'en', 'actualites', 1, 5),
(467, 'en', 'actualites', 1, 5),
(467, 'en', 'actualites', 1, 8),
(467, 'en', 'actualites', 1, 12),
(467, 'en', 'actualites', 1, 19),
(467, 'en', 'actualites', 1, 20),
(467, 'en', 'actualites', 1, 24),
(467, 'en', 'actualites', 1, 26),
(467, 'en', 'actualites', 1, 28),
(467, 'en', 'actualites', 1, 33),
(467, 'en', 'actualites', 1, 34),
(467, 'en', 'actualites', 2, 12),
(467, 'en', 'actualites', 2, 28),
(468, 'en', 'actualites', 1, 5),
(469, 'en', 'actualites', 1, 5),
(470, 'en', 'actualites', 1, 5),
(471, 'en', 'actualites', 1, 5),
(472, 'en', 'actualites', 1, 5),
(472, 'en', 'actualites', 1, 8),
(472, 'en', 'actualites', 1, 12),
(472, 'en', 'actualites', 1, 30),
(472, 'en', 'actualites', 2, 8),
(472, 'en', 'actualites', 2, 12),
(472, 'en', 'actualites', 3, 19),
(472, 'en', 'actualites', 3, 20),
(472, 'en', 'actualites', 3, 21),
(472, 'en', 'actualites', 3, 22),
(472, 'en', 'actualites', 3, 23),
(472, 'en', 'actualites', 3, 24),
(472, 'en', 'actualites', 3, 25),
(472, 'en', 'actualites', 3, 26),
(472, 'en', 'actualites', 3, 27),
(472, 'en', 'actualites', 3, 28),
(473, 'en', 'actualites', 1, 5),
(474, 'en', 'actualites', 1, 5),
(475, 'en', 'actualites', 1, 5),
(476, 'en', 'actualites', 1, 5),
(477, 'en', 'actualites', 1, 5),
(478, 'en', 'actualites', 1, 5),
(479, 'en', 'actualites', 1, 5),
(480, 'en', 'actualites', 1, 5),
(481, 'en', 'actualites', 1, 5),
(482, 'en', 'actualites', 1, 5),
(483, 'en', 'actualites', 1, 5),
(484, 'en', 'actualites', 1, 5),
(485, 'en', 'actualites', 1, 5),
(486, 'en', 'actualites', 1, 5),
(487, 'en', 'actualites', 1, 5),
(488, 'en', 'actualites', 1, 5),
(489, 'en', 'actualites', 1, 5),
(490, 'en', 'actualites', 1, 5),
(491, 'en', 'actualites', 1, 5),
(492, 'en', 'actualites', 1, 5),
(493, 'en', 'actualites', 1, 5),
(493, 'en', 'actualites', 1, 10),
(494, 'en', 'actualites', 1, 5),
(495, 'en', 'actualites', 1, 5),
(496, 'en', 'actualites', 1, 5),
(497, 'en', 'actualites', 1, 5),
(498, 'en', 'actualites', 1, 5),
(498, 'en', 'actualites', 1, 7),
(499, 'en', 'actualites', 1, 5),
(500, 'en', 'actualites', 1, 5),
(500, 'en', 'actualites', 1, 19),
(500, 'en', 'actualites', 1, 20),
(500, 'en', 'actualites', 1, 21),
(500, 'en', 'actualites', 1, 22),
(500, 'en', 'actualites', 1, 23),
(500, 'en', 'actualites', 1, 24),
(500, 'en', 'actualites', 1, 25),
(500, 'en', 'actualites', 1, 26),
(500, 'en', 'actualites', 1, 27),
(500, 'en', 'actualites', 1, 28),
(501, 'en', 'actualites', 1, 5),
(502, 'en', 'actualites', 1, 5),
(503, 'en', 'actualites', 1, 5),
(504, 'en', 'actualites', 1, 5),
(505, 'en', 'actualites', 1, 5),
(506, 'en', 'actualites', 1, 5),
(507, 'en', 'actualites', 1, 5),
(508, 'en', 'actualites', 1, 5),
(509, 'en', 'actualites', 1, 5),
(510, 'en', 'actualites', 1, 5),
(511, 'en', 'actualites', 1, 5),
(511, 'en', 'actualites', 1, 13),
(511, 'en', 'actualites', 1, 15),
(511, 'en', 'actualites', 1, 23),
(511, 'en', 'actualites', 1, 24),
(511, 'en', 'actualites', 1, 25),
(511, 'en', 'actualites', 1, 27),
(511, 'en', 'actualites', 3, 17),
(512, 'en', 'actualites', 1, 5),
(513, 'en', 'actualites', 1, 5),
(514, 'en', 'actualites', 1, 5),
(515, 'en', 'actualites', 1, 1),
(515, 'en', 'actualites', 1, 5),
(515, 'en', 'actualites', 1, 6),
(515, 'en', 'actualites', 1, 7),
(515, 'en', 'actualites', 1, 19),
(515, 'en', 'actualites', 1, 20),
(515, 'en', 'actualites', 1, 21),
(515, 'en', 'actualites', 1, 25),
(515, 'en', 'actualites', 1, 26),
(515, 'en', 'actualites', 1, 27),
(515, 'en', 'actualites', 1, 30),
(515, 'en', 'actualites', 1, 33),
(515, 'en', 'actualites', 1, 34),
(515, 'en', 'actualites', 2, 6),
(515, 'en', 'actualites', 2, 19),
(515, 'en', 'actualites', 2, 20),
(515, 'en', 'actualites', 2, 27),
(515, 'en', 'actualites', 3, 33),
(516, 'en', 'actualites', 1, 5),
(517, 'en', 'actualites', 1, 5),
(518, 'en', 'actualites', 1, 5),
(518, 'en', 'actualites', 1, 7),
(518, 'en', 'actualites', 1, 13),
(518, 'en', 'actualites', 1, 14),
(518, 'en', 'actualites', 1, 15),
(518, 'en', 'actualites', 1, 20),
(518, 'en', 'actualites', 1, 21),
(518, 'en', 'actualites', 1, 22),
(518, 'en', 'actualites', 1, 23),
(518, 'en', 'actualites', 1, 24),
(518, 'en', 'actualites', 1, 25),
(518, 'en', 'actualites', 1, 26),
(518, 'en', 'actualites', 1, 27),
(518, 'en', 'actualites', 1, 28),
(518, 'en', 'actualites', 1, 31),
(518, 'en', 'actualites', 1, 32),
(518, 'en', 'actualites', 1, 33),
(518, 'en', 'actualites', 1, 34),
(518, 'en', 'actualites', 1, 35),
(518, 'en', 'actualites', 2, 13),
(518, 'en', 'actualites', 2, 14),
(518, 'en', 'actualites', 2, 33),
(518, 'en', 'actualites', 2, 34),
(518, 'en', 'actualites', 2, 35),
(519, 'en', 'actualites', 1, 5),
(520, 'en', 'actualites', 1, 5),
(520, 'en', 'actualites', 1, 14),
(520, 'en', 'actualites', 1, 18),
(520, 'en', 'actualites', 1, 20),
(520, 'en', 'actualites', 1, 21),
(520, 'en', 'actualites', 1, 22),
(520, 'en', 'actualites', 1, 23),
(520, 'en', 'actualites', 1, 25),
(520, 'en', 'actualites', 1, 27),
(520, 'en', 'actualites', 1, 28),
(521, 'en', 'actualites', 1, 5),
(522, 'en', 'actualites', 1, 5),
(522, 'en', 'actualites', 1, 6),
(522, 'en', 'actualites', 2, 6),
(523, 'en', 'actualites', 1, 5),
(523, 'en', 'actualites', 1, 30),
(524, 'en', 'actualites', 1, 5),
(524, 'en', 'actualites', 1, 30),
(525, 'en', 'actualites', 1, 5),
(526, 'en', 'actualites', 1, 5),
(527, 'en', 'actualites', 1, 5),
(528, 'en', 'actualites', 1, 5),
(529, 'en', 'actualites', 1, 5),
(530, 'en', 'actualites', 1, 5),
(531, 'en', 'actualites', 1, 5),
(532, 'en', 'actualites', 1, 5),
(533, 'en', 'actualites', 1, 5),
(534, 'en', 'actualites', 1, 5),
(535, 'en', 'actualites', 1, 6),
(535, 'en', 'actualites', 1, 7),
(535, 'en', 'actualites', 1, 8),
(535, 'en', 'actualites', 1, 9),
(535, 'en', 'actualites', 1, 10),
(535, 'en', 'actualites', 1, 12),
(535, 'en', 'actualites', 1, 13),
(535, 'en', 'actualites', 1, 14),
(535, 'en', 'actualites', 1, 15),
(535, 'en', 'actualites', 1, 16),
(535, 'en', 'actualites', 1, 19),
(535, 'en', 'actualites', 1, 20),
(535, 'en', 'actualites', 1, 21),
(535, 'en', 'actualites', 1, 22),
(535, 'en', 'actualites', 1, 23),
(535, 'en', 'actualites', 1, 24),
(535, 'en', 'actualites', 1, 26),
(535, 'en', 'actualites', 1, 27),
(535, 'en', 'actualites', 1, 28),
(535, 'en', 'actualites', 1, 29),
(535, 'en', 'actualites', 1, 30),
(535, 'en', 'actualites', 1, 31),
(535, 'en', 'actualites', 1, 32),
(535, 'en', 'actualites', 1, 33),
(535, 'en', 'actualites', 1, 34),
(535, 'en', 'actualites', 1, 35),
(535, 'en', 'actualites', 2, 1),
(535, 'en', 'actualites', 2, 6),
(535, 'en', 'actualites', 2, 7),
(535, 'en', 'actualites', 2, 8),
(535, 'en', 'actualites', 2, 9),
(535, 'en', 'actualites', 2, 11),
(535, 'en', 'actualites', 2, 12),
(535, 'en', 'actualites', 2, 13),
(535, 'en', 'actualites', 2, 14),
(535, 'en', 'actualites', 2, 15),
(535, 'en', 'actualites', 2, 16),
(535, 'en', 'actualites', 2, 18),
(535, 'en', 'actualites', 2, 20),
(535, 'en', 'actualites', 2, 22),
(535, 'en', 'actualites', 2, 26),
(535, 'en', 'actualites', 2, 27),
(535, 'en', 'actualites', 2, 28),
(535, 'en', 'actualites', 2, 29),
(535, 'en', 'actualites', 2, 30),
(535, 'en', 'actualites', 2, 31),
(535, 'en', 'actualites', 2, 34),
(535, 'en', 'actualites', 2, 35),
(535, 'en', 'actualites', 3, 1),
(535, 'en', 'actualites', 3, 6),
(535, 'en', 'actualites', 3, 7),
(535, 'en', 'actualites', 3, 8),
(535, 'en', 'actualites', 3, 9),
(535, 'en', 'actualites', 3, 10),
(535, 'en', 'actualites', 3, 11),
(535, 'en', 'actualites', 3, 12),
(535, 'en', 'actualites', 3, 16),
(535, 'en', 'actualites', 3, 18),
(535, 'en', 'actualites', 3, 19),
(535, 'en', 'actualites', 3, 20),
(535, 'en', 'actualites', 3, 21),
(535, 'en', 'actualites', 3, 22),
(535, 'en', 'actualites', 3, 23),
(535, 'en', 'actualites', 3, 24),
(535, 'en', 'actualites', 3, 25),
(535, 'en', 'actualites', 3, 26),
(535, 'en', 'actualites', 3, 27),
(535, 'en', 'actualites', 3, 28),
(535, 'en', 'actualites', 3, 30),
(535, 'en', 'actualites', 3, 31),
(535, 'en', 'actualites', 3, 32),
(535, 'en', 'actualites', 3, 34),
(535, 'en', 'actualites', 3, 35),
(536, 'en', 'actualites', 2, 1),
(537, 'en', 'actualites', 1, 1),
(537, 'en', 'actualites', 1, 6),
(537, 'en', 'actualites', 2, 1),
(537, 'en', 'actualites', 2, 6),
(538, 'en', 'actualites', 1, 1),
(538, 'en', 'actualites', 2, 1),
(538, 'en', 'actualites', 3, 1),
(539, 'en', 'actualites', 1, 1),
(539, 'en', 'actualites', 2, 1),
(539, 'en', 'actualites', 3, 1),
(540, 'en', 'actualites', 1, 1),
(540, 'en', 'actualites', 1, 24),
(540, 'en', 'actualites', 1, 27),
(540, 'en', 'actualites', 1, 33),
(540, 'en', 'actualites', 2, 1),
(541, 'en', 'actualites', 1, 1),
(541, 'en', 'actualites', 1, 6),
(541, 'en', 'actualites', 1, 20),
(541, 'en', 'actualites', 1, 29),
(541, 'en', 'actualites', 1, 30),
(541, 'en', 'actualites', 1, 33),
(541, 'en', 'actualites', 2, 20),
(542, 'en', 'actualites', 1, 1),
(543, 'en', 'actualites', 1, 1),
(543, 'en', 'actualites', 1, 12),
(543, 'en', 'actualites', 2, 12),
(544, 'en', 'actualites', 1, 1),
(544, 'en', 'actualites', 1, 25),
(544, 'en', 'actualites', 1, 28),
(545, 'en', 'actualites', 1, 1),
(545, 'en', 'actualites', 1, 21),
(546, 'en', 'actualites', 1, 1),
(546, 'en', 'actualites', 1, 7),
(546, 'en', 'actualites', 1, 21),
(546, 'en', 'actualites', 1, 30),
(546, 'en', 'actualites', 2, 7),
(546, 'en', 'actualites', 2, 21),
(546, 'en', 'actualites', 2, 30),
(546, 'en', 'actualites', 3, 21),
(547, 'en', 'actualites', 1, 1),
(547, 'en', 'actualites', 1, 17),
(547, 'en', 'actualites', 1, 21),
(547, 'en', 'actualites', 1, 31),
(547, 'en', 'actualites', 1, 32),
(548, 'en', 'actualites', 1, 1),
(549, 'en', 'actualites', 1, 1),
(549, 'en', 'actualites', 1, 10),
(549, 'en', 'actualites', 1, 11),
(549, 'en', 'actualites', 1, 21),
(550, 'en', 'actualites', 1, 1),
(550, 'en', 'actualites', 1, 20),
(550, 'en', 'actualites', 1, 23),
(550, 'en', 'actualites', 1, 27),
(551, 'en', 'actualites', 1, 1),
(551, 'en', 'actualites', 1, 9),
(551, 'en', 'actualites', 1, 19),
(551, 'en', 'actualites', 1, 20),
(551, 'en', 'actualites', 1, 24),
(551, 'en', 'actualites', 1, 25),
(551, 'en', 'actualites', 1, 28),
(551, 'en', 'actualites', 1, 33),
(552, 'en', 'actualites', 1, 1),
(552, 'en', 'actualites', 1, 7),
(552, 'en', 'actualites', 1, 17),
(552, 'en', 'actualites', 1, 19),
(552, 'en', 'actualites', 1, 20),
(552, 'en', 'actualites', 1, 24),
(552, 'en', 'actualites', 1, 33),
(552, 'en', 'actualites', 3, 33),
(553, 'en', 'actualites', 1, 1),
(554, 'en', 'actualites', 1, 1),
(555, 'en', 'actualites', 1, 1),
(556, 'en', 'actualites', 1, 1),
(557, 'en', 'actualites', 1, 1),
(557, 'en', 'actualites', 1, 9),
(557, 'en', 'actualites', 1, 20),
(557, 'en', 'actualites', 1, 21),
(557, 'en', 'actualites', 1, 23),
(557, 'en', 'actualites', 1, 24),
(557, 'en', 'actualites', 1, 25),
(557, 'en', 'actualites', 1, 26),
(557, 'en', 'actualites', 1, 28),
(557, 'en', 'actualites', 2, 23),
(557, 'en', 'actualites', 2, 24),
(557, 'en', 'actualites', 2, 34),
(558, 'en', 'actualites', 1, 1),
(558, 'en', 'actualites', 1, 24),
(558, 'en', 'actualites', 1, 31),
(558, 'en', 'actualites', 1, 33),
(558, 'en', 'actualites', 2, 33),
(558, 'en', 'actualites', 3, 33),
(559, 'en', 'actualites', 1, 1),
(559, 'en', 'actualites', 1, 35),
(560, 'en', 'actualites', 1, 1),
(560, 'en', 'actualites', 1, 15),
(560, 'en', 'actualites', 1, 20),
(560, 'en', 'actualites', 1, 31),
(561, 'en', 'actualites', 1, 1),
(561, 'en', 'actualites', 1, 23),
(561, 'en', 'actualites', 1, 24),
(561, 'en', 'actualites', 1, 34),
(561, 'en', 'actualites', 2, 24),
(561, 'en', 'actualites', 2, 34),
(561, 'en', 'actualites', 3, 24),
(561, 'en', 'actualites', 3, 31),
(562, 'en', 'actualites', 1, 1),
(562, 'en', 'actualites', 1, 24),
(562, 'en', 'actualites', 1, 31),
(562, 'en', 'actualites', 1, 34),
(562, 'en', 'actualites', 2, 24),
(562, 'en', 'actualites', 2, 34),
(562, 'en', 'actualites', 3, 31),
(563, 'en', 'actualites', 1, 1),
(563, 'en', 'actualites', 1, 20),
(563, 'en', 'actualites', 1, 21),
(563, 'en', 'actualites', 1, 23),
(563, 'en', 'actualites', 1, 24),
(563, 'en', 'actualites', 1, 26),
(563, 'en', 'actualites', 1, 31),
(563, 'en', 'actualites', 1, 34),
(563, 'en', 'actualites', 2, 24),
(563, 'en', 'actualites', 2, 31),
(563, 'en', 'actualites', 2, 34),
(563, 'en', 'actualites', 3, 31),
(564, 'en', 'actualites', 1, 1),
(564, 'en', 'actualites', 1, 19),
(564, 'en', 'actualites', 2, 19),
(565, 'en', 'actualites', 1, 1),
(565, 'en', 'actualites', 1, 7),
(565, 'en', 'actualites', 1, 12),
(565, 'en', 'actualites', 1, 20),
(565, 'en', 'actualites', 1, 21),
(565, 'en', 'actualites', 1, 23),
(565, 'en', 'actualites', 1, 26),
(565, 'en', 'actualites', 1, 29),
(565, 'en', 'actualites', 1, 30),
(565, 'en', 'actualites', 1, 31),
(565, 'en', 'actualites', 1, 32),
(565, 'en', 'actualites', 2, 7),
(565, 'en', 'actualites', 2, 8),
(565, 'en', 'actualites', 2, 12),
(565, 'en', 'actualites', 2, 20),
(565, 'en', 'actualites', 2, 21),
(565, 'en', 'actualites', 2, 26),
(565, 'en', 'actualites', 2, 29),
(565, 'en', 'actualites', 2, 32),
(565, 'en', 'actualites', 3, 8),
(565, 'en', 'actualites', 3, 12),
(565, 'en', 'actualites', 3, 29),
(566, 'en', 'actualites', 1, 1),
(566, 'en', 'actualites', 1, 7),
(566, 'en', 'actualites', 1, 20),
(566, 'en', 'actualites', 1, 21),
(566, 'en', 'actualites', 1, 29),
(566, 'en', 'actualites', 1, 30),
(566, 'en', 'actualites', 1, 31),
(566, 'en', 'actualites', 1, 32),
(566, 'en', 'actualites', 2, 7),
(566, 'en', 'actualites', 2, 20),
(566, 'en', 'actualites', 2, 21),
(566, 'en', 'actualites', 2, 29),
(566, 'en', 'actualites', 2, 32),
(566, 'en', 'actualites', 3, 29),
(567, 'en', 'actualites', 1, 1),
(568, 'en', 'actualites', 1, 1),
(569, 'en', 'actualites', 1, 1),
(570, 'en', 'actualites', 1, 1),
(571, 'en', 'actualites', 1, 1),
(571, 'en', 'actualites', 1, 26),
(572, 'en', 'actualites', 1, 1),
(572, 'en', 'actualites', 1, 13),
(572, 'en', 'actualites', 1, 25),
(572, 'en', 'actualites', 1, 26),
(572, 'en', 'actualites', 1, 30),
(572, 'en', 'actualites', 2, 13),
(572, 'en', 'actualites', 2, 25),
(573, 'en', 'actualites', 1, 1),
(573, 'en', 'actualites', 1, 19),
(573, 'en', 'actualites', 1, 28),
(574, 'en', 'actualites', 1, 1),
(574, 'en', 'actualites', 1, 9),
(574, 'en', 'actualites', 1, 10),
(574, 'en', 'actualites', 1, 11),
(574, 'en', 'actualites', 1, 12),
(574, 'en', 'actualites', 1, 13),
(574, 'en', 'actualites', 1, 14),
(574, 'en', 'actualites', 1, 20),
(574, 'en', 'actualites', 1, 21),
(574, 'en', 'actualites', 1, 22),
(574, 'en', 'actualites', 1, 23),
(574, 'en', 'actualites', 1, 27),
(574, 'en', 'actualites', 1, 28),
(574, 'en', 'actualites', 1, 31),
(574, 'en', 'actualites', 2, 9),
(574, 'en', 'actualites', 2, 11),
(575, 'en', 'actualites', 1, 1),
(576, 'en', 'actualites', 1, 1),
(577, 'fr', 'actualites', 1, 6),
(577, 'fr', 'actualites', 1, 7),
(577, 'fr', 'actualites', 1, 8),
(577, 'fr', 'actualites', 1, 9),
(577, 'fr', 'actualites', 1, 10),
(577, 'fr', 'actualites', 1, 12),
(577, 'fr', 'actualites', 1, 13),
(577, 'fr', 'actualites', 1, 14),
(577, 'fr', 'actualites', 1, 15),
(577, 'fr', 'actualites', 1, 16),
(577, 'fr', 'actualites', 1, 19),
(577, 'fr', 'actualites', 1, 20),
(577, 'fr', 'actualites', 1, 21),
(577, 'fr', 'actualites', 1, 22),
(577, 'fr', 'actualites', 1, 23),
(577, 'fr', 'actualites', 1, 24),
(577, 'fr', 'actualites', 1, 25),
(577, 'fr', 'actualites', 1, 26),
(577, 'fr', 'actualites', 1, 27),
(577, 'fr', 'actualites', 1, 28),
(577, 'fr', 'actualites', 1, 29),
(577, 'fr', 'actualites', 1, 30),
(577, 'fr', 'actualites', 1, 31),
(577, 'fr', 'actualites', 1, 32),
(577, 'fr', 'actualites', 1, 33),
(577, 'fr', 'actualites', 1, 34),
(577, 'fr', 'actualites', 1, 35),
(577, 'fr', 'actualites', 2, 1),
(577, 'fr', 'actualites', 2, 6),
(577, 'fr', 'actualites', 2, 7),
(577, 'fr', 'actualites', 2, 8),
(577, 'fr', 'actualites', 2, 9),
(577, 'fr', 'actualites', 2, 11),
(577, 'fr', 'actualites', 2, 12),
(577, 'fr', 'actualites', 2, 13),
(577, 'fr', 'actualites', 2, 14),
(577, 'fr', 'actualites', 2, 15),
(577, 'fr', 'actualites', 2, 16),
(577, 'fr', 'actualites', 2, 18),
(577, 'fr', 'actualites', 2, 20),
(577, 'fr', 'actualites', 2, 22),
(577, 'fr', 'actualites', 2, 26),
(577, 'fr', 'actualites', 2, 27),
(577, 'fr', 'actualites', 2, 28),
(577, 'fr', 'actualites', 2, 29),
(577, 'fr', 'actualites', 2, 30),
(577, 'fr', 'actualites', 2, 31),
(577, 'fr', 'actualites', 2, 34),
(577, 'fr', 'actualites', 2, 35),
(577, 'fr', 'actualites', 3, 1),
(577, 'fr', 'actualites', 3, 6),
(577, 'fr', 'actualites', 3, 7),
(577, 'fr', 'actualites', 3, 8),
(577, 'fr', 'actualites', 3, 9),
(577, 'fr', 'actualites', 3, 10),
(577, 'fr', 'actualites', 3, 11),
(577, 'fr', 'actualites', 3, 12),
(577, 'fr', 'actualites', 3, 16),
(577, 'fr', 'actualites', 3, 18),
(577, 'fr', 'actualites', 3, 19),
(577, 'fr', 'actualites', 3, 20),
(577, 'fr', 'actualites', 3, 21),
(577, 'fr', 'actualites', 3, 22),
(577, 'fr', 'actualites', 3, 23),
(577, 'fr', 'actualites', 3, 24),
(577, 'fr', 'actualites', 3, 25),
(577, 'fr', 'actualites', 3, 26),
(577, 'fr', 'actualites', 3, 27),
(577, 'fr', 'actualites', 3, 28),
(577, 'fr', 'actualites', 3, 30),
(577, 'fr', 'actualites', 3, 31),
(577, 'fr', 'actualites', 3, 32),
(577, 'fr', 'actualites', 3, 34),
(577, 'fr', 'actualites', 3, 35),
(578, 'fr', 'actualites', 2, 1),
(579, 'fr', 'actualites', 1, 1),
(579, 'fr', 'actualites', 1, 21),
(579, 'fr', 'actualites', 1, 24),
(579, 'fr', 'actualites', 1, 28),
(579, 'fr', 'actualites', 2, 1),
(580, 'fr', 'actualites', 1, 1),
(580, 'fr', 'actualites', 1, 6),
(580, 'fr', 'actualites', 2, 1),
(580, 'fr', 'actualites', 2, 6),
(581, 'fr', 'actualites', 2, 1),
(582, 'fr', 'actualites', 1, 1),
(582, 'fr', 'actualites', 2, 1),
(582, 'fr', 'actualites', 3, 1),
(583, 'fr', 'actualites', 1, 1),
(583, 'fr', 'actualites', 2, 1),
(583, 'fr', 'actualites', 3, 1),
(584, 'fr', 'actualites', 1, 1),
(585, 'fr', 'actualites', 1, 1),
(586, 'fr', 'actualites', 1, 1),
(586, 'fr', 'actualites', 1, 12),
(587, 'fr', 'actualites', 1, 1),
(587, 'fr', 'actualites', 1, 12),
(588, 'fr', 'actualites', 1, 1),
(589, 'fr', 'actualites', 1, 1),
(589, 'fr', 'actualites', 1, 13),
(589, 'fr', 'actualites', 1, 14),
(589, 'fr', 'actualites', 1, 15),
(589, 'fr', 'actualites', 1, 18),
(589, 'fr', 'actualites', 1, 19),
(589, 'fr', 'actualites', 1, 20),
(589, 'fr', 'actualites', 1, 22),
(589, 'fr', 'actualites', 1, 24),
(589, 'fr', 'actualites', 1, 29),
(589, 'fr', 'actualites', 1, 33),
(589, 'fr', 'actualites', 1, 35),
(589, 'fr', 'actualites', 2, 13),
(590, 'fr', 'actualites', 1, 1),
(590, 'fr', 'actualites', 1, 6),
(591, 'fr', 'actualites', 1, 1),
(591, 'fr', 'actualites', 1, 6),
(592, 'fr', 'actualites', 1, 1),
(592, 'fr', 'actualites', 1, 10),
(592, 'fr', 'actualites', 1, 11),
(592, 'fr', 'actualites', 1, 27),
(593, 'fr', 'actualites', 1, 1),
(593, 'fr', 'actualites', 1, 13),
(593, 'fr', 'actualites', 1, 18),
(593, 'fr', 'actualites', 1, 23),
(593, 'fr', 'actualites', 1, 33),
(593, 'fr', 'actualites', 1, 34),
(593, 'fr', 'actualites', 2, 23),
(594, 'fr', 'actualites', 1, 1),
(595, 'fr', 'actualites', 1, 1),
(595, 'fr', 'actualites', 1, 24),
(595, 'fr', 'actualites', 1, 29),
(596, 'fr', 'actualites', 1, 1),
(596, 'fr', 'actualites', 1, 19),
(596, 'fr', 'actualites', 1, 20),
(596, 'fr', 'actualites', 1, 29),
(596, 'fr', 'actualites', 1, 33),
(597, 'fr', 'actualites', 1, 1),
(597, 'fr', 'actualites', 1, 30),
(598, 'fr', 'actualites', 1, 1),
(598, 'fr', 'actualites', 1, 19),
(598, 'fr', 'actualites', 1, 24),
(598, 'fr', 'actualites', 1, 27),
(598, 'fr', 'actualites', 1, 33),
(599, 'fr', 'actualites', 1, 1),
(600, 'fr', 'actualites', 1, 1),
(601, 'fr', 'actualites', 1, 1),
(602, 'fr', 'actualites', 1, 1),
(602, 'fr', 'actualites', 1, 21),
(602, 'fr', 'actualites', 1, 23),
(602, 'fr', 'actualites', 1, 24),
(602, 'fr', 'actualites', 1, 33),
(602, 'fr', 'actualites', 2, 23),
(602, 'fr', 'actualites', 2, 33),
(602, 'fr', 'actualites', 3, 33),
(603, 'fr', 'actualites', 1, 1),
(603, 'fr', 'actualites', 1, 6),
(603, 'fr', 'actualites', 1, 8),
(604, 'fr', 'actualites', 1, 1),
(604, 'fr', 'actualites', 1, 14),
(604, 'fr', 'actualites', 1, 23),
(604, 'fr', 'actualites', 1, 24),
(604, 'fr', 'actualites', 1, 31),
(604, 'fr', 'actualites', 2, 23),
(604, 'fr', 'actualites', 2, 24),
(605, 'fr', 'actualites', 1, 1),
(605, 'fr', 'actualites', 1, 18),
(605, 'fr', 'actualites', 1, 31),
(606, 'fr', 'actualites', 1, 1),
(606, 'fr', 'actualites', 1, 20),
(606, 'fr', 'actualites', 1, 21),
(606, 'fr', 'actualites', 1, 23),
(606, 'fr', 'actualites', 1, 24),
(606, 'fr', 'actualites', 1, 31),
(606, 'fr', 'actualites', 1, 34),
(606, 'fr', 'actualites', 2, 24),
(606, 'fr', 'actualites', 2, 31),
(606, 'fr', 'actualites', 2, 34),
(606, 'fr', 'actualites', 3, 31),
(607, 'fr', 'actualites', 1, 1),
(607, 'fr', 'actualites', 1, 24),
(607, 'fr', 'actualites', 1, 34),
(607, 'fr', 'actualites', 3, 24),
(607, 'fr', 'actualites', 3, 31),
(608, 'fr', 'actualites', 1, 1),
(609, 'fr', 'actualites', 1, 1),
(610, 'fr', 'actualites', 1, 1),
(610, 'fr', 'actualites', 1, 6),
(610, 'fr', 'actualites', 1, 19),
(610, 'fr', 'actualites', 1, 20),
(610, 'fr', 'actualites', 1, 21),
(610, 'fr', 'actualites', 1, 25),
(610, 'fr', 'actualites', 1, 26),
(610, 'fr', 'actualites', 1, 27),
(610, 'fr', 'actualites', 1, 30),
(610, 'fr', 'actualites', 1, 33),
(610, 'fr', 'actualites', 2, 6),
(610, 'fr', 'actualites', 2, 20),
(610, 'fr', 'actualites', 2, 27),
(611, 'fr', 'actualites', 1, 1),
(611, 'fr', 'actualites', 1, 11),
(611, 'fr', 'actualites', 1, 19),
(611, 'fr', 'actualites', 2, 11),
(611, 'fr', 'actualites', 2, 19),
(612, 'fr', 'actualites', 1, 1),
(612, 'fr', 'actualites', 1, 7),
(612, 'fr', 'actualites', 1, 20),
(612, 'fr', 'actualites', 1, 21),
(612, 'fr', 'actualites', 1, 29),
(612, 'fr', 'actualites', 1, 30),
(612, 'fr', 'actualites', 1, 32),
(612, 'fr', 'actualites', 2, 7),
(612, 'fr', 'actualites', 2, 20),
(612, 'fr', 'actualites', 2, 21),
(612, 'fr', 'actualites', 2, 29),
(612, 'fr', 'actualites', 2, 32),
(613, 'fr', 'actualites', 1, 1),
(613, 'fr', 'actualites', 1, 6),
(614, 'fr', 'actualites', 1, 1),
(615, 'fr', 'actualites', 1, 1),
(616, 'fr', 'actualites', 1, 1),
(617, 'fr', 'actualites', 1, 1),
(618, 'fr', 'actualites', 1, 1),
(619, 'fr', 'actualites', 1, 1),
(620, 'fr', 'actualites', 1, 1),
(621, 'fr', 'actualites', 1, 1),
(622, 'fr', 'actualites', 1, 1),
(623, 'fr', 'actualites', 1, 1),
(623, 'fr', 'actualites', 1, 20),
(623, 'fr', 'actualites', 1, 21),
(624, 'fr', 'actualites', 1, 1),
(625, 'fr', 'actualites', 1, 1),
(626, 'fr', 'actualites', 1, 1),
(626, 'fr', 'actualites', 1, 9),
(626, 'fr', 'actualites', 1, 18),
(626, 'fr', 'actualites', 1, 19),
(626, 'fr', 'actualites', 1, 23),
(626, 'fr', 'actualites', 1, 24),
(626, 'fr', 'actualites', 2, 11),
(627, 'fr', 'actualites', 1, 1),
(628, 'fr', 'actualites', 1, 1),
(629, 'en', 'actualites', 1, 7),
(629, 'en', 'actualites', 1, 8),
(629, 'en', 'actualites', 1, 32),
(629, 'en', 'actualites', 3, 1),
(630, 'fr', 'actualites', 1, 28),
(630, 'fr', 'actualites', 3, 6),
(631, 'fr', 'actualites', 1, 6),
(631, 'fr', 'actualites', 2, 6),
(631, 'fr', 'actualites', 3, 6),
(632, 'fr', 'actualites', 1, 6),
(632, 'fr', 'actualites', 2, 6),
(633, 'fr', 'actualites', 2, 6),
(634, 'fr', 'actualites', 2, 6),
(635, 'fr', 'actualites', 1, 6),
(635, 'fr', 'actualites', 2, 6),
(636, 'fr', 'actualites', 1, 6),
(636, 'fr', 'actualites', 1, 18),
(636, 'fr', 'actualites', 1, 28),
(636, 'fr', 'actualites', 1, 34),
(636, 'fr', 'actualites', 2, 6),
(637, 'fr', 'actualites', 1, 6),
(637, 'fr', 'actualites', 1, 25),
(637, 'fr', 'actualites', 2, 6),
(638, 'fr', 'actualites', 1, 6),
(638, 'fr', 'actualites', 2, 6),
(639, 'fr', 'actualites', 1, 6),
(639, 'fr', 'actualites', 2, 6),
(640, 'fr', 'actualites', 1, 6),
(640, 'fr', 'actualites', 1, 30),
(640, 'fr', 'actualites', 2, 6),
(641, 'fr', 'actualites', 2, 6),
(642, 'fr', 'actualites', 1, 6),
(642, 'fr', 'actualites', 1, 21),
(642, 'fr', 'actualites', 1, 23),
(642, 'fr', 'actualites', 2, 6),
(643, 'fr', 'actualites', 1, 6),
(643, 'fr', 'actualites', 2, 6),
(644, 'fr', 'actualites', 1, 6),
(644, 'fr', 'actualites', 2, 6),
(645, 'fr', 'actualites', 1, 6),
(645, 'fr', 'actualites', 1, 31),
(645, 'fr', 'actualites', 1, 33),
(646, 'fr', 'actualites', 1, 6),
(647, 'fr', 'actualites', 1, 6),
(648, 'fr', 'actualites', 1, 6),
(649, 'fr', 'actualites', 1, 6),
(650, 'fr', 'actualites', 1, 6),
(651, 'fr', 'actualites', 1, 6),
(651, 'fr', 'actualites', 1, 9),
(651, 'fr', 'actualites', 1, 11),
(651, 'fr', 'actualites', 1, 12),
(651, 'fr', 'actualites', 1, 21),
(652, 'fr', 'actualites', 1, 6),
(652, 'fr', 'actualites', 1, 10),
(652, 'fr', 'actualites', 1, 12),
(652, 'fr', 'actualites', 1, 22),
(652, 'fr', 'actualites', 1, 25),
(652, 'fr', 'actualites', 1, 34),
(652, 'fr', 'actualites', 2, 12),
(653, 'fr', 'actualites', 1, 6),
(654, 'fr', 'actualites', 1, 6),
(655, 'fr', 'actualites', 1, 6),
(655, 'fr', 'actualites', 1, 20),
(655, 'fr', 'actualites', 1, 26),
(655, 'fr', 'actualites', 1, 28),
(655, 'fr', 'actualites', 2, 20),
(655, 'fr', 'actualites', 2, 26),
(655, 'fr', 'actualites', 2, 28),
(656, 'fr', 'actualites', 1, 6),
(656, 'fr', 'actualites', 1, 29),
(656, 'fr', 'actualites', 1, 33),
(657, 'fr', 'actualites', 1, 6),
(658, 'fr', 'actualites', 1, 6),
(659, 'fr', 'actualites', 1, 6),
(659, 'fr', 'actualites', 1, 22),
(659, 'fr', 'actualites', 2, 22),
(660, 'fr', 'actualites', 1, 6),
(661, 'fr', 'actualites', 1, 6),
(661, 'fr', 'actualites', 1, 9),
(661, 'fr', 'actualites', 1, 18),
(661, 'fr', 'actualites', 1, 33),
(662, 'fr', 'actualites', 1, 6),
(663, 'fr', 'actualites', 1, 6),
(664, 'fr', 'actualites', 1, 6),
(664, 'fr', 'actualites', 1, 12),
(665, 'fr', 'actualites', 1, 6),
(665, 'fr', 'actualites', 1, 11),
(665, 'fr', 'actualites', 1, 12),
(665, 'fr', 'actualites', 1, 16),
(665, 'fr', 'actualites', 1, 34),
(665, 'fr', 'actualites', 2, 16),
(665, 'fr', 'actualites', 2, 34),
(665, 'fr', 'actualites', 3, 16),
(666, 'fr', 'actualites', 1, 6),
(667, 'fr', 'actualites', 1, 6),
(667, 'fr', 'actualites', 1, 24),
(667, 'fr', 'actualites', 1, 27),
(667, 'fr', 'actualites', 1, 28),
(667, 'fr', 'actualites', 1, 30),
(667, 'fr', 'actualites', 1, 31),
(667, 'fr', 'actualites', 2, 10),
(667, 'fr', 'actualites', 2, 11),
(668, 'fr', 'actualites', 1, 6),
(669, 'en', 'actualites', 1, 6),
(669, 'en', 'actualites', 1, 24),
(669, 'en', 'actualites', 1, 35),
(669, 'en', 'actualites', 2, 18),
(669, 'en', 'actualites', 3, 6),
(670, 'en', 'actualites', 1, 6),
(670, 'en', 'actualites', 2, 6),
(670, 'en', 'actualites', 3, 6),
(671, 'en', 'actualites', 1, 6),
(671, 'en', 'actualites', 2, 6),
(672, 'en', 'actualites', 1, 6),
(672, 'en', 'actualites', 2, 6),
(673, 'en', 'actualites', 1, 6),
(673, 'en', 'actualites', 1, 7),
(673, 'en', 'actualites', 2, 6),
(674, 'en', 'actualites', 1, 6),
(674, 'en', 'actualites', 1, 18),
(674, 'en', 'actualites', 1, 33),
(674, 'en', 'actualites', 2, 6),
(675, 'en', 'actualites', 1, 6),
(675, 'en', 'actualites', 2, 6),
(676, 'en', 'actualites', 1, 6),
(676, 'en', 'actualites', 1, 11),
(676, 'en', 'actualites', 2, 6),
(677, 'en', 'actualites', 1, 6),
(677, 'en', 'actualites', 2, 6),
(678, 'en', 'actualites', 1, 6),
(678, 'en', 'actualites', 2, 6),
(679, 'en', 'actualites', 1, 6),
(680, 'en', 'actualites', 1, 6),
(681, 'en', 'actualites', 1, 6),
(682, 'en', 'actualites', 1, 6),
(683, 'en', 'actualites', 1, 6),
(684, 'en', 'actualites', 1, 6),
(684, 'en', 'actualites', 1, 9),
(684, 'en', 'actualites', 1, 11),
(684, 'en', 'actualites', 1, 12),
(684, 'en', 'actualites', 1, 21),
(685, 'en', 'actualites', 1, 6),
(686, 'en', 'actualites', 1, 6),
(687, 'en', 'actualites', 1, 6),
(687, 'en', 'actualites', 1, 10),
(687, 'en', 'actualites', 1, 22),
(687, 'en', 'actualites', 1, 25),
(688, 'en', 'actualites', 1, 6),
(688, 'en', 'actualites', 1, 20),
(688, 'en', 'actualites', 1, 26),
(688, 'en', 'actualites', 1, 28),
(688, 'en', 'actualites', 2, 20),
(688, 'en', 'actualites', 2, 26),
(688, 'en', 'actualites', 2, 28),
(689, 'en', 'actualites', 1, 6),
(689, 'en', 'actualites', 1, 34),
(690, 'en', 'actualites', 1, 6),
(690, 'en', 'actualites', 1, 20),
(690, 'en', 'actualites', 1, 24),
(690, 'en', 'actualites', 2, 24),
(691, 'en', 'actualites', 1, 6),
(691, 'en', 'actualites', 1, 20),
(691, 'en', 'actualites', 1, 21),
(692, 'en', 'actualites', 1, 6),
(693, 'en', 'actualites', 1, 6),
(693, 'en', 'actualites', 1, 22),
(693, 'en', 'actualites', 1, 26),
(693, 'en', 'actualites', 1, 27),
(694, 'en', 'actualites', 1, 6),
(695, 'en', 'actualites', 1, 6),
(696, 'en', 'actualites', 1, 6),
(696, 'en', 'actualites', 1, 11),
(697, 'en', 'actualites', 1, 6),
(697, 'en', 'actualites', 1, 20),
(698, 'en', 'actualites', 1, 6),
(698, 'en', 'actualites', 1, 18),
(699, 'en', 'actualites', 1, 6),
(700, 'en', 'actualites', 1, 6),
(700, 'en', 'actualites', 1, 19),
(700, 'en', 'actualites', 1, 26),
(701, 'en', 'actualites', 1, 6),
(702, 'en', 'actualites', 1, 6),
(702, 'en', 'actualites', 1, 9),
(702, 'en', 'actualites', 1, 15),
(702, 'en', 'actualites', 1, 19),
(702, 'en', 'actualites', 1, 20),
(702, 'en', 'actualites', 1, 28),
(702, 'en', 'actualites', 1, 31),
(702, 'en', 'actualites', 2, 15),
(703, 'fr', 'actualites', 3, 7),
(703, 'fr', 'actualites', 3, 32),
(704, 'fr', 'actualites', 1, 7),
(704, 'fr', 'actualites', 1, 32),
(704, 'fr', 'actualites', 2, 32),
(704, 'fr', 'actualites', 3, 7),
(705, 'fr', 'actualites', 2, 7),
(705, 'fr', 'actualites', 3, 7),
(709, 'fr', 'actualites', 1, 7),
(710, 'fr', 'actualites', 1, 7),
(711, 'fr', 'actualites', 1, 7),
(711, 'fr', 'actualites', 1, 8),
(711, 'fr', 'actualites', 1, 26),
(711, 'fr', 'actualites', 1, 28),
(711, 'fr', 'actualites', 1, 35),
(712, 'fr', 'actualites', 1, 7),
(712, 'fr', 'actualites', 1, 32),
(712, 'fr', 'actualites', 2, 7),
(712, 'fr', 'actualites', 2, 32),
(713, 'fr', 'actualites', 1, 7),
(713, 'fr', 'actualites', 1, 20),
(713, 'fr', 'actualites', 1, 21),
(713, 'fr', 'actualites', 1, 24),
(713, 'fr', 'actualites', 1, 26),
(713, 'fr', 'actualites', 1, 27),
(713, 'fr', 'actualites', 1, 28),
(713, 'fr', 'actualites', 1, 35),
(713, 'fr', 'actualites', 2, 7),
(713, 'fr', 'actualites', 2, 24),
(713, 'fr', 'actualites', 2, 28),
(714, 'fr', 'actualites', 1, 7),
(714, 'fr', 'actualites', 1, 21),
(714, 'fr', 'actualites', 1, 30),
(714, 'fr', 'actualites', 2, 7),
(714, 'fr', 'actualites', 2, 30),
(714, 'fr', 'actualites', 3, 21),
(715, 'fr', 'actualites', 1, 7),
(715, 'fr', 'actualites', 1, 21),
(715, 'fr', 'actualites', 1, 30),
(715, 'fr', 'actualites', 2, 7),
(715, 'fr', 'actualites', 2, 30),
(716, 'fr', 'actualites', 1, 7),
(716, 'fr', 'actualites', 1, 21),
(716, 'fr', 'actualites', 1, 30),
(716, 'fr', 'actualites', 2, 7),
(716, 'fr', 'actualites', 2, 30),
(717, 'fr', 'actualites', 1, 7),
(718, 'fr', 'actualites', 1, 7),
(719, 'fr', 'actualites', 1, 7),
(719, 'fr', 'actualites', 1, 32),
(720, 'fr', 'actualites', 1, 7),
(721, 'fr', 'actualites', 1, 7),
(721, 'fr', 'actualites', 1, 29),
(721, 'fr', 'actualites', 2, 29),
(722, 'fr', 'actualites', 1, 7),
(723, 'fr', 'actualites', 1, 7),
(724, 'fr', 'actualites', 1, 7),
(725, 'fr', 'actualites', 1, 7),
(726, 'fr', 'actualites', 1, 7),
(727, 'fr', 'actualites', 1, 7),
(728, 'en', 'actualites', 3, 7),
(728, 'en', 'actualites', 3, 32),
(729, 'en', 'actualites', 2, 7),
(729, 'en', 'actualites', 3, 7),
(731, 'en', 'actualites', 1, 7),
(731, 'en', 'actualites', 1, 9),
(731, 'en', 'actualites', 1, 26),
(732, 'en', 'actualites', 1, 7),
(733, 'en', 'actualites', 1, 7),
(733, 'en', 'actualites', 1, 32),
(733, 'en', 'actualites', 2, 7),
(733, 'en', 'actualites', 2, 32),
(734, 'en', 'actualites', 1, 7),
(734, 'en', 'actualites', 1, 20),
(734, 'en', 'actualites', 1, 26),
(734, 'en', 'actualites', 1, 28),
(734, 'en', 'actualites', 2, 7),
(734, 'en', 'actualites', 2, 28),
(735, 'en', 'actualites', 1, 7),
(735, 'en', 'actualites', 1, 21),
(735, 'en', 'actualites', 1, 30),
(735, 'en', 'actualites', 2, 7),
(735, 'en', 'actualites', 2, 30),
(736, 'en', 'actualites', 1, 7),
(736, 'en', 'actualites', 1, 21),
(736, 'en', 'actualites', 1, 22),
(736, 'en', 'actualites', 1, 30),
(736, 'en', 'actualites', 2, 7),
(736, 'en', 'actualites', 2, 30),
(737, 'en', 'actualites', 1, 7),
(737, 'en', 'actualites', 1, 21),
(737, 'en', 'actualites', 1, 30),
(737, 'en', 'actualites', 2, 7),
(737, 'en', 'actualites', 2, 30),
(738, 'en', 'actualites', 1, 7),
(738, 'en', 'actualites', 1, 19),
(738, 'en', 'actualites', 2, 19),
(739, 'en', 'actualites', 1, 7),
(740, 'en', 'actualites', 1, 7),
(740, 'en', 'actualites', 1, 22),
(740, 'en', 'actualites', 2, 22),
(741, 'en', 'actualites', 1, 7),
(742, 'en', 'actualites', 1, 7),
(743, 'en', 'actualites', 1, 7),
(743, 'en', 'actualites', 1, 28),
(743, 'en', 'actualites', 1, 29),
(743, 'en', 'actualites', 1, 35),
(743, 'en', 'actualites', 2, 29),
(743, 'en', 'actualites', 2, 35),
(744, 'en', 'actualites', 1, 7),
(744, 'en', 'actualites', 1, 24),
(745, 'en', 'actualites', 1, 7),
(746, 'en', 'actualites', 1, 7),
(747, 'en', 'actualites', 1, 7),
(748, 'en', 'actualites', 1, 7),
(749, 'en', 'actualites', 1, 7),
(749, 'en', 'actualites', 1, 8),
(749, 'en', 'actualites', 1, 32),
(749, 'en', 'actualites', 1, 33),
(749, 'en', 'actualites', 2, 32),
(750, 'en', 'actualites', 1, 7),
(751, 'en', 'actualites', 1, 7),
(752, 'en', 'actualites', 1, 7),
(753, 'en', 'actualites', 1, 7),
(754, 'en', 'actualites', 1, 7),
(755, 'en', 'actualites', 1, 7),
(755, 'en', 'actualites', 1, 8),
(755, 'en', 'actualites', 1, 20),
(755, 'en', 'actualites', 2, 8),
(756, 'en', 'actualites', 1, 7),
(757, 'en', 'actualites', 1, 7),
(757, 'en', 'actualites', 1, 11),
(757, 'en', 'actualites', 1, 13),
(757, 'en', 'actualites', 1, 15),
(757, 'en', 'actualites', 1, 24),
(757, 'en', 'actualites', 2, 15),
(758, 'en', 'actualites', 1, 7),
(759, 'fr', 'actualites', 2, 7),
(759, 'fr', 'actualites', 2, 20),
(759, 'fr', 'actualites', 2, 21),
(759, 'fr', 'actualites', 2, 29),
(759, 'fr', 'actualites', 2, 32),
(759, 'fr', 'actualites', 3, 29),
(760, 'fr', 'actualites', 1, 7),
(760, 'fr', 'actualites', 1, 8),
(760, 'fr', 'actualites', 1, 12),
(760, 'fr', 'actualites', 1, 35),
(760, 'fr', 'actualites', 2, 35),
(761, 'fr', 'actualites', 1, 7),
(761, 'fr', 'actualites', 1, 34),
(761, 'fr', 'actualites', 2, 34),
(762, 'fr', 'actualites', 1, 7),
(762, 'fr', 'actualites', 1, 13),
(762, 'fr', 'actualites', 1, 14),
(762, 'fr', 'actualites', 1, 15),
(762, 'fr', 'actualites', 1, 16),
(762, 'fr', 'actualites', 1, 21),
(762, 'fr', 'actualites', 1, 26),
(762, 'fr', 'actualites', 1, 27),
(762, 'fr', 'actualites', 1, 28),
(762, 'fr', 'actualites', 1, 31),
(762, 'fr', 'actualites', 1, 32),
(762, 'fr', 'actualites', 1, 33),
(762, 'fr', 'actualites', 1, 34),
(762, 'fr', 'actualites', 1, 35),
(762, 'fr', 'actualites', 2, 13),
(762, 'fr', 'actualites', 2, 14),
(762, 'fr', 'actualites', 2, 15),
(762, 'fr', 'actualites', 2, 16),
(762, 'fr', 'actualites', 2, 33),
(762, 'fr', 'actualites', 2, 34),
(762, 'fr', 'actualites', 2, 35),
(762, 'fr', 'actualites', 3, 33),
(763, 'fr', 'actualites', 1, 7),
(764, 'fr', 'actualites', 1, 7),
(765, 'fr', 'actualites', 2, 8),
(765, 'fr', 'actualites', 3, 8),
(765, 'fr', 'actualites', 3, 12),
(766, 'fr', 'actualites', 1, 8),
(766, 'fr', 'actualites', 1, 29),
(766, 'fr', 'actualites', 1, 30),
(766, 'fr', 'actualites', 1, 33),
(766, 'fr', 'actualites', 1, 34),
(766, 'fr', 'actualites', 2, 8),
(766, 'fr', 'actualites', 2, 29),
(766, 'fr', 'actualites', 3, 8),
(766, 'fr', 'actualites', 3, 12),
(767, 'fr', 'actualites', 1, 8),
(767, 'fr', 'actualites', 1, 12),
(767, 'fr', 'actualites', 2, 8),
(767, 'fr', 'actualites', 2, 12),
(767, 'fr', 'actualites', 3, 8),
(767, 'fr', 'actualites', 3, 12),
(768, 'fr', 'actualites', 2, 8),
(769, 'fr', 'actualites', 1, 8),
(769, 'fr', 'actualites', 1, 9),
(769, 'fr', 'actualites', 1, 12),
(769, 'fr', 'actualites', 1, 29),
(769, 'fr', 'actualites', 2, 8),
(769, 'fr', 'actualites', 2, 12),
(770, 'fr', 'actualites', 1, 8),
(770, 'fr', 'actualites', 1, 12),
(770, 'fr', 'actualites', 2, 8),
(771, 'fr', 'actualites', 1, 8),
(771, 'fr', 'actualites', 2, 8),
(772, 'fr', 'actualites', 1, 8),
(772, 'fr', 'actualites', 1, 20),
(772, 'fr', 'actualites', 2, 8),
(773, 'fr', 'actualites', 1, 8),
(774, 'fr', 'actualites', 1, 8),
(775, 'fr', 'actualites', 1, 8),
(775, 'fr', 'actualites', 1, 12),
(775, 'fr', 'actualites', 2, 12),
(776, 'fr', 'actualites', 1, 8),
(776, 'fr', 'actualites', 1, 12),
(776, 'fr', 'actualites', 2, 12),
(777, 'fr', 'actualites', 1, 8),
(778, 'fr', 'actualites', 1, 8),
(779, 'fr', 'actualites', 1, 8),
(780, 'fr', 'actualites', 1, 8),
(782, 'fr', 'actualites', 1, 8),
(783, 'fr', 'actualites', 1, 8),
(783, 'fr', 'actualites', 1, 14),
(783, 'fr', 'actualites', 2, 14),
(784, 'fr', 'actualites', 1, 8),
(784, 'fr', 'actualites', 1, 17),
(784, 'fr', 'actualites', 1, 20),
(784, 'fr', 'actualites', 1, 30),
(784, 'fr', 'actualites', 2, 32),
(785, 'fr', 'actualites', 1, 8),
(786, 'fr', 'actualites', 1, 8),
(786, 'fr', 'actualites', 1, 12),
(786, 'fr', 'actualites', 2, 12),
(787, 'fr', 'actualites', 1, 8),
(787, 'fr', 'actualites', 1, 12),
(787, 'fr', 'actualites', 1, 19),
(787, 'fr', 'actualites', 1, 24),
(787, 'fr', 'actualites', 1, 28),
(787, 'fr', 'actualites', 1, 33),
(787, 'fr', 'actualites', 1, 34),
(787, 'fr', 'actualites', 2, 12),
(787, 'fr', 'actualites', 2, 28),
(788, 'fr', 'actualites', 1, 8),
(789, 'fr', 'actualites', 1, 8),
(790, 'fr', 'actualites', 1, 8),
(790, 'fr', 'actualites', 1, 19),
(790, 'fr', 'actualites', 1, 20),
(790, 'fr', 'actualites', 1, 21),
(790, 'fr', 'actualites', 1, 24),
(790, 'fr', 'actualites', 1, 32),
(790, 'fr', 'actualites', 1, 34),
(791, 'fr', 'actualites', 1, 8),
(792, 'en', 'actualites', 2, 8),
(792, 'en', 'actualites', 3, 8),
(792, 'en', 'actualites', 3, 12),
(793, 'en', 'actualites', 1, 8),
(793, 'en', 'actualites', 1, 12),
(793, 'en', 'actualites', 2, 8),
(793, 'en', 'actualites', 2, 12),
(793, 'en', 'actualites', 3, 8),
(793, 'en', 'actualites', 3, 12),
(794, 'en', 'actualites', 1, 8),
(794, 'en', 'actualites', 1, 12),
(794, 'en', 'actualites', 1, 29),
(794, 'en', 'actualites', 1, 30),
(794, 'en', 'actualites', 1, 33),
(794, 'en', 'actualites', 1, 34),
(794, 'en', 'actualites', 2, 8),
(794, 'en', 'actualites', 2, 12);
INSERT INTO `localisation` (`dictionnaire_id`, `lang`, `localisation_table`, `localisation_priority`, `localisation_id`) VALUES
(794, 'en', 'actualites', 2, 29),
(794, 'en', 'actualites', 3, 8),
(794, 'en', 'actualites', 3, 12),
(795, 'en', 'actualites', 2, 8),
(796, 'en', 'actualites', 1, 8),
(796, 'en', 'actualites', 1, 9),
(796, 'en', 'actualites', 1, 30),
(796, 'en', 'actualites', 2, 8),
(797, 'en', 'actualites', 1, 8),
(797, 'en', 'actualites', 2, 8),
(798, 'en', 'actualites', 1, 8),
(798, 'en', 'actualites', 2, 8),
(799, 'en', 'actualites', 1, 8),
(800, 'en', 'actualites', 1, 8),
(801, 'en', 'actualites', 1, 8),
(802, 'en', 'actualites', 1, 8),
(802, 'en', 'actualites', 1, 12),
(802, 'en', 'actualites', 2, 12),
(803, 'en', 'actualites', 1, 8),
(804, 'en', 'actualites', 1, 8),
(805, 'en', 'actualites', 1, 8),
(806, 'en', 'actualites', 1, 8),
(806, 'en', 'actualites', 1, 17),
(806, 'en', 'actualites', 1, 30),
(806, 'en', 'actualites', 1, 35),
(807, 'en', 'actualites', 1, 8),
(808, 'en', 'actualites', 1, 8),
(808, 'en', 'actualites', 1, 29),
(809, 'en', 'actualites', 1, 8),
(809, 'en', 'actualites', 1, 27),
(810, 'en', 'actualites', 1, 8),
(810, 'en', 'actualites', 1, 18),
(811, 'en', 'actualites', 1, 8),
(812, 'en', 'actualites', 1, 8),
(812, 'en', 'actualites', 1, 12),
(812, 'en', 'actualites', 2, 12),
(813, 'en', 'actualites', 1, 8),
(814, 'en', 'actualites', 1, 8),
(814, 'en', 'actualites', 1, 19),
(814, 'en', 'actualites', 1, 20),
(814, 'en', 'actualites', 1, 21),
(814, 'en', 'actualites', 1, 32),
(814, 'en', 'actualites', 1, 34),
(814, 'en', 'actualites', 2, 20),
(814, 'en', 'actualites', 2, 31),
(815, 'en', 'actualites', 1, 8),
(816, 'fr', 'actualites', 1, 8),
(817, 'fr', 'actualites', 1, 28),
(817, 'fr', 'actualites', 3, 9),
(817, 'fr', 'actualites', 3, 10),
(817, 'fr', 'actualites', 3, 11),
(818, 'fr', 'actualites', 1, 28),
(818, 'fr', 'actualites', 3, 9),
(818, 'fr', 'actualites', 3, 10),
(818, 'fr', 'actualites', 3, 11),
(819, 'fr', 'actualites', 2, 9),
(819, 'fr', 'actualites', 2, 10),
(819, 'fr', 'actualites', 3, 10),
(820, 'fr', 'actualites', 1, 9),
(820, 'fr', 'actualites', 1, 28),
(820, 'fr', 'actualites', 2, 9),
(820, 'fr', 'actualites', 3, 9),
(821, 'fr', 'actualites', 1, 18),
(821, 'fr', 'actualites', 1, 24),
(821, 'fr', 'actualites', 1, 33),
(821, 'fr', 'actualites', 2, 9),
(821, 'fr', 'actualites', 2, 10),
(821, 'fr', 'actualites', 2, 11),
(822, 'fr', 'actualites', 2, 9),
(823, 'fr', 'actualites', 1, 20),
(823, 'fr', 'actualites', 1, 22),
(823, 'fr', 'actualites', 2, 9),
(823, 'fr', 'actualites', 2, 11),
(823, 'fr', 'actualites', 2, 35),
(824, 'fr', 'actualites', 1, 28),
(824, 'fr', 'actualites', 2, 9),
(824, 'fr', 'actualites', 2, 28),
(825, 'fr', 'actualites', 1, 21),
(825, 'fr', 'actualites', 1, 22),
(825, 'fr', 'actualites', 1, 26),
(825, 'fr', 'actualites', 1, 27),
(825, 'fr', 'actualites', 1, 28),
(825, 'fr', 'actualites', 2, 9),
(825, 'fr', 'actualites', 2, 35),
(826, 'fr', 'actualites', 2, 9),
(826, 'fr', 'actualites', 2, 11),
(827, 'fr', 'actualites', 2, 9),
(827, 'fr', 'actualites', 2, 11),
(828, 'fr', 'actualites', 1, 9),
(828, 'fr', 'actualites', 1, 15),
(828, 'fr', 'actualites', 1, 20),
(828, 'fr', 'actualites', 1, 22),
(828, 'fr', 'actualites', 1, 23),
(828, 'fr', 'actualites', 1, 24),
(828, 'fr', 'actualites', 2, 15),
(828, 'fr', 'actualites', 2, 18),
(829, 'fr', 'actualites', 1, 9),
(830, 'fr', 'actualites', 1, 9),
(831, 'fr', 'actualites', 1, 9),
(831, 'fr', 'actualites', 1, 20),
(831, 'fr', 'actualites', 1, 24),
(831, 'fr', 'actualites', 2, 20),
(832, 'fr', 'actualites', 1, 9),
(832, 'fr', 'actualites', 1, 28),
(833, 'fr', 'actualites', 1, 9),
(834, 'fr', 'actualites', 1, 9),
(834, 'fr', 'actualites', 1, 15),
(834, 'fr', 'actualites', 1, 27),
(834, 'fr', 'actualites', 1, 28),
(834, 'fr', 'actualites', 2, 10),
(835, 'fr', 'actualites', 1, 9),
(836, 'fr', 'actualites', 1, 9),
(837, 'fr', 'actualites', 1, 9),
(837, 'fr', 'actualites', 1, 29),
(838, 'fr', 'actualites', 1, 9),
(839, 'fr', 'actualites', 1, 9),
(840, 'fr', 'actualites', 1, 9),
(841, 'fr', 'actualites', 1, 9),
(841, 'fr', 'actualites', 2, 18),
(842, 'fr', 'actualites', 1, 9),
(842, 'fr', 'actualites', 1, 22),
(843, 'fr', 'actualites', 1, 9),
(843, 'fr', 'actualites', 1, 22),
(843, 'fr', 'actualites', 1, 24),
(843, 'fr', 'actualites', 2, 22),
(844, 'fr', 'actualites', 1, 9),
(845, 'fr', 'actualites', 1, 9),
(846, 'fr', 'actualites', 1, 9),
(847, 'fr', 'actualites', 1, 9),
(848, 'fr', 'actualites', 1, 9),
(849, 'fr', 'actualites', 1, 9),
(849, 'fr', 'actualites', 1, 30),
(850, 'fr', 'actualites', 1, 9),
(850, 'fr', 'actualites', 1, 26),
(851, 'fr', 'actualites', 1, 9),
(852, 'fr', 'actualites', 1, 9),
(853, 'fr', 'actualites', 1, 9),
(853, 'fr', 'actualites', 1, 28),
(854, 'fr', 'actualites', 1, 9),
(854, 'fr', 'actualites', 1, 10),
(854, 'fr', 'actualites', 1, 11),
(854, 'fr', 'actualites', 1, 12),
(854, 'fr', 'actualites', 1, 13),
(854, 'fr', 'actualites', 1, 14),
(854, 'fr', 'actualites', 1, 15),
(854, 'fr', 'actualites', 1, 20),
(854, 'fr', 'actualites', 1, 21),
(854, 'fr', 'actualites', 1, 22),
(854, 'fr', 'actualites', 1, 23),
(854, 'fr', 'actualites', 1, 24),
(854, 'fr', 'actualites', 1, 27),
(854, 'fr', 'actualites', 1, 28),
(854, 'fr', 'actualites', 1, 31),
(854, 'fr', 'actualites', 2, 12),
(855, 'fr', 'actualites', 1, 9),
(855, 'fr', 'actualites', 1, 18),
(855, 'fr', 'actualites', 1, 19),
(856, 'fr', 'actualites', 1, 9),
(856, 'fr', 'actualites', 1, 30),
(857, 'fr', 'actualites', 1, 9),
(858, 'fr', 'actualites', 1, 9),
(858, 'fr', 'actualites', 1, 11),
(858, 'fr', 'actualites', 1, 14),
(859, 'fr', 'actualites', 1, 9),
(860, 'fr', 'actualites', 1, 9),
(860, 'fr', 'actualites', 1, 13),
(860, 'fr', 'actualites', 1, 18),
(860, 'fr', 'actualites', 1, 24),
(861, 'fr', 'actualites', 1, 9),
(862, 'fr', 'actualites', 1, 9),
(863, 'fr', 'actualites', 1, 9),
(864, 'fr', 'actualites', 1, 9),
(865, 'fr', 'actualites', 1, 9),
(865, 'fr', 'actualites', 1, 10),
(865, 'fr', 'actualites', 1, 11),
(865, 'fr', 'actualites', 1, 13),
(865, 'fr', 'actualites', 1, 14),
(865, 'fr', 'actualites', 1, 15),
(865, 'fr', 'actualites', 1, 19),
(865, 'fr', 'actualites', 1, 20),
(865, 'fr', 'actualites', 1, 21),
(865, 'fr', 'actualites', 1, 22),
(865, 'fr', 'actualites', 1, 23),
(865, 'fr', 'actualites', 1, 24),
(865, 'fr', 'actualites', 1, 25),
(865, 'fr', 'actualites', 1, 26),
(865, 'fr', 'actualites', 1, 27),
(865, 'fr', 'actualites', 1, 28),
(865, 'fr', 'actualites', 1, 33),
(865, 'fr', 'actualites', 1, 35),
(866, 'fr', 'actualites', 1, 9),
(866, 'fr', 'actualites', 1, 10),
(866, 'fr', 'actualites', 1, 11),
(866, 'fr', 'actualites', 1, 13),
(866, 'fr', 'actualites', 1, 14),
(866, 'fr', 'actualites', 1, 15),
(866, 'fr', 'actualites', 1, 17),
(866, 'fr', 'actualites', 1, 19),
(866, 'fr', 'actualites', 1, 20),
(866, 'fr', 'actualites', 1, 21),
(866, 'fr', 'actualites', 1, 22),
(866, 'fr', 'actualites', 1, 23),
(866, 'fr', 'actualites', 1, 24),
(866, 'fr', 'actualites', 1, 25),
(866, 'fr', 'actualites', 1, 26),
(866, 'fr', 'actualites', 1, 27),
(866, 'fr', 'actualites', 1, 28),
(866, 'fr', 'actualites', 1, 33),
(867, 'fr', 'actualites', 1, 9),
(867, 'fr', 'actualites', 1, 10),
(867, 'fr', 'actualites', 1, 11),
(867, 'fr', 'actualites', 1, 13),
(867, 'fr', 'actualites', 1, 14),
(867, 'fr', 'actualites', 1, 15),
(867, 'fr', 'actualites', 1, 19),
(867, 'fr', 'actualites', 1, 20),
(867, 'fr', 'actualites', 1, 21),
(867, 'fr', 'actualites', 1, 22),
(867, 'fr', 'actualites', 1, 23),
(867, 'fr', 'actualites', 1, 24),
(867, 'fr', 'actualites', 1, 25),
(867, 'fr', 'actualites', 1, 26),
(867, 'fr', 'actualites', 1, 27),
(867, 'fr', 'actualites', 1, 28),
(867, 'fr', 'actualites', 1, 32),
(867, 'fr', 'actualites', 1, 35),
(867, 'fr', 'actualites', 2, 20),
(868, 'en', 'actualites', 3, 9),
(868, 'en', 'actualites', 3, 10),
(868, 'en', 'actualites', 3, 11),
(869, 'en', 'actualites', 1, 10),
(869, 'en', 'actualites', 1, 11),
(869, 'en', 'actualites', 2, 9),
(869, 'en', 'actualites', 2, 10),
(869, 'en', 'actualites', 2, 11),
(869, 'en', 'actualites', 3, 9),
(869, 'en', 'actualites', 3, 10),
(869, 'en', 'actualites', 3, 11),
(870, 'en', 'actualites', 1, 28),
(870, 'en', 'actualites', 3, 9),
(870, 'en', 'actualites', 3, 10),
(870, 'en', 'actualites', 3, 11),
(871, 'en', 'actualites', 1, 28),
(871, 'en', 'actualites', 3, 9),
(871, 'en', 'actualites', 3, 11),
(872, 'en', 'actualites', 1, 24),
(872, 'en', 'actualites', 1, 26),
(872, 'en', 'actualites', 3, 9),
(873, 'en', 'actualites', 1, 23),
(873, 'en', 'actualites', 1, 28),
(873, 'en', 'actualites', 3, 9),
(874, 'en', 'actualites', 1, 10),
(874, 'en', 'actualites', 1, 28),
(874, 'en', 'actualites', 2, 11),
(874, 'en', 'actualites', 3, 9),
(875, 'en', 'actualites', 1, 9),
(875, 'en', 'actualites', 1, 28),
(875, 'en', 'actualites', 2, 9),
(875, 'en', 'actualites', 3, 9),
(876, 'en', 'actualites', 1, 20),
(876, 'en', 'actualites', 1, 22),
(876, 'en', 'actualites', 1, 23),
(876, 'en', 'actualites', 1, 25),
(876, 'en', 'actualites', 1, 33),
(876, 'en', 'actualites', 2, 9),
(876, 'en', 'actualites', 2, 11),
(877, 'en', 'actualites', 2, 9),
(878, 'en', 'actualites', 1, 10),
(878, 'en', 'actualites', 1, 35),
(878, 'en', 'actualites', 2, 9),
(878, 'en', 'actualites', 2, 11),
(878, 'en', 'actualites', 2, 35),
(879, 'en', 'actualites', 2, 9),
(880, 'en', 'actualites', 2, 9),
(880, 'en', 'actualites', 2, 35),
(881, 'en', 'actualites', 1, 22),
(881, 'en', 'actualites', 1, 23),
(881, 'en', 'actualites', 2, 9),
(881, 'en', 'actualites', 2, 10),
(881, 'en', 'actualites', 3, 10),
(882, 'en', 'actualites', 2, 9),
(882, 'en', 'actualites', 2, 11),
(883, 'en', 'actualites', 1, 9),
(883, 'en', 'actualites', 1, 15),
(883, 'en', 'actualites', 1, 19),
(883, 'en', 'actualites', 1, 21),
(883, 'en', 'actualites', 1, 26),
(883, 'en', 'actualites', 1, 30),
(883, 'en', 'actualites', 2, 15),
(884, 'en', 'actualites', 1, 9),
(885, 'en', 'actualites', 1, 9),
(886, 'en', 'actualites', 1, 9),
(886, 'en', 'actualites', 1, 21),
(887, 'en', 'actualites', 1, 9),
(887, 'en', 'actualites', 1, 19),
(887, 'en', 'actualites', 1, 20),
(887, 'en', 'actualites', 1, 23),
(887, 'en', 'actualites', 1, 24),
(887, 'en', 'actualites', 1, 26),
(887, 'en', 'actualites', 2, 11),
(888, 'en', 'actualites', 1, 9),
(888, 'en', 'actualites', 1, 12),
(888, 'en', 'actualites', 1, 19),
(888, 'en', 'actualites', 1, 23),
(888, 'en', 'actualites', 1, 28),
(888, 'en', 'actualites', 1, 30),
(888, 'en', 'actualites', 1, 32),
(889, 'en', 'actualites', 1, 9),
(890, 'en', 'actualites', 1, 9),
(890, 'en', 'actualites', 1, 20),
(890, 'en', 'actualites', 1, 29),
(890, 'en', 'actualites', 1, 34),
(890, 'en', 'actualites', 1, 35),
(890, 'en', 'actualites', 2, 35),
(890, 'en', 'actualites', 3, 20),
(891, 'en', 'actualites', 1, 9),
(891, 'en', 'actualites', 1, 15),
(891, 'en', 'actualites', 1, 21),
(891, 'en', 'actualites', 1, 27),
(891, 'en', 'actualites', 1, 28),
(891, 'en', 'actualites', 2, 10),
(892, 'en', 'actualites', 1, 9),
(893, 'en', 'actualites', 1, 9),
(893, 'en', 'actualites', 1, 10),
(894, 'en', 'actualites', 1, 9),
(894, 'en', 'actualites', 1, 20),
(894, 'en', 'actualites', 1, 21),
(894, 'en', 'actualites', 1, 22),
(894, 'en', 'actualites', 1, 29),
(894, 'en', 'actualites', 1, 34),
(895, 'en', 'actualites', 1, 9),
(895, 'en', 'actualites', 1, 18),
(895, 'en', 'actualites', 2, 18),
(896, 'en', 'actualites', 1, 9),
(897, 'en', 'actualites', 1, 9),
(898, 'en', 'actualites', 1, 9),
(899, 'en', 'actualites', 1, 9),
(900, 'en', 'actualites', 1, 9),
(901, 'en', 'actualites', 1, 9),
(902, 'en', 'actualites', 1, 9),
(903, 'en', 'actualites', 1, 9),
(904, 'en', 'actualites', 1, 9),
(905, 'en', 'actualites', 1, 9),
(905, 'en', 'actualites', 1, 18),
(905, 'en', 'actualites', 1, 19),
(905, 'en', 'actualites', 2, 19),
(906, 'en', 'actualites', 1, 9),
(907, 'en', 'actualites', 1, 9),
(908, 'en', 'actualites', 1, 9),
(908, 'en', 'actualites', 1, 11),
(908, 'en', 'actualites', 1, 18),
(909, 'en', 'actualites', 1, 9),
(909, 'en', 'actualites', 1, 10),
(909, 'en', 'actualites', 1, 12),
(909, 'en', 'actualites', 1, 13),
(909, 'en', 'actualites', 1, 20),
(909, 'en', 'actualites', 1, 22),
(909, 'en', 'actualites', 1, 23),
(909, 'en', 'actualites', 1, 25),
(909, 'en', 'actualites', 1, 34),
(909, 'en', 'actualites', 2, 12),
(909, 'en', 'actualites', 2, 13),
(910, 'en', 'actualites', 1, 9),
(911, 'en', 'actualites', 1, 9),
(911, 'en', 'actualites', 1, 14),
(911, 'en', 'actualites', 1, 23),
(912, 'en', 'actualites', 1, 9),
(912, 'en', 'actualites', 1, 10),
(912, 'en', 'actualites', 1, 11),
(912, 'en', 'actualites', 1, 13),
(912, 'en', 'actualites', 1, 14),
(912, 'en', 'actualites', 1, 15),
(912, 'en', 'actualites', 1, 19),
(912, 'en', 'actualites', 1, 20),
(912, 'en', 'actualites', 1, 21),
(912, 'en', 'actualites', 1, 22),
(912, 'en', 'actualites', 1, 23),
(912, 'en', 'actualites', 1, 24),
(912, 'en', 'actualites', 1, 25),
(912, 'en', 'actualites', 1, 26),
(912, 'en', 'actualites', 1, 27),
(912, 'en', 'actualites', 1, 28),
(912, 'en', 'actualites', 1, 29),
(912, 'en', 'actualites', 1, 33),
(912, 'en', 'actualites', 1, 35),
(913, 'en', 'actualites', 1, 9),
(913, 'en', 'actualites', 1, 10),
(913, 'en', 'actualites', 1, 11),
(913, 'en', 'actualites', 1, 26),
(914, 'fr', 'actualites', 1, 10),
(914, 'fr', 'actualites', 1, 22),
(914, 'fr', 'actualites', 2, 10),
(914, 'fr', 'actualites', 3, 10),
(915, 'fr', 'actualites', 1, 26),
(915, 'fr', 'actualites', 2, 10),
(916, 'fr', 'actualites', 2, 10),
(917, 'fr', 'actualites', 2, 10),
(918, 'fr', 'actualites', 2, 10),
(919, 'fr', 'actualites', 1, 10),
(920, 'fr', 'actualites', 1, 10),
(920, 'fr', 'actualites', 1, 18),
(920, 'fr', 'actualites', 1, 19),
(921, 'fr', 'actualites', 1, 10),
(921, 'fr', 'actualites', 1, 29),
(922, 'fr', 'actualites', 1, 10),
(922, 'fr', 'actualites', 1, 26),
(922, 'fr', 'actualites', 2, 26),
(923, 'fr', 'actualites', 1, 10),
(923, 'fr', 'actualites', 1, 12),
(924, 'fr', 'actualites', 1, 10),
(925, 'fr', 'actualites', 1, 10),
(925, 'fr', 'actualites', 1, 18),
(925, 'fr', 'actualites', 1, 20),
(925, 'fr', 'actualites', 1, 23),
(925, 'fr', 'actualites', 1, 25),
(925, 'fr', 'actualites', 2, 18),
(925, 'fr', 'actualites', 3, 17),
(925, 'fr', 'actualites', 3, 23),
(926, 'fr', 'actualites', 1, 10),
(926, 'fr', 'actualites', 1, 26),
(927, 'fr', 'actualites', 1, 10),
(927, 'fr', 'actualites', 1, 20),
(927, 'fr', 'actualites', 1, 21),
(928, 'fr', 'actualites', 1, 10),
(928, 'fr', 'actualites', 1, 15),
(928, 'fr', 'actualites', 1, 27),
(928, 'fr', 'actualites', 1, 29),
(928, 'fr', 'actualites', 1, 33),
(928, 'fr', 'actualites', 2, 15),
(929, 'fr', 'actualites', 1, 10),
(930, 'fr', 'actualites', 1, 10),
(931, 'fr', 'actualites', 1, 10),
(931, 'fr', 'actualites', 1, 30),
(932, 'fr', 'actualites', 1, 10),
(932, 'fr', 'actualites', 1, 33),
(933, 'fr', 'actualites', 1, 10),
(934, 'fr', 'actualites', 1, 10),
(935, 'fr', 'actualites', 1, 10),
(935, 'fr', 'actualites', 1, 26),
(935, 'fr', 'actualites', 2, 26),
(936, 'fr', 'actualites', 1, 10),
(937, 'fr', 'actualites', 1, 10),
(938, 'fr', 'actualites', 1, 10),
(939, 'fr', 'actualites', 1, 10),
(940, 'fr', 'actualites', 1, 10),
(941, 'fr', 'actualites', 1, 10),
(942, 'fr', 'actualites', 1, 10),
(943, 'fr', 'actualites', 1, 10),
(944, 'fr', 'actualites', 1, 10),
(945, 'fr', 'actualites', 1, 10),
(946, 'fr', 'actualites', 1, 10),
(947, 'fr', 'actualites', 1, 10),
(948, 'fr', 'actualites', 1, 10),
(949, 'fr', 'actualites', 1, 10),
(950, 'fr', 'actualites', 1, 10),
(950, 'fr', 'actualites', 1, 33),
(950, 'fr', 'actualites', 2, 33),
(951, 'fr', 'actualites', 1, 10),
(952, 'fr', 'actualites', 1, 10),
(954, 'en', 'actualites', 3, 10),
(955, 'en', 'actualites', 1, 10),
(955, 'en', 'actualites', 2, 10),
(955, 'en', 'actualites', 3, 10),
(956, 'en', 'actualites', 2, 10),
(957, 'en', 'actualites', 1, 26),
(957, 'en', 'actualites', 2, 10),
(958, 'en', 'actualites', 2, 10),
(959, 'en', 'actualites', 2, 10),
(960, 'en', 'actualites', 2, 10),
(961, 'en', 'actualites', 1, 10),
(961, 'en', 'actualites', 2, 10),
(962, 'en', 'actualites', 1, 10),
(963, 'en', 'actualites', 1, 10),
(964, 'en', 'actualites', 1, 10),
(964, 'en', 'actualites', 1, 20),
(964, 'en', 'actualites', 1, 23),
(964, 'en', 'actualites', 1, 25),
(964, 'en', 'actualites', 3, 23),
(965, 'en', 'actualites', 1, 10),
(965, 'en', 'actualites', 1, 26),
(966, 'en', 'actualites', 1, 10),
(967, 'en', 'actualites', 1, 10),
(968, 'en', 'actualites', 1, 10),
(969, 'en', 'actualites', 1, 10),
(970, 'en', 'actualites', 1, 10),
(971, 'en', 'actualites', 1, 10),
(971, 'en', 'actualites', 1, 26),
(971, 'en', 'actualites', 1, 28),
(971, 'en', 'actualites', 2, 26),
(972, 'en', 'actualites', 1, 10),
(973, 'en', 'actualites', 1, 10),
(973, 'en', 'actualites', 1, 11),
(973, 'en', 'actualites', 1, 13),
(973, 'en', 'actualites', 1, 14),
(973, 'en', 'actualites', 1, 20),
(973, 'en', 'actualites', 1, 26),
(973, 'en', 'actualites', 1, 27),
(973, 'en', 'actualites', 1, 28),
(973, 'en', 'actualites', 2, 13),
(974, 'en', 'actualites', 1, 10),
(974, 'en', 'actualites', 1, 20),
(975, 'en', 'actualites', 1, 10),
(976, 'en', 'actualites', 1, 10),
(977, 'en', 'actualites', 1, 10),
(978, 'en', 'actualites', 1, 10),
(978, 'en', 'actualites', 1, 18),
(979, 'en', 'actualites', 1, 10),
(979, 'en', 'actualites', 1, 11),
(980, 'en', 'actualites', 1, 10),
(981, 'en', 'actualites', 1, 10),
(982, 'en', 'actualites', 1, 10),
(983, 'en', 'actualites', 1, 10),
(984, 'en', 'actualites', 1, 10),
(985, 'en', 'actualites', 1, 10),
(985, 'en', 'actualites', 3, 19),
(985, 'en', 'actualites', 3, 20),
(985, 'en', 'actualites', 3, 21),
(985, 'en', 'actualites', 3, 22),
(985, 'en', 'actualites', 3, 23),
(985, 'en', 'actualites', 3, 24),
(985, 'en', 'actualites', 3, 25),
(985, 'en', 'actualites', 3, 26),
(985, 'en', 'actualites', 3, 27),
(985, 'en', 'actualites', 3, 28),
(986, 'en', 'actualites', 1, 10),
(986, 'en', 'actualites', 1, 33),
(986, 'en', 'actualites', 2, 33),
(987, 'en', 'actualites', 1, 10),
(988, 'en', 'actualites', 1, 10),
(989, 'fr', 'actualites', 3, 11),
(990, 'fr', 'actualites', 2, 11),
(990, 'fr', 'actualites', 3, 11),
(991, 'fr', 'actualites', 1, 17),
(991, 'fr', 'actualites', 1, 19),
(991, 'fr', 'actualites', 1, 28),
(991, 'fr', 'actualites', 1, 30),
(991, 'fr', 'actualites', 2, 11),
(991, 'fr', 'actualites', 2, 17),
(991, 'fr', 'actualites', 2, 28),
(991, 'fr', 'actualites', 3, 11),
(991, 'fr', 'actualites', 3, 28),
(992, 'fr', 'actualites', 2, 11),
(992, 'fr', 'actualites', 2, 13),
(993, 'fr', 'actualites', 2, 11),
(994, 'fr', 'actualites', 1, 22),
(994, 'fr', 'actualites', 2, 11),
(995, 'fr', 'actualites', 2, 11),
(996, 'fr', 'actualites', 1, 30),
(996, 'fr', 'actualites', 2, 11),
(997, 'fr', 'actualites', 2, 11),
(998, 'fr', 'actualites', 1, 11),
(998, 'fr', 'actualites', 1, 27),
(999, 'fr', 'actualites', 1, 11),
(999, 'fr', 'actualites', 1, 15),
(999, 'fr', 'actualites', 1, 18),
(999, 'fr', 'actualites', 1, 27),
(1000, 'fr', 'actualites', 1, 11),
(1000, 'fr', 'actualites', 1, 20),
(1000, 'fr', 'actualites', 1, 25),
(1001, 'fr', 'actualites', 1, 11),
(1002, 'fr', 'actualites', 1, 11),
(1003, 'fr', 'actualites', 1, 11),
(1003, 'fr', 'actualites', 1, 27),
(1003, 'fr', 'actualites', 1, 31),
(1003, 'fr', 'actualites', 1, 34),
(1003, 'fr', 'actualites', 1, 35),
(1004, 'fr', 'actualites', 1, 11),
(1005, 'fr', 'actualites', 1, 11),
(1006, 'fr', 'actualites', 1, 11),
(1007, 'fr', 'actualites', 1, 11),
(1007, 'fr', 'actualites', 1, 18),
(1007, 'fr', 'actualites', 1, 31),
(1008, 'fr', 'actualites', 1, 11),
(1008, 'fr', 'actualites', 1, 13),
(1008, 'fr', 'actualites', 1, 15),
(1008, 'fr', 'actualites', 1, 24),
(1009, 'fr', 'actualites', 1, 11),
(1009, 'fr', 'actualites', 1, 28),
(1010, 'fr', 'actualites', 1, 11),
(1010, 'fr', 'actualites', 1, 25),
(1011, 'fr', 'actualites', 1, 11),
(1011, 'fr', 'actualites', 1, 12),
(1011, 'fr', 'actualites', 1, 13),
(1011, 'fr', 'actualites', 1, 14),
(1011, 'fr', 'actualites', 1, 15),
(1011, 'fr', 'actualites', 1, 21),
(1011, 'fr', 'actualites', 1, 24),
(1011, 'fr', 'actualites', 1, 26),
(1012, 'fr', 'actualites', 1, 11),
(1013, 'fr', 'actualites', 1, 11),
(1013, 'fr', 'actualites', 1, 19),
(1014, 'fr', 'actualites', 1, 11),
(1015, 'fr', 'actualites', 1, 11),
(1015, 'fr', 'actualites', 1, 13),
(1015, 'fr', 'actualites', 1, 20),
(1015, 'fr', 'actualites', 1, 24),
(1015, 'fr', 'actualites', 1, 28),
(1015, 'fr', 'actualites', 2, 13),
(1016, 'fr', 'actualites', 1, 11),
(1016, 'fr', 'actualites', 1, 20),
(1017, 'fr', 'actualites', 1, 11),
(1017, 'fr', 'actualites', 1, 18),
(1018, 'fr', 'actualites', 1, 11),
(1018, 'fr', 'actualites', 1, 18),
(1018, 'fr', 'actualites', 1, 31),
(1019, 'fr', 'actualites', 1, 11),
(1020, 'fr', 'actualites', 1, 11),
(1021, 'fr', 'actualites', 1, 11),
(1021, 'fr', 'actualites', 1, 21),
(1022, 'fr', 'actualites', 1, 11),
(1022, 'fr', 'actualites', 1, 19),
(1022, 'fr', 'actualites', 1, 26),
(1023, 'fr', 'actualites', 1, 11),
(1024, 'fr', 'actualites', 1, 11),
(1024, 'fr', 'actualites', 1, 13),
(1024, 'fr', 'actualites', 1, 19),
(1025, 'fr', 'actualites', 1, 11),
(1026, 'fr', 'actualites', 1, 11),
(1026, 'fr', 'actualites', 1, 14),
(1026, 'fr', 'actualites', 1, 33),
(1027, 'fr', 'actualites', 1, 11),
(1027, 'fr', 'actualites', 1, 12),
(1028, 'fr', 'actualites', 1, 11),
(1029, 'fr', 'actualites', 1, 11),
(1030, 'fr', 'actualites', 1, 11),
(1031, 'fr', 'actualites', 1, 11),
(1032, 'fr', 'actualites', 1, 11),
(1033, 'fr', 'actualites', 1, 11),
(1034, 'fr', 'actualites', 1, 11),
(1035, 'fr', 'actualites', 1, 11),
(1036, 'fr', 'actualites', 1, 11),
(1037, 'fr', 'actualites', 1, 11),
(1037, 'fr', 'actualites', 1, 19),
(1037, 'fr', 'actualites', 1, 21),
(1038, 'fr', 'actualites', 1, 11),
(1039, 'fr', 'actualites', 1, 11),
(1040, 'fr', 'actualites', 1, 11),
(1041, 'fr', 'actualites', 1, 11),
(1041, 'fr', 'actualites', 1, 34),
(1042, 'fr', 'actualites', 1, 11),
(1043, 'fr', 'actualites', 1, 11),
(1044, 'fr', 'actualites', 1, 11),
(1044, 'fr', 'actualites', 1, 21),
(1044, 'fr', 'actualites', 1, 25),
(1044, 'fr', 'actualites', 1, 34),
(1045, 'en', 'actualites', 3, 11),
(1046, 'en', 'actualites', 2, 11),
(1046, 'en', 'actualites', 3, 11),
(1047, 'en', 'actualites', 1, 17),
(1047, 'en', 'actualites', 1, 19),
(1047, 'en', 'actualites', 1, 28),
(1047, 'en', 'actualites', 1, 30),
(1047, 'en', 'actualites', 2, 11),
(1047, 'en', 'actualites', 2, 17),
(1047, 'en', 'actualites', 2, 28),
(1047, 'en', 'actualites', 3, 11),
(1047, 'en', 'actualites', 3, 28),
(1048, 'en', 'actualites', 2, 11),
(1049, 'en', 'actualites', 2, 11),
(1050, 'en', 'actualites', 1, 11),
(1050, 'en', 'actualites', 2, 11),
(1051, 'en', 'actualites', 1, 11),
(1051, 'en', 'actualites', 1, 27),
(1052, 'en', 'actualites', 1, 11),
(1052, 'en', 'actualites', 1, 15),
(1052, 'en', 'actualites', 1, 27),
(1052, 'en', 'actualites', 3, 14),
(1053, 'en', 'actualites', 1, 11),
(1053, 'en', 'actualites', 1, 18),
(1054, 'en', 'actualites', 1, 11),
(1055, 'en', 'actualites', 1, 11),
(1055, 'en', 'actualites', 1, 33),
(1056, 'en', 'actualites', 1, 11),
(1057, 'en', 'actualites', 1, 11),
(1057, 'en', 'actualites', 1, 13),
(1057, 'en', 'actualites', 1, 14),
(1057, 'en', 'actualites', 1, 15),
(1057, 'en', 'actualites', 1, 31),
(1057, 'en', 'actualites', 1, 32),
(1057, 'en', 'actualites', 1, 35),
(1058, 'en', 'actualites', 1, 11),
(1058, 'en', 'actualites', 1, 28),
(1059, 'en', 'actualites', 1, 11),
(1059, 'en', 'actualites', 1, 28),
(1060, 'en', 'actualites', 1, 11),
(1061, 'en', 'actualites', 1, 11),
(1061, 'en', 'actualites', 1, 20),
(1061, 'en', 'actualites', 1, 30),
(1061, 'en', 'actualites', 1, 31),
(1061, 'en', 'actualites', 1, 33),
(1062, 'en', 'actualites', 1, 11),
(1062, 'en', 'actualites', 1, 26),
(1063, 'en', 'actualites', 1, 11),
(1063, 'en', 'actualites', 1, 13),
(1063, 'en', 'actualites', 1, 19),
(1063, 'en', 'actualites', 1, 22),
(1063, 'en', 'actualites', 1, 24),
(1063, 'en', 'actualites', 1, 28),
(1063, 'en', 'actualites', 1, 32),
(1063, 'en', 'actualites', 2, 24),
(1063, 'en', 'actualites', 2, 28),
(1063, 'en', 'actualites', 2, 32),
(1064, 'en', 'actualites', 1, 11),
(1064, 'en', 'actualites', 1, 12),
(1065, 'en', 'actualites', 1, 11),
(1065, 'en', 'actualites', 1, 29),
(1066, 'en', 'actualites', 1, 11),
(1067, 'en', 'actualites', 1, 11),
(1067, 'en', 'actualites', 1, 18),
(1068, 'en', 'actualites', 1, 11),
(1068, 'en', 'actualites', 1, 21),
(1068, 'en', 'actualites', 1, 26),
(1068, 'en', 'actualites', 1, 29),
(1068, 'en', 'actualites', 1, 35),
(1068, 'en', 'actualites', 2, 21),
(1069, 'en', 'actualites', 1, 11),
(1070, 'en', 'actualites', 1, 11),
(1070, 'en', 'actualites', 1, 19),
(1070, 'en', 'actualites', 1, 24),
(1070, 'en', 'actualites', 1, 28),
(1070, 'en', 'actualites', 1, 30),
(1071, 'en', 'actualites', 1, 11),
(1072, 'en', 'actualites', 1, 11),
(1073, 'en', 'actualites', 1, 11),
(1074, 'en', 'actualites', 1, 11),
(1075, 'en', 'actualites', 1, 11),
(1076, 'en', 'actualites', 1, 11),
(1077, 'en', 'actualites', 1, 11),
(1078, 'en', 'actualites', 1, 11),
(1079, 'en', 'actualites', 1, 11),
(1079, 'en', 'actualites', 1, 20),
(1079, 'en', 'actualites', 1, 33),
(1080, 'en', 'actualites', 1, 11),
(1080, 'en', 'actualites', 1, 13),
(1080, 'en', 'actualites', 1, 14),
(1080, 'en', 'actualites', 1, 33),
(1081, 'en', 'actualites', 1, 11),
(1082, 'en', 'actualites', 1, 11),
(1083, 'en', 'actualites', 1, 11),
(1084, 'en', 'actualites', 1, 11),
(1085, 'en', 'actualites', 1, 11),
(1085, 'en', 'actualites', 1, 13),
(1086, 'en', 'actualites', 1, 11),
(1087, 'en', 'actualites', 1, 11),
(1088, 'fr', 'actualites', 3, 9),
(1089, 'en', 'actualites', 1, 7),
(1089, 'en', 'actualites', 2, 35),
(1090, 'en', 'actualites', 1, 7),
(1090, 'en', 'actualites', 1, 21),
(1090, 'en', 'actualites', 1, 33),
(1091, 'en', 'actualites', 1, 7),
(1092, 'en', 'actualites', 1, 7),
(1093, 'en', 'actualites', 1, 7),
(1094, 'en', 'actualites', 1, 7),
(1094, 'en', 'actualites', 1, 21),
(1094, 'en', 'actualites', 1, 22),
(1094, 'en', 'actualites', 1, 25),
(1094, 'en', 'actualites', 1, 27),
(1094, 'en', 'actualites', 2, 22),
(1094, 'en', 'actualites', 2, 27),
(1095, 'en', 'actualites', 1, 7),
(1096, 'en', 'actualites', 1, 30),
(1096, 'en', 'actualites', 1, 32),
(1096, 'en', 'actualites', 1, 33),
(1096, 'en', 'actualites', 2, 30),
(1096, 'en', 'actualites', 2, 32),
(1096, 'en', 'actualites', 3, 33),
(1097, 'fr', 'actualites', 1, 7),
(1097, 'fr', 'actualites', 1, 21),
(1097, 'fr', 'actualites', 2, 21),
(1097, 'fr', 'actualites', 2, 35),
(1098, 'fr', 'actualites', 1, 7),
(1098, 'fr', 'actualites', 1, 21),
(1098, 'fr', 'actualites', 2, 21),
(1099, 'fr', 'actualites', 1, 7),
(1099, 'fr', 'actualites', 1, 16),
(1099, 'fr', 'actualites', 1, 21),
(1099, 'fr', 'actualites', 1, 24),
(1099, 'fr', 'actualites', 2, 16),
(1099, 'fr', 'actualites', 2, 21),
(1099, 'fr', 'actualites', 3, 16),
(1100, 'fr', 'actualites', 1, 7),
(1100, 'fr', 'actualites', 1, 21),
(1100, 'fr', 'actualites', 1, 27),
(1101, 'fr', 'actualites', 1, 7),
(1101, 'fr', 'actualites', 1, 20),
(1101, 'fr', 'actualites', 1, 21),
(1101, 'fr', 'actualites', 1, 33),
(1102, 'fr', 'actualites', 1, 7),
(1102, 'fr', 'actualites', 1, 21),
(1103, 'fr', 'actualites', 1, 7),
(1104, 'fr', 'actualites', 1, 7),
(1105, 'fr', 'actualites', 1, 7),
(1106, 'fr', 'actualites', 1, 7),
(1106, 'fr', 'actualites', 1, 21),
(1106, 'fr', 'actualites', 1, 22),
(1106, 'fr', 'actualites', 1, 25),
(1106, 'fr', 'actualites', 1, 27),
(1106, 'fr', 'actualites', 2, 27),
(1107, 'fr', 'actualites', 1, 7),
(1107, 'fr', 'actualites', 1, 30),
(1108, 'fr', 'actualites', 1, 7),
(1108, 'fr', 'actualites', 1, 30),
(1108, 'fr', 'actualites', 1, 32),
(1108, 'fr', 'actualites', 1, 33),
(1108, 'fr', 'actualites', 2, 30),
(1108, 'fr', 'actualites', 2, 32),
(1108, 'fr', 'actualites', 3, 33),
(1109, 'fr', 'actualites', 1, 7),
(1109, 'fr', 'actualites', 1, 33),
(1110, 'fr', 'actualites', 1, 7),
(1111, 'fr', 'actualites', 1, 7),
(1111, 'fr', 'actualites', 1, 12),
(1111, 'fr', 'actualites', 1, 20),
(1111, 'fr', 'actualites', 1, 26),
(1111, 'fr', 'actualites', 1, 28),
(1111, 'fr', 'actualites', 2, 12),
(1111, 'fr', 'actualites', 2, 26),
(1112, 'fr', 'actualites', 1, 7),
(1113, 'en', 'actualites', 1, 7),
(1114, 'en', 'actualites', 1, 7),
(1114, 'en', 'actualites', 1, 26),
(1115, 'en', 'actualites', 1, 7),
(1115, 'en', 'actualites', 1, 33),
(1116, 'fr', 'actualites', 1, 12),
(1116, 'fr', 'actualites', 3, 12),
(1117, 'fr', 'actualites', 1, 12),
(1117, 'fr', 'actualites', 1, 20),
(1117, 'fr', 'actualites', 1, 29),
(1117, 'fr', 'actualites', 2, 12),
(1118, 'fr', 'actualites', 1, 12),
(1118, 'fr', 'actualites', 1, 34),
(1118, 'fr', 'actualites', 2, 12),
(1119, 'fr', 'actualites', 1, 12),
(1119, 'fr', 'actualites', 2, 12),
(1120, 'fr', 'actualites', 1, 12),
(1120, 'fr', 'actualites', 2, 12),
(1121, 'fr', 'actualites', 1, 12),
(1121, 'fr', 'actualites', 1, 17),
(1121, 'fr', 'actualites', 1, 27),
(1121, 'fr', 'actualites', 1, 35),
(1121, 'fr', 'actualites', 2, 12),
(1121, 'fr', 'actualites', 2, 17),
(1122, 'fr', 'actualites', 1, 12),
(1122, 'fr', 'actualites', 2, 12),
(1123, 'fr', 'actualites', 1, 12),
(1123, 'fr', 'actualites', 1, 20),
(1123, 'fr', 'actualites', 1, 26),
(1123, 'fr', 'actualites', 2, 12),
(1123, 'fr', 'actualites', 2, 26),
(1124, 'fr', 'actualites', 1, 12),
(1125, 'fr', 'actualites', 1, 12),
(1125, 'fr', 'actualites', 1, 30),
(1125, 'fr', 'actualites', 1, 35),
(1126, 'fr', 'actualites', 1, 12),
(1126, 'fr', 'actualites', 1, 17),
(1126, 'fr', 'actualites', 1, 19),
(1126, 'fr', 'actualites', 1, 20),
(1126, 'fr', 'actualites', 1, 21),
(1126, 'fr', 'actualites', 1, 22),
(1126, 'fr', 'actualites', 1, 23),
(1126, 'fr', 'actualites', 1, 28),
(1126, 'fr', 'actualites', 2, 17),
(1127, 'fr', 'actualites', 1, 12),
(1128, 'fr', 'actualites', 1, 12),
(1128, 'fr', 'actualites', 1, 28),
(1129, 'fr', 'actualites', 1, 12),
(1130, 'fr', 'actualites', 1, 12),
(1130, 'fr', 'actualites', 1, 15),
(1130, 'fr', 'actualites', 2, 15),
(1131, 'fr', 'actualites', 1, 12),
(1132, 'fr', 'actualites', 1, 12),
(1133, 'fr', 'actualites', 1, 12),
(1134, 'fr', 'actualites', 1, 12),
(1134, 'fr', 'actualites', 1, 25),
(1134, 'fr', 'actualites', 1, 33),
(1134, 'fr', 'actualites', 2, 25),
(1135, 'fr', 'actualites', 1, 12),
(1136, 'fr', 'actualites', 1, 12),
(1137, 'fr', 'actualites', 1, 12),
(1137, 'fr', 'actualites', 1, 33),
(1138, 'fr', 'actualites', 1, 12),
(1139, 'fr', 'actualites', 1, 12),
(1140, 'fr', 'actualites', 1, 12),
(1141, 'fr', 'actualites', 1, 12),
(1141, 'fr', 'actualites', 1, 32),
(1142, 'fr', 'actualites', 1, 12),
(1142, 'fr', 'actualites', 1, 30),
(1142, 'fr', 'actualites', 1, 32),
(1143, 'fr', 'actualites', 1, 12),
(1144, 'en', 'actualites', 3, 12),
(1145, 'en', 'actualites', 1, 12),
(1145, 'en', 'actualites', 1, 15),
(1145, 'en', 'actualites', 1, 23),
(1145, 'en', 'actualites', 1, 27),
(1145, 'en', 'actualites', 1, 28),
(1145, 'en', 'actualites', 2, 12),
(1146, 'en', 'actualites', 1, 12),
(1146, 'en', 'actualites', 1, 29),
(1146, 'en', 'actualites', 2, 12),
(1147, 'en', 'actualites', 1, 12),
(1147, 'en', 'actualites', 2, 12),
(1148, 'en', 'actualites', 1, 12),
(1148, 'en', 'actualites', 2, 12),
(1149, 'en', 'actualites', 1, 12),
(1149, 'en', 'actualites', 2, 12),
(1150, 'en', 'actualites', 1, 12),
(1150, 'en', 'actualites', 2, 12),
(1151, 'en', 'actualites', 1, 12),
(1151, 'en', 'actualites', 1, 28),
(1151, 'en', 'actualites', 2, 12),
(1152, 'en', 'actualites', 1, 12),
(1152, 'en', 'actualites', 1, 35),
(1152, 'en', 'actualites', 3, 35),
(1153, 'en', 'actualites', 1, 12),
(1154, 'en', 'actualites', 1, 12),
(1155, 'en', 'actualites', 1, 12),
(1155, 'en', 'actualites', 1, 20),
(1155, 'en', 'actualites', 1, 27),
(1155, 'en', 'actualites', 1, 29),
(1155, 'en', 'actualites', 1, 32),
(1155, 'en', 'actualites', 1, 33),
(1155, 'en', 'actualites', 1, 35),
(1156, 'en', 'actualites', 1, 12),
(1157, 'en', 'actualites', 1, 12),
(1158, 'en', 'actualites', 1, 12),
(1159, 'en', 'actualites', 1, 12),
(1160, 'en', 'actualites', 1, 12),
(1161, 'en', 'actualites', 1, 12),
(1161, 'en', 'actualites', 1, 33),
(1162, 'en', 'actualites', 1, 12),
(1162, 'en', 'actualites', 1, 19),
(1162, 'en', 'actualites', 1, 23),
(1163, 'en', 'actualites', 1, 12),
(1164, 'en', 'actualites', 1, 12),
(1165, 'en', 'actualites', 1, 12),
(1166, 'en', 'actualites', 1, 12),
(1167, 'en', 'actualites', 1, 12),
(1167, 'en', 'actualites', 1, 13),
(1167, 'en', 'actualites', 1, 18),
(1167, 'en', 'actualites', 1, 28),
(1168, 'en', 'actualites', 1, 12),
(1169, 'en', 'actualites', 1, 12),
(1169, 'en', 'actualites', 1, 29),
(1170, 'en', 'actualites', 1, 12),
(1170, 'en', 'actualites', 1, 13),
(1170, 'en', 'actualites', 1, 33),
(1171, 'en', 'actualites', 1, 12),
(1172, 'en', 'actualites', 1, 12),
(1172, 'en', 'actualites', 1, 17),
(1172, 'en', 'actualites', 1, 23),
(1172, 'en', 'actualites', 1, 24),
(1172, 'en', 'actualites', 1, 25),
(1172, 'en', 'actualites', 2, 17),
(1173, 'en', 'actualites', 1, 12),
(1174, 'en', 'actualites', 1, 12),
(1176, 'fr', 'actualites', 1, 27),
(1178, 'fr', 'actualites', 1, 27),
(1178, 'fr', 'actualites', 1, 33),
(1178, 'fr', 'actualites', 3, 13),
(1178, 'fr', 'actualites', 3, 14),
(1178, 'fr', 'actualites', 3, 15),
(1179, 'fr', 'actualites', 1, 13),
(1179, 'fr', 'actualites', 3, 13),
(1180, 'fr', 'actualites', 1, 27),
(1180, 'fr', 'actualites', 3, 13),
(1181, 'fr', 'actualites', 3, 13),
(1182, 'fr', 'actualites', 1, 13),
(1182, 'fr', 'actualites', 2, 13),
(1183, 'fr', 'actualites', 1, 13),
(1183, 'fr', 'actualites', 2, 13),
(1184, 'fr', 'actualites', 1, 13),
(1184, 'fr', 'actualites', 2, 13),
(1185, 'fr', 'actualites', 1, 13),
(1185, 'fr', 'actualites', 2, 13),
(1186, 'fr', 'actualites', 1, 13),
(1186, 'fr', 'actualites', 1, 26),
(1186, 'fr', 'actualites', 1, 32),
(1186, 'fr', 'actualites', 1, 35),
(1186, 'fr', 'actualites', 2, 13),
(1187, 'fr', 'actualites', 1, 13),
(1187, 'fr', 'actualites', 1, 27),
(1187, 'fr', 'actualites', 2, 13),
(1188, 'fr', 'actualites', 2, 13),
(1189, 'fr', 'actualites', 1, 13),
(1189, 'fr', 'actualites', 2, 13),
(1190, 'fr', 'actualites', 1, 13),
(1190, 'fr', 'actualites', 1, 15),
(1190, 'fr', 'actualites', 1, 21),
(1190, 'fr', 'actualites', 1, 27),
(1190, 'fr', 'actualites', 2, 13),
(1190, 'fr', 'actualites', 2, 15),
(1191, 'fr', 'actualites', 1, 13),
(1191, 'fr', 'actualites', 1, 27),
(1191, 'fr', 'actualites', 2, 13),
(1192, 'fr', 'actualites', 1, 13),
(1192, 'fr', 'actualites', 1, 19),
(1192, 'fr', 'actualites', 1, 20),
(1192, 'fr', 'actualites', 1, 24),
(1192, 'fr', 'actualites', 1, 25),
(1192, 'fr', 'actualites', 1, 26),
(1192, 'fr', 'actualites', 1, 27),
(1192, 'fr', 'actualites', 2, 13),
(1193, 'fr', 'actualites', 1, 13),
(1193, 'fr', 'actualites', 2, 13),
(1194, 'fr', 'actualites', 1, 13),
(1194, 'fr', 'actualites', 1, 26),
(1194, 'fr', 'actualites', 1, 27),
(1194, 'fr', 'actualites', 1, 29),
(1194, 'fr', 'actualites', 2, 13),
(1195, 'fr', 'actualites', 1, 13),
(1195, 'fr', 'actualites', 1, 23),
(1195, 'fr', 'actualites', 1, 24),
(1195, 'fr', 'actualites', 1, 25),
(1195, 'fr', 'actualites', 1, 27),
(1196, 'fr', 'actualites', 1, 13),
(1196, 'fr', 'actualites', 1, 18),
(1196, 'fr', 'actualites', 1, 33),
(1197, 'fr', 'actualites', 1, 13),
(1197, 'fr', 'actualites', 1, 25),
(1198, 'fr', 'actualites', 1, 13),
(1198, 'fr', 'actualites', 1, 27),
(1199, 'fr', 'actualites', 1, 13),
(1200, 'fr', 'actualites', 1, 13),
(1200, 'fr', 'actualites', 1, 20),
(1200, 'fr', 'actualites', 1, 26),
(1201, 'fr', 'actualites', 1, 13),
(1202, 'fr', 'actualites', 1, 13),
(1202, 'fr', 'actualites', 1, 17),
(1202, 'fr', 'actualites', 1, 18),
(1202, 'fr', 'actualites', 1, 19),
(1202, 'fr', 'actualites', 1, 22),
(1202, 'fr', 'actualites', 1, 27),
(1202, 'fr', 'actualites', 1, 28),
(1203, 'fr', 'actualites', 1, 13),
(1203, 'fr', 'actualites', 1, 14),
(1203, 'fr', 'actualites', 1, 15),
(1203, 'fr', 'actualites', 1, 19),
(1203, 'fr', 'actualites', 1, 20),
(1203, 'fr', 'actualites', 1, 21),
(1203, 'fr', 'actualites', 1, 22),
(1203, 'fr', 'actualites', 1, 24),
(1203, 'fr', 'actualites', 1, 25),
(1203, 'fr', 'actualites', 1, 26),
(1203, 'fr', 'actualites', 1, 27),
(1203, 'fr', 'actualites', 1, 28),
(1203, 'fr', 'actualites', 1, 33),
(1203, 'fr', 'actualites', 2, 15),
(1203, 'fr', 'actualites', 2, 23),
(1204, 'fr', 'actualites', 1, 13),
(1205, 'fr', 'actualites', 1, 13),
(1205, 'fr', 'actualites', 1, 24),
(1206, 'fr', 'actualites', 1, 13),
(1207, 'fr', 'actualites', 1, 13),
(1208, 'fr', 'actualites', 1, 13),
(1209, 'fr', 'actualites', 1, 13),
(1210, 'fr', 'actualites', 1, 13),
(1211, 'fr', 'actualites', 1, 13),
(1211, 'fr', 'actualites', 1, 24),
(1211, 'fr', 'actualites', 1, 25),
(1212, 'fr', 'actualites', 1, 13),
(1212, 'fr', 'actualites', 1, 24),
(1213, 'fr', 'actualites', 1, 13),
(1214, 'fr', 'actualites', 1, 13),
(1214, 'fr', 'actualites', 1, 21),
(1214, 'fr', 'actualites', 1, 24),
(1214, 'fr', 'actualites', 1, 28),
(1214, 'fr', 'actualites', 1, 30),
(1214, 'fr', 'actualites', 1, 33),
(1214, 'fr', 'actualites', 1, 35),
(1215, 'fr', 'actualites', 1, 13),
(1215, 'fr', 'actualites', 1, 18),
(1216, 'fr', 'actualites', 1, 13),
(1217, 'en', 'actualites', 3, 13),
(1218, 'en', 'actualites', 1, 19),
(1218, 'en', 'actualites', 1, 27),
(1218, 'en', 'actualites', 1, 28),
(1218, 'en', 'actualites', 1, 33),
(1218, 'en', 'actualites', 2, 19),
(1218, 'en', 'actualites', 3, 13),
(1218, 'en', 'actualites', 3, 14),
(1218, 'en', 'actualites', 3, 15),
(1219, 'en', 'actualites', 3, 13),
(1220, 'en', 'actualites', 1, 13),
(1220, 'en', 'actualites', 1, 15),
(1220, 'en', 'actualites', 1, 27),
(1220, 'en', 'actualites', 2, 13),
(1221, 'en', 'actualites', 1, 13),
(1221, 'en', 'actualites', 1, 18),
(1221, 'en', 'actualites', 1, 19),
(1221, 'en', 'actualites', 1, 20),
(1221, 'en', 'actualites', 1, 21),
(1221, 'en', 'actualites', 1, 22),
(1221, 'en', 'actualites', 1, 28),
(1221, 'en', 'actualites', 1, 33),
(1221, 'en', 'actualites', 1, 34),
(1221, 'en', 'actualites', 2, 13),
(1221, 'en', 'actualites', 2, 33),
(1221, 'en', 'actualites', 3, 33),
(1222, 'en', 'actualites', 1, 31),
(1223, 'en', 'actualites', 1, 13),
(1223, 'en', 'actualites', 1, 15),
(1223, 'en', 'actualites', 1, 21),
(1223, 'en', 'actualites', 1, 24),
(1223, 'en', 'actualites', 1, 26),
(1223, 'en', 'actualites', 1, 34),
(1223, 'en', 'actualites', 2, 13),
(1224, 'en', 'actualites', 1, 33),
(1224, 'en', 'actualites', 2, 33),
(1225, 'en', 'actualites', 1, 13),
(1225, 'en', 'actualites', 2, 13),
(1226, 'en', 'actualites', 1, 13),
(1226, 'en', 'actualites', 1, 21),
(1226, 'en', 'actualites', 2, 13),
(1227, 'en', 'actualites', 1, 13),
(1227, 'en', 'actualites', 1, 27),
(1227, 'en', 'actualites', 2, 13),
(1228, 'en', 'actualites', 1, 13),
(1228, 'en', 'actualites', 2, 13),
(1229, 'en', 'actualites', 1, 24),
(1229, 'en', 'actualites', 1, 26),
(1229, 'en', 'actualites', 1, 27),
(1230, 'en', 'actualites', 1, 13),
(1230, 'en', 'actualites', 1, 27),
(1231, 'en', 'actualites', 1, 13),
(1232, 'en', 'actualites', 1, 13),
(1233, 'en', 'actualites', 1, 13),
(1234, 'en', 'actualites', 1, 21),
(1235, 'en', 'actualites', 1, 13),
(1237, 'en', 'actualites', 1, 13),
(1237, 'en', 'actualites', 1, 24),
(1237, 'en', 'actualites', 1, 25),
(1240, 'en', 'actualites', 1, 25),
(1241, 'en', 'actualites', 1, 24),
(1241, 'en', 'actualites', 1, 27),
(1241, 'en', 'actualites', 1, 29),
(1241, 'en', 'actualites', 1, 30),
(1241, 'en', 'actualites', 1, 33),
(1241, 'en', 'actualites', 1, 35),
(1243, 'fr', 'actualites', 3, 15),
(1244, 'fr', 'actualites', 3, 15),
(1245, 'fr', 'actualites', 1, 14),
(1245, 'fr', 'actualites', 1, 15),
(1245, 'fr', 'actualites', 1, 20),
(1245, 'fr', 'actualites', 1, 21),
(1245, 'fr', 'actualites', 1, 22),
(1245, 'fr', 'actualites', 1, 24),
(1245, 'fr', 'actualites', 1, 27),
(1245, 'fr', 'actualites', 1, 32),
(1245, 'fr', 'actualites', 1, 33),
(1245, 'fr', 'actualites', 2, 14),
(1245, 'fr', 'actualites', 2, 20),
(1245, 'fr', 'actualites', 2, 22),
(1245, 'fr', 'actualites', 2, 33),
(1246, 'fr', 'actualites', 1, 14),
(1246, 'fr', 'actualites', 2, 14),
(1247, 'fr', 'actualites', 1, 14),
(1247, 'fr', 'actualites', 2, 14),
(1248, 'fr', 'actualites', 1, 14),
(1248, 'fr', 'actualites', 1, 26),
(1248, 'fr', 'actualites', 1, 29),
(1248, 'fr', 'actualites', 1, 33),
(1248, 'fr', 'actualites', 2, 14),
(1249, 'fr', 'actualites', 1, 14),
(1249, 'fr', 'actualites', 1, 16),
(1249, 'fr', 'actualites', 1, 19),
(1249, 'fr', 'actualites', 1, 32),
(1249, 'fr', 'actualites', 1, 34),
(1249, 'fr', 'actualites', 1, 35),
(1249, 'fr', 'actualites', 2, 14),
(1249, 'fr', 'actualites', 2, 16),
(1249, 'fr', 'actualites', 2, 35),
(1249, 'fr', 'actualites', 3, 16),
(1250, 'fr', 'actualites', 1, 14),
(1250, 'fr', 'actualites', 1, 18),
(1250, 'fr', 'actualites', 1, 20),
(1250, 'fr', 'actualites', 1, 21),
(1250, 'fr', 'actualites', 2, 14),
(1251, 'fr', 'actualites', 1, 14),
(1252, 'fr', 'actualites', 1, 14),
(1253, 'fr', 'actualites', 1, 14),
(1254, 'fr', 'actualites', 1, 14),
(1255, 'fr', 'actualites', 1, 14),
(1256, 'fr', 'actualites', 1, 14),
(1257, 'fr', 'actualites', 1, 14),
(1257, 'fr', 'actualites', 1, 27),
(1258, 'fr', 'actualites', 1, 14),
(1259, 'fr', 'actualites', 1, 14),
(1260, 'fr', 'actualites', 1, 14),
(1261, 'fr', 'actualites', 1, 14),
(1261, 'fr', 'actualites', 1, 30),
(1261, 'fr', 'actualites', 1, 33),
(1261, 'fr', 'actualites', 1, 35),
(1262, 'fr', 'actualites', 1, 14),
(1263, 'fr', 'actualites', 1, 14),
(1263, 'fr', 'actualites', 1, 18),
(1264, 'fr', 'actualites', 1, 14),
(1264, 'fr', 'actualites', 1, 15),
(1264, 'fr', 'actualites', 1, 32),
(1265, 'fr', 'actualites', 1, 14),
(1266, 'fr', 'actualites', 1, 14),
(1267, 'fr', 'actualites', 1, 14),
(1269, 'en', 'actualites', 1, 20),
(1269, 'en', 'actualites', 1, 22),
(1269, 'en', 'actualites', 1, 34),
(1269, 'en', 'actualites', 3, 15),
(1270, 'en', 'actualites', 3, 15),
(1271, 'en', 'actualites', 1, 14),
(1271, 'en', 'actualites', 2, 14),
(1272, 'en', 'actualites', 1, 14),
(1272, 'en', 'actualites', 1, 26),
(1272, 'en', 'actualites', 2, 14),
(1273, 'en', 'actualites', 1, 13),
(1273, 'en', 'actualites', 1, 14),
(1273, 'en', 'actualites', 1, 15),
(1273, 'en', 'actualites', 1, 26),
(1273, 'en', 'actualites', 1, 29),
(1273, 'en', 'actualites', 1, 30),
(1273, 'en', 'actualites', 1, 33),
(1273, 'en', 'actualites', 1, 35),
(1273, 'en', 'actualites', 2, 13),
(1273, 'en', 'actualites', 2, 14),
(1274, 'en', 'actualites', 1, 14),
(1274, 'en', 'actualites', 2, 14),
(1275, 'en', 'actualites', 1, 14),
(1275, 'en', 'actualites', 1, 25),
(1275, 'en', 'actualites', 2, 14),
(1276, 'en', 'actualites', 1, 14),
(1276, 'en', 'actualites', 1, 18),
(1276, 'en', 'actualites', 2, 14),
(1277, 'en', 'actualites', 1, 14),
(1278, 'en', 'actualites', 1, 14),
(1279, 'en', 'actualites', 1, 14),
(1280, 'en', 'actualites', 1, 22),
(1280, 'en', 'actualites', 1, 25),
(1280, 'en', 'actualites', 1, 26),
(1280, 'en', 'actualites', 1, 27),
(1280, 'en', 'actualites', 1, 28),
(1280, 'en', 'actualites', 1, 30),
(1280, 'en', 'actualites', 2, 25),
(1281, 'en', 'actualites', 1, 14),
(1282, 'en', 'actualites', 1, 14),
(1283, 'en', 'actualites', 1, 15),
(1284, 'en', 'actualites', 1, 14),
(1284, 'en', 'actualites', 1, 15),
(1284, 'en', 'actualites', 1, 27),
(1284, 'en', 'actualites', 2, 15),
(1286, 'en', 'actualites', 1, 27),
(1286, 'en', 'actualites', 2, 27),
(1289, 'en', 'actualites', 1, 22),
(1291, 'en', 'actualites', 1, 15),
(1291, 'en', 'actualites', 1, 26),
(1291, 'en', 'actualites', 1, 27),
(1292, 'en', 'actualites', 1, 25),
(1292, 'en', 'actualites', 2, 25),
(1292, 'en', 'actualites', 3, 14),
(1293, 'fr', 'actualites', 1, 23),
(1293, 'fr', 'actualites', 3, 14),
(1294, 'fr', 'actualites', 3, 14),
(1295, 'fr', 'actualites', 1, 15),
(1295, 'fr', 'actualites', 1, 19),
(1295, 'fr', 'actualites', 1, 20),
(1295, 'fr', 'actualites', 1, 23),
(1295, 'fr', 'actualites', 1, 24),
(1295, 'fr', 'actualites', 1, 26),
(1295, 'fr', 'actualites', 1, 27),
(1295, 'fr', 'actualites', 1, 28),
(1295, 'fr', 'actualites', 2, 15),
(1296, 'fr', 'actualites', 1, 15),
(1296, 'fr', 'actualites', 1, 23),
(1296, 'fr', 'actualites', 1, 24),
(1296, 'fr', 'actualites', 1, 26),
(1296, 'fr', 'actualites', 1, 27),
(1296, 'fr', 'actualites', 2, 15),
(1297, 'fr', 'actualites', 1, 15),
(1297, 'fr', 'actualites', 2, 15),
(1298, 'fr', 'actualites', 1, 15),
(1298, 'fr', 'actualites', 2, 15),
(1299, 'fr', 'actualites', 1, 15),
(1299, 'fr', 'actualites', 1, 25),
(1299, 'fr', 'actualites', 1, 26),
(1299, 'fr', 'actualites', 1, 33),
(1299, 'fr', 'actualites', 2, 15),
(1300, 'fr', 'actualites', 1, 15),
(1300, 'fr', 'actualites', 2, 15),
(1300, 'fr', 'actualites', 3, 27),
(1301, 'fr', 'actualites', 1, 15),
(1301, 'fr', 'actualites', 1, 27),
(1301, 'fr', 'actualites', 2, 15),
(1302, 'fr', 'actualites', 1, 15),
(1302, 'fr', 'actualites', 1, 24),
(1303, 'fr', 'actualites', 1, 15),
(1304, 'fr', 'actualites', 1, 15),
(1304, 'fr', 'actualites', 1, 19),
(1304, 'fr', 'actualites', 1, 26),
(1304, 'fr', 'actualites', 1, 28),
(1305, 'fr', 'actualites', 1, 15),
(1306, 'fr', 'actualites', 1, 15),
(1307, 'fr', 'actualites', 1, 15),
(1307, 'fr', 'actualites', 1, 22),
(1308, 'fr', 'actualites', 1, 15),
(1308, 'fr', 'actualites', 1, 27),
(1309, 'fr', 'actualites', 1, 15),
(1309, 'fr', 'actualites', 1, 29),
(1310, 'fr', 'actualites', 1, 15),
(1310, 'fr', 'actualites', 1, 18),
(1310, 'fr', 'actualites', 1, 24),
(1310, 'fr', 'actualites', 1, 30),
(1311, 'fr', 'actualites', 1, 15),
(1311, 'fr', 'actualites', 1, 24),
(1312, 'fr', 'actualites', 1, 15),
(1313, 'fr', 'actualites', 1, 15),
(1314, 'fr', 'actualites', 1, 15),
(1314, 'fr', 'actualites', 1, 20),
(1314, 'fr', 'actualites', 1, 29),
(1315, 'fr', 'actualites', 1, 15),
(1315, 'fr', 'actualites', 1, 29),
(1316, 'fr', 'actualites', 1, 15),
(1317, 'fr', 'actualites', 1, 15),
(1317, 'fr', 'actualites', 1, 27),
(1318, 'fr', 'actualites', 1, 15),
(1318, 'fr', 'actualites', 1, 27),
(1318, 'fr', 'actualites', 1, 30),
(1319, 'fr', 'actualites', 1, 15),
(1319, 'fr', 'actualites', 1, 27),
(1320, 'fr', 'actualites', 1, 15),
(1321, 'fr', 'actualites', 1, 15),
(1322, 'en', 'actualites', 1, 15),
(1322, 'en', 'actualites', 2, 15),
(1323, 'en', 'actualites', 1, 15),
(1323, 'en', 'actualites', 2, 15),
(1326, 'en', 'actualites', 1, 15),
(1326, 'en', 'actualites', 1, 27),
(1326, 'en', 'actualites', 2, 15),
(1327, 'en', 'actualites', 1, 15),
(1327, 'en', 'actualites', 1, 18),
(1327, 'en', 'actualites', 1, 27),
(1328, 'en', 'actualites', 1, 27),
(1328, 'en', 'actualites', 2, 27),
(1329, 'en', 'actualites', 1, 15),
(1330, 'en', 'actualites', 1, 13),
(1330, 'en', 'actualites', 1, 20),
(1330, 'en', 'actualites', 1, 29),
(1330, 'en', 'actualites', 1, 31),
(1330, 'en', 'actualites', 2, 13),
(1330, 'en', 'actualites', 2, 18),
(1331, 'en', 'actualites', 1, 15),
(1331, 'en', 'actualites', 1, 27),
(1332, 'en', 'actualites', 1, 15),
(1335, 'en', 'actualites', 1, 15),
(1335, 'en', 'actualites', 1, 19),
(1335, 'en', 'actualites', 1, 22),
(1335, 'en', 'actualites', 1, 23),
(1335, 'en', 'actualites', 1, 26),
(1335, 'en', 'actualites', 1, 32),
(1335, 'en', 'actualites', 2, 19),
(1336, 'en', 'actualites', 1, 15),
(1336, 'en', 'actualites', 1, 28),
(1337, 'en', 'actualites', 1, 15),
(1337, 'en', 'actualites', 1, 29),
(1338, 'en', 'actualites', 1, 15),
(1338, 'en', 'actualites', 1, 21),
(1338, 'en', 'actualites', 1, 23),
(1338, 'en', 'actualites', 1, 27),
(1339, 'en', 'actualites', 1, 15),
(1339, 'en', 'actualites', 1, 22),
(1339, 'en', 'actualites', 1, 27),
(1340, 'en', 'actualites', 1, 15),
(1341, 'en', 'actualites', 1, 15),
(1342, 'en', 'actualites', 1, 15),
(1343, 'en', 'actualites', 1, 15),
(1343, 'en', 'actualites', 2, 15),
(1344, 'en', 'actualites', 1, 15),
(1344, 'en', 'actualites', 2, 15),
(1345, 'en', 'actualites', 1, 15),
(1345, 'en', 'actualites', 2, 15),
(1346, 'en', 'actualites', 1, 15),
(1346, 'en', 'actualites', 2, 15),
(1347, 'en', 'actualites', 1, 15),
(1347, 'en', 'actualites', 1, 25),
(1347, 'en', 'actualites', 2, 15),
(1348, 'en', 'actualites', 1, 15),
(1348, 'en', 'actualites', 2, 15),
(1349, 'en', 'actualites', 1, 15),
(1349, 'en', 'actualites', 2, 15),
(1350, 'en', 'actualites', 1, 15),
(1351, 'en', 'actualites', 1, 15),
(1351, 'en', 'actualites', 1, 33),
(1352, 'en', 'actualites', 1, 15),
(1353, 'en', 'actualites', 1, 15),
(1354, 'en', 'actualites', 1, 15),
(1355, 'en', 'actualites', 1, 13),
(1355, 'en', 'actualites', 1, 15),
(1355, 'en', 'actualites', 1, 32),
(1355, 'en', 'actualites', 1, 35),
(1356, 'en', 'actualites', 1, 13),
(1356, 'en', 'actualites', 1, 15),
(1356, 'en', 'actualites', 1, 24),
(1357, 'en', 'actualites', 1, 15),
(1358, 'en', 'actualites', 1, 14),
(1358, 'en', 'actualites', 2, 14),
(1359, 'en', 'actualites', 1, 14),
(1359, 'en', 'actualites', 1, 24),
(1359, 'en', 'actualites', 1, 25),
(1360, 'en', 'actualites', 1, 14),
(1361, 'en', 'actualites', 1, 14),
(1362, 'en', 'actualites', 1, 14),
(1362, 'en', 'actualites', 1, 19),
(1362, 'en', 'actualites', 1, 20),
(1362, 'en', 'actualites', 1, 22),
(1362, 'en', 'actualites', 1, 25),
(1363, 'en', 'actualites', 1, 14),
(1363, 'en', 'actualites', 1, 33),
(1364, 'en', 'actualites', 1, 14),
(1365, 'en', 'actualites', 1, 14),
(1365, 'en', 'actualites', 1, 28),
(1366, 'en', 'actualites', 1, 14),
(1366, 'en', 'actualites', 1, 33),
(1367, 'en', 'actualites', 1, 14),
(1368, 'en', 'actualites', 1, 14),
(1369, 'en', 'actualites', 1, 14),
(1370, 'en', 'actualites', 1, 14),
(1370, 'en', 'actualites', 1, 33),
(1371, 'en', 'actualites', 1, 14),
(1371, 'en', 'actualites', 1, 33),
(1372, 'en', 'actualites', 1, 14),
(1373, 'en', 'actualites', 1, 14),
(1374, 'en', 'actualites', 1, 14),
(1375, 'en', 'actualites', 1, 14),
(1376, 'en', 'actualites', 1, 13),
(1376, 'en', 'actualites', 2, 13),
(1377, 'en', 'actualites', 1, 13),
(1377, 'en', 'actualites', 1, 22),
(1377, 'en', 'actualites', 1, 24),
(1377, 'en', 'actualites', 2, 13),
(1378, 'en', 'actualites', 1, 13),
(1379, 'en', 'actualites', 1, 13),
(1380, 'en', 'actualites', 1, 13),
(1381, 'en', 'actualites', 1, 13),
(1381, 'en', 'actualites', 1, 19),
(1381, 'en', 'actualites', 1, 24),
(1381, 'en', 'actualites', 1, 26),
(1381, 'en', 'actualites', 1, 27),
(1381, 'en', 'actualites', 1, 33),
(1382, 'fr', 'actualites', 1, 16),
(1382, 'fr', 'actualites', 2, 16),
(1383, 'fr', 'actualites', 1, 16),
(1383, 'fr', 'actualites', 1, 34),
(1383, 'fr', 'actualites', 2, 16),
(1383, 'fr', 'actualites', 2, 34),
(1384, 'fr', 'actualites', 1, 16),
(1384, 'fr', 'actualites', 2, 16),
(1385, 'fr', 'actualites', 1, 16),
(1385, 'fr', 'actualites', 2, 16),
(1386, 'en', 'actualites', 1, 16),
(1386, 'en', 'actualites', 2, 16),
(1386, 'en', 'actualites', 3, 16),
(1387, 'en', 'actualites', 1, 16),
(1387, 'en', 'actualites', 1, 19),
(1387, 'en', 'actualites', 2, 16),
(1387, 'en', 'actualites', 3, 16),
(1388, 'en', 'actualites', 1, 16),
(1388, 'en', 'actualites', 1, 21),
(1388, 'en', 'actualites', 1, 24),
(1388, 'en', 'actualites', 2, 16),
(1388, 'en', 'actualites', 2, 21),
(1388, 'en', 'actualites', 3, 16),
(1389, 'en', 'actualites', 1, 16),
(1389, 'en', 'actualites', 1, 18),
(1389, 'en', 'actualites', 2, 16),
(1390, 'en', 'actualites', 1, 16),
(1390, 'en', 'actualites', 2, 16),
(1391, 'en', 'actualites', 1, 16),
(1391, 'en', 'actualites', 2, 16),
(1392, 'en', 'actualites', 1, 16),
(1392, 'en', 'actualites', 1, 34),
(1392, 'en', 'actualites', 2, 16),
(1392, 'en', 'actualites', 2, 34),
(1393, 'en', 'actualites', 1, 16),
(1393, 'en', 'actualites', 2, 16),
(1394, 'en', 'actualites', 1, 16),
(1394, 'en', 'actualites', 1, 30),
(1394, 'en', 'actualites', 2, 16),
(1395, 'en', 'actualites', 1, 16),
(1395, 'en', 'actualites', 2, 16),
(1396, 'fr', 'actualites', 3, 17),
(1397, 'fr', 'actualites', 3, 17),
(1398, 'fr', 'actualites', 3, 17),
(1399, 'fr', 'actualites', 2, 18),
(1399, 'fr', 'actualites', 3, 17),
(1400, 'fr', 'actualites', 1, 17),
(1400, 'fr', 'actualites', 2, 17),
(1401, 'fr', 'actualites', 1, 17),
(1401, 'fr', 'actualites', 2, 17),
(1402, 'fr', 'actualites', 1, 17),
(1402, 'fr', 'actualites', 1, 18),
(1402, 'fr', 'actualites', 2, 17),
(1402, 'fr', 'actualites', 3, 18),
(1403, 'fr', 'actualites', 1, 33),
(1403, 'fr', 'actualites', 2, 17),
(1404, 'fr', 'actualites', 1, 35),
(1404, 'fr', 'actualites', 2, 17),
(1404, 'fr', 'actualites', 3, 35),
(1405, 'fr', 'actualites', 1, 17),
(1405, 'fr', 'actualites', 2, 17),
(1406, 'fr', 'actualites', 2, 17),
(1407, 'fr', 'actualites', 1, 17),
(1407, 'fr', 'actualites', 1, 30),
(1407, 'fr', 'actualites', 2, 17),
(1408, 'fr', 'actualites', 2, 17),
(1409, 'fr', 'actualites', 1, 17),
(1409, 'fr', 'actualites', 2, 17),
(1410, 'fr', 'actualites', 1, 17),
(1410, 'fr', 'actualites', 1, 20),
(1410, 'fr', 'actualites', 2, 17),
(1411, 'fr', 'actualites', 1, 17),
(1411, 'fr', 'actualites', 1, 33),
(1412, 'fr', 'actualites', 1, 17),
(1413, 'fr', 'actualites', 1, 17),
(1414, 'fr', 'actualites', 1, 17),
(1415, 'fr', 'actualites', 1, 17),
(1416, 'fr', 'actualites', 1, 17),
(1417, 'fr', 'actualites', 1, 17),
(1418, 'fr', 'actualites', 1, 17),
(1419, 'fr', 'actualites', 1, 17),
(1420, 'fr', 'actualites', 1, 17),
(1421, 'fr', 'actualites', 1, 17),
(1422, 'fr', 'actualites', 1, 17),
(1423, 'fr', 'actualites', 1, 17),
(1423, 'fr', 'actualites', 1, 34),
(1424, 'fr', 'actualites', 1, 17),
(1425, 'fr', 'actualites', 1, 17);
INSERT INTO `localisation` (`dictionnaire_id`, `lang`, `localisation_table`, `localisation_priority`, `localisation_id`) VALUES
(1426, 'fr', 'actualites', 1, 17),
(1427, 'fr', 'actualites', 1, 17),
(1428, 'fr', 'actualites', 1, 17),
(1429, 'fr', 'actualites', 1, 17),
(1429, 'fr', 'actualites', 1, 33),
(1429, 'fr', 'actualites', 1, 35),
(1430, 'fr', 'actualites', 1, 17),
(1431, 'fr', 'actualites', 1, 17),
(1432, 'fr', 'actualites', 1, 17),
(1433, 'fr', 'actualites', 1, 17),
(1434, 'fr', 'actualites', 1, 17),
(1435, 'en', 'actualites', 2, 18),
(1435, 'en', 'actualites', 3, 17),
(1436, 'en', 'actualites', 3, 17),
(1437, 'en', 'actualites', 1, 17),
(1437, 'en', 'actualites', 2, 17),
(1438, 'en', 'actualites', 1, 17),
(1438, 'en', 'actualites', 2, 17),
(1439, 'en', 'actualites', 1, 17),
(1439, 'en', 'actualites', 2, 17),
(1439, 'en', 'actualites', 3, 18),
(1440, 'en', 'actualites', 1, 35),
(1440, 'en', 'actualites', 2, 17),
(1440, 'en', 'actualites', 3, 35),
(1441, 'en', 'actualites', 1, 33),
(1441, 'en', 'actualites', 2, 17),
(1442, 'en', 'actualites', 1, 17),
(1442, 'en', 'actualites', 1, 35),
(1442, 'en', 'actualites', 2, 17),
(1443, 'en', 'actualites', 1, 17),
(1443, 'en', 'actualites', 2, 17),
(1444, 'en', 'actualites', 1, 17),
(1444, 'en', 'actualites', 2, 17),
(1445, 'en', 'actualites', 1, 17),
(1445, 'en', 'actualites', 2, 17),
(1446, 'en', 'actualites', 1, 17),
(1446, 'en', 'actualites', 2, 17),
(1447, 'en', 'actualites', 1, 17),
(1447, 'en', 'actualites', 1, 20),
(1447, 'en', 'actualites', 2, 17),
(1448, 'en', 'actualites', 1, 17),
(1449, 'en', 'actualites', 1, 17),
(1450, 'en', 'actualites', 1, 17),
(1451, 'en', 'actualites', 1, 17),
(1452, 'en', 'actualites', 1, 17),
(1453, 'en', 'actualites', 1, 17),
(1454, 'en', 'actualites', 1, 17),
(1455, 'en', 'actualites', 1, 17),
(1456, 'en', 'actualites', 1, 17),
(1457, 'en', 'actualites', 1, 17),
(1458, 'en', 'actualites', 1, 17),
(1459, 'en', 'actualites', 1, 17),
(1460, 'en', 'actualites', 1, 17),
(1461, 'en', 'actualites', 1, 17),
(1461, 'en', 'actualites', 1, 30),
(1462, 'en', 'actualites', 1, 17),
(1463, 'en', 'actualites', 1, 17),
(1464, 'en', 'actualites', 1, 17),
(1465, 'en', 'actualites', 1, 17),
(1466, 'en', 'actualites', 1, 17),
(1467, 'en', 'actualites', 1, 17),
(1468, 'en', 'actualites', 1, 17),
(1469, 'en', 'actualites', 1, 17),
(1470, 'fr', 'actualites', 3, 18),
(1471, 'fr', 'actualites', 1, 18),
(1471, 'fr', 'actualites', 2, 18),
(1472, 'fr', 'actualites', 2, 18),
(1473, 'fr', 'actualites', 2, 18),
(1474, 'fr', 'actualites', 2, 18),
(1475, 'fr', 'actualites', 1, 18),
(1476, 'en', 'actualites', 3, 18),
(1477, 'en', 'actualites', 3, 18),
(1478, 'en', 'actualites', 2, 18),
(1479, 'en', 'actualites', 1, 18),
(1480, 'en', 'actualites', 1, 18),
(1481, 'fr', 'actualites', 1, 18),
(1482, 'fr', 'actualites', 1, 18),
(1483, 'fr', 'actualites', 1, 18),
(1484, 'fr', 'actualites', 1, 18),
(1489, 'fr', 'actualites', 1, 18),
(1491, 'fr', 'actualites', 1, 18),
(1498, 'fr', 'actualites', 1, 18),
(1499, 'fr', 'actualites', 1, 18),
(1500, 'fr', 'actualites', 1, 18),
(1501, 'fr', 'actualites', 1, 18),
(1502, 'fr', 'actualites', 1, 18),
(1504, 'fr', 'actualites', 1, 18),
(1505, 'fr', 'actualites', 1, 18),
(1506, 'fr', 'actualites', 1, 18),
(1507, 'fr', 'actualites', 1, 18),
(1508, 'fr', 'actualites', 1, 18),
(1509, 'fr', 'actualites', 1, 18),
(1510, 'fr', 'actualites', 1, 18),
(1512, 'fr', 'actualites', 1, 18),
(1536, 'fr', 'actualites', 1, 18),
(1540, 'fr', 'actualites', 1, 18),
(1569, 'fr', 'actualites', 1, 18),
(1569, 'fr', 'actualites', 1, 31),
(1569, 'fr', 'actualites', 1, 33),
(1584, 'fr', 'actualites', 1, 18),
(1585, 'fr', 'actualites', 1, 18),
(1586, 'fr', 'actualites', 1, 18),
(1591, 'fr', 'actualites', 1, 33),
(1591, 'fr', 'actualites', 1, 34),
(1597, 'fr', 'actualites', 1, 18),
(1599, 'fr', 'actualites', 1, 18),
(1600, 'fr', 'actualites', 1, 18),
(1601, 'fr', 'actualites', 1, 18),
(1602, 'fr', 'actualites', 1, 18),
(1603, 'fr', 'actualites', 1, 18),
(1604, 'fr', 'actualites', 1, 18),
(1605, 'fr', 'actualites', 1, 18),
(1606, 'fr', 'actualites', 1, 18),
(1607, 'fr', 'actualites', 1, 18),
(1630, 'fr', 'actualites', 1, 18),
(1630, 'fr', 'actualites', 1, 24),
(1631, 'fr', 'actualites', 1, 18),
(1632, 'fr', 'actualites', 1, 18),
(1632, 'fr', 'actualites', 1, 35),
(1633, 'fr', 'actualites', 1, 18),
(1634, 'fr', 'actualites', 1, 18),
(1635, 'fr', 'actualites', 1, 18),
(1636, 'fr', 'actualites', 1, 18),
(1637, 'fr', 'actualites', 1, 18),
(1638, 'fr', 'actualites', 1, 18),
(1639, 'fr', 'actualites', 1, 18),
(1640, 'fr', 'actualites', 1, 18),
(1641, 'fr', 'actualites', 1, 18),
(1642, 'fr', 'actualites', 1, 18),
(1643, 'fr', 'actualites', 1, 18),
(1644, 'fr', 'actualites', 1, 18),
(1645, 'fr', 'actualites', 1, 18),
(1646, 'fr', 'actualites', 1, 18),
(1647, 'fr', 'actualites', 1, 18),
(1648, 'fr', 'actualites', 1, 18),
(1649, 'fr', 'actualites', 1, 18),
(1650, 'fr', 'actualites', 1, 18),
(1651, 'fr', 'actualites', 1, 18),
(1652, 'fr', 'actualites', 1, 18),
(1653, 'fr', 'actualites', 1, 18),
(1654, 'fr', 'actualites', 1, 18),
(1662, 'fr', 'actualites', 1, 18),
(1668, 'fr', 'actualites', 1, 18),
(1669, 'fr', 'actualites', 1, 18),
(1670, 'fr', 'actualites', 1, 18),
(1671, 'fr', 'actualites', 1, 18),
(1672, 'fr', 'actualites', 1, 18),
(1673, 'fr', 'actualites', 1, 18),
(1673, 'fr', 'actualites', 1, 26),
(1673, 'fr', 'actualites', 1, 28),
(1673, 'fr', 'actualites', 1, 33),
(1675, 'fr', 'actualites', 1, 18),
(1677, 'fr', 'actualites', 1, 18),
(1679, 'fr', 'actualites', 1, 18),
(1680, 'fr', 'actualites', 1, 18),
(1683, 'fr', 'actualites', 1, 18),
(1684, 'fr', 'actualites', 1, 18),
(1686, 'fr', 'actualites', 1, 18),
(1688, 'fr', 'actualites', 1, 18),
(1689, 'fr', 'actualites', 1, 18),
(1690, 'fr', 'actualites', 1, 18),
(1691, 'fr', 'actualites', 1, 18),
(1691, 'fr', 'actualites', 1, 33),
(1692, 'fr', 'actualites', 1, 18),
(1693, 'fr', 'actualites', 1, 18),
(1694, 'fr', 'actualites', 1, 18),
(1695, 'fr', 'actualites', 1, 18),
(1696, 'fr', 'actualites', 1, 18),
(1697, 'fr', 'actualites', 1, 18),
(1698, 'fr', 'actualites', 1, 18),
(1699, 'fr', 'actualites', 1, 18),
(1700, 'fr', 'actualites', 1, 18),
(1701, 'fr', 'actualites', 1, 18),
(1706, 'fr', 'actualites', 1, 19),
(1706, 'fr', 'actualites', 1, 20),
(1706, 'fr', 'actualites', 1, 21),
(1706, 'fr', 'actualites', 1, 24),
(1706, 'fr', 'actualites', 1, 30),
(1713, 'fr', 'actualites', 1, 18),
(1715, 'fr', 'actualites', 1, 18),
(1716, 'fr', 'actualites', 1, 18),
(1718, 'fr', 'actualites', 1, 18),
(1719, 'fr', 'actualites', 1, 18),
(1720, 'fr', 'actualites', 1, 18),
(1723, 'fr', 'actualites', 1, 18),
(1724, 'fr', 'actualites', 1, 18),
(1724, 'fr', 'actualites', 1, 27),
(1724, 'fr', 'actualites', 1, 29),
(1724, 'fr', 'actualites', 1, 33),
(1724, 'fr', 'actualites', 1, 34),
(1732, 'fr', 'actualites', 1, 18),
(1738, 'fr', 'actualites', 1, 18),
(1739, 'fr', 'actualites', 1, 18),
(1740, 'fr', 'actualites', 1, 18),
(1741, 'fr', 'actualites', 1, 18),
(1742, 'fr', 'actualites', 1, 18),
(1743, 'fr', 'actualites', 1, 18),
(1744, 'fr', 'actualites', 1, 18),
(1745, 'fr', 'actualites', 1, 18),
(1746, 'fr', 'actualites', 1, 18),
(1748, 'fr', 'actualites', 1, 33),
(1749, 'fr', 'actualites', 1, 33),
(1749, 'fr', 'actualites', 2, 33),
(1750, 'fr', 'actualites', 1, 18),
(1751, 'fr', 'actualites', 1, 33),
(1752, 'fr', 'actualites', 1, 18),
(1753, 'fr', 'actualites', 1, 18),
(1754, 'fr', 'actualites', 1, 18),
(1755, 'fr', 'actualites', 1, 18),
(1761, 'fr', 'actualites', 1, 18),
(1763, 'fr', 'actualites', 1, 18),
(1764, 'fr', 'actualites', 1, 18),
(1765, 'fr', 'actualites', 1, 18),
(1766, 'fr', 'actualites', 1, 18),
(1767, 'fr', 'actualites', 1, 18),
(1768, 'fr', 'actualites', 1, 18),
(1769, 'fr', 'actualites', 1, 18),
(1770, 'fr', 'actualites', 1, 18),
(1771, 'en', 'actualites', 1, 18),
(1772, 'en', 'actualites', 1, 18),
(1773, 'en', 'actualites', 1, 18),
(1774, 'en', 'actualites', 1, 18),
(1775, 'en', 'actualites', 1, 18),
(1776, 'en', 'actualites', 1, 18),
(1777, 'en', 'actualites', 1, 18),
(1778, 'en', 'actualites', 1, 18),
(1779, 'en', 'actualites', 1, 24),
(1779, 'en', 'actualites', 3, 35),
(1781, 'en', 'actualites', 1, 18),
(1782, 'en', 'actualites', 1, 18),
(1782, 'en', 'actualites', 1, 29),
(1784, 'en', 'actualites', 1, 18),
(1784, 'en', 'actualites', 1, 19),
(1784, 'en', 'actualites', 2, 19),
(1785, 'en', 'actualites', 1, 18),
(1791, 'en', 'actualites', 1, 18),
(1792, 'en', 'actualites', 1, 18),
(1793, 'en', 'actualites', 1, 18),
(1794, 'en', 'actualites', 1, 18),
(1795, 'en', 'actualites', 1, 18),
(1796, 'en', 'actualites', 1, 18),
(1796, 'en', 'actualites', 1, 21),
(1796, 'en', 'actualites', 1, 24),
(1796, 'en', 'actualites', 2, 21),
(1797, 'en', 'actualites', 1, 18),
(1798, 'en', 'actualites', 1, 18),
(1799, 'en', 'actualites', 1, 18),
(1800, 'en', 'actualites', 1, 18),
(1801, 'en', 'actualites', 1, 18),
(1801, 'en', 'actualites', 1, 33),
(1802, 'en', 'actualites', 1, 18),
(1803, 'en', 'actualites', 1, 18),
(1803, 'en', 'actualites', 1, 25),
(1803, 'en', 'actualites', 1, 35),
(1804, 'en', 'actualites', 1, 18),
(1805, 'en', 'actualites', 1, 18),
(1806, 'en', 'actualites', 1, 18),
(1806, 'en', 'actualites', 1, 24),
(1806, 'en', 'actualites', 1, 33),
(1806, 'en', 'actualites', 2, 24),
(1807, 'en', 'actualites', 1, 18),
(1808, 'en', 'actualites', 1, 18),
(1809, 'en', 'actualites', 1, 18),
(1810, 'en', 'actualites', 1, 18),
(1812, 'en', 'actualites', 1, 18),
(1813, 'en', 'actualites', 1, 18),
(1814, 'en', 'actualites', 1, 18),
(1815, 'en', 'actualites', 1, 18),
(1816, 'en', 'actualites', 1, 18),
(1817, 'en', 'actualites', 1, 18),
(1818, 'en', 'actualites', 1, 18),
(1819, 'en', 'actualites', 1, 18),
(1820, 'en', 'actualites', 1, 18),
(1820, 'en', 'actualites', 1, 22),
(1821, 'en', 'actualites', 1, 18),
(1826, 'en', 'actualites', 1, 18),
(1839, 'en', 'actualites', 1, 18),
(1840, 'en', 'actualites', 1, 18),
(1841, 'en', 'actualites', 1, 18),
(1842, 'en', 'actualites', 1, 18),
(1843, 'en', 'actualites', 1, 18),
(1844, 'en', 'actualites', 1, 18),
(1845, 'en', 'actualites', 1, 18),
(1846, 'en', 'actualites', 1, 18),
(1847, 'en', 'actualites', 1, 18),
(1848, 'en', 'actualites', 1, 18),
(1849, 'en', 'actualites', 1, 18),
(1850, 'en', 'actualites', 1, 18),
(1851, 'en', 'actualites', 1, 18),
(1852, 'en', 'actualites', 1, 18),
(1853, 'en', 'actualites', 1, 18),
(1854, 'en', 'actualites', 1, 18),
(1855, 'en', 'actualites', 1, 18),
(1856, 'en', 'actualites', 1, 18),
(1857, 'en', 'actualites', 1, 18),
(1858, 'en', 'actualites', 1, 18),
(1859, 'en', 'actualites', 1, 18),
(1860, 'en', 'actualites', 1, 18),
(1862, 'en', 'actualites', 1, 18),
(1864, 'en', 'actualites', 1, 18),
(1865, 'en', 'actualites', 1, 18),
(1866, 'en', 'actualites', 1, 18),
(1867, 'en', 'actualites', 1, 18),
(1868, 'en', 'actualites', 1, 18),
(1869, 'en', 'actualites', 1, 18),
(1870, 'en', 'actualites', 1, 18),
(1871, 'en', 'actualites', 1, 18),
(1872, 'en', 'actualites', 1, 18),
(1873, 'en', 'actualites', 1, 18),
(1874, 'en', 'actualites', 1, 18),
(1875, 'en', 'actualites', 1, 18),
(1876, 'en', 'actualites', 1, 18),
(1877, 'en', 'actualites', 1, 18),
(1878, 'en', 'actualites', 1, 18),
(1878, 'en', 'actualites', 1, 21),
(1879, 'en', 'actualites', 1, 18),
(1880, 'en', 'actualites', 1, 18),
(1881, 'en', 'actualites', 1, 18),
(1882, 'en', 'actualites', 1, 18),
(1883, 'en', 'actualites', 1, 18),
(1884, 'en', 'actualites', 1, 18),
(1884, 'en', 'actualites', 1, 31),
(1884, 'en', 'actualites', 1, 33),
(1885, 'en', 'actualites', 1, 18),
(1886, 'en', 'actualites', 1, 18),
(1887, 'en', 'actualites', 1, 18),
(1888, 'en', 'actualites', 1, 18),
(1889, 'en', 'actualites', 1, 18),
(1890, 'en', 'actualites', 1, 18),
(1891, 'en', 'actualites', 1, 18),
(1892, 'en', 'actualites', 1, 18),
(1893, 'en', 'actualites', 1, 18),
(1898, 'en', 'actualites', 1, 18),
(1899, 'en', 'actualites', 1, 18),
(1900, 'en', 'actualites', 1, 18),
(1903, 'en', 'actualites', 1, 18),
(1903, 'en', 'actualites', 1, 23),
(1904, 'en', 'actualites', 1, 18),
(1905, 'en', 'actualites', 1, 18),
(1906, 'en', 'actualites', 1, 18),
(1907, 'en', 'actualites', 1, 18),
(1908, 'en', 'actualites', 1, 18),
(1909, 'en', 'actualites', 1, 18),
(1910, 'en', 'actualites', 1, 18),
(1911, 'en', 'actualites', 1, 18),
(1924, 'en', 'actualites', 1, 18),
(1925, 'en', 'actualites', 1, 18),
(1926, 'en', 'actualites', 1, 18),
(1927, 'en', 'actualites', 1, 18),
(1928, 'en', 'actualites', 1, 18),
(1929, 'en', 'actualites', 1, 18),
(1930, 'en', 'actualites', 1, 18),
(1931, 'en', 'actualites', 1, 18),
(1932, 'en', 'actualites', 1, 18),
(1933, 'en', 'actualites', 1, 18),
(1934, 'en', 'actualites', 1, 18),
(1937, 'en', 'actualites', 1, 18),
(1938, 'en', 'actualites', 1, 18),
(1968, 'en', 'actualites', 1, 18),
(1969, 'en', 'actualites', 1, 18),
(1970, 'en', 'actualites', 1, 18),
(1971, 'en', 'actualites', 1, 18),
(1972, 'en', 'actualites', 1, 18),
(1973, 'en', 'actualites', 1, 18),
(1974, 'en', 'actualites', 1, 18),
(1975, 'en', 'actualites', 1, 18),
(1976, 'en', 'actualites', 1, 18),
(1977, 'en', 'actualites', 1, 18),
(1978, 'en', 'actualites', 1, 18),
(1979, 'en', 'actualites', 1, 18),
(1980, 'en', 'actualites', 1, 18),
(2015, 'en', 'actualites', 1, 18),
(2019, 'en', 'actualites', 1, 18),
(2020, 'en', 'actualites', 1, 18),
(2021, 'en', 'actualites', 1, 18),
(2022, 'en', 'actualites', 1, 18),
(2023, 'en', 'actualites', 1, 18),
(2024, 'en', 'actualites', 1, 18),
(2026, 'en', 'actualites', 1, 18),
(2028, 'en', 'actualites', 1, 21),
(2028, 'en', 'actualites', 1, 24),
(2028, 'en', 'actualites', 1, 28),
(2028, 'en', 'actualites', 2, 21),
(2037, 'en', 'actualites', 1, 18),
(2038, 'en', 'actualites', 1, 18),
(2039, 'en', 'actualites', 1, 18),
(2040, 'en', 'actualites', 1, 18),
(2041, 'en', 'actualites', 1, 18),
(2042, 'en', 'actualites', 1, 18),
(2043, 'en', 'actualites', 1, 18),
(2044, 'en', 'actualites', 1, 18),
(2045, 'en', 'actualites', 1, 18),
(2046, 'en', 'actualites', 1, 18),
(2047, 'en', 'actualites', 1, 18),
(2070, 'en', 'actualites', 1, 18),
(2071, 'en', 'actualites', 1, 18),
(2072, 'en', 'actualites', 1, 18),
(2073, 'en', 'actualites', 1, 18),
(2084, 'fr', 'actualites', 1, 18),
(2085, 'fr', 'actualites', 1, 18),
(2086, 'fr', 'actualites', 1, 18),
(2087, 'fr', 'actualites', 1, 18),
(2088, 'fr', 'actualites', 1, 18),
(2088, 'fr', 'actualites', 1, 24),
(2088, 'fr', 'actualites', 1, 27),
(2088, 'fr', 'actualites', 1, 32),
(2089, 'fr', 'actualites', 1, 18),
(2090, 'fr', 'actualites', 1, 18),
(2091, 'fr', 'actualites', 1, 18),
(2092, 'fr', 'actualites', 1, 18),
(2093, 'fr', 'actualites', 1, 18),
(2094, 'fr', 'actualites', 1, 18),
(2095, 'fr', 'actualites', 1, 18),
(2096, 'fr', 'actualites', 1, 18),
(2097, 'fr', 'actualites', 1, 18),
(2097, 'fr', 'actualites', 1, 21),
(2097, 'fr', 'actualites', 1, 27),
(2098, 'fr', 'actualites', 1, 18),
(2098, 'fr', 'actualites', 1, 21),
(2098, 'fr', 'actualites', 1, 25),
(2098, 'fr', 'actualites', 1, 35),
(2099, 'fr', 'actualites', 1, 18),
(2100, 'fr', 'actualites', 1, 18),
(2101, 'fr', 'actualites', 1, 18),
(2102, 'fr', 'actualites', 1, 18),
(2103, 'fr', 'actualites', 1, 18),
(2103, 'fr', 'actualites', 1, 24),
(2103, 'fr', 'actualites', 1, 27),
(2104, 'fr', 'actualites', 1, 18),
(2105, 'fr', 'actualites', 1, 18),
(2106, 'fr', 'actualites', 1, 18),
(2106, 'fr', 'actualites', 1, 33),
(2107, 'fr', 'actualites', 1, 18),
(2110, 'fr', 'actualites', 1, 18),
(2111, 'fr', 'actualites', 1, 18),
(2112, 'fr', 'actualites', 1, 18),
(2113, 'fr', 'actualites', 1, 18),
(2114, 'fr', 'actualites', 1, 18),
(2115, 'fr', 'actualites', 1, 18),
(2116, 'fr', 'actualites', 1, 18),
(2117, 'fr', 'actualites', 1, 18),
(2119, 'fr', 'actualites', 1, 18),
(2120, 'fr', 'actualites', 1, 18),
(2121, 'fr', 'actualites', 1, 18),
(2122, 'fr', 'actualites', 1, 18),
(2123, 'fr', 'actualites', 1, 18),
(2124, 'fr', 'actualites', 1, 18),
(2125, 'fr', 'actualites', 1, 18),
(2126, 'fr', 'actualites', 1, 18),
(2127, 'fr', 'actualites', 1, 18),
(2128, 'fr', 'actualites', 1, 18),
(2129, 'fr', 'actualites', 1, 18),
(2130, 'fr', 'actualites', 1, 18),
(2131, 'fr', 'actualites', 1, 18),
(2132, 'fr', 'actualites', 1, 18),
(2133, 'fr', 'actualites', 1, 18),
(2134, 'fr', 'actualites', 1, 18),
(2135, 'fr', 'actualites', 1, 18),
(2136, 'fr', 'actualites', 1, 18),
(2137, 'fr', 'actualites', 1, 18),
(2138, 'fr', 'actualites', 1, 18),
(2138, 'fr', 'actualites', 1, 19),
(2138, 'fr', 'actualites', 1, 33),
(2139, 'fr', 'actualites', 1, 18),
(2140, 'fr', 'actualites', 1, 18),
(2141, 'fr', 'actualites', 1, 18),
(2142, 'fr', 'actualites', 1, 18),
(2143, 'fr', 'actualites', 1, 18),
(2144, 'fr', 'actualites', 1, 18),
(2145, 'fr', 'actualites', 1, 18),
(2146, 'fr', 'actualites', 1, 18),
(2147, 'fr', 'actualites', 1, 18),
(2148, 'fr', 'actualites', 1, 18),
(2149, 'fr', 'actualites', 1, 18),
(2150, 'fr', 'actualites', 1, 18),
(2151, 'fr', 'actualites', 1, 18),
(2152, 'fr', 'actualites', 1, 18),
(2154, 'fr', 'actualites', 1, 18),
(2155, 'fr', 'actualites', 1, 18),
(2156, 'fr', 'actualites', 1, 18),
(2159, 'fr', 'actualites', 1, 18),
(2160, 'fr', 'actualites', 1, 18),
(2161, 'fr', 'actualites', 1, 18),
(2162, 'fr', 'actualites', 1, 18),
(2163, 'fr', 'actualites', 1, 18),
(2164, 'fr', 'actualites', 1, 18),
(2165, 'fr', 'actualites', 1, 18),
(2166, 'fr', 'actualites', 1, 18),
(2167, 'fr', 'actualites', 1, 18),
(2167, 'fr', 'actualites', 1, 28),
(2168, 'fr', 'actualites', 1, 18),
(2169, 'fr', 'actualites', 1, 18),
(2170, 'fr', 'actualites', 1, 18),
(2171, 'fr', 'actualites', 1, 18),
(2172, 'fr', 'actualites', 1, 18),
(2173, 'en', 'actualites', 1, 18),
(2174, 'en', 'actualites', 1, 18),
(2181, 'en', 'actualites', 1, 18),
(2198, 'en', 'actualites', 1, 18),
(2199, 'en', 'actualites', 1, 18),
(2200, 'en', 'actualites', 1, 18),
(2208, 'en', 'actualites', 1, 18),
(2209, 'en', 'actualites', 1, 18),
(2218, 'en', 'actualites', 1, 18),
(2219, 'en', 'actualites', 1, 18),
(2227, 'en', 'actualites', 1, 18),
(2228, 'en', 'actualites', 1, 18),
(2229, 'en', 'actualites', 1, 18),
(2230, 'en', 'actualites', 1, 18),
(2231, 'en', 'actualites', 1, 18),
(2233, 'fr', 'actualites', 1, 18),
(2233, 'fr', 'actualites', 1, 21),
(2234, 'fr', 'actualites', 1, 18),
(2235, 'en', 'actualites', 1, 18),
(2237, 'en', 'actualites', 1, 18),
(2238, 'fr', 'actualites', 1, 18),
(2239, 'fr', 'actualites', 1, 18),
(2240, 'fr', 'actualites', 1, 18),
(2241, 'fr', 'actualites', 1, 18),
(2242, 'fr', 'actualites', 1, 18),
(2243, 'fr', 'actualites', 1, 18),
(2244, 'fr', 'actualites', 1, 18),
(2245, 'fr', 'actualites', 1, 18),
(2246, 'fr', 'actualites', 1, 18),
(2247, 'fr', 'actualites', 1, 18),
(2248, 'en', 'actualites', 1, 18),
(2249, 'en', 'actualites', 1, 18),
(2250, 'fr', 'actualites', 1, 25),
(2250, 'fr', 'actualites', 1, 35),
(2250, 'fr', 'actualites', 2, 25),
(2250, 'fr', 'actualites', 2, 35),
(2250, 'fr', 'actualites', 3, 19),
(2250, 'fr', 'actualites', 3, 20),
(2250, 'fr', 'actualites', 3, 21),
(2250, 'fr', 'actualites', 3, 22),
(2250, 'fr', 'actualites', 3, 23),
(2250, 'fr', 'actualites', 3, 24),
(2250, 'fr', 'actualites', 3, 25),
(2250, 'fr', 'actualites', 3, 26),
(2250, 'fr', 'actualites', 3, 27),
(2250, 'fr', 'actualites', 3, 28),
(2251, 'fr', 'actualites', 2, 25),
(2251, 'fr', 'actualites', 2, 34),
(2251, 'fr', 'actualites', 3, 19),
(2251, 'fr', 'actualites', 3, 20),
(2251, 'fr', 'actualites', 3, 21),
(2251, 'fr', 'actualites', 3, 22),
(2251, 'fr', 'actualites', 3, 23),
(2251, 'fr', 'actualites', 3, 24),
(2251, 'fr', 'actualites', 3, 25),
(2251, 'fr', 'actualites', 3, 26),
(2251, 'fr', 'actualites', 3, 27),
(2251, 'fr', 'actualites', 3, 28),
(2252, 'fr', 'actualites', 1, 19),
(2252, 'fr', 'actualites', 2, 19),
(2252, 'fr', 'actualites', 3, 19),
(2253, 'fr', 'actualites', 1, 19),
(2253, 'fr', 'actualites', 1, 22),
(2253, 'fr', 'actualites', 1, 28),
(2253, 'fr', 'actualites', 1, 33),
(2253, 'fr', 'actualites', 2, 19),
(2254, 'fr', 'actualites', 1, 19),
(2254, 'fr', 'actualites', 1, 21),
(2254, 'fr', 'actualites', 1, 22),
(2254, 'fr', 'actualites', 1, 23),
(2254, 'fr', 'actualites', 1, 24),
(2254, 'fr', 'actualites', 1, 26),
(2254, 'fr', 'actualites', 1, 27),
(2254, 'fr', 'actualites', 1, 35),
(2254, 'fr', 'actualites', 2, 19),
(2254, 'fr', 'actualites', 2, 21),
(2254, 'fr', 'actualites', 2, 22),
(2254, 'fr', 'actualites', 2, 23),
(2255, 'fr', 'actualites', 1, 19),
(2255, 'fr', 'actualites', 1, 24),
(2255, 'fr', 'actualites', 1, 26),
(2255, 'fr', 'actualites', 2, 19),
(2256, 'fr', 'actualites', 1, 19),
(2256, 'fr', 'actualites', 1, 24),
(2256, 'fr', 'actualites', 1, 26),
(2256, 'fr', 'actualites', 2, 19),
(2257, 'fr', 'actualites', 1, 19),
(2257, 'fr', 'actualites', 2, 19),
(2258, 'fr', 'actualites', 1, 19),
(2258, 'fr', 'actualites', 2, 19),
(2259, 'fr', 'actualites', 2, 19),
(2260, 'fr', 'actualites', 1, 19),
(2261, 'fr', 'actualites', 1, 19),
(2261, 'fr', 'actualites', 1, 27),
(2261, 'fr', 'actualites', 1, 28),
(2262, 'fr', 'actualites', 1, 19),
(2263, 'fr', 'actualites', 1, 19),
(2263, 'fr', 'actualites', 1, 26),
(2263, 'fr', 'actualites', 1, 34),
(2264, 'fr', 'actualites', 1, 19),
(2264, 'fr', 'actualites', 1, 24),
(2264, 'fr', 'actualites', 1, 26),
(2265, 'fr', 'actualites', 1, 19),
(2266, 'fr', 'actualites', 1, 19),
(2266, 'fr', 'actualites', 1, 26),
(2266, 'fr', 'actualites', 1, 27),
(2266, 'fr', 'actualites', 1, 30),
(2267, 'fr', 'actualites', 1, 19),
(2267, 'fr', 'actualites', 1, 21),
(2267, 'fr', 'actualites', 1, 24),
(2267, 'fr', 'actualites', 1, 25),
(2267, 'fr', 'actualites', 1, 26),
(2267, 'fr', 'actualites', 1, 27),
(2267, 'fr', 'actualites', 1, 33),
(2267, 'fr', 'actualites', 2, 21),
(2267, 'fr', 'actualites', 2, 25),
(2268, 'fr', 'actualites', 1, 19),
(2268, 'fr', 'actualites', 1, 21),
(2268, 'fr', 'actualites', 1, 24),
(2268, 'fr', 'actualites', 1, 27),
(2268, 'fr', 'actualites', 1, 28),
(2269, 'fr', 'actualites', 1, 19),
(2270, 'fr', 'actualites', 1, 19),
(2270, 'fr', 'actualites', 1, 33),
(2271, 'fr', 'actualites', 1, 19),
(2272, 'fr', 'actualites', 1, 19),
(2272, 'fr', 'actualites', 1, 26),
(2273, 'fr', 'actualites', 1, 19),
(2273, 'fr', 'actualites', 1, 26),
(2274, 'fr', 'actualites', 1, 19),
(2275, 'fr', 'actualites', 1, 19),
(2276, 'fr', 'actualites', 1, 19),
(2276, 'fr', 'actualites', 1, 26),
(2277, 'fr', 'actualites', 1, 19),
(2278, 'fr', 'actualites', 1, 19),
(2279, 'fr', 'actualites', 1, 19),
(2279, 'fr', 'actualites', 1, 22),
(2280, 'fr', 'actualites', 1, 19),
(2280, 'fr', 'actualites', 1, 33),
(2281, 'fr', 'actualites', 1, 19),
(2281, 'fr', 'actualites', 1, 21),
(2281, 'fr', 'actualites', 1, 31),
(2282, 'fr', 'actualites', 1, 19),
(2283, 'fr', 'actualites', 1, 19),
(2283, 'fr', 'actualites', 1, 21),
(2283, 'fr', 'actualites', 1, 22),
(2283, 'fr', 'actualites', 1, 26),
(2284, 'fr', 'actualites', 1, 19),
(2284, 'fr', 'actualites', 1, 28),
(2285, 'fr', 'actualites', 1, 19),
(2286, 'fr', 'actualites', 1, 19),
(2286, 'fr', 'actualites', 1, 20),
(2286, 'fr', 'actualites', 1, 21),
(2286, 'fr', 'actualites', 1, 22),
(2286, 'fr', 'actualites', 1, 24),
(2286, 'fr', 'actualites', 1, 25),
(2286, 'fr', 'actualites', 1, 26),
(2286, 'fr', 'actualites', 1, 27),
(2286, 'fr', 'actualites', 1, 28),
(2286, 'fr', 'actualites', 1, 30),
(2286, 'fr', 'actualites', 1, 33),
(2287, 'fr', 'actualites', 1, 19),
(2287, 'fr', 'actualites', 1, 24),
(2288, 'fr', 'actualites', 1, 19),
(2289, 'fr', 'actualites', 1, 19),
(2290, 'fr', 'actualites', 1, 19),
(2290, 'fr', 'actualites', 1, 22),
(2291, 'fr', 'actualites', 1, 19),
(2291, 'fr', 'actualites', 1, 27),
(2291, 'fr', 'actualites', 2, 27),
(2292, 'fr', 'actualites', 1, 19),
(2293, 'fr', 'actualites', 1, 19),
(2294, 'fr', 'actualites', 1, 19),
(2295, 'fr', 'actualites', 1, 19),
(2295, 'fr', 'actualites', 1, 21),
(2295, 'fr', 'actualites', 1, 24),
(2295, 'fr', 'actualites', 1, 25),
(2296, 'fr', 'actualites', 1, 19),
(2297, 'fr', 'actualites', 1, 19),
(2298, 'fr', 'actualites', 1, 19),
(2299, 'fr', 'actualites', 1, 19),
(2300, 'fr', 'actualites', 1, 19),
(2300, 'fr', 'actualites', 1, 20),
(2300, 'fr', 'actualites', 1, 22),
(2300, 'fr', 'actualites', 1, 23),
(2301, 'fr', 'actualites', 1, 19),
(2301, 'fr', 'actualites', 1, 24),
(2302, 'fr', 'actualites', 1, 19),
(2302, 'fr', 'actualites', 1, 20),
(2302, 'fr', 'actualites', 1, 24),
(2302, 'fr', 'actualites', 1, 25),
(2303, 'fr', 'actualites', 1, 19),
(2303, 'fr', 'actualites', 1, 26),
(2304, 'fr', 'actualites', 1, 19),
(2304, 'fr', 'actualites', 1, 24),
(2304, 'fr', 'actualites', 1, 34),
(2305, 'fr', 'actualites', 1, 19),
(2305, 'fr', 'actualites', 1, 33),
(2306, 'fr', 'actualites', 1, 19),
(2306, 'fr', 'actualites', 1, 26),
(2307, 'fr', 'actualites', 1, 19),
(2308, 'fr', 'actualites', 1, 19),
(2308, 'fr', 'actualites', 1, 20),
(2308, 'fr', 'actualites', 1, 21),
(2309, 'fr', 'actualites', 1, 19),
(2310, 'fr', 'actualites', 1, 19),
(2311, 'fr', 'actualites', 1, 19),
(2312, 'fr', 'actualites', 1, 19),
(2313, 'fr', 'actualites', 1, 19),
(2314, 'fr', 'actualites', 1, 19),
(2314, 'fr', 'actualites', 1, 20),
(2314, 'fr', 'actualites', 1, 22),
(2314, 'fr', 'actualites', 1, 23),
(2314, 'fr', 'actualites', 1, 24),
(2314, 'fr', 'actualites', 1, 25),
(2314, 'fr', 'actualites', 1, 26),
(2314, 'fr', 'actualites', 1, 27),
(2314, 'fr', 'actualites', 1, 28),
(2314, 'fr', 'actualites', 1, 33),
(2315, 'en', 'actualites', 1, 35),
(2315, 'en', 'actualites', 2, 35),
(2315, 'en', 'actualites', 3, 19),
(2315, 'en', 'actualites', 3, 20),
(2315, 'en', 'actualites', 3, 21),
(2315, 'en', 'actualites', 3, 22),
(2315, 'en', 'actualites', 3, 23),
(2315, 'en', 'actualites', 3, 24),
(2315, 'en', 'actualites', 3, 25),
(2315, 'en', 'actualites', 3, 26),
(2315, 'en', 'actualites', 3, 27),
(2315, 'en', 'actualites', 3, 28),
(2316, 'en', 'actualites', 1, 19),
(2316, 'en', 'actualites', 2, 19),
(2316, 'en', 'actualites', 3, 19),
(2317, 'en', 'actualites', 1, 19),
(2317, 'en', 'actualites', 2, 19),
(2318, 'en', 'actualites', 1, 19),
(2318, 'en', 'actualites', 1, 21),
(2318, 'en', 'actualites', 1, 22),
(2318, 'en', 'actualites', 1, 23),
(2318, 'en', 'actualites', 1, 24),
(2318, 'en', 'actualites', 1, 25),
(2318, 'en', 'actualites', 1, 26),
(2318, 'en', 'actualites', 1, 27),
(2318, 'en', 'actualites', 1, 35),
(2318, 'en', 'actualites', 2, 19),
(2318, 'en', 'actualites', 2, 21),
(2318, 'en', 'actualites', 2, 25),
(2319, 'en', 'actualites', 1, 19),
(2319, 'en', 'actualites', 1, 23),
(2319, 'en', 'actualites', 1, 25),
(2319, 'en', 'actualites', 2, 19),
(2319, 'en', 'actualites', 2, 25),
(2320, 'en', 'actualites', 1, 19),
(2320, 'en', 'actualites', 2, 19),
(2321, 'en', 'actualites', 1, 19),
(2321, 'en', 'actualites', 1, 21),
(2321, 'en', 'actualites', 2, 19),
(2322, 'en', 'actualites', 1, 19),
(2322, 'en', 'actualites', 2, 19),
(2323, 'en', 'actualites', 1, 19),
(2323, 'en', 'actualites', 2, 19),
(2324, 'en', 'actualites', 1, 19),
(2324, 'en', 'actualites', 2, 19),
(2325, 'en', 'actualites', 1, 19),
(2325, 'en', 'actualites', 1, 20),
(2325, 'en', 'actualites', 1, 21),
(2325, 'en', 'actualites', 1, 26),
(2325, 'en', 'actualites', 1, 28),
(2325, 'en', 'actualites', 1, 33),
(2325, 'en', 'actualites', 2, 19),
(2326, 'en', 'actualites', 1, 19),
(2326, 'en', 'actualites', 2, 19),
(2327, 'en', 'actualites', 1, 19),
(2327, 'en', 'actualites', 2, 19),
(2328, 'en', 'actualites', 1, 19),
(2328, 'en', 'actualites', 1, 24),
(2328, 'en', 'actualites', 1, 27),
(2328, 'en', 'actualites', 1, 28),
(2328, 'en', 'actualites', 2, 24),
(2328, 'en', 'actualites', 2, 27),
(2329, 'en', 'actualites', 1, 19),
(2330, 'en', 'actualites', 1, 19),
(2330, 'en', 'actualites', 1, 32),
(2330, 'en', 'actualites', 2, 32),
(2331, 'en', 'actualites', 1, 19),
(2331, 'en', 'actualites', 1, 20),
(2332, 'en', 'actualites', 1, 19),
(2333, 'en', 'actualites', 1, 19),
(2333, 'en', 'actualites', 1, 35),
(2334, 'en', 'actualites', 1, 19),
(2334, 'en', 'actualites', 1, 21),
(2334, 'en', 'actualites', 1, 22),
(2334, 'en', 'actualites', 1, 23),
(2335, 'en', 'actualites', 1, 19),
(2335, 'en', 'actualites', 1, 20),
(2335, 'en', 'actualites', 1, 24),
(2335, 'en', 'actualites', 1, 34),
(2335, 'en', 'actualites', 2, 24),
(2336, 'en', 'actualites', 1, 19),
(2336, 'en', 'actualites', 1, 26),
(2337, 'en', 'actualites', 1, 19),
(2338, 'en', 'actualites', 1, 19),
(2339, 'en', 'actualites', 1, 19),
(2340, 'en', 'actualites', 1, 19),
(2340, 'en', 'actualites', 1, 26),
(2341, 'en', 'actualites', 1, 19),
(2342, 'en', 'actualites', 1, 19),
(2343, 'en', 'actualites', 1, 19),
(2343, 'en', 'actualites', 1, 22),
(2344, 'en', 'actualites', 1, 19),
(2345, 'en', 'actualites', 1, 19),
(2346, 'en', 'actualites', 1, 19),
(2346, 'en', 'actualites', 1, 21),
(2346, 'en', 'actualites', 1, 22),
(2346, 'en', 'actualites', 1, 26),
(2347, 'en', 'actualites', 1, 19),
(2347, 'en', 'actualites', 1, 27),
(2347, 'en', 'actualites', 1, 28),
(2347, 'en', 'actualites', 1, 33),
(2348, 'en', 'actualites', 1, 19),
(2348, 'en', 'actualites', 1, 20),
(2348, 'en', 'actualites', 1, 22),
(2348, 'en', 'actualites', 1, 23),
(2348, 'en', 'actualites', 1, 24),
(2348, 'en', 'actualites', 1, 25),
(2348, 'en', 'actualites', 1, 26),
(2348, 'en', 'actualites', 1, 27),
(2348, 'en', 'actualites', 1, 28),
(2348, 'en', 'actualites', 2, 22),
(2348, 'en', 'actualites', 2, 23),
(2349, 'en', 'actualites', 1, 19),
(2350, 'en', 'actualites', 1, 19),
(2351, 'en', 'actualites', 1, 19),
(2351, 'en', 'actualites', 1, 30),
(2351, 'en', 'actualites', 1, 33),
(2351, 'en', 'actualites', 2, 33),
(2352, 'en', 'actualites', 1, 19),
(2353, 'en', 'actualites', 1, 19),
(2353, 'en', 'actualites', 1, 29),
(2354, 'en', 'actualites', 1, 19),
(2354, 'en', 'actualites', 1, 22),
(2355, 'en', 'actualites', 1, 19),
(2356, 'en', 'actualites', 1, 19),
(2357, 'en', 'actualites', 1, 19),
(2357, 'en', 'actualites', 1, 20),
(2357, 'en', 'actualites', 1, 21),
(2358, 'en', 'actualites', 1, 19),
(2358, 'en', 'actualites', 1, 21),
(2359, 'en', 'actualites', 1, 19),
(2360, 'en', 'actualites', 1, 19),
(2361, 'en', 'actualites', 1, 19),
(2362, 'en', 'actualites', 1, 19),
(2363, 'en', 'actualites', 1, 19),
(2364, 'en', 'actualites', 1, 19),
(2364, 'en', 'actualites', 1, 23),
(2364, 'en', 'actualites', 1, 24),
(2364, 'en', 'actualites', 1, 25),
(2365, 'en', 'actualites', 1, 19),
(2365, 'en', 'actualites', 1, 20),
(2365, 'en', 'actualites', 1, 21),
(2366, 'en', 'actualites', 1, 19),
(2367, 'en', 'actualites', 1, 19),
(2368, 'en', 'actualites', 1, 19),
(2368, 'en', 'actualites', 1, 20),
(2368, 'en', 'actualites', 1, 21),
(2368, 'en', 'actualites', 1, 24),
(2368, 'en', 'actualites', 1, 25),
(2368, 'en', 'actualites', 1, 27),
(2369, 'en', 'actualites', 1, 19),
(2369, 'en', 'actualites', 1, 20),
(2369, 'en', 'actualites', 1, 29),
(2369, 'en', 'actualites', 1, 31),
(2369, 'en', 'actualites', 1, 33),
(2370, 'en', 'actualites', 1, 19),
(2370, 'en', 'actualites', 1, 21),
(2371, 'en', 'actualites', 1, 19),
(2372, 'en', 'actualites', 1, 19),
(2372, 'en', 'actualites', 1, 20),
(2372, 'en', 'actualites', 1, 21),
(2373, 'en', 'actualites', 1, 19),
(2374, 'en', 'actualites', 1, 19),
(2375, 'en', 'actualites', 1, 19),
(2375, 'en', 'actualites', 1, 33),
(2376, 'en', 'actualites', 1, 19),
(2376, 'en', 'actualites', 1, 20),
(2376, 'en', 'actualites', 1, 21),
(2376, 'en', 'actualites', 1, 22),
(2376, 'en', 'actualites', 1, 23),
(2376, 'en', 'actualites', 1, 24),
(2376, 'en', 'actualites', 1, 25),
(2376, 'en', 'actualites', 1, 26),
(2376, 'en', 'actualites', 1, 27),
(2376, 'en', 'actualites', 1, 28),
(2376, 'en', 'actualites', 2, 20),
(2376, 'en', 'actualites', 2, 27),
(2377, 'en', 'actualites', 1, 19),
(2377, 'en', 'actualites', 1, 22),
(2378, 'fr', 'actualites', 1, 20),
(2378, 'fr', 'actualites', 1, 35),
(2378, 'fr', 'actualites', 2, 35),
(2378, 'fr', 'actualites', 3, 20),
(2379, 'fr', 'actualites', 1, 20),
(2379, 'fr', 'actualites', 2, 20),
(2380, 'fr', 'actualites', 1, 20),
(2380, 'fr', 'actualites', 2, 20),
(2381, 'fr', 'actualites', 1, 20),
(2381, 'fr', 'actualites', 1, 33),
(2381, 'fr', 'actualites', 2, 20),
(2381, 'fr', 'actualites', 2, 33),
(2382, 'fr', 'actualites', 2, 20),
(2383, 'fr', 'actualites', 1, 20),
(2384, 'fr', 'actualites', 1, 20),
(2384, 'fr', 'actualites', 1, 22),
(2384, 'fr', 'actualites', 1, 23),
(2384, 'fr', 'actualites', 1, 26),
(2384, 'fr', 'actualites', 1, 27),
(2384, 'fr', 'actualites', 1, 28),
(2384, 'fr', 'actualites', 2, 23),
(2385, 'fr', 'actualites', 1, 20),
(2386, 'fr', 'actualites', 1, 20),
(2387, 'fr', 'actualites', 1, 20),
(2387, 'fr', 'actualites', 1, 24),
(2387, 'fr', 'actualites', 1, 30),
(2388, 'fr', 'actualites', 1, 20),
(2388, 'fr', 'actualites', 1, 23),
(2388, 'fr', 'actualites', 1, 28),
(2389, 'fr', 'actualites', 1, 20),
(2389, 'fr', 'actualites', 1, 21),
(2389, 'fr', 'actualites', 1, 22),
(2389, 'fr', 'actualites', 1, 23),
(2389, 'fr', 'actualites', 1, 24),
(2389, 'fr', 'actualites', 1, 25),
(2389, 'fr', 'actualites', 1, 26),
(2389, 'fr', 'actualites', 1, 28),
(2389, 'fr', 'actualites', 1, 34),
(2389, 'fr', 'actualites', 2, 26),
(2389, 'fr', 'actualites', 2, 28),
(2390, 'fr', 'actualites', 1, 20),
(2391, 'fr', 'actualites', 1, 20),
(2391, 'fr', 'actualites', 1, 22),
(2391, 'fr', 'actualites', 1, 33),
(2391, 'fr', 'actualites', 2, 22),
(2392, 'fr', 'actualites', 1, 20),
(2392, 'fr', 'actualites', 1, 25),
(2393, 'fr', 'actualites', 1, 20),
(2393, 'fr', 'actualites', 1, 26),
(2394, 'fr', 'actualites', 1, 20),
(2395, 'fr', 'actualites', 1, 20),
(2395, 'fr', 'actualites', 1, 34),
(2396, 'fr', 'actualites', 1, 20),
(2397, 'fr', 'actualites', 1, 20),
(2398, 'fr', 'actualites', 1, 20),
(2399, 'fr', 'actualites', 1, 20),
(2400, 'fr', 'actualites', 1, 20),
(2400, 'fr', 'actualites', 1, 21),
(2401, 'fr', 'actualites', 1, 20),
(2401, 'fr', 'actualites', 1, 21),
(2401, 'fr', 'actualites', 1, 23),
(2401, 'fr', 'actualites', 1, 26),
(2402, 'fr', 'actualites', 1, 20),
(2402, 'fr', 'actualites', 1, 27),
(2403, 'fr', 'actualites', 1, 20),
(2403, 'fr', 'actualites', 1, 25),
(2403, 'fr', 'actualites', 1, 30),
(2404, 'fr', 'actualites', 1, 20),
(2404, 'fr', 'actualites', 1, 21),
(2404, 'fr', 'actualites', 1, 25),
(2404, 'fr', 'actualites', 1, 26),
(2404, 'fr', 'actualites', 1, 27),
(2405, 'fr', 'actualites', 1, 20),
(2405, 'fr', 'actualites', 1, 28),
(2406, 'fr', 'actualites', 1, 20),
(2407, 'fr', 'actualites', 1, 20),
(2408, 'fr', 'actualites', 1, 20),
(2409, 'fr', 'actualites', 1, 20),
(2410, 'fr', 'actualites', 1, 20),
(2411, 'fr', 'actualites', 1, 20),
(2412, 'fr', 'actualites', 1, 20),
(2413, 'fr', 'actualites', 1, 20),
(2414, 'fr', 'actualites', 1, 20),
(2415, 'fr', 'actualites', 1, 20),
(2416, 'fr', 'actualites', 1, 20),
(2417, 'fr', 'actualites', 1, 20),
(2418, 'fr', 'actualites', 1, 20),
(2419, 'fr', 'actualites', 1, 20),
(2419, 'fr', 'actualites', 1, 25),
(2419, 'fr', 'actualites', 1, 26),
(2419, 'fr', 'actualites', 2, 25),
(2420, 'fr', 'actualites', 1, 20),
(2420, 'fr', 'actualites', 1, 21),
(2420, 'fr', 'actualites', 1, 24),
(2421, 'fr', 'actualites', 1, 20),
(2421, 'fr', 'actualites', 1, 21),
(2421, 'fr', 'actualites', 1, 29),
(2422, 'fr', 'actualites', 1, 20),
(2422, 'fr', 'actualites', 1, 24),
(2423, 'fr', 'actualites', 1, 20),
(2423, 'fr', 'actualites', 1, 24),
(2424, 'fr', 'actualites', 1, 20),
(2425, 'fr', 'actualites', 1, 20),
(2425, 'fr', 'actualites', 1, 26),
(2425, 'fr', 'actualites', 1, 28),
(2425, 'fr', 'actualites', 1, 30),
(2425, 'fr', 'actualites', 1, 33),
(2426, 'fr', 'actualites', 1, 20),
(2427, 'fr', 'actualites', 1, 20),
(2428, 'fr', 'actualites', 1, 20),
(2429, 'fr', 'actualites', 1, 20),
(2430, 'fr', 'actualites', 1, 20),
(2431, 'fr', 'actualites', 1, 20),
(2432, 'fr', 'actualites', 1, 20),
(2432, 'fr', 'actualites', 1, 21),
(2432, 'fr', 'actualites', 1, 23),
(2432, 'fr', 'actualites', 1, 25),
(2432, 'fr', 'actualites', 1, 26),
(2432, 'fr', 'actualites', 1, 27),
(2433, 'fr', 'actualites', 1, 20),
(2433, 'fr', 'actualites', 1, 22),
(2433, 'fr', 'actualites', 1, 25),
(2433, 'fr', 'actualites', 1, 26),
(2434, 'fr', 'actualites', 1, 20),
(2434, 'fr', 'actualites', 1, 24),
(2434, 'fr', 'actualites', 1, 25),
(2435, 'fr', 'actualites', 1, 20),
(2435, 'fr', 'actualites', 1, 22),
(2436, 'fr', 'actualites', 1, 20),
(2437, 'fr', 'actualites', 1, 20),
(2438, 'fr', 'actualites', 1, 20),
(2439, 'fr', 'actualites', 1, 20),
(2440, 'fr', 'actualites', 1, 20),
(2441, 'fr', 'actualites', 1, 20),
(2442, 'fr', 'actualites', 1, 20),
(2443, 'fr', 'actualites', 1, 20),
(2443, 'fr', 'actualites', 1, 24),
(2443, 'fr', 'actualites', 1, 26),
(2443, 'fr', 'actualites', 1, 30),
(2443, 'fr', 'actualites', 2, 30),
(2444, 'fr', 'actualites', 1, 20),
(2445, 'fr', 'actualites', 1, 20),
(2445, 'fr', 'actualites', 1, 23),
(2446, 'fr', 'actualites', 1, 20),
(2446, 'fr', 'actualites', 1, 21),
(2447, 'fr', 'actualites', 1, 20),
(2447, 'fr', 'actualites', 1, 24),
(2448, 'en', 'actualites', 1, 20),
(2448, 'en', 'actualites', 1, 24),
(2448, 'en', 'actualites', 2, 20),
(2448, 'en', 'actualites', 2, 24),
(2449, 'en', 'actualites', 1, 20),
(2449, 'en', 'actualites', 1, 23),
(2449, 'en', 'actualites', 2, 20),
(2450, 'en', 'actualites', 1, 20),
(2450, 'en', 'actualites', 1, 28),
(2450, 'en', 'actualites', 2, 20),
(2451, 'en', 'actualites', 1, 20),
(2451, 'en', 'actualites', 1, 21),
(2451, 'en', 'actualites', 1, 25),
(2451, 'en', 'actualites', 2, 20),
(2451, 'en', 'actualites', 2, 21),
(2452, 'en', 'actualites', 1, 20),
(2453, 'en', 'actualites', 1, 20),
(2454, 'en', 'actualites', 1, 20),
(2454, 'en', 'actualites', 1, 24),
(2454, 'en', 'actualites', 1, 26),
(2454, 'en', 'actualites', 1, 28),
(2455, 'en', 'actualites', 1, 20),
(2456, 'en', 'actualites', 1, 20),
(2457, 'en', 'actualites', 1, 20),
(2457, 'en', 'actualites', 1, 22),
(2458, 'en', 'actualites', 1, 20),
(2458, 'en', 'actualites', 1, 24),
(2459, 'en', 'actualites', 1, 20),
(2460, 'en', 'actualites', 1, 20),
(2461, 'en', 'actualites', 1, 20),
(2462, 'en', 'actualites', 1, 20),
(2463, 'en', 'actualites', 1, 20),
(2464, 'en', 'actualites', 1, 20),
(2464, 'en', 'actualites', 1, 21),
(2464, 'en', 'actualites', 1, 23),
(2464, 'en', 'actualites', 1, 24),
(2464, 'en', 'actualites', 1, 26),
(2464, 'en', 'actualites', 1, 27),
(2465, 'en', 'actualites', 1, 20),
(2465, 'en', 'actualites', 1, 21),
(2466, 'en', 'actualites', 1, 20),
(2466, 'en', 'actualites', 1, 26),
(2467, 'en', 'actualites', 1, 20),
(2468, 'en', 'actualites', 1, 20),
(2469, 'en', 'actualites', 1, 20),
(2470, 'en', 'actualites', 1, 20),
(2471, 'en', 'actualites', 1, 20),
(2472, 'en', 'actualites', 1, 20),
(2472, 'en', 'actualites', 1, 29),
(2472, 'en', 'actualites', 1, 30),
(2472, 'en', 'actualites', 1, 33),
(2472, 'en', 'actualites', 2, 29),
(2473, 'en', 'actualites', 1, 20),
(2474, 'en', 'actualites', 1, 20),
(2475, 'en', 'actualites', 1, 20),
(2475, 'en', 'actualites', 1, 21),
(2475, 'en', 'actualites', 1, 23),
(2475, 'en', 'actualites', 1, 26),
(2475, 'en', 'actualites', 1, 28),
(2476, 'en', 'actualites', 1, 20),
(2476, 'en', 'actualites', 1, 21),
(2477, 'en', 'actualites', 1, 20),
(2478, 'en', 'actualites', 1, 20),
(2479, 'en', 'actualites', 1, 20),
(2480, 'en', 'actualites', 1, 20),
(2481, 'en', 'actualites', 1, 20),
(2482, 'en', 'actualites', 1, 20),
(2482, 'en', 'actualites', 1, 22),
(2482, 'en', 'actualites', 1, 24),
(2482, 'en', 'actualites', 1, 26),
(2483, 'en', 'actualites', 1, 20),
(2484, 'en', 'actualites', 1, 20),
(2485, 'en', 'actualites', 1, 20),
(2486, 'en', 'actualites', 1, 20),
(2486, 'en', 'actualites', 1, 21),
(2486, 'en', 'actualites', 1, 24),
(2487, 'en', 'actualites', 1, 20),
(2487, 'en', 'actualites', 1, 27),
(2488, 'en', 'actualites', 1, 20),
(2488, 'en', 'actualites', 1, 21),
(2488, 'en', 'actualites', 1, 24),
(2488, 'en', 'actualites', 1, 25),
(2488, 'en', 'actualites', 1, 27),
(2489, 'en', 'actualites', 1, 20),
(2489, 'en', 'actualites', 1, 21),
(2489, 'en', 'actualites', 1, 27),
(2489, 'en', 'actualites', 1, 30),
(2489, 'en', 'actualites', 2, 30),
(2490, 'en', 'actualites', 1, 20),
(2490, 'en', 'actualites', 1, 21),
(2490, 'en', 'actualites', 1, 23),
(2490, 'en', 'actualites', 1, 29),
(2491, 'en', 'actualites', 1, 20),
(2491, 'en', 'actualites', 1, 27),
(2492, 'en', 'actualites', 1, 20),
(2493, 'en', 'actualites', 1, 20),
(2493, 'en', 'actualites', 1, 23),
(2493, 'en', 'actualites', 1, 24),
(2493, 'en', 'actualites', 1, 34),
(2493, 'en', 'actualites', 2, 23),
(2493, 'en', 'actualites', 2, 24),
(2494, 'en', 'actualites', 1, 20),
(2495, 'en', 'actualites', 1, 20),
(2496, 'en', 'actualites', 1, 20),
(2496, 'en', 'actualites', 1, 21),
(2497, 'en', 'actualites', 1, 20),
(2498, 'en', 'actualites', 1, 20),
(2499, 'en', 'actualites', 1, 20),
(2500, 'en', 'actualites', 1, 20),
(2500, 'en', 'actualites', 1, 22),
(2500, 'en', 'actualites', 1, 28),
(2501, 'en', 'actualites', 1, 20),
(2501, 'en', 'actualites', 1, 22),
(2502, 'en', 'actualites', 1, 20),
(2503, 'en', 'actualites', 1, 20),
(2504, 'en', 'actualites', 1, 20),
(2504, 'en', 'actualites', 1, 26),
(2504, 'en', 'actualites', 1, 28),
(2504, 'en', 'actualites', 1, 29),
(2504, 'en', 'actualites', 2, 26),
(2505, 'en', 'actualites', 1, 20),
(2506, 'en', 'actualites', 1, 20),
(2507, 'en', 'actualites', 1, 20),
(2508, 'en', 'actualites', 1, 20),
(2508, 'en', 'actualites', 1, 21),
(2508, 'en', 'actualites', 1, 23),
(2508, 'en', 'actualites', 1, 25),
(2508, 'en', 'actualites', 1, 28),
(2509, 'en', 'actualites', 1, 20),
(2510, 'en', 'actualites', 1, 20),
(2511, 'en', 'actualites', 1, 20),
(2512, 'en', 'actualites', 1, 20),
(2513, 'en', 'actualites', 1, 20),
(2514, 'en', 'actualites', 1, 20),
(2516, 'fr', 'actualites', 1, 21),
(2516, 'fr', 'actualites', 1, 24),
(2516, 'fr', 'actualites', 2, 21),
(2517, 'fr', 'actualites', 2, 21),
(2518, 'fr', 'actualites', 2, 21),
(2518, 'fr', 'actualites', 2, 24),
(2518, 'fr', 'actualites', 2, 31),
(2519, 'fr', 'actualites', 1, 21),
(2519, 'fr', 'actualites', 1, 23),
(2519, 'fr', 'actualites', 1, 28),
(2519, 'fr', 'actualites', 1, 29),
(2519, 'fr', 'actualites', 1, 33),
(2519, 'fr', 'actualites', 2, 21),
(2520, 'fr', 'actualites', 1, 21),
(2520, 'fr', 'actualites', 2, 21),
(2521, 'fr', 'actualites', 1, 21),
(2522, 'fr', 'actualites', 1, 21),
(2523, 'fr', 'actualites', 1, 21),
(2524, 'fr', 'actualites', 1, 21),
(2524, 'fr', 'actualites', 1, 33),
(2525, 'fr', 'actualites', 1, 21),
(2525, 'fr', 'actualites', 1, 24),
(2525, 'fr', 'actualites', 1, 33),
(2526, 'fr', 'actualites', 1, 21),
(2527, 'fr', 'actualites', 1, 21),
(2528, 'fr', 'actualites', 1, 21),
(2529, 'fr', 'actualites', 1, 21),
(2529, 'fr', 'actualites', 1, 30),
(2530, 'fr', 'actualites', 1, 21),
(2531, 'fr', 'actualites', 1, 21),
(2532, 'fr', 'actualites', 1, 21),
(2533, 'fr', 'actualites', 1, 21),
(2534, 'fr', 'actualites', 1, 21),
(2534, 'fr', 'actualites', 1, 22),
(2534, 'fr', 'actualites', 1, 23),
(2534, 'fr', 'actualites', 1, 28),
(2535, 'fr', 'actualites', 1, 21),
(2536, 'fr', 'actualites', 1, 21),
(2537, 'fr', 'actualites', 1, 21),
(2538, 'fr', 'actualites', 1, 21),
(2539, 'fr', 'actualites', 1, 21),
(2540, 'fr', 'actualites', 1, 21),
(2541, 'fr', 'actualites', 1, 21),
(2541, 'fr', 'actualites', 1, 25),
(2542, 'fr', 'actualites', 1, 21),
(2543, 'fr', 'actualites', 1, 21),
(2543, 'fr', 'actualites', 1, 24),
(2543, 'fr', 'actualites', 1, 33),
(2544, 'fr', 'actualites', 1, 21),
(2545, 'fr', 'actualites', 1, 21),
(2546, 'fr', 'actualites', 1, 21),
(2547, 'fr', 'actualites', 1, 21),
(2547, 'fr', 'actualites', 1, 27),
(2547, 'fr', 'actualites', 1, 28),
(2548, 'fr', 'actualites', 1, 21),
(2548, 'fr', 'actualites', 1, 34),
(2548, 'fr', 'actualites', 2, 34),
(2548, 'fr', 'actualites', 3, 34),
(2549, 'fr', 'actualites', 1, 21),
(2550, 'fr', 'actualites', 1, 21),
(2550, 'fr', 'actualites', 1, 27),
(2550, 'fr', 'actualites', 2, 27),
(2551, 'fr', 'actualites', 1, 21),
(2551, 'fr', 'actualites', 2, 34),
(2551, 'fr', 'actualites', 3, 34),
(2552, 'fr', 'actualites', 1, 21),
(2553, 'fr', 'actualites', 1, 21),
(2554, 'fr', 'actualites', 1, 21),
(2555, 'fr', 'actualites', 1, 21),
(2556, 'fr', 'actualites', 1, 21),
(2556, 'fr', 'actualites', 1, 24),
(2556, 'fr', 'actualites', 1, 26),
(2556, 'fr', 'actualites', 2, 24),
(2557, 'fr', 'actualites', 1, 21),
(2558, 'fr', 'actualites', 1, 21),
(2558, 'fr', 'actualites', 1, 23),
(2558, 'fr', 'actualites', 1, 27),
(2558, 'fr', 'actualites', 1, 30),
(2558, 'fr', 'actualites', 1, 33),
(2558, 'fr', 'actualites', 2, 23),
(2559, 'fr', 'actualites', 1, 21),
(2559, 'fr', 'actualites', 1, 24),
(2559, 'fr', 'actualites', 1, 26),
(2560, 'fr', 'actualites', 1, 21),
(2561, 'fr', 'actualites', 1, 21),
(2561, 'fr', 'actualites', 1, 26),
(2562, 'fr', 'actualites', 1, 21),
(2563, 'fr', 'actualites', 1, 21),
(2564, 'fr', 'actualites', 1, 21),
(2565, 'fr', 'actualites', 1, 21),
(2566, 'fr', 'actualites', 1, 21),
(2567, 'fr', 'actualites', 1, 21),
(2568, 'fr', 'actualites', 1, 21),
(2569, 'fr', 'actualites', 1, 21),
(2570, 'fr', 'actualites', 1, 21),
(2571, 'fr', 'actualites', 1, 21),
(2571, 'fr', 'actualites', 1, 35),
(2572, 'fr', 'actualites', 1, 21),
(2573, 'fr', 'actualites', 1, 21),
(2574, 'fr', 'actualites', 1, 21),
(2575, 'fr', 'actualites', 1, 21),
(2575, 'fr', 'actualites', 1, 29),
(2576, 'en', 'actualites', 1, 21),
(2576, 'en', 'actualites', 2, 21),
(2577, 'en', 'actualites', 1, 21),
(2577, 'en', 'actualites', 1, 24),
(2577, 'en', 'actualites', 2, 21),
(2578, 'en', 'actualites', 1, 21),
(2578, 'en', 'actualites', 2, 21),
(2579, 'en', 'actualites', 1, 21),
(2579, 'en', 'actualites', 1, 35),
(2579, 'en', 'actualites', 2, 21),
(2580, 'en', 'actualites', 1, 21),
(2580, 'en', 'actualites', 1, 27),
(2580, 'en', 'actualites', 2, 21),
(2581, 'en', 'actualites', 1, 21),
(2581, 'en', 'actualites', 1, 27),
(2581, 'en', 'actualites', 2, 21),
(2582, 'en', 'actualites', 2, 21),
(2583, 'en', 'actualites', 1, 21),
(2583, 'en', 'actualites', 2, 21),
(2584, 'en', 'actualites', 1, 21),
(2584, 'en', 'actualites', 1, 24),
(2584, 'en', 'actualites', 1, 26),
(2584, 'en', 'actualites', 1, 35),
(2584, 'en', 'actualites', 2, 21),
(2584, 'en', 'actualites', 2, 24),
(2585, 'en', 'actualites', 1, 21),
(2585, 'en', 'actualites', 1, 24),
(2586, 'en', 'actualites', 1, 21),
(2587, 'en', 'actualites', 1, 21),
(2588, 'en', 'actualites', 1, 21),
(2589, 'en', 'actualites', 1, 21),
(2590, 'en', 'actualites', 1, 21),
(2590, 'en', 'actualites', 1, 33),
(2591, 'en', 'actualites', 1, 21),
(2592, 'en', 'actualites', 1, 21),
(2592, 'en', 'actualites', 1, 26),
(2593, 'en', 'actualites', 1, 21),
(2594, 'en', 'actualites', 1, 21),
(2594, 'en', 'actualites', 1, 33),
(2595, 'en', 'actualites', 1, 21),
(2596, 'en', 'actualites', 1, 21),
(2596, 'en', 'actualites', 1, 22),
(2597, 'en', 'actualites', 1, 21),
(2598, 'en', 'actualites', 1, 21),
(2598, 'en', 'actualites', 1, 29),
(2599, 'en', 'actualites', 1, 21),
(2600, 'en', 'actualites', 1, 21),
(2601, 'en', 'actualites', 1, 21),
(2602, 'en', 'actualites', 1, 21),
(2603, 'en', 'actualites', 1, 21),
(2603, 'en', 'actualites', 1, 28),
(2604, 'en', 'actualites', 1, 21),
(2605, 'en', 'actualites', 1, 21),
(2606, 'en', 'actualites', 1, 21),
(2607, 'en', 'actualites', 1, 21),
(2608, 'en', 'actualites', 1, 21),
(2609, 'en', 'actualites', 1, 21),
(2610, 'en', 'actualites', 1, 21),
(2611, 'en', 'actualites', 1, 21),
(2612, 'en', 'actualites', 1, 21),
(2612, 'en', 'actualites', 1, 27),
(2612, 'en', 'actualites', 1, 28),
(2613, 'en', 'actualites', 1, 21),
(2614, 'en', 'actualites', 1, 21),
(2615, 'en', 'actualites', 1, 21),
(2615, 'en', 'actualites', 1, 25),
(2616, 'en', 'actualites', 1, 21),
(2617, 'en', 'actualites', 1, 21),
(2617, 'en', 'actualites', 1, 28),
(2618, 'en', 'actualites', 1, 21),
(2619, 'en', 'actualites', 1, 21),
(2620, 'en', 'actualites', 1, 21),
(2620, 'en', 'actualites', 1, 22),
(2621, 'en', 'actualites', 1, 21),
(2622, 'en', 'actualites', 1, 21),
(2623, 'en', 'actualites', 1, 21),
(2623, 'en', 'actualites', 1, 24),
(2623, 'en', 'actualites', 1, 29),
(2624, 'en', 'actualites', 1, 21),
(2625, 'en', 'actualites', 1, 21),
(2626, 'en', 'actualites', 1, 21),
(2627, 'en', 'actualites', 1, 21),
(2628, 'en', 'actualites', 1, 21),
(2628, 'en', 'actualites', 1, 24),
(2629, 'en', 'actualites', 1, 21),
(2629, 'en', 'actualites', 1, 27),
(2629, 'en', 'actualites', 1, 28),
(2630, 'en', 'actualites', 1, 21),
(2630, 'en', 'actualites', 1, 34),
(2630, 'en', 'actualites', 2, 34),
(2630, 'en', 'actualites', 3, 34),
(2631, 'en', 'actualites', 1, 21),
(2632, 'en', 'actualites', 1, 21),
(2633, 'en', 'actualites', 1, 21),
(2633, 'en', 'actualites', 1, 24),
(2634, 'en', 'actualites', 1, 21),
(2634, 'en', 'actualites', 1, 30),
(2635, 'en', 'actualites', 1, 21),
(2635, 'en', 'actualites', 1, 22),
(2635, 'en', 'actualites', 1, 33),
(2636, 'en', 'actualites', 1, 21),
(2637, 'en', 'actualites', 1, 21),
(2638, 'en', 'actualites', 1, 21),
(2638, 'en', 'actualites', 1, 28),
(2639, 'en', 'actualites', 1, 21),
(2640, 'en', 'actualites', 1, 21),
(2641, 'en', 'actualites', 1, 21),
(2642, 'en', 'actualites', 1, 21),
(2643, 'fr', 'actualites', 1, 22),
(2643, 'fr', 'actualites', 3, 22),
(2644, 'fr', 'actualites', 1, 22),
(2644, 'fr', 'actualites', 1, 27),
(2644, 'fr', 'actualites', 2, 22),
(2645, 'fr', 'actualites', 1, 22),
(2645, 'fr', 'actualites', 1, 33),
(2645, 'fr', 'actualites', 2, 22),
(2646, 'fr', 'actualites', 1, 22),
(2646, 'fr', 'actualites', 1, 25),
(2646, 'fr', 'actualites', 2, 22),
(2647, 'fr', 'actualites', 1, 22),
(2647, 'fr', 'actualites', 2, 22),
(2648, 'fr', 'actualites', 1, 22),
(2648, 'fr', 'actualites', 1, 24),
(2648, 'fr', 'actualites', 1, 25),
(2648, 'fr', 'actualites', 2, 22),
(2649, 'fr', 'actualites', 1, 22),
(2650, 'fr', 'actualites', 1, 22),
(2651, 'fr', 'actualites', 1, 22),
(2652, 'fr', 'actualites', 1, 22),
(2652, 'fr', 'actualites', 1, 27),
(2653, 'fr', 'actualites', 1, 22),
(2654, 'fr', 'actualites', 1, 22),
(2655, 'fr', 'actualites', 1, 22),
(2655, 'fr', 'actualites', 1, 34),
(2656, 'fr', 'actualites', 1, 22),
(2657, 'fr', 'actualites', 1, 22),
(2658, 'fr', 'actualites', 1, 22),
(2659, 'fr', 'actualites', 1, 22),
(2660, 'fr', 'actualites', 1, 22),
(2661, 'fr', 'actualites', 1, 22),
(2662, 'fr', 'actualites', 1, 22),
(2663, 'fr', 'actualites', 1, 22),
(2664, 'fr', 'actualites', 1, 22),
(2665, 'fr', 'actualites', 1, 22),
(2666, 'fr', 'actualites', 1, 22),
(2667, 'fr', 'actualites', 1, 22),
(2668, 'fr', 'actualites', 1, 22),
(2669, 'fr', 'actualites', 1, 22),
(2670, 'fr', 'actualites', 1, 22),
(2671, 'fr', 'actualites', 1, 22),
(2672, 'fr', 'actualites', 1, 22),
(2672, 'fr', 'actualites', 1, 34),
(2673, 'fr', 'actualites', 1, 22),
(2673, 'fr', 'actualites', 1, 24),
(2674, 'fr', 'actualites', 1, 22),
(2674, 'fr', 'actualites', 1, 25),
(2674, 'fr', 'actualites', 1, 27),
(2675, 'fr', 'actualites', 1, 22),
(2675, 'fr', 'actualites', 1, 33),
(2676, 'fr', 'actualites', 1, 22),
(2676, 'fr', 'actualites', 1, 23),
(2676, 'fr', 'actualites', 1, 24),
(2676, 'fr', 'actualites', 1, 26),
(2676, 'fr', 'actualites', 1, 27),
(2677, 'en', 'actualites', 1, 22),
(2677, 'en', 'actualites', 3, 22),
(2678, 'en', 'actualites', 1, 22),
(2678, 'en', 'actualites', 2, 22),
(2679, 'en', 'actualites', 1, 22),
(2679, 'en', 'actualites', 2, 22),
(2680, 'en', 'actualites', 1, 22),
(2680, 'en', 'actualites', 1, 24),
(2680, 'en', 'actualites', 2, 22),
(2681, 'en', 'actualites', 1, 22),
(2681, 'en', 'actualites', 2, 22),
(2682, 'en', 'actualites', 1, 22),
(2682, 'en', 'actualites', 1, 28),
(2682, 'en', 'actualites', 2, 22),
(2683, 'en', 'actualites', 1, 22),
(2683, 'en', 'actualites', 2, 22),
(2684, 'en', 'actualites', 1, 22),
(2684, 'en', 'actualites', 1, 27),
(2684, 'en', 'actualites', 1, 28),
(2685, 'en', 'actualites', 1, 22),
(2686, 'en', 'actualites', 1, 22),
(2686, 'en', 'actualites', 1, 27),
(2687, 'en', 'actualites', 1, 22),
(2688, 'en', 'actualites', 1, 22),
(2689, 'en', 'actualites', 1, 22),
(2690, 'en', 'actualites', 1, 22),
(2691, 'en', 'actualites', 1, 22),
(2692, 'en', 'actualites', 1, 22),
(2693, 'en', 'actualites', 1, 22),
(2694, 'en', 'actualites', 1, 22),
(2694, 'en', 'actualites', 1, 28),
(2695, 'en', 'actualites', 1, 22),
(2695, 'en', 'actualites', 1, 27),
(2696, 'en', 'actualites', 1, 22),
(2697, 'en', 'actualites', 1, 22),
(2698, 'en', 'actualites', 1, 22),
(2699, 'en', 'actualites', 1, 22),
(2699, 'en', 'actualites', 1, 25),
(2699, 'en', 'actualites', 2, 25),
(2700, 'en', 'actualites', 1, 22),
(2700, 'en', 'actualites', 1, 25),
(2700, 'en', 'actualites', 1, 27),
(2701, 'en', 'actualites', 1, 22),
(2702, 'en', 'actualites', 1, 22),
(2703, 'en', 'actualites', 1, 22),
(2704, 'fr', 'actualites', 1, 23),
(2704, 'fr', 'actualites', 3, 23),
(2705, 'fr', 'actualites', 1, 23),
(2705, 'fr', 'actualites', 1, 24),
(2705, 'fr', 'actualites', 2, 23),
(2705, 'fr', 'actualites', 2, 24),
(2706, 'fr', 'actualites', 1, 23),
(2706, 'fr', 'actualites', 2, 23),
(2707, 'fr', 'actualites', 2, 23),
(2708, 'fr', 'actualites', 1, 23),
(2708, 'fr', 'actualites', 2, 23),
(2709, 'fr', 'actualites', 1, 23),
(2709, 'fr', 'actualites', 1, 33),
(2709, 'fr', 'actualites', 1, 34),
(2709, 'fr', 'actualites', 2, 23),
(2710, 'fr', 'actualites', 1, 23),
(2710, 'fr', 'actualites', 2, 23),
(2711, 'fr', 'actualites', 1, 23),
(2712, 'fr', 'actualites', 1, 23),
(2713, 'fr', 'actualites', 1, 23),
(2714, 'fr', 'actualites', 1, 23),
(2715, 'fr', 'actualites', 1, 23),
(2716, 'fr', 'actualites', 1, 23),
(2717, 'fr', 'actualites', 1, 23),
(2718, 'fr', 'actualites', 1, 23),
(2719, 'fr', 'actualites', 1, 23);
INSERT INTO `localisation` (`dictionnaire_id`, `lang`, `localisation_table`, `localisation_priority`, `localisation_id`) VALUES
(2720, 'fr', 'actualites', 1, 23),
(2721, 'fr', 'actualites', 1, 23),
(2721, 'fr', 'actualites', 1, 26),
(2722, 'fr', 'actualites', 1, 23),
(2723, 'fr', 'actualites', 1, 23),
(2724, 'fr', 'actualites', 1, 23),
(2724, 'fr', 'actualites', 1, 24),
(2724, 'fr', 'actualites', 1, 25),
(2725, 'fr', 'actualites', 1, 23),
(2726, 'fr', 'actualites', 1, 23),
(2727, 'fr', 'actualites', 1, 23),
(2728, 'fr', 'actualites', 1, 23),
(2728, 'fr', 'actualites', 1, 33),
(2729, 'fr', 'actualites', 1, 23),
(2730, 'fr', 'actualites', 1, 23),
(2731, 'fr', 'actualites', 1, 23),
(2732, 'fr', 'actualites', 1, 23),
(2733, 'fr', 'actualites', 1, 23),
(2734, 'fr', 'actualites', 1, 23),
(2735, 'fr', 'actualites', 1, 23),
(2736, 'fr', 'actualites', 1, 23),
(2737, 'en', 'actualites', 1, 23),
(2737, 'en', 'actualites', 3, 23),
(2738, 'en', 'actualites', 1, 23),
(2738, 'en', 'actualites', 2, 23),
(2739, 'en', 'actualites', 1, 23),
(2739, 'en', 'actualites', 1, 25),
(2739, 'en', 'actualites', 1, 30),
(2739, 'en', 'actualites', 1, 33),
(2739, 'en', 'actualites', 2, 23),
(2739, 'en', 'actualites', 2, 25),
(2740, 'en', 'actualites', 1, 23),
(2740, 'en', 'actualites', 2, 23),
(2741, 'en', 'actualites', 1, 23),
(2742, 'en', 'actualites', 1, 23),
(2743, 'en', 'actualites', 1, 23),
(2744, 'en', 'actualites', 1, 23),
(2745, 'en', 'actualites', 1, 23),
(2746, 'en', 'actualites', 1, 23),
(2747, 'en', 'actualites', 1, 23),
(2748, 'en', 'actualites', 1, 23),
(2749, 'en', 'actualites', 1, 23),
(2749, 'en', 'actualites', 1, 25),
(2750, 'en', 'actualites', 1, 23),
(2751, 'en', 'actualites', 1, 23),
(2751, 'en', 'actualites', 1, 28),
(2752, 'en', 'actualites', 1, 23),
(2753, 'en', 'actualites', 1, 23),
(2754, 'en', 'actualites', 1, 23),
(2755, 'en', 'actualites', 1, 23),
(2756, 'en', 'actualites', 1, 23),
(2757, 'en', 'actualites', 1, 23),
(2758, 'en', 'actualites', 1, 23),
(2758, 'en', 'actualites', 1, 25),
(2759, 'en', 'actualites', 1, 23),
(2760, 'en', 'actualites', 1, 23),
(2761, 'en', 'actualites', 1, 23),
(2762, 'en', 'actualites', 1, 23),
(2763, 'en', 'actualites', 1, 23),
(2764, 'en', 'actualites', 1, 23),
(2765, 'en', 'actualites', 1, 23),
(2766, 'en', 'actualites', 1, 23),
(2767, 'en', 'actualites', 1, 23),
(2768, 'en', 'actualites', 1, 23),
(2768, 'en', 'actualites', 1, 25),
(2768, 'en', 'actualites', 1, 33),
(2768, 'en', 'actualites', 1, 35),
(2769, 'fr', 'actualites', 2, 24),
(2770, 'fr', 'actualites', 1, 24),
(2770, 'fr', 'actualites', 2, 24),
(2771, 'fr', 'actualites', 2, 24),
(2772, 'fr', 'actualites', 1, 24),
(2772, 'fr', 'actualites', 2, 24),
(2773, 'fr', 'actualites', 1, 24),
(2773, 'fr', 'actualites', 1, 31),
(2773, 'fr', 'actualites', 2, 24),
(2774, 'fr', 'actualites', 1, 24),
(2775, 'fr', 'actualites', 1, 24),
(2776, 'fr', 'actualites', 1, 24),
(2777, 'fr', 'actualites', 1, 24),
(2777, 'fr', 'actualites', 1, 25),
(2777, 'fr', 'actualites', 1, 26),
(2777, 'fr', 'actualites', 2, 25),
(2778, 'fr', 'actualites', 1, 24),
(2779, 'fr', 'actualites', 1, 24),
(2780, 'fr', 'actualites', 1, 24),
(2781, 'fr', 'actualites', 1, 24),
(2782, 'fr', 'actualites', 1, 24),
(2782, 'fr', 'actualites', 1, 35),
(2783, 'fr', 'actualites', 1, 24),
(2783, 'fr', 'actualites', 1, 32),
(2784, 'fr', 'actualites', 1, 24),
(2785, 'fr', 'actualites', 1, 24),
(2785, 'fr', 'actualites', 1, 33),
(2785, 'fr', 'actualites', 2, 33),
(2786, 'fr', 'actualites', 1, 24),
(2787, 'fr', 'actualites', 1, 24),
(2788, 'fr', 'actualites', 1, 24),
(2789, 'fr', 'actualites', 1, 24),
(2790, 'fr', 'actualites', 1, 24),
(2790, 'fr', 'actualites', 1, 28),
(2791, 'fr', 'actualites', 1, 24),
(2792, 'fr', 'actualites', 1, 24),
(2793, 'fr', 'actualites', 1, 24),
(2794, 'fr', 'actualites', 1, 24),
(2795, 'fr', 'actualites', 1, 24),
(2795, 'fr', 'actualites', 1, 26),
(2795, 'fr', 'actualites', 1, 35),
(2796, 'fr', 'actualites', 1, 24),
(2797, 'fr', 'actualites', 1, 24),
(2798, 'fr', 'actualites', 1, 24),
(2799, 'fr', 'actualites', 1, 24),
(2799, 'fr', 'actualites', 1, 27),
(2800, 'fr', 'actualites', 1, 24),
(2800, 'fr', 'actualites', 1, 25),
(2801, 'fr', 'actualites', 1, 24),
(2802, 'fr', 'actualites', 1, 24),
(2803, 'fr', 'actualites', 1, 24),
(2804, 'fr', 'actualites', 1, 24),
(2805, 'fr', 'actualites', 1, 24),
(2806, 'fr', 'actualites', 1, 24),
(2807, 'fr', 'actualites', 1, 24),
(2808, 'fr', 'actualites', 1, 24),
(2808, 'fr', 'actualites', 1, 25),
(2809, 'fr', 'actualites', 1, 24),
(2809, 'fr', 'actualites', 1, 25),
(2810, 'fr', 'actualites', 1, 24),
(2811, 'fr', 'actualites', 1, 24),
(2812, 'fr', 'actualites', 1, 24),
(2813, 'fr', 'actualites', 1, 24),
(2814, 'fr', 'actualites', 1, 24),
(2815, 'fr', 'actualites', 1, 24),
(2816, 'en', 'actualites', 1, 24),
(2816, 'en', 'actualites', 1, 34),
(2816, 'en', 'actualites', 2, 24),
(2817, 'en', 'actualites', 1, 24),
(2817, 'en', 'actualites', 1, 29),
(2817, 'en', 'actualites', 2, 24),
(2818, 'en', 'actualites', 1, 24),
(2818, 'en', 'actualites', 2, 24),
(2819, 'en', 'actualites', 1, 24),
(2819, 'en', 'actualites', 1, 26),
(2819, 'en', 'actualites', 1, 28),
(2820, 'en', 'actualites', 1, 24),
(2820, 'en', 'actualites', 1, 33),
(2821, 'en', 'actualites', 1, 24),
(2822, 'en', 'actualites', 1, 24),
(2823, 'en', 'actualites', 1, 24),
(2823, 'en', 'actualites', 1, 35),
(2824, 'en', 'actualites', 1, 24),
(2824, 'en', 'actualites', 1, 25),
(2825, 'en', 'actualites', 1, 24),
(2825, 'en', 'actualites', 1, 25),
(2825, 'en', 'actualites', 1, 33),
(2826, 'en', 'actualites', 1, 24),
(2827, 'en', 'actualites', 1, 24),
(2828, 'en', 'actualites', 1, 24),
(2829, 'en', 'actualites', 1, 24),
(2829, 'en', 'actualites', 1, 28),
(2829, 'en', 'actualites', 2, 28),
(2830, 'en', 'actualites', 1, 24),
(2831, 'en', 'actualites', 1, 24),
(2832, 'en', 'actualites', 1, 24),
(2832, 'en', 'actualites', 1, 28),
(2833, 'en', 'actualites', 1, 24),
(2834, 'en', 'actualites', 1, 24),
(2835, 'en', 'actualites', 1, 24),
(2836, 'en', 'actualites', 1, 24),
(2837, 'en', 'actualites', 1, 24),
(2838, 'en', 'actualites', 1, 24),
(2839, 'en', 'actualites', 1, 24),
(2840, 'en', 'actualites', 1, 24),
(2841, 'en', 'actualites', 1, 24),
(2842, 'en', 'actualites', 1, 24),
(2843, 'en', 'actualites', 1, 24),
(2843, 'en', 'actualites', 1, 29),
(2844, 'en', 'actualites', 1, 24),
(2845, 'en', 'actualites', 1, 24),
(2846, 'en', 'actualites', 1, 24),
(2846, 'en', 'actualites', 1, 26),
(2847, 'en', 'actualites', 1, 24),
(2848, 'en', 'actualites', 1, 24),
(2849, 'en', 'actualites', 1, 24),
(2849, 'en', 'actualites', 1, 25),
(2850, 'en', 'actualites', 1, 24),
(2851, 'en', 'actualites', 1, 24),
(2852, 'en', 'actualites', 1, 24),
(2853, 'en', 'actualites', 1, 24),
(2853, 'en', 'actualites', 1, 26),
(2854, 'en', 'actualites', 1, 24),
(2855, 'en', 'actualites', 1, 24),
(2855, 'en', 'actualites', 1, 34),
(2856, 'en', 'actualites', 1, 24),
(2857, 'en', 'actualites', 1, 24),
(2858, 'en', 'actualites', 1, 24),
(2859, 'en', 'actualites', 1, 24),
(2860, 'en', 'actualites', 1, 24),
(2860, 'en', 'actualites', 1, 28),
(2860, 'en', 'actualites', 1, 33),
(2861, 'en', 'actualites', 1, 24),
(2862, 'en', 'actualites', 1, 24),
(2862, 'en', 'actualites', 1, 25),
(2863, 'en', 'actualites', 1, 24),
(2864, 'en', 'actualites', 1, 24),
(2865, 'en', 'actualites', 1, 24),
(2866, 'en', 'actualites', 1, 24),
(2867, 'fr', 'actualites', 1, 25),
(2867, 'fr', 'actualites', 2, 25),
(2867, 'fr', 'actualites', 3, 25),
(2868, 'fr', 'actualites', 1, 25),
(2868, 'fr', 'actualites', 2, 25),
(2869, 'fr', 'actualites', 1, 25),
(2869, 'fr', 'actualites', 1, 26),
(2869, 'fr', 'actualites', 2, 25),
(2870, 'fr', 'actualites', 2, 25),
(2871, 'fr', 'actualites', 1, 25),
(2871, 'fr', 'actualites', 2, 25),
(2872, 'fr', 'actualites', 2, 25),
(2873, 'fr', 'actualites', 2, 25),
(2874, 'fr', 'actualites', 1, 25),
(2874, 'fr', 'actualites', 1, 27),
(2874, 'fr', 'actualites', 2, 25),
(2875, 'fr', 'actualites', 1, 25),
(2876, 'fr', 'actualites', 1, 25),
(2876, 'fr', 'actualites', 1, 28),
(2877, 'fr', 'actualites', 1, 25),
(2878, 'fr', 'actualites', 1, 25),
(2879, 'fr', 'actualites', 1, 25),
(2880, 'fr', 'actualites', 1, 25),
(2881, 'fr', 'actualites', 1, 25),
(2881, 'fr', 'actualites', 1, 28),
(2882, 'fr', 'actualites', 1, 25),
(2883, 'fr', 'actualites', 1, 25),
(2884, 'fr', 'actualites', 1, 25),
(2885, 'fr', 'actualites', 1, 25),
(2886, 'fr', 'actualites', 1, 25),
(2887, 'fr', 'actualites', 1, 25),
(2887, 'fr', 'actualites', 1, 28),
(2888, 'fr', 'actualites', 1, 25),
(2889, 'fr', 'actualites', 1, 25),
(2890, 'fr', 'actualites', 1, 25),
(2890, 'fr', 'actualites', 2, 34),
(2891, 'fr', 'actualites', 1, 25),
(2892, 'fr', 'actualites', 1, 25),
(2893, 'fr', 'actualites', 1, 25),
(2894, 'fr', 'actualites', 1, 25),
(2895, 'fr', 'actualites', 1, 25),
(2895, 'fr', 'actualites', 1, 27),
(2896, 'fr', 'actualites', 1, 25),
(2897, 'fr', 'actualites', 1, 25),
(2897, 'fr', 'actualites', 1, 33),
(2898, 'fr', 'actualites', 1, 25),
(2899, 'fr', 'actualites', 1, 25),
(2900, 'fr', 'actualites', 1, 25),
(2901, 'fr', 'actualites', 1, 25),
(2902, 'fr', 'actualites', 1, 25),
(2903, 'fr', 'actualites', 1, 25),
(2904, 'fr', 'actualites', 1, 25),
(2904, 'fr', 'actualites', 1, 26),
(2905, 'en', 'actualites', 1, 25),
(2905, 'en', 'actualites', 2, 25),
(2905, 'en', 'actualites', 3, 25),
(2906, 'en', 'actualites', 1, 25),
(2906, 'en', 'actualites', 2, 25),
(2907, 'en', 'actualites', 1, 25),
(2907, 'en', 'actualites', 2, 25),
(2908, 'en', 'actualites', 1, 25),
(2908, 'en', 'actualites', 2, 25),
(2909, 'en', 'actualites', 1, 25),
(2909, 'en', 'actualites', 1, 26),
(2909, 'en', 'actualites', 2, 25),
(2910, 'en', 'actualites', 1, 25),
(2910, 'en', 'actualites', 2, 25),
(2911, 'en', 'actualites', 1, 25),
(2912, 'en', 'actualites', 1, 25),
(2913, 'en', 'actualites', 1, 25),
(2914, 'en', 'actualites', 1, 25),
(2915, 'en', 'actualites', 1, 25),
(2916, 'en', 'actualites', 1, 25),
(2917, 'en', 'actualites', 1, 25),
(2917, 'en', 'actualites', 1, 29),
(2918, 'en', 'actualites', 1, 25),
(2919, 'en', 'actualites', 1, 25),
(2920, 'en', 'actualites', 1, 25),
(2921, 'en', 'actualites', 1, 25),
(2921, 'en', 'actualites', 1, 34),
(2922, 'en', 'actualites', 1, 25),
(2923, 'en', 'actualites', 1, 25),
(2924, 'en', 'actualites', 1, 25),
(2925, 'en', 'actualites', 1, 25),
(2925, 'en', 'actualites', 1, 26),
(2925, 'en', 'actualites', 1, 27),
(2926, 'en', 'actualites', 1, 25),
(2926, 'en', 'actualites', 1, 27),
(2927, 'en', 'actualites', 1, 25),
(2928, 'en', 'actualites', 1, 25),
(2928, 'en', 'actualites', 1, 27),
(2929, 'en', 'actualites', 1, 25),
(2930, 'en', 'actualites', 1, 25),
(2931, 'en', 'actualites', 1, 25),
(2932, 'en', 'actualites', 1, 25),
(2933, 'en', 'actualites', 1, 25),
(2933, 'en', 'actualites', 1, 28),
(2934, 'en', 'actualites', 1, 25),
(2935, 'en', 'actualites', 1, 25),
(2936, 'en', 'actualites', 1, 25),
(2936, 'en', 'actualites', 1, 28),
(2937, 'fr', 'actualites', 1, 26),
(2937, 'fr', 'actualites', 3, 26),
(2938, 'fr', 'actualites', 2, 26),
(2939, 'fr', 'actualites', 1, 26),
(2939, 'fr', 'actualites', 2, 26),
(2940, 'fr', 'actualites', 1, 26),
(2941, 'fr', 'actualites', 1, 26),
(2941, 'fr', 'actualites', 1, 28),
(2942, 'fr', 'actualites', 1, 26),
(2943, 'fr', 'actualites', 1, 26),
(2944, 'fr', 'actualites', 1, 26),
(2944, 'fr', 'actualites', 1, 28),
(2945, 'fr', 'actualites', 1, 26),
(2946, 'fr', 'actualites', 1, 26),
(2947, 'fr', 'actualites', 1, 26),
(2947, 'fr', 'actualites', 1, 35),
(2948, 'fr', 'actualites', 1, 26),
(2949, 'fr', 'actualites', 1, 26),
(2949, 'fr', 'actualites', 1, 27),
(2950, 'fr', 'actualites', 1, 26),
(2951, 'fr', 'actualites', 1, 26),
(2952, 'fr', 'actualites', 1, 26),
(2953, 'fr', 'actualites', 1, 26),
(2954, 'fr', 'actualites', 1, 26),
(2955, 'fr', 'actualites', 1, 26),
(2956, 'fr', 'actualites', 1, 26),
(2957, 'fr', 'actualites', 1, 26),
(2958, 'fr', 'actualites', 1, 26),
(2959, 'fr', 'actualites', 1, 26),
(2960, 'fr', 'actualites', 1, 26),
(2961, 'fr', 'actualites', 1, 26),
(2962, 'fr', 'actualites', 1, 26),
(2963, 'fr', 'actualites', 1, 26),
(2963, 'fr', 'actualites', 1, 29),
(2963, 'fr', 'actualites', 2, 29),
(2964, 'fr', 'actualites', 1, 26),
(2965, 'fr', 'actualites', 1, 26),
(2966, 'fr', 'actualites', 1, 26),
(2967, 'fr', 'actualites', 1, 26),
(2967, 'fr', 'actualites', 1, 35),
(2967, 'fr', 'actualites', 2, 35),
(2968, 'en', 'actualites', 1, 26),
(2968, 'en', 'actualites', 3, 26),
(2969, 'en', 'actualites', 1, 26),
(2969, 'en', 'actualites', 2, 26),
(2970, 'en', 'actualites', 1, 26),
(2970, 'en', 'actualites', 2, 26),
(2971, 'en', 'actualites', 1, 26),
(2971, 'en', 'actualites', 1, 28),
(2971, 'en', 'actualites', 2, 26),
(2972, 'en', 'actualites', 1, 26),
(2973, 'en', 'actualites', 1, 26),
(2974, 'en', 'actualites', 1, 26),
(2975, 'en', 'actualites', 1, 26),
(2976, 'en', 'actualites', 1, 26),
(2977, 'en', 'actualites', 1, 26),
(2977, 'en', 'actualites', 1, 28),
(2977, 'en', 'actualites', 2, 28),
(2978, 'en', 'actualites', 1, 26),
(2979, 'en', 'actualites', 1, 26),
(2979, 'en', 'actualites', 1, 32),
(2979, 'en', 'actualites', 1, 33),
(2979, 'en', 'actualites', 1, 35),
(2980, 'en', 'actualites', 1, 26),
(2981, 'en', 'actualites', 1, 26),
(2982, 'en', 'actualites', 1, 26),
(2983, 'en', 'actualites', 1, 26),
(2984, 'en', 'actualites', 1, 26),
(2985, 'en', 'actualites', 1, 26),
(2986, 'en', 'actualites', 1, 26),
(2987, 'en', 'actualites', 1, 26),
(2988, 'en', 'actualites', 1, 26),
(2989, 'en', 'actualites', 1, 26),
(2990, 'en', 'actualites', 1, 26),
(2991, 'en', 'actualites', 1, 26),
(2992, 'en', 'actualites', 1, 26),
(2993, 'en', 'actualites', 1, 26),
(2994, 'en', 'actualites', 1, 26),
(2995, 'en', 'actualites', 1, 26),
(2996, 'en', 'actualites', 1, 26),
(2997, 'en', 'actualites', 1, 26),
(2998, 'en', 'actualites', 1, 26),
(2999, 'en', 'actualites', 1, 26),
(3000, 'en', 'actualites', 1, 26),
(3001, 'en', 'actualites', 1, 26),
(3002, 'en', 'actualites', 1, 26),
(3003, 'en', 'actualites', 1, 26),
(3004, 'en', 'actualites', 1, 26),
(3004, 'en', 'actualites', 1, 27),
(3005, 'en', 'actualites', 1, 26),
(3006, 'en', 'actualites', 1, 26),
(3006, 'en', 'actualites', 1, 35),
(3006, 'en', 'actualites', 2, 35),
(3007, 'fr', 'actualites', 2, 27),
(3008, 'fr', 'actualites', 1, 27),
(3008, 'fr', 'actualites', 2, 27),
(3009, 'fr', 'actualites', 1, 28),
(3009, 'fr', 'actualites', 2, 27),
(3010, 'fr', 'actualites', 1, 27),
(3010, 'fr', 'actualites', 1, 31),
(3010, 'fr', 'actualites', 2, 27),
(3011, 'fr', 'actualites', 1, 27),
(3011, 'fr', 'actualites', 2, 27),
(3012, 'fr', 'actualites', 1, 27),
(3013, 'fr', 'actualites', 1, 27),
(3014, 'fr', 'actualites', 1, 27),
(3014, 'fr', 'actualites', 1, 30),
(3015, 'fr', 'actualites', 1, 27),
(3016, 'fr', 'actualites', 1, 27),
(3017, 'fr', 'actualites', 1, 27),
(3018, 'fr', 'actualites', 1, 27),
(3019, 'fr', 'actualites', 1, 27),
(3020, 'fr', 'actualites', 1, 27),
(3021, 'fr', 'actualites', 1, 27),
(3022, 'fr', 'actualites', 1, 27),
(3023, 'fr', 'actualites', 1, 27),
(3024, 'fr', 'actualites', 1, 27),
(3025, 'fr', 'actualites', 1, 27),
(3026, 'fr', 'actualites', 1, 27),
(3027, 'fr', 'actualites', 1, 27),
(3027, 'fr', 'actualites', 1, 33),
(3028, 'fr', 'actualites', 1, 27),
(3029, 'fr', 'actualites', 1, 27),
(3029, 'fr', 'actualites', 1, 29),
(3030, 'fr', 'actualites', 1, 27),
(3031, 'fr', 'actualites', 1, 27),
(3032, 'fr', 'actualites', 1, 27),
(3033, 'fr', 'actualites', 1, 27),
(3034, 'fr', 'actualites', 1, 27),
(3035, 'fr', 'actualites', 1, 27),
(3036, 'fr', 'actualites', 1, 27),
(3037, 'fr', 'actualites', 1, 27),
(3038, 'fr', 'actualites', 1, 27),
(3039, 'fr', 'actualites', 1, 27),
(3040, 'fr', 'actualites', 1, 27),
(3041, 'fr', 'actualites', 1, 27),
(3042, 'fr', 'actualites', 1, 27),
(3043, 'fr', 'actualites', 1, 27),
(3044, 'fr', 'actualites', 1, 27),
(3045, 'en', 'actualites', 3, 27),
(3046, 'en', 'actualites', 1, 27),
(3046, 'en', 'actualites', 2, 27),
(3047, 'en', 'actualites', 1, 27),
(3047, 'en', 'actualites', 2, 27),
(3048, 'en', 'actualites', 1, 27),
(3048, 'en', 'actualites', 2, 27),
(3049, 'en', 'actualites', 1, 27),
(3050, 'en', 'actualites', 1, 27),
(3051, 'en', 'actualites', 1, 27),
(3052, 'en', 'actualites', 1, 27),
(3053, 'en', 'actualites', 1, 27),
(3054, 'en', 'actualites', 1, 27),
(3055, 'en', 'actualites', 1, 27),
(3056, 'en', 'actualites', 1, 27),
(3057, 'en', 'actualites', 1, 27),
(3058, 'en', 'actualites', 1, 27),
(3059, 'en', 'actualites', 1, 27),
(3060, 'en', 'actualites', 1, 27),
(3061, 'en', 'actualites', 1, 27),
(3062, 'en', 'actualites', 1, 27),
(3062, 'en', 'actualites', 1, 33),
(3062, 'en', 'actualites', 2, 33),
(3063, 'en', 'actualites', 1, 27),
(3064, 'en', 'actualites', 1, 27),
(3065, 'en', 'actualites', 1, 27),
(3066, 'en', 'actualites', 1, 27),
(3067, 'en', 'actualites', 1, 27),
(3068, 'en', 'actualites', 1, 27),
(3069, 'fr', 'actualites', 2, 28),
(3070, 'fr', 'actualites', 1, 28),
(3070, 'fr', 'actualites', 2, 28),
(3071, 'fr', 'actualites', 1, 28),
(3071, 'fr', 'actualites', 2, 28),
(3072, 'fr', 'actualites', 2, 28),
(3073, 'fr', 'actualites', 1, 28),
(3074, 'fr', 'actualites', 1, 28),
(3075, 'fr', 'actualites', 1, 28),
(3076, 'fr', 'actualites', 1, 28),
(3077, 'fr', 'actualites', 1, 28),
(3078, 'fr', 'actualites', 1, 28),
(3079, 'fr', 'actualites', 1, 28),
(3080, 'fr', 'actualites', 1, 28),
(3081, 'fr', 'actualites', 1, 28),
(3082, 'fr', 'actualites', 1, 28),
(3083, 'fr', 'actualites', 1, 28),
(3084, 'fr', 'actualites', 1, 28),
(3085, 'fr', 'actualites', 1, 28),
(3086, 'fr', 'actualites', 1, 28),
(3087, 'fr', 'actualites', 1, 28),
(3088, 'fr', 'actualites', 1, 28),
(3088, 'fr', 'actualites', 1, 35),
(3089, 'fr', 'actualites', 1, 28),
(3090, 'fr', 'actualites', 1, 28),
(3091, 'fr', 'actualites', 1, 28),
(3092, 'fr', 'actualites', 1, 28),
(3093, 'fr', 'actualites', 1, 28),
(3094, 'fr', 'actualites', 1, 28),
(3095, 'fr', 'actualites', 1, 28),
(3096, 'fr', 'actualites', 1, 28),
(3097, 'fr', 'actualites', 1, 28),
(3098, 'fr', 'actualites', 1, 28),
(3099, 'fr', 'actualites', 1, 28),
(3100, 'fr', 'actualites', 1, 28),
(3101, 'fr', 'actualites', 1, 28),
(3102, 'fr', 'actualites', 1, 28),
(3103, 'fr', 'actualites', 1, 28),
(3103, 'fr', 'actualites', 1, 29),
(3104, 'fr', 'actualites', 1, 28),
(3105, 'fr', 'actualites', 1, 28),
(3106, 'fr', 'actualites', 1, 28),
(3107, 'fr', 'actualites', 1, 28),
(3108, 'fr', 'actualites', 1, 28),
(3108, 'fr', 'actualites', 1, 33),
(3109, 'fr', 'actualites', 1, 28),
(3110, 'fr', 'actualites', 1, 28),
(3111, 'fr', 'actualites', 1, 28),
(3112, 'fr', 'actualites', 1, 28),
(3113, 'fr', 'actualites', 1, 28),
(3114, 'fr', 'actualites', 1, 28),
(3115, 'fr', 'actualites', 1, 28),
(3116, 'fr', 'actualites', 1, 28),
(3117, 'fr', 'actualites', 1, 28),
(3118, 'fr', 'actualites', 1, 28),
(3119, 'fr', 'actualites', 1, 28),
(3120, 'fr', 'actualites', 1, 28),
(3121, 'fr', 'actualites', 1, 28),
(3122, 'fr', 'actualites', 1, 28),
(3123, 'fr', 'actualites', 1, 28),
(3124, 'fr', 'actualites', 1, 28),
(3125, 'fr', 'actualites', 1, 28),
(3126, 'fr', 'actualites', 1, 28),
(3127, 'fr', 'actualites', 1, 28),
(3128, 'en', 'actualites', 1, 28),
(3128, 'en', 'actualites', 2, 28),
(3129, 'en', 'actualites', 1, 28),
(3130, 'en', 'actualites', 1, 28),
(3131, 'en', 'actualites', 1, 28),
(3132, 'en', 'actualites', 1, 28),
(3133, 'en', 'actualites', 1, 28),
(3134, 'en', 'actualites', 1, 28),
(3135, 'en', 'actualites', 1, 28),
(3136, 'en', 'actualites', 1, 28),
(3137, 'en', 'actualites', 1, 28),
(3138, 'en', 'actualites', 1, 28),
(3139, 'en', 'actualites', 1, 28),
(3140, 'en', 'actualites', 1, 28),
(3141, 'en', 'actualites', 1, 28),
(3141, 'en', 'actualites', 1, 33),
(3141, 'en', 'actualites', 1, 34),
(3142, 'en', 'actualites', 1, 28),
(3143, 'en', 'actualites', 1, 28),
(3144, 'en', 'actualites', 1, 28),
(3145, 'en', 'actualites', 1, 28),
(3146, 'en', 'actualites', 1, 28),
(3147, 'en', 'actualites', 1, 28),
(3148, 'en', 'actualites', 1, 28),
(3149, 'en', 'actualites', 1, 28),
(3150, 'en', 'actualites', 1, 28),
(3151, 'en', 'actualites', 1, 28),
(3152, 'en', 'actualites', 1, 28),
(3153, 'en', 'actualites', 1, 28),
(3154, 'en', 'actualites', 1, 28),
(3155, 'en', 'actualites', 1, 28),
(3156, 'en', 'actualites', 1, 28),
(3157, 'en', 'actualites', 1, 28),
(3158, 'en', 'actualites', 1, 28),
(3159, 'en', 'actualites', 1, 28),
(3160, 'en', 'actualites', 1, 28),
(3161, 'en', 'actualites', 1, 28),
(3162, 'en', 'actualites', 1, 28),
(3163, 'en', 'actualites', 1, 28),
(3164, 'en', 'actualites', 1, 28),
(3165, 'en', 'actualites', 1, 28),
(3166, 'en', 'actualites', 1, 28),
(3166, 'en', 'actualites', 1, 30),
(3167, 'en', 'actualites', 1, 28),
(3168, 'en', 'actualites', 1, 28),
(3169, 'en', 'actualites', 1, 28),
(3170, 'en', 'actualites', 1, 28),
(3171, 'en', 'actualites', 1, 28),
(3172, 'en', 'actualites', 1, 28),
(3173, 'en', 'actualites', 1, 28),
(3174, 'en', 'actualites', 1, 28),
(3175, 'en', 'actualites', 1, 28),
(3176, 'fr', 'actualites', 1, 22),
(3177, 'fr', 'actualites', 3, 29),
(3178, 'fr', 'actualites', 1, 29),
(3178, 'fr', 'actualites', 2, 29),
(3179, 'fr', 'actualites', 2, 29),
(3180, 'fr', 'actualites', 1, 29),
(3180, 'fr', 'actualites', 1, 32),
(3180, 'fr', 'actualites', 2, 29),
(3180, 'fr', 'actualites', 2, 32),
(3181, 'fr', 'actualites', 1, 29),
(3181, 'fr', 'actualites', 2, 29),
(3182, 'fr', 'actualites', 1, 29),
(3183, 'fr', 'actualites', 1, 29),
(3184, 'fr', 'actualites', 1, 29),
(3185, 'fr', 'actualites', 1, 29),
(3186, 'fr', 'actualites', 1, 29),
(3187, 'fr', 'actualites', 1, 29),
(3188, 'fr', 'actualites', 1, 29),
(3189, 'fr', 'actualites', 1, 29),
(3190, 'fr', 'actualites', 1, 29),
(3191, 'fr', 'actualites', 1, 29),
(3192, 'fr', 'actualites', 1, 29),
(3193, 'fr', 'actualites', 1, 29),
(3194, 'fr', 'actualites', 1, 29),
(3195, 'fr', 'actualites', 1, 29),
(3196, 'fr', 'actualites', 1, 29),
(3196, 'fr', 'actualites', 1, 34),
(3197, 'fr', 'actualites', 1, 29),
(3198, 'fr', 'actualites', 1, 29),
(3199, 'fr', 'actualites', 1, 29),
(3200, 'fr', 'actualites', 1, 29),
(3201, 'fr', 'actualites', 1, 29),
(3202, 'fr', 'actualites', 1, 29),
(3203, 'fr', 'actualites', 1, 29),
(3204, 'fr', 'actualites', 1, 29),
(3205, 'fr', 'actualites', 1, 29),
(3206, 'fr', 'actualites', 1, 29),
(3207, 'fr', 'actualites', 1, 29),
(3208, 'fr', 'actualites', 1, 29),
(3209, 'fr', 'actualites', 1, 29),
(3210, 'fr', 'actualites', 1, 29),
(3211, 'fr', 'actualites', 1, 29),
(3212, 'fr', 'actualites', 1, 29),
(3213, 'fr', 'actualites', 1, 29),
(3214, 'fr', 'actualites', 1, 29),
(3215, 'fr', 'actualites', 1, 29),
(3216, 'fr', 'actualites', 1, 29),
(3217, 'fr', 'actualites', 1, 29),
(3218, 'fr', 'actualites', 1, 29),
(3219, 'fr', 'actualites', 1, 29),
(3219, 'fr', 'actualites', 1, 31),
(3220, 'fr', 'actualites', 1, 29),
(3220, 'fr', 'actualites', 1, 33),
(3221, 'fr', 'actualites', 1, 29),
(3222, 'fr', 'actualites', 1, 29),
(3223, 'fr', 'actualites', 1, 29),
(3224, 'fr', 'actualites', 1, 29),
(3225, 'fr', 'actualites', 1, 29),
(3226, 'fr', 'actualites', 1, 29),
(3227, 'fr', 'actualites', 1, 29),
(3228, 'fr', 'actualites', 1, 29),
(3229, 'fr', 'actualites', 1, 29),
(3230, 'fr', 'actualites', 1, 29),
(3231, 'fr', 'actualites', 1, 29),
(3232, 'fr', 'actualites', 1, 29),
(3233, 'fr', 'actualites', 1, 29),
(3234, 'fr', 'actualites', 1, 29),
(3234, 'fr', 'actualites', 1, 33),
(3235, 'fr', 'actualites', 1, 29),
(3236, 'fr', 'actualites', 1, 29),
(3236, 'fr', 'actualites', 1, 33),
(3237, 'fr', 'actualites', 1, 29),
(3237, 'fr', 'actualites', 3, 31),
(3238, 'fr', 'actualites', 1, 29),
(3239, 'fr', 'actualites', 1, 29),
(3240, 'fr', 'actualites', 1, 29),
(3240, 'fr', 'actualites', 1, 33),
(3241, 'fr', 'actualites', 1, 29),
(3241, 'fr', 'actualites', 1, 35),
(3242, 'fr', 'actualites', 1, 29),
(3243, 'fr', 'actualites', 1, 29),
(3243, 'fr', 'actualites', 1, 35),
(3244, 'fr', 'actualites', 1, 29),
(3244, 'fr', 'actualites', 1, 33),
(3245, 'fr', 'actualites', 1, 29),
(3245, 'fr', 'actualites', 1, 30),
(3247, 'en', 'actualites', 1, 29),
(3247, 'en', 'actualites', 1, 32),
(3247, 'en', 'actualites', 2, 29),
(3247, 'en', 'actualites', 2, 32),
(3249, 'en', 'actualites', 1, 29),
(3249, 'en', 'actualites', 2, 29),
(3250, 'en', 'actualites', 1, 29),
(3251, 'en', 'actualites', 1, 29),
(3252, 'en', 'actualites', 1, 29),
(3253, 'en', 'actualites', 1, 29),
(3254, 'en', 'actualites', 1, 29),
(3255, 'en', 'actualites', 1, 29),
(3256, 'en', 'actualites', 1, 29),
(3257, 'en', 'actualites', 1, 29),
(3258, 'en', 'actualites', 1, 29),
(3259, 'en', 'actualites', 1, 29),
(3260, 'en', 'actualites', 1, 29),
(3261, 'en', 'actualites', 1, 29),
(3262, 'en', 'actualites', 1, 29),
(3263, 'en', 'actualites', 1, 29),
(3264, 'en', 'actualites', 1, 29),
(3265, 'en', 'actualites', 1, 29),
(3265, 'en', 'actualites', 3, 31),
(3266, 'en', 'actualites', 1, 29),
(3267, 'en', 'actualites', 1, 29),
(3268, 'en', 'actualites', 1, 29),
(3269, 'en', 'actualites', 1, 29),
(3270, 'en', 'actualites', 1, 29),
(3271, 'en', 'actualites', 1, 29),
(3272, 'en', 'actualites', 1, 29),
(3273, 'en', 'actualites', 1, 29),
(3274, 'en', 'actualites', 1, 29),
(3275, 'en', 'actualites', 1, 29),
(3276, 'en', 'actualites', 1, 29),
(3277, 'en', 'actualites', 1, 29),
(3278, 'en', 'actualites', 1, 29),
(3279, 'en', 'actualites', 1, 29),
(3280, 'en', 'actualites', 1, 29),
(3281, 'en', 'actualites', 1, 29),
(3282, 'en', 'actualites', 1, 29),
(3283, 'en', 'actualites', 1, 29),
(3284, 'en', 'actualites', 1, 29),
(3285, 'en', 'actualites', 1, 29),
(3286, 'en', 'actualites', 1, 29),
(3287, 'en', 'actualites', 1, 29),
(3288, 'en', 'actualites', 1, 29),
(3289, 'en', 'actualites', 1, 29),
(3290, 'en', 'actualites', 1, 29),
(3290, 'en', 'actualites', 1, 33),
(3291, 'en', 'actualites', 1, 29),
(3292, 'en', 'actualites', 1, 29),
(3293, 'en', 'actualites', 1, 29),
(3294, 'en', 'actualites', 1, 29),
(3295, 'en', 'actualites', 1, 29),
(3295, 'en', 'actualites', 1, 30),
(3295, 'en', 'actualites', 1, 34),
(3296, 'en', 'actualites', 1, 29),
(3297, 'en', 'actualites', 1, 29),
(3297, 'en', 'actualites', 1, 30),
(3297, 'en', 'actualites', 1, 33),
(3298, 'en', 'actualites', 1, 29),
(3299, 'en', 'actualites', 1, 29),
(3300, 'en', 'actualites', 1, 29),
(3301, 'en', 'actualites', 1, 29),
(3301, 'en', 'actualites', 1, 33),
(3302, 'en', 'actualites', 1, 29),
(3302, 'en', 'actualites', 1, 30),
(3303, 'en', 'actualites', 1, 29),
(3303, 'en', 'actualites', 1, 33),
(3304, 'en', 'actualites', 1, 29),
(3305, 'en', 'actualites', 1, 29),
(3306, 'en', 'actualites', 1, 29),
(3306, 'en', 'actualites', 1, 33),
(3307, 'en', 'actualites', 1, 29),
(3308, 'fr', 'actualites', 1, 29),
(3309, 'en', 'actualites', 1, 29),
(3309, 'en', 'actualites', 2, 29),
(3310, 'en', 'actualites', 1, 29),
(3310, 'en', 'actualites', 2, 29),
(3311, 'fr', 'actualites', 1, 30),
(3311, 'fr', 'actualites', 2, 30),
(3311, 'fr', 'actualites', 3, 30),
(3312, 'fr', 'actualites', 2, 30),
(3313, 'fr', 'actualites', 1, 30),
(3313, 'fr', 'actualites', 2, 30),
(3314, 'fr', 'actualites', 2, 30),
(3315, 'fr', 'actualites', 1, 30),
(3316, 'fr', 'actualites', 1, 30),
(3317, 'fr', 'actualites', 1, 30),
(3318, 'fr', 'actualites', 1, 30),
(3319, 'fr', 'actualites', 1, 30),
(3320, 'fr', 'actualites', 1, 30),
(3321, 'fr', 'actualites', 1, 30),
(3322, 'fr', 'actualites', 1, 30),
(3322, 'fr', 'actualites', 1, 32),
(3322, 'fr', 'actualites', 1, 33),
(3323, 'fr', 'actualites', 1, 30),
(3324, 'fr', 'actualites', 1, 30),
(3325, 'fr', 'actualites', 1, 30),
(3326, 'fr', 'actualites', 1, 30),
(3327, 'fr', 'actualites', 1, 30),
(3328, 'fr', 'actualites', 1, 30),
(3329, 'fr', 'actualites', 1, 30),
(3330, 'fr', 'actualites', 1, 30),
(3331, 'fr', 'actualites', 1, 30),
(3332, 'fr', 'actualites', 1, 30),
(3332, 'fr', 'actualites', 1, 33),
(3332, 'fr', 'actualites', 2, 33),
(3333, 'fr', 'actualites', 1, 30),
(3334, 'fr', 'actualites', 1, 30),
(3335, 'fr', 'actualites', 1, 30),
(3336, 'fr', 'actualites', 1, 30),
(3337, 'fr', 'actualites', 1, 30),
(3338, 'fr', 'actualites', 1, 30),
(3339, 'fr', 'actualites', 1, 30),
(3340, 'fr', 'actualites', 1, 30),
(3341, 'fr', 'actualites', 1, 30),
(3342, 'fr', 'actualites', 1, 30),
(3343, 'fr', 'actualites', 1, 30),
(3343, 'fr', 'actualites', 1, 33),
(3344, 'fr', 'actualites', 1, 30),
(3344, 'fr', 'actualites', 1, 33),
(3345, 'fr', 'actualites', 1, 30),
(3346, 'fr', 'actualites', 1, 30),
(3347, 'fr', 'actualites', 1, 30),
(3348, 'fr', 'actualites', 1, 30),
(3349, 'fr', 'actualites', 1, 30),
(3350, 'fr', 'actualites', 1, 30),
(3351, 'fr', 'actualites', 1, 30),
(3351, 'fr', 'actualites', 1, 33),
(3352, 'fr', 'actualites', 1, 30),
(3353, 'fr', 'actualites', 1, 30),
(3354, 'fr', 'actualites', 1, 30),
(3354, 'fr', 'actualites', 1, 35),
(3355, 'fr', 'actualites', 1, 30),
(3356, 'fr', 'actualites', 1, 30),
(3357, 'fr', 'actualites', 1, 30),
(3358, 'fr', 'actualites', 1, 30),
(3359, 'fr', 'actualites', 1, 30),
(3360, 'fr', 'actualites', 1, 30),
(3361, 'fr', 'actualites', 1, 30),
(3362, 'fr', 'actualites', 1, 30),
(3363, 'fr', 'actualites', 1, 30),
(3364, 'fr', 'actualites', 1, 30),
(3365, 'fr', 'actualites', 1, 30),
(3366, 'fr', 'actualites', 1, 30),
(3367, 'fr', 'actualites', 1, 30),
(3368, 'fr', 'actualites', 1, 30),
(3369, 'fr', 'actualites', 1, 30),
(3370, 'fr', 'actualites', 1, 30),
(3371, 'fr', 'actualites', 1, 30),
(3372, 'fr', 'actualites', 1, 30),
(3373, 'fr', 'actualites', 1, 30),
(3373, 'fr', 'actualites', 1, 33),
(3374, 'fr', 'actualites', 1, 30),
(3375, 'fr', 'actualites', 1, 30),
(3376, 'fr', 'actualites', 1, 30),
(3377, 'fr', 'actualites', 1, 30),
(3378, 'fr', 'actualites', 1, 30),
(3379, 'fr', 'actualites', 1, 30),
(3379, 'fr', 'actualites', 1, 33),
(3380, 'fr', 'actualites', 1, 30),
(3381, 'fr', 'actualites', 1, 30),
(3382, 'fr', 'actualites', 1, 30),
(3383, 'fr', 'actualites', 1, 30),
(3384, 'fr', 'actualites', 1, 30),
(3385, 'fr', 'actualites', 1, 30),
(3386, 'fr', 'actualites', 1, 30),
(3386, 'fr', 'actualites', 1, 33),
(3387, 'fr', 'actualites', 1, 30),
(3388, 'fr', 'actualites', 1, 30),
(3389, 'fr', 'actualites', 1, 30),
(3390, 'fr', 'actualites', 1, 30),
(3391, 'fr', 'actualites', 1, 30),
(3392, 'fr', 'actualites', 1, 30),
(3393, 'fr', 'actualites', 1, 30),
(3394, 'fr', 'actualites', 1, 30),
(3395, 'fr', 'actualites', 1, 30),
(3396, 'fr', 'actualites', 1, 30),
(3397, 'fr', 'actualites', 1, 30),
(3398, 'fr', 'actualites', 1, 30),
(3399, 'fr', 'actualites', 1, 30),
(3400, 'fr', 'actualites', 1, 30),
(3401, 'fr', 'actualites', 1, 30),
(3402, 'fr', 'actualites', 1, 30),
(3403, 'fr', 'actualites', 1, 30),
(3404, 'en', 'actualites', 1, 30),
(3404, 'en', 'actualites', 2, 30),
(3404, 'en', 'actualites', 3, 30),
(3405, 'en', 'actualites', 1, 30),
(3405, 'en', 'actualites', 2, 30),
(3406, 'en', 'actualites', 1, 30),
(3406, 'en', 'actualites', 1, 33),
(3406, 'en', 'actualites', 2, 30),
(3407, 'en', 'actualites', 1, 30),
(3407, 'en', 'actualites', 2, 30),
(3408, 'en', 'actualites', 1, 30),
(3409, 'en', 'actualites', 1, 30),
(3410, 'en', 'actualites', 1, 30),
(3411, 'en', 'actualites', 1, 30),
(3412, 'en', 'actualites', 1, 30),
(3412, 'en', 'actualites', 1, 33),
(3413, 'en', 'actualites', 1, 30),
(3414, 'en', 'actualites', 1, 30),
(3417, 'en', 'actualites', 1, 30),
(3418, 'en', 'actualites', 1, 30),
(3419, 'en', 'actualites', 1, 30),
(3420, 'en', 'actualites', 1, 30),
(3421, 'en', 'actualites', 1, 30),
(3422, 'en', 'actualites', 1, 30),
(3423, 'en', 'actualites', 1, 30),
(3424, 'en', 'actualites', 1, 30),
(3425, 'en', 'actualites', 1, 30),
(3426, 'en', 'actualites', 1, 30),
(3427, 'en', 'actualites', 1, 30),
(3428, 'en', 'actualites', 1, 30),
(3429, 'en', 'actualites', 1, 30),
(3430, 'en', 'actualites', 1, 30),
(3430, 'en', 'actualites', 1, 33),
(3431, 'en', 'actualites', 1, 30),
(3432, 'en', 'actualites', 1, 30),
(3433, 'en', 'actualites', 1, 30),
(3434, 'en', 'actualites', 1, 30),
(3443, 'en', 'actualites', 1, 30),
(3443, 'en', 'actualites', 1, 35),
(3464, 'en', 'actualites', 1, 30),
(3465, 'en', 'actualites', 1, 30),
(3466, 'en', 'actualites', 1, 30),
(3485, 'en', 'actualites', 1, 30),
(3506, 'en', 'actualites', 1, 30),
(3507, 'en', 'actualites', 1, 30),
(3510, 'en', 'actualites', 1, 30),
(3517, 'en', 'actualites', 1, 30),
(3519, 'en', 'actualites', 1, 30),
(3521, 'en', 'actualites', 1, 30),
(3522, 'en', 'actualites', 1, 30),
(3523, 'en', 'actualites', 1, 30),
(3524, 'en', 'actualites', 1, 30),
(3525, 'en', 'actualites', 1, 30),
(3526, 'en', 'actualites', 1, 30),
(3528, 'en', 'actualites', 1, 30),
(3529, 'en', 'actualites', 1, 30),
(3530, 'en', 'actualites', 1, 30),
(3531, 'en', 'actualites', 1, 30),
(3532, 'en', 'actualites', 1, 30),
(3533, 'en', 'actualites', 1, 30),
(3534, 'en', 'actualites', 1, 30),
(3535, 'en', 'actualites', 1, 30),
(3536, 'en', 'actualites', 1, 30),
(3537, 'en', 'actualites', 1, 30),
(3538, 'en', 'actualites', 1, 30),
(3539, 'en', 'actualites', 1, 30),
(3539, 'en', 'actualites', 1, 33),
(3541, 'en', 'actualites', 1, 30),
(3542, 'en', 'actualites', 1, 30),
(3543, 'en', 'actualites', 1, 30),
(3544, 'en', 'actualites', 1, 30),
(3545, 'en', 'actualites', 1, 30),
(3546, 'en', 'actualites', 1, 30),
(3547, 'en', 'actualites', 1, 30),
(3548, 'en', 'actualites', 1, 30),
(3549, 'en', 'actualites', 1, 30),
(3550, 'en', 'actualites', 1, 30),
(3551, 'en', 'actualites', 1, 30),
(3552, 'en', 'actualites', 1, 30),
(3553, 'en', 'actualites', 1, 30),
(3554, 'en', 'actualites', 1, 30),
(3555, 'en', 'actualites', 1, 30),
(3556, 'en', 'actualites', 1, 30),
(3557, 'en', 'actualites', 1, 30),
(3558, 'en', 'actualites', 1, 30),
(3559, 'en', 'actualites', 1, 30),
(3559, 'en', 'actualites', 1, 33),
(3559, 'en', 'actualites', 1, 35),
(3560, 'en', 'actualites', 1, 30),
(3561, 'en', 'actualites', 1, 30),
(3562, 'en', 'actualites', 1, 30),
(3562, 'en', 'actualites', 1, 33),
(3563, 'en', 'actualites', 1, 30),
(3564, 'en', 'actualites', 1, 30),
(3565, 'fr', 'actualites', 1, 31),
(3566, 'fr', 'actualites', 1, 31),
(3567, 'fr', 'actualites', 1, 31),
(3568, 'fr', 'actualites', 1, 31),
(3572, 'en', 'actualites', 1, 31),
(3577, 'en', 'actualites', 1, 31),
(3580, 'en', 'actualites', 1, 31),
(3580, 'en', 'actualites', 1, 32),
(3582, 'en', 'actualites', 2, 31),
(3583, 'en', 'actualites', 1, 31),
(3584, 'en', 'actualites', 1, 31),
(3585, 'en', 'actualites', 1, 31),
(3585, 'en', 'actualites', 1, 33),
(3586, 'en', 'actualites', 1, 31),
(3587, 'en', 'actualites', 1, 31),
(3588, 'en', 'actualites', 1, 31),
(3589, 'en', 'actualites', 1, 31),
(3589, 'en', 'actualites', 1, 33),
(3590, 'fr', 'actualites', 2, 31),
(3591, 'fr', 'actualites', 2, 31),
(3592, 'fr', 'actualites', 2, 31),
(3593, 'fr', 'actualites', 1, 31),
(3594, 'fr', 'actualites', 1, 31),
(3594, 'fr', 'actualites', 1, 33),
(3594, 'fr', 'actualites', 2, 33),
(3594, 'fr', 'actualites', 3, 33),
(3595, 'fr', 'actualites', 1, 31),
(3595, 'fr', 'actualites', 1, 33),
(3596, 'fr', 'actualites', 1, 31),
(3597, 'fr', 'actualites', 1, 31),
(3598, 'fr', 'actualites', 1, 31),
(3599, 'fr', 'actualites', 1, 32),
(3599, 'fr', 'actualites', 2, 32),
(3599, 'fr', 'actualites', 3, 32),
(3600, 'fr', 'actualites', 2, 32),
(3601, 'fr', 'actualites', 2, 32),
(3602, 'fr', 'actualites', 1, 32),
(3602, 'fr', 'actualites', 2, 32),
(3603, 'fr', 'actualites', 1, 32),
(3603, 'fr', 'actualites', 2, 32),
(3604, 'fr', 'actualites', 1, 32),
(3604, 'fr', 'actualites', 2, 32),
(3605, 'fr', 'actualites', 1, 32),
(3606, 'fr', 'actualites', 1, 32),
(3607, 'fr', 'actualites', 1, 32),
(3608, 'fr', 'actualites', 1, 32),
(3609, 'fr', 'actualites', 1, 32),
(3609, 'fr', 'actualites', 1, 33),
(3610, 'fr', 'actualites', 1, 32),
(3610, 'fr', 'actualites', 1, 33),
(3611, 'fr', 'actualites', 1, 32),
(3612, 'fr', 'actualites', 1, 32),
(3613, 'fr', 'actualites', 1, 32),
(3614, 'en', 'actualites', 1, 32),
(3614, 'en', 'actualites', 2, 32),
(3614, 'en', 'actualites', 3, 32),
(3615, 'en', 'actualites', 1, 32),
(3615, 'en', 'actualites', 2, 32),
(3616, 'en', 'actualites', 1, 32),
(3616, 'en', 'actualites', 2, 32),
(3617, 'en', 'actualites', 1, 32),
(3617, 'en', 'actualites', 2, 32),
(3618, 'en', 'actualites', 1, 32),
(3618, 'en', 'actualites', 2, 32),
(3619, 'en', 'actualites', 1, 32),
(3620, 'en', 'actualites', 1, 32),
(3621, 'en', 'actualites', 1, 32),
(3621, 'en', 'actualites', 1, 33),
(3622, 'en', 'actualites', 1, 32),
(3622, 'en', 'actualites', 1, 33),
(3623, 'fr', 'actualites', 1, 33),
(3623, 'fr', 'actualites', 2, 33),
(3623, 'fr', 'actualites', 3, 33),
(3624, 'fr', 'actualites', 3, 33),
(3625, 'fr', 'actualites', 3, 33),
(3626, 'fr', 'actualites', 2, 33),
(3627, 'fr', 'actualites', 1, 33),
(3627, 'fr', 'actualites', 2, 33),
(3628, 'fr', 'actualites', 1, 33),
(3628, 'fr', 'actualites', 2, 33),
(3629, 'fr', 'actualites', 2, 33),
(3630, 'fr', 'actualites', 1, 33),
(3631, 'fr', 'actualites', 1, 33),
(3632, 'fr', 'actualites', 1, 33),
(3633, 'fr', 'actualites', 1, 33),
(3634, 'fr', 'actualites', 1, 33),
(3635, 'fr', 'actualites', 1, 33),
(3636, 'fr', 'actualites', 1, 33),
(3637, 'fr', 'actualites', 1, 33),
(3638, 'fr', 'actualites', 1, 33),
(3639, 'fr', 'actualites', 1, 33),
(3640, 'fr', 'actualites', 1, 33),
(3641, 'fr', 'actualites', 1, 33),
(3642, 'fr', 'actualites', 1, 33),
(3643, 'fr', 'actualites', 1, 33),
(3644, 'fr', 'actualites', 1, 33),
(3645, 'fr', 'actualites', 1, 33),
(3646, 'fr', 'actualites', 1, 33),
(3647, 'fr', 'actualites', 1, 33),
(3648, 'fr', 'actualites', 1, 33),
(3649, 'fr', 'actualites', 1, 33),
(3650, 'fr', 'actualites', 1, 33),
(3650, 'fr', 'actualites', 1, 35),
(3651, 'fr', 'actualites', 1, 33),
(3652, 'fr', 'actualites', 1, 33),
(3653, 'fr', 'actualites', 1, 33),
(3654, 'fr', 'actualites', 1, 33),
(3654, 'fr', 'actualites', 1, 35),
(3655, 'fr', 'actualites', 1, 33),
(3656, 'fr', 'actualites', 1, 33),
(3657, 'fr', 'actualites', 1, 33),
(3658, 'fr', 'actualites', 1, 33),
(3659, 'fr', 'actualites', 1, 33),
(3660, 'fr', 'actualites', 1, 33),
(3661, 'fr', 'actualites', 1, 33),
(3662, 'fr', 'actualites', 1, 33),
(3663, 'fr', 'actualites', 1, 33),
(3664, 'fr', 'actualites', 1, 33),
(3665, 'fr', 'actualites', 1, 33),
(3666, 'fr', 'actualites', 1, 33),
(3667, 'fr', 'actualites', 1, 33),
(3668, 'fr', 'actualites', 1, 33),
(3669, 'fr', 'actualites', 1, 33),
(3670, 'fr', 'actualites', 1, 33),
(3671, 'fr', 'actualites', 1, 33),
(3672, 'fr', 'actualites', 1, 33),
(3673, 'fr', 'actualites', 1, 33),
(3674, 'fr', 'actualites', 1, 33),
(3675, 'fr', 'actualites', 1, 33),
(3676, 'fr', 'actualites', 1, 33),
(3677, 'fr', 'actualites', 1, 33),
(3678, 'fr', 'actualites', 1, 33),
(3679, 'fr', 'actualites', 1, 33),
(3680, 'fr', 'actualites', 1, 33),
(3681, 'fr', 'actualites', 1, 33),
(3682, 'fr', 'actualites', 1, 33),
(3683, 'fr', 'actualites', 1, 33),
(3684, 'fr', 'actualites', 1, 33),
(3685, 'fr', 'actualites', 1, 33),
(3686, 'fr', 'actualites', 1, 33),
(3687, 'fr', 'actualites', 1, 33),
(3688, 'fr', 'actualites', 1, 33),
(3689, 'fr', 'actualites', 1, 33),
(3690, 'fr', 'actualites', 1, 33),
(3691, 'fr', 'actualites', 1, 33),
(3692, 'fr', 'actualites', 1, 33),
(3693, 'fr', 'actualites', 1, 33),
(3694, 'fr', 'actualites', 1, 33),
(3695, 'fr', 'actualites', 1, 33),
(3696, 'fr', 'actualites', 1, 33),
(3697, 'fr', 'actualites', 1, 33),
(3698, 'fr', 'actualites', 1, 33),
(3699, 'fr', 'actualites', 1, 33),
(3700, 'fr', 'actualites', 1, 33),
(3700, 'fr', 'actualites', 1, 34),
(3701, 'fr', 'actualites', 1, 33),
(3702, 'fr', 'actualites', 1, 33),
(3703, 'fr', 'actualites', 1, 33),
(3704, 'fr', 'actualites', 1, 33),
(3705, 'fr', 'actualites', 1, 33),
(3706, 'fr', 'actualites', 1, 33),
(3707, 'fr', 'actualites', 1, 33),
(3708, 'fr', 'actualites', 1, 33),
(3709, 'fr', 'actualites', 1, 33),
(3710, 'fr', 'actualites', 1, 33),
(3711, 'fr', 'actualites', 1, 33),
(3712, 'fr', 'actualites', 1, 33),
(3713, 'fr', 'actualites', 1, 33),
(3714, 'fr', 'actualites', 1, 33),
(3715, 'fr', 'actualites', 1, 33),
(3716, 'fr', 'actualites', 1, 33),
(3717, 'fr', 'actualites', 1, 33),
(3718, 'fr', 'actualites', 1, 33),
(3719, 'fr', 'actualites', 1, 33),
(3720, 'fr', 'actualites', 1, 33),
(3721, 'fr', 'actualites', 1, 33),
(3722, 'fr', 'actualites', 1, 33),
(3723, 'fr', 'actualites', 1, 33),
(3724, 'fr', 'actualites', 1, 33),
(3725, 'fr', 'actualites', 1, 33),
(3726, 'fr', 'actualites', 1, 33),
(3727, 'fr', 'actualites', 1, 33),
(3728, 'fr', 'actualites', 1, 33),
(3729, 'fr', 'actualites', 1, 33),
(3730, 'fr', 'actualites', 1, 33),
(3731, 'fr', 'actualites', 1, 33),
(3732, 'fr', 'actualites', 1, 33),
(3733, 'fr', 'actualites', 1, 33),
(3734, 'fr', 'actualites', 1, 33),
(3735, 'fr', 'actualites', 1, 33),
(3736, 'fr', 'actualites', 1, 33),
(3737, 'fr', 'actualites', 1, 33),
(3738, 'fr', 'actualites', 1, 33),
(3739, 'fr', 'actualites', 1, 33),
(3740, 'fr', 'actualites', 1, 33),
(3741, 'fr', 'actualites', 1, 33),
(3742, 'fr', 'actualites', 1, 33),
(3743, 'fr', 'actualites', 1, 33),
(3744, 'fr', 'actualites', 1, 33),
(3745, 'fr', 'actualites', 1, 33),
(3746, 'fr', 'actualites', 1, 33),
(3747, 'fr', 'actualites', 1, 33),
(3748, 'fr', 'actualites', 1, 33),
(3749, 'fr', 'actualites', 1, 33),
(3750, 'fr', 'actualites', 1, 33),
(3751, 'fr', 'actualites', 1, 33),
(3752, 'fr', 'actualites', 1, 33),
(3753, 'fr', 'actualites', 1, 33),
(3754, 'fr', 'actualites', 1, 33),
(3755, 'fr', 'actualites', 1, 33),
(3756, 'fr', 'actualites', 1, 33),
(3757, 'fr', 'actualites', 1, 33),
(3758, 'fr', 'actualites', 1, 33),
(3759, 'fr', 'actualites', 1, 33),
(3760, 'fr', 'actualites', 1, 33),
(3761, 'fr', 'actualites', 1, 33),
(3762, 'fr', 'actualites', 1, 33),
(3763, 'fr', 'actualites', 1, 33),
(3764, 'fr', 'actualites', 1, 33),
(3765, 'fr', 'actualites', 1, 33),
(3766, 'fr', 'actualites', 1, 33),
(3767, 'fr', 'actualites', 1, 33),
(3768, 'fr', 'actualites', 1, 33),
(3769, 'fr', 'actualites', 1, 33),
(3770, 'fr', 'actualites', 1, 33),
(3771, 'fr', 'actualites', 1, 33),
(3772, 'fr', 'actualites', 1, 33),
(3773, 'fr', 'actualites', 1, 33),
(3774, 'fr', 'actualites', 1, 33),
(3775, 'fr', 'actualites', 1, 33),
(3776, 'fr', 'actualites', 1, 33),
(3777, 'fr', 'actualites', 1, 33),
(3778, 'fr', 'actualites', 1, 33),
(3779, 'fr', 'actualites', 1, 33),
(3780, 'fr', 'actualites', 1, 33),
(3781, 'fr', 'actualites', 1, 33),
(3782, 'fr', 'actualites', 1, 33),
(3783, 'fr', 'actualites', 1, 33),
(3784, 'fr', 'actualites', 1, 33),
(3785, 'fr', 'actualites', 1, 33),
(3786, 'fr', 'actualites', 1, 33),
(3787, 'fr', 'actualites', 1, 33),
(3788, 'fr', 'actualites', 1, 33),
(3789, 'fr', 'actualites', 1, 33),
(3790, 'fr', 'actualites', 1, 33),
(3791, 'fr', 'actualites', 1, 33),
(3792, 'fr', 'actualites', 1, 33),
(3793, 'fr', 'actualites', 1, 33),
(3794, 'fr', 'actualites', 1, 33),
(3795, 'fr', 'actualites', 1, 33),
(3796, 'fr', 'actualites', 1, 33),
(3797, 'en', 'actualites', 1, 33),
(3797, 'en', 'actualites', 2, 33),
(3797, 'en', 'actualites', 3, 33),
(3798, 'en', 'actualites', 3, 33),
(3799, 'en', 'actualites', 1, 33),
(3799, 'en', 'actualites', 3, 33),
(3800, 'en', 'actualites', 1, 33),
(3800, 'en', 'actualites', 2, 33),
(3801, 'en', 'actualites', 2, 33),
(3802, 'en', 'actualites', 1, 33),
(3802, 'en', 'actualites', 1, 35),
(3802, 'en', 'actualites', 2, 33),
(3803, 'en', 'actualites', 1, 33),
(3803, 'en', 'actualites', 2, 33),
(3804, 'en', 'actualites', 1, 33),
(3804, 'en', 'actualites', 2, 33),
(3805, 'en', 'actualites', 1, 33),
(3805, 'en', 'actualites', 2, 33),
(3806, 'en', 'actualites', 1, 33),
(3807, 'en', 'actualites', 1, 33),
(3808, 'en', 'actualites', 1, 33),
(3809, 'en', 'actualites', 1, 33),
(3810, 'en', 'actualites', 1, 33),
(3811, 'en', 'actualites', 1, 33),
(3812, 'en', 'actualites', 1, 33),
(3813, 'en', 'actualites', 1, 33),
(3814, 'en', 'actualites', 1, 33),
(3815, 'en', 'actualites', 1, 33),
(3816, 'en', 'actualites', 1, 33),
(3817, 'en', 'actualites', 1, 33),
(3818, 'en', 'actualites', 1, 33),
(3819, 'en', 'actualites', 1, 33),
(3820, 'en', 'actualites', 1, 33),
(3821, 'en', 'actualites', 1, 33),
(3822, 'en', 'actualites', 1, 33),
(3823, 'en', 'actualites', 1, 33),
(3824, 'en', 'actualites', 1, 33),
(3825, 'en', 'actualites', 1, 33),
(3826, 'en', 'actualites', 1, 33),
(3826, 'en', 'actualites', 1, 35),
(3827, 'en', 'actualites', 1, 33),
(3828, 'en', 'actualites', 1, 33),
(3829, 'en', 'actualites', 1, 33),
(3830, 'en', 'actualites', 1, 33),
(3831, 'en', 'actualites', 1, 33),
(3832, 'en', 'actualites', 1, 33),
(3833, 'en', 'actualites', 1, 33),
(3834, 'en', 'actualites', 1, 33),
(3835, 'en', 'actualites', 1, 33),
(3836, 'en', 'actualites', 1, 33),
(3837, 'en', 'actualites', 1, 33),
(3838, 'en', 'actualites', 1, 33),
(3839, 'en', 'actualites', 1, 33),
(3840, 'en', 'actualites', 1, 33),
(3841, 'en', 'actualites', 1, 33),
(3842, 'en', 'actualites', 1, 33),
(3843, 'en', 'actualites', 1, 33),
(3844, 'en', 'actualites', 1, 33),
(3845, 'en', 'actualites', 1, 33),
(3846, 'en', 'actualites', 1, 33),
(3847, 'en', 'actualites', 1, 33),
(3848, 'en', 'actualites', 1, 33),
(3849, 'en', 'actualites', 1, 33),
(3850, 'en', 'actualites', 1, 33),
(3851, 'en', 'actualites', 1, 33),
(3852, 'en', 'actualites', 1, 33),
(3853, 'en', 'actualites', 1, 33),
(3854, 'en', 'actualites', 1, 33),
(3855, 'en', 'actualites', 1, 33),
(3856, 'en', 'actualites', 1, 33),
(3857, 'en', 'actualites', 1, 33),
(3858, 'en', 'actualites', 1, 33),
(3859, 'en', 'actualites', 1, 33),
(3860, 'en', 'actualites', 1, 33),
(3860, 'en', 'actualites', 1, 34),
(3861, 'en', 'actualites', 1, 33),
(3862, 'en', 'actualites', 1, 33),
(3863, 'en', 'actualites', 1, 33),
(3864, 'en', 'actualites', 1, 33),
(3865, 'en', 'actualites', 1, 33),
(3866, 'en', 'actualites', 1, 33),
(3866, 'en', 'actualites', 1, 34),
(3867, 'en', 'actualites', 1, 33),
(3868, 'en', 'actualites', 1, 33),
(3869, 'en', 'actualites', 1, 33),
(3870, 'en', 'actualites', 1, 33),
(3871, 'en', 'actualites', 1, 33),
(3872, 'en', 'actualites', 1, 33),
(3873, 'en', 'actualites', 1, 33),
(3874, 'en', 'actualites', 1, 33),
(3875, 'en', 'actualites', 1, 33),
(3876, 'en', 'actualites', 1, 33),
(3877, 'en', 'actualites', 1, 33),
(3878, 'en', 'actualites', 1, 33),
(3879, 'en', 'actualites', 1, 33),
(3880, 'en', 'actualites', 1, 33),
(3881, 'en', 'actualites', 1, 33),
(3882, 'en', 'actualites', 1, 33),
(3883, 'en', 'actualites', 1, 33),
(3884, 'en', 'actualites', 1, 33),
(3885, 'en', 'actualites', 1, 33),
(3886, 'en', 'actualites', 1, 33),
(3887, 'en', 'actualites', 1, 33),
(3888, 'en', 'actualites', 1, 33),
(3889, 'en', 'actualites', 1, 33),
(3890, 'en', 'actualites', 1, 33),
(3891, 'en', 'actualites', 1, 33),
(3892, 'en', 'actualites', 1, 33),
(3893, 'en', 'actualites', 1, 33),
(3894, 'en', 'actualites', 1, 33),
(3895, 'en', 'actualites', 1, 33),
(3896, 'en', 'actualites', 1, 33),
(3897, 'en', 'actualites', 1, 33),
(3899, 'en', 'actualites', 1, 33),
(3900, 'en', 'actualites', 1, 33),
(3901, 'en', 'actualites', 1, 33),
(3902, 'en', 'actualites', 1, 33),
(3903, 'en', 'actualites', 1, 33),
(3904, 'en', 'actualites', 1, 33),
(3905, 'en', 'actualites', 1, 33),
(3906, 'en', 'actualites', 1, 33),
(3907, 'en', 'actualites', 1, 33),
(3908, 'en', 'actualites', 1, 33),
(3909, 'en', 'actualites', 1, 33),
(3910, 'en', 'actualites', 1, 33),
(3911, 'en', 'actualites', 1, 33),
(3912, 'en', 'actualites', 1, 33),
(3913, 'en', 'actualites', 1, 33),
(3914, 'en', 'actualites', 1, 33),
(3915, 'en', 'actualites', 1, 33),
(3916, 'en', 'actualites', 1, 33),
(3917, 'en', 'actualites', 1, 33),
(3918, 'en', 'actualites', 1, 33),
(3919, 'en', 'actualites', 1, 33),
(3920, 'en', 'actualites', 1, 33),
(3921, 'en', 'actualites', 1, 33),
(3922, 'en', 'actualites', 1, 33),
(3923, 'en', 'actualites', 1, 33),
(3924, 'en', 'actualites', 1, 33),
(3925, 'en', 'actualites', 1, 33),
(3926, 'en', 'actualites', 1, 33),
(3927, 'en', 'actualites', 1, 33),
(3928, 'en', 'actualites', 1, 33),
(3929, 'en', 'actualites', 1, 33),
(3930, 'en', 'actualites', 1, 33),
(3931, 'en', 'actualites', 1, 33),
(3932, 'en', 'actualites', 1, 33),
(3933, 'en', 'actualites', 1, 33),
(3934, 'en', 'actualites', 1, 33),
(3935, 'en', 'actualites', 1, 33),
(3936, 'en', 'actualites', 1, 33),
(3937, 'en', 'actualites', 1, 33),
(3938, 'en', 'actualites', 1, 33),
(3939, 'en', 'actualites', 1, 33),
(3940, 'en', 'actualites', 1, 33),
(3941, 'en', 'actualites', 1, 33),
(3942, 'en', 'actualites', 1, 33),
(3943, 'en', 'actualites', 1, 33),
(3944, 'en', 'actualites', 1, 33),
(3945, 'en', 'actualites', 1, 33),
(3946, 'en', 'actualites', 1, 33),
(3947, 'en', 'actualites', 1, 33),
(3948, 'en', 'actualites', 1, 33),
(3949, 'en', 'actualites', 1, 33),
(3950, 'en', 'actualites', 1, 33),
(3950, 'en', 'actualites', 1, 34),
(3951, 'en', 'actualites', 1, 33),
(3952, 'en', 'actualites', 1, 33),
(3953, 'en', 'actualites', 1, 33),
(3954, 'fr', 'actualites', 1, 34),
(3954, 'fr', 'actualites', 2, 34),
(3954, 'fr', 'actualites', 3, 34),
(3955, 'fr', 'actualites', 2, 34),
(3956, 'fr', 'actualites', 2, 34),
(3957, 'fr', 'actualites', 1, 34),
(3957, 'fr', 'actualites', 2, 34),
(3958, 'fr', 'actualites', 1, 34),
(3958, 'fr', 'actualites', 2, 34),
(3960, 'fr', 'actualites', 1, 34),
(3961, 'fr', 'actualites', 1, 34),
(3962, 'fr', 'actualites', 1, 34),
(3963, 'fr', 'actualites', 1, 34),
(3965, 'en', 'actualites', 1, 34),
(3965, 'en', 'actualites', 2, 34),
(3965, 'en', 'actualites', 3, 34),
(3976, 'en', 'actualites', 1, 34),
(3977, 'en', 'actualites', 1, 34),
(3978, 'fr', 'actualites', 1, 34),
(3979, 'fr', 'actualites', 1, 34),
(3980, 'fr', 'actualites', 1, 34),
(3981, 'fr', 'actualites', 1, 34),
(3982, 'fr', 'actualites', 1, 34),
(3982, 'fr', 'actualites', 1, 35),
(3983, 'fr', 'actualites', 1, 34),
(3983, 'fr', 'actualites', 1, 35),
(3984, 'fr', 'actualites', 1, 34),
(3985, 'fr', 'actualites', 1, 34),
(3986, 'fr', 'actualites', 1, 34),
(3987, 'fr', 'actualites', 1, 34),
(3988, 'fr', 'actualites', 1, 34),
(3989, 'fr', 'actualites', 1, 34),
(3990, 'fr', 'actualites', 1, 34),
(3991, 'fr', 'actualites', 1, 34),
(3992, 'fr', 'actualites', 1, 34),
(3993, 'fr', 'actualites', 1, 34),
(3994, 'fr', 'actualites', 1, 34),
(3995, 'fr', 'actualites', 1, 34),
(3996, 'fr', 'actualites', 1, 34),
(3997, 'fr', 'actualites', 1, 34),
(3998, 'en', 'actualites', 2, 34),
(3998, 'en', 'actualites', 3, 34),
(3999, 'en', 'actualites', 1, 34),
(3999, 'en', 'actualites', 2, 34),
(4000, 'en', 'actualites', 1, 34),
(4000, 'en', 'actualites', 2, 34),
(4001, 'en', 'actualites', 1, 34),
(4002, 'en', 'actualites', 1, 34),
(4006, 'en', 'actualites', 1, 34),
(4007, 'en', 'actualites', 1, 34),
(4008, 'en', 'actualites', 1, 34),
(4009, 'en', 'actualites', 1, 34),
(4011, 'en', 'actualites', 1, 34),
(4012, 'en', 'actualites', 1, 34),
(4013, 'en', 'actualites', 1, 34),
(4014, 'en', 'actualites', 1, 34),
(4015, 'en', 'actualites', 1, 34),
(4016, 'en', 'actualites', 1, 34),
(4019, 'en', 'actualites', 1, 34),
(4020, 'en', 'actualites', 1, 34),
(4021, 'en', 'actualites', 1, 34),
(4022, 'en', 'actualites', 1, 34),
(4023, 'en', 'actualites', 1, 34),
(4024, 'fr', 'actualites', 1, 34),
(4025, 'fr', 'actualites', 1, 34),
(4026, 'en', 'actualites', 1, 34),
(4027, 'en', 'actualites', 1, 34),
(4028, 'en', 'actualites', 1, 34),
(4064, 'fr', 'actualites', 3, 35),
(4065, 'fr', 'actualites', 1, 35),
(4065, 'fr', 'actualites', 3, 35),
(4066, 'fr', 'actualites', 3, 35),
(4067, 'fr', 'actualites', 3, 35),
(4068, 'fr', 'actualites', 1, 35),
(4068, 'fr', 'actualites', 2, 35),
(4069, 'fr', 'actualites', 1, 35),
(4069, 'fr', 'actualites', 2, 35),
(4070, 'fr', 'actualites', 1, 35),
(4070, 'fr', 'actualites', 2, 35),
(4073, 'fr', 'actualites', 1, 35),
(4074, 'fr', 'actualites', 1, 35),
(4075, 'fr', 'actualites', 1, 35),
(4076, 'fr', 'actualites', 1, 35),
(4078, 'fr', 'actualites', 1, 35),
(4079, 'fr', 'actualites', 1, 35),
(4080, 'fr', 'actualites', 1, 35),
(4081, 'fr', 'actualites', 1, 35),
(4082, 'fr', 'actualites', 1, 35),
(4083, 'fr', 'actualites', 1, 35),
(4084, 'fr', 'actualites', 1, 35),
(4085, 'fr', 'actualites', 1, 35),
(4086, 'fr', 'actualites', 1, 35),
(4087, 'fr', 'actualites', 1, 35),
(4088, 'fr', 'actualites', 1, 35),
(4089, 'fr', 'actualites', 1, 35),
(4090, 'en', 'actualites', 3, 35),
(4091, 'en', 'actualites', 1, 35),
(4091, 'en', 'actualites', 2, 35),
(4092, 'en', 'actualites', 1, 35),
(4092, 'en', 'actualites', 2, 35),
(4093, 'en', 'actualites', 1, 35),
(4093, 'en', 'actualites', 2, 35),
(4114, 'en', 'actualites', 1, 35),
(4126, 'en', 'actualites', 1, 35),
(4133, 'fr', 'actualites', 1, 35),
(4135, 'fr', 'actualites', 1, 35),
(4140, 'en', 'actualites', 1, 35),
(4141, 'en', 'actualites', 1, 35),
(4142, 'en', 'actualites', 1, 35),
(4143, 'en', 'actualites', 1, 35),
(4144, 'en', 'actualites', 1, 35),
(4145, 'en', 'actualites', 1, 35),
(4146, 'en', 'actualites', 1, 35),
(4148, 'en', 'actualites', 1, 35),
(4149, 'en', 'actualites', 1, 35),
(4150, 'en', 'actualites', 1, 35),
(4151, 'en', 'actualites', 1, 35),
(4152, 'en', 'actualites', 1, 35),
(4153, 'en', 'actualites', 1, 35),
(4154, 'en', 'actualites', 1, 35),
(4155, 'en', 'actualites', 1, 35),
(4156, 'en', 'actualites', 1, 35),
(4157, 'en', 'actualites', 1, 35),
(4158, 'en', 'actualites', 1, 35),
(4159, 'fr', 'actualites', 1, 35),
(4160, 'fr', 'actualites', 1, 35),
(4161, 'fr', 'actualites', 1, 35),
(4162, 'fr', 'actualites', 1, 35),
(4163, 'fr', 'actualites', 1, 35),
(4164, 'fr', 'actualites', 1, 35);

-- --------------------------------------------------------

--
-- Structure de la table `marques`
--

CREATE TABLE IF NOT EXISTS `marques` (
  `marques_id` int(10) unsigned NOT NULL AUTO_INCREMENT,
  `marques_active` enum('Y','N') NOT NULL DEFAULT 'N',
  `marques_profil` enum('superviseur','referenceur','administrateur','commercial','redacteur') NOT NULL DEFAULT 'administrateur',
  `agences_id` int(10) unsigned DEFAULT NULL,
  `marques_bandeau` varchar(150) DEFAULT NULL,
  `marques_nom` varchar(150) NOT NULL,
  `marques_logo` varchar(150) DEFAULT NULL,
  `marques_ordre` int(10) unsigned NOT NULL DEFAULT '1',
  PRIMARY KEY (`marques_id`),
  KEY `fk_marques_agences_id` (`agences_id`)
) ENGINE=InnoDB DEFAULT CHARSET=utf8 AUTO_INCREMENT=1 ;

-- --------------------------------------------------------

--
-- Structure de la table `marques_diffusion`
--

CREATE TABLE IF NOT EXISTS `marques_diffusion` (
  `marques_id` int(10) unsigned NOT NULL,
  `ndd` varchar(5) NOT NULL,
  `marques_diffusion_active` enum('Y','N') NOT NULL DEFAULT 'N',
  PRIMARY KEY (`marques_id`,`ndd`),
  KEY `fk_marquesdiffusion_marques_id` (`marques_id`)
) ENGINE=InnoDB DEFAULT CHARSET=utf8;

-- --------------------------------------------------------

--
-- Structure de la table `marques_translation`
--

CREATE TABLE IF NOT EXISTS `marques_translation` (
  `marques_id` int(10) unsigned NOT NULL,
  `lang` varchar(2) NOT NULL,
  `meta_title` varchar(250) DEFAULT NULL,
  `meta_description` varchar(250) DEFAULT NULL,
  `meta_keywords` varchar(250) DEFAULT NULL,
  `marques_resume` text,
  `marques_description` longtext,
  PRIMARY KEY (`marques_id`,`lang`),
  KEY `fk_marques_marques_id` (`marques_id`)
) ENGINE=InnoDB DEFAULT CHARSET=utf8;

-- --------------------------------------------------------

--
-- Structure de la table `newsletters`
--

CREATE TABLE IF NOT EXISTS `newsletters` (
  `newsletters_id` int(10) unsigned NOT NULL AUTO_INCREMENT,
  `ndd` varchar(5) DEFAULT NULL,
  `lang` varchar(2) NOT NULL,
  `newsletters_profil` enum('superviseur','referenceur','administrateur','commercial','redacteur') NOT NULL DEFAULT 'administrateur',
  `newsletters_type` enum('newsletter','email','externe') NOT NULL DEFAULT 'newsletter',
  `newsletters_emetteur` varchar(150) DEFAULT NULL,
  `newsletters_date` date NOT NULL,
  `newsletters_titre` varchar(150) NOT NULL,
  `newsletters_edito` text,
  `newsletters_photo` varchar(150) DEFAULT NULL,
  `newsletters_lien` varchar(250) DEFAULT NULL,
  `newsletters_fichier` varchar(150) DEFAULT NULL,
  `newsletters_lastsend` enum('Y','N') NOT NULL DEFAULT 'N',
  PRIMARY KEY (`newsletters_id`)
) ENGINE=InnoDB DEFAULT CHARSET=utf8 AUTO_INCREMENT=1 ;

-- --------------------------------------------------------

--
-- Structure de la table `newsletters_groups`
--

CREATE TABLE IF NOT EXISTS `newsletters_groups` (
  `newsletters_groups_id` int(10) unsigned NOT NULL AUTO_INCREMENT,
  `ndd` varchar(5) DEFAULT NULL,
  `newsletters_groups_profil` enum('superviseur','referenceur','administrateur','commercial','redacteur') NOT NULL DEFAULT 'administrateur',
  `newsletters_groups_code` varchar(3) NOT NULL,
  `newsletters_groups_web` enum('Y','N') NOT NULL DEFAULT 'N',
  `newsletters_groups_active` enum('Y','N') NOT NULL DEFAULT 'N',
  PRIMARY KEY (`newsletters_groups_id`),
  UNIQUE KEY `uk_newsletters_groups_code` (`newsletters_groups_code`)
) ENGINE=InnoDB  DEFAULT CHARSET=utf8 AUTO_INCREMENT=2 ;

--
-- Contenu de la table `newsletters_groups`
--

INSERT INTO `newsletters_groups` (`newsletters_groups_id`, `ndd`, `newsletters_groups_profil`, `newsletters_groups_code`, `newsletters_groups_web`, `newsletters_groups_active`) VALUES
(1, NULL, 'administrateur', 'web', 'Y', 'Y');

-- --------------------------------------------------------

--
-- Structure de la table `newsletters_groups_translation`
--

CREATE TABLE IF NOT EXISTS `newsletters_groups_translation` (
  `newsletters_groups_id` int(10) unsigned NOT NULL,
  `lang` varchar(2) NOT NULL,
  `newsletters_groups_nom` varchar(250) NOT NULL,
  PRIMARY KEY (`newsletters_groups_id`,`lang`),
  KEY `fk_newslettersgroups_newslettersgroups_id` (`newsletters_groups_id`)
) ENGINE=InnoDB DEFAULT CHARSET=utf8;

--
-- Contenu de la table `newsletters_groups_translation`
--

INSERT INTO `newsletters_groups_translation` (`newsletters_groups_id`, `lang`, `newsletters_groups_nom`) VALUES
(1, 'fr', 'Site Web');

-- --------------------------------------------------------

--
-- Structure de la table `newsletters_lines`
--

CREATE TABLE IF NOT EXISTS `newsletters_lines` (
  `newsletters_lines_id` int(10) unsigned NOT NULL AUTO_INCREMENT,
  `newsletters_lines_active` enum('Y','N') NOT NULL DEFAULT 'N',
  `newsletters_id` int(10) unsigned NOT NULL,
  `newsletters_lines_type` enum('article','produit','actualite') NOT NULL DEFAULT 'article',
  `newsletters_lines_titre` varchar(250) NOT NULL,
  `newsletters_lines_description` text,
  `newsletters_lines_photo` varchar(150) DEFAULT NULL,
  `newsletters_lines_lien` varchar(250) DEFAULT NULL,
  `newsletters_lines_prixvente` varchar(50) DEFAULT NULL,
  `newsletters_lines_promoprix` varchar(50) DEFAULT NULL,
  `newsletters_lines_ordre` int(10) unsigned NOT NULL DEFAULT '1',
  PRIMARY KEY (`newsletters_lines_id`),
  KEY `fk_newsletterslines_newsletters_id` (`newsletters_id`)
) ENGINE=InnoDB DEFAULT CHARSET=utf8 AUTO_INCREMENT=1 ;

-- --------------------------------------------------------

--
-- Structure de la table `newsletters_redirects`
--

CREATE TABLE IF NOT EXISTS `newsletters_redirects` (
  `newsletters_redirects_id` int(10) unsigned NOT NULL AUTO_INCREMENT,
  `newsletters_sends_id` int(10) unsigned NOT NULL,
  `newsletters_redirects_url` varchar(150) NOT NULL,
  `newsletters_redirects_email` varchar(150) NOT NULL,
  `newsletters_redirects_date` datetime NOT NULL,
  PRIMARY KEY (`newsletters_redirects_id`),
  KEY `fk_newslettersredirects_newsletterssends_id` (`newsletters_sends_id`)
) ENGINE=InnoDB DEFAULT CHARSET=utf8 AUTO_INCREMENT=1 ;

-- --------------------------------------------------------

--
-- Structure de la table `newsletters_sends`
--

CREATE TABLE IF NOT EXISTS `newsletters_sends` (
  `newsletters_sends_id` int(10) unsigned NOT NULL AUTO_INCREMENT,
  `newsletters_id` int(10) unsigned NOT NULL,
  `newsletters_sends_total` int(11) DEFAULT NULL,
  `newsletters_sends_debut` datetime NOT NULL,
  `newsletters_sends_fin` datetime DEFAULT NULL,
  `newsletters_sends_genre` enum('M','F') DEFAULT NULL,
  `newsletters_years_id` int(10) unsigned DEFAULT NULL,
  `newsletters_groups_id` int(10) unsigned DEFAULT NULL,
  `newsletters_sends_type` int(11) DEFAULT NULL,
  `niveaux_id` int(10) unsigned DEFAULT NULL,
  `newsletters_sends_departement` varchar(5) DEFAULT NULL,
  PRIMARY KEY (`newsletters_sends_id`),
  KEY `fk_newsletterssends_newsletters_id` (`newsletters_id`),
  KEY `fk_newsletterssends_newslettersgroups_id` (`newsletters_groups_id`),
  KEY `fk_newsletterssends_niveaux_id` (`niveaux_id`)
) ENGINE=InnoDB DEFAULT CHARSET=utf8 AUTO_INCREMENT=1 ;

-- --------------------------------------------------------

--
-- Structure de la table `newsletters_subscribes`
--

CREATE TABLE IF NOT EXISTS `newsletters_subscribes` (
  `newsletters_subscribes_id` int(10) unsigned NOT NULL AUTO_INCREMENT,
  `newsletters_sends_id` int(10) unsigned DEFAULT NULL,
  `newsletters_subscribes_type` enum('A','D') NOT NULL COMMENT 'A : Abonnement - D : Désabonnement',
  `newsletters_subscribes_date` datetime NOT NULL,
  PRIMARY KEY (`newsletters_subscribes_id`),
  KEY `fk_newsletterssubscribes_newsletterssends_id` (`newsletters_sends_id`)
) ENGINE=InnoDB DEFAULT CHARSET=utf8 AUTO_INCREMENT=1 ;

-- --------------------------------------------------------

--
-- Structure de la table `newsletters_trackings`
--

CREATE TABLE IF NOT EXISTS `newsletters_trackings` (
  `newsletters_trackings_id` int(10) unsigned NOT NULL AUTO_INCREMENT,
  `newsletters_sends_id` int(10) unsigned NOT NULL,
  `newsletters_trackings_email` varchar(150) NOT NULL,
  `newsletters_trackings_date` datetime NOT NULL,
  PRIMARY KEY (`newsletters_trackings_id`),
  KEY `fk_newsletterstrackings_newsletterssends_id` (`newsletters_sends_id`)
) ENGINE=InnoDB DEFAULT CHARSET=utf8 AUTO_INCREMENT=1 ;

-- --------------------------------------------------------

--
-- Structure de la table `newsletters_users`
--

CREATE TABLE IF NOT EXISTS `newsletters_users` (
  `newsletters_users_id` int(10) unsigned NOT NULL AUTO_INCREMENT,
  `ndd` varchar(5) DEFAULT NULL,
  `lang` varchar(2) NOT NULL,
  `newsletters_users_inscription` date NOT NULL,
  `newsletters_users_email` varchar(150) NOT NULL,
  `newsletters_groups_id` int(10) unsigned DEFAULT NULL,
  `newsletters_users_type` int(11) DEFAULT NULL,
  `niveaux_id` int(10) unsigned DEFAULT NULL,
  `newsletters_users_civilite` enum('M.','Mme','Mlle') DEFAULT NULL,
  `newsletters_users_nom` varchar(150) DEFAULT NULL,
  `newsletters_users_prenom` varchar(150) DEFAULT NULL,
  `newsletters_users_societe` varchar(150) DEFAULT NULL,
  `newsletters_users_codepostal` varchar(10) DEFAULT NULL,
  PRIMARY KEY (`newsletters_users_id`),
  UNIQUE KEY `uk_newslettersusers_newslettersemailgroup` (`newsletters_users_email`,`newsletters_groups_id`),
  KEY `fk_newslettersusers_newsletersgroups_id` (`newsletters_groups_id`),
  KEY `fk_newslettersusers_niveaux_id` (`niveaux_id`)
) ENGINE=InnoDB  DEFAULT CHARSET=utf8 AUTO_INCREMENT=4 ;

--
-- Contenu de la table `newsletters_users`
--

INSERT INTO `newsletters_users` (`newsletters_users_id`, `ndd`, `lang`, `newsletters_users_inscription`, `newsletters_users_email`, `newsletters_groups_id`, `newsletters_users_type`, `niveaux_id`, `newsletters_users_civilite`, `newsletters_users_nom`, `newsletters_users_prenom`, `newsletters_users_societe`, `newsletters_users_codepostal`) VALUES
(1, NULL, 'fr', '2013-05-03', 'johan@ideal-com.com', 1, NULL, NULL, NULL, 'Nom', 'Prénom', 'Entreprise', NULL),
(2, 'com', 'fr', '2013-05-03', 'johan@idealss-com.com', 1, NULL, NULL, NULL, '', '', '', ''),
(3, 'com', 'fr', '2013-05-15', 'qsddd@qsd.com', 1, NULL, NULL, NULL, '', '', '', '');

-- --------------------------------------------------------

--
-- Structure de la table `niveaux`
--

CREATE TABLE IF NOT EXISTS `niveaux` (
  `niveaux_id` int(10) unsigned NOT NULL AUTO_INCREMENT,
  `niveaux_active` enum('Y','N') NOT NULL DEFAULT 'N',
  `niveaux_nbpoints` int(11) DEFAULT NULL,
  `niveaux_nbpoints_euro` int(2) NOT NULL DEFAULT '1',
  `niveaux_nbpoints_valeur` int(2) NOT NULL DEFAULT '3',
  `niveaux_ordre` int(10) unsigned NOT NULL DEFAULT '1',
  PRIMARY KEY (`niveaux_id`)
) ENGINE=InnoDB DEFAULT CHARSET=utf8 AUTO_INCREMENT=1 ;

-- --------------------------------------------------------

--
-- Structure de la table `niveaux_translation`
--

CREATE TABLE IF NOT EXISTS `niveaux_translation` (
  `niveaux_id` int(10) unsigned NOT NULL,
  `lang` varchar(2) NOT NULL,
  `niveaux_libelle` varchar(150) NOT NULL,
  `niveaux_pastille` varchar(150) DEFAULT NULL,
  `niveaux_tampon` varchar(150) DEFAULT NULL,
  PRIMARY KEY (`niveaux_id`,`lang`),
  KEY `fk_niveaux_niveaux_translation` (`niveaux_id`)
) ENGINE=InnoDB DEFAULT CHARSET=utf8;

-- --------------------------------------------------------

--
-- Structure de la table `pays`
--

CREATE TABLE IF NOT EXISTS `pays` (
  `pays_id` int(10) unsigned NOT NULL AUTO_INCREMENT,
  `pays_active` enum('Y','N') NOT NULL DEFAULT 'N',
  `pays_code_numerique` varchar(3) NOT NULL,
  `pays_alpha_2` varchar(2) DEFAULT NULL,
  `pays_alpha_3` varchar(3) DEFAULT NULL,
  `pays_tva` text,
  `pays_drapeau` varchar(150) DEFAULT NULL,
  `pays_nbcar_dept` int(11) DEFAULT NULL,
  PRIMARY KEY (`pays_id`)
) ENGINE=InnoDB  DEFAULT CHARSET=utf8 AUTO_INCREMENT=247 ;

--
-- Contenu de la table `pays`
--

INSERT INTO `pays` (`pays_id`, `pays_active`, `pays_code_numerique`, `pays_alpha_2`, `pays_alpha_3`, `pays_tva`, `pays_drapeau`, `pays_nbcar_dept`) VALUES
(1, 'Y', '004', 'AF', 'AFG', NULL, NULL, NULL),
(2, 'Y', '710', 'ZA', 'ZAF', NULL, NULL, NULL),
(3, 'Y', '248', 'AX', 'ALA', NULL, NULL, NULL),
(4, 'Y', '008', 'AL', 'ALB', NULL, NULL, NULL),
(5, 'Y', '012', 'DZ', 'DZA', NULL, NULL, NULL),
(6, 'Y', '276', 'DE', 'DEU', '"/^DE[1-9]{1}[0-9]{8}$/i"', NULL, NULL),
(7, 'Y', '020', 'AD', 'AND', NULL, NULL, NULL),
(8, 'Y', '024', 'AO', 'AGO', NULL, NULL, NULL),
(9, 'Y', '660', 'AI', 'AIA', NULL, NULL, NULL),
(10, 'Y', '010', 'AQ', 'ATA', NULL, NULL, NULL),
(11, 'Y', '028', 'AG', 'ATG', NULL, NULL, NULL),
(12, 'Y', '530', 'AN', 'ANT', NULL, NULL, NULL),
(13, 'Y', '682', 'SA', 'SAU', NULL, NULL, NULL),
(14, 'Y', '032', 'AR', 'ARG', NULL, NULL, NULL),
(15, 'Y', '051', 'AM', 'ARM', NULL, NULL, NULL),
(16, 'Y', '533', 'AW', 'ABW', NULL, NULL, NULL),
(17, 'Y', '036', 'AU', 'AUS', NULL, NULL, NULL),
(18, 'Y', '040', 'AT', 'AUT', '"/^ATU[0-9]{8}$/i"', NULL, NULL),
(19, 'Y', '031', 'AZ', 'AZE', NULL, NULL, NULL),
(20, 'Y', '044', 'BS', 'BHS', NULL, NULL, NULL),
(21, 'Y', '048', 'BH', 'BHR', NULL, NULL, NULL),
(22, 'Y', '050', 'BD', 'BGD', NULL, NULL, NULL),
(23, 'Y', '052', 'BB', 'BRB', NULL, NULL, NULL),
(24, 'Y', '056', 'BE', 'BEL', '"/^BE0[1-9]{1}[0-9]{8}$/i"', NULL, NULL),
(25, 'Y', '084', 'BZ', 'BLZ', NULL, NULL, NULL),
(26, 'Y', '204', 'BJ', 'BEN', NULL, NULL, NULL),
(27, 'Y', '060', 'BM', 'BMU', NULL, NULL, NULL),
(28, 'Y', '064', 'BT', 'BTN', NULL, NULL, NULL),
(29, 'Y', '112', 'BY', 'BLR', NULL, NULL, NULL),
(30, 'Y', '104', 'MM', 'MMR', NULL, NULL, NULL),
(31, 'Y', '068', 'BO', 'BOL', NULL, NULL, NULL),
(32, 'Y', '070', 'BA', 'BIH', NULL, NULL, NULL),
(33, 'Y', '072', 'BW', 'BWA', NULL, NULL, NULL),
(34, 'Y', '076', 'BR', 'BRA', NULL, NULL, NULL),
(35, 'Y', '096', 'BN', 'BRN', NULL, NULL, NULL),
(36, 'Y', '100', 'BG', 'BGR', '"/^BG[0-9]{9,10}$/i"', NULL, NULL),
(37, 'Y', '854', 'BF', 'BFA', NULL, NULL, NULL),
(38, 'Y', '108', 'BI', 'BDI', NULL, NULL, NULL),
(39, 'Y', '116', 'KH', 'KHM', NULL, NULL, NULL),
(40, 'Y', '120', 'CM', 'CMR', NULL, NULL, NULL),
(41, 'Y', '124', 'CA', 'CAN', NULL, NULL, NULL),
(42, 'Y', '132', 'CV', 'CPV', NULL, NULL, NULL),
(43, 'Y', '140', 'CF', 'CAF', NULL, NULL, NULL),
(44, 'Y', '152', 'CL', 'CHL', NULL, NULL, NULL),
(45, 'Y', '156', 'CN', 'CHN', NULL, NULL, NULL),
(46, 'Y', '196', 'CY', 'CYP', '"/^CY[013459]{1}[0-9]{7}[A-Z]{1}$/i"', NULL, NULL),
(47, 'Y', '170', 'CO', 'COL', NULL, NULL, NULL),
(48, 'Y', '174', 'KM', 'COM', NULL, NULL, NULL),
(49, 'Y', '178', 'CG', 'COG', NULL, NULL, NULL),
(50, 'Y', '408', 'KP', 'PRK', NULL, NULL, NULL),
(51, 'Y', '410', 'KR', 'KOR', NULL, NULL, NULL),
(52, 'Y', '188', 'CR', 'CRI', NULL, NULL, NULL),
(53, 'Y', '384', 'CI', 'CIV', NULL, NULL, NULL),
(54, 'Y', '191', 'HR', 'HRV', NULL, NULL, NULL),
(55, 'Y', '192', 'CU', 'CUB', NULL, NULL, NULL),
(56, 'Y', '208', 'DK', 'DNK', '"/^DK[1-9]{1}[0-9]{7}$/i"', NULL, NULL),
(57, 'Y', '262', 'DJ', 'DJI', NULL, NULL, NULL),
(58, 'Y', '212', 'DM', 'DMA', NULL, NULL, NULL),
(59, 'Y', '818', 'EG', 'EGY', NULL, NULL, NULL),
(60, 'Y', '784', 'AE', 'ARE', NULL, NULL, NULL),
(61, 'Y', '218', 'EC', 'ECU', NULL, NULL, NULL),
(62, 'Y', '232', 'ER', 'ERI', NULL, NULL, NULL),
(63, 'Y', '724', 'ES', 'ESP', '"/^ES[ABCDEFGHKLMNPQRSWXYZ0-9]{1}[0-9]{7}[A-Z]{1}$/i"", ""/^ES[ABCDEFGHJUV]{1}[0-9]{7}[0-9]{1}$/i"', NULL, NULL),
(64, 'Y', '233', 'EE', 'EST', '"/^EE10[0-9]{7}$/i"', NULL, NULL),
(65, 'Y', '840', 'US', 'USA', NULL, NULL, NULL),
(66, 'Y', '231', 'ET', 'ETH', NULL, NULL, NULL),
(67, 'Y', '242', 'FJ', 'FJI', NULL, NULL, NULL),
(68, 'Y', '246', 'FI', 'FIN', '"/^FI[0-9]{8}$/i"', NULL, NULL),
(69, 'Y', '250', 'FR', 'FRA', '"/^FR[0-9A-Z]{2}[0-9]{9}$/i"', NULL, 2),
(70, 'Y', '266', 'GA', 'GAB', NULL, NULL, NULL),
(71, 'Y', '270', 'GM', 'GMB', NULL, NULL, NULL),
(72, 'Y', '268', 'GE', 'GEO', NULL, NULL, NULL),
(73, 'Y', '239', 'GS', 'SGS', NULL, NULL, NULL),
(74, 'Y', '288', 'GH', 'GHA', NULL, NULL, NULL),
(75, 'Y', '292', 'GI', 'GIB', NULL, NULL, NULL),
(76, 'Y', '300', 'GR', 'GRC', '"/^EL[0-9]{9}$/i"', NULL, NULL),
(77, 'Y', '308', 'GD', 'GRD', NULL, NULL, NULL),
(78, 'Y', '304', 'GL', 'GRL', NULL, NULL, NULL),
(79, 'Y', '312', 'GP', 'GLP', NULL, NULL, NULL),
(80, 'Y', '316', 'GU', 'GUM', NULL, NULL, NULL),
(81, 'Y', '320', 'GT', 'GTM', NULL, NULL, NULL),
(82, 'Y', '831', 'GG', 'GGY', NULL, NULL, NULL),
(83, 'Y', '324', 'GN', 'GIN', NULL, NULL, NULL),
(84, 'Y', '226', 'GQ', 'GNQ', NULL, NULL, NULL),
(85, 'Y', '624', 'GW', 'GNB', NULL, NULL, NULL),
(86, 'Y', '328', 'GY', 'GUY', NULL, NULL, NULL),
(87, 'Y', '254', 'GF', 'GUF', NULL, NULL, NULL),
(88, 'Y', '332', 'HT', 'HTI', NULL, NULL, NULL),
(89, 'Y', '340', 'HN', 'HND', NULL, NULL, NULL),
(90, 'Y', '344', 'HK', 'HKG', NULL, NULL, NULL),
(91, 'Y', '348', 'HU', 'HUN', '"/^HU[0-9]{8}$/i"', NULL, NULL),
(92, 'Y', '074', 'BV', 'BVT', NULL, NULL, NULL),
(93, 'Y', '162', 'CX', 'CXR', NULL, NULL, NULL),
(94, 'Y', '833', 'IM', 'IMN', NULL, NULL, NULL),
(95, 'Y', '334', 'HM', 'HMD', NULL, NULL, NULL),
(96, 'Y', '136', 'KY', 'CYM', NULL, NULL, NULL),
(97, 'Y', '166', 'CC', 'CCK', NULL, NULL, NULL),
(98, 'Y', '184', 'CK', 'COK', NULL, NULL, NULL),
(99, 'Y', '234', 'FO', 'FRO', NULL, NULL, NULL),
(100, 'Y', '238', 'FK', 'FLK', NULL, NULL, NULL),
(101, 'Y', '580', 'MP', 'MNP', NULL, NULL, NULL),
(102, 'Y', '581', 'UM', 'UMI', NULL, NULL, NULL),
(103, 'Y', '796', 'TC', 'TCA', NULL, NULL, NULL),
(104, 'Y', '850', 'VI', 'VIR', NULL, NULL, NULL),
(105, 'Y', '092', 'VG', 'VGB', NULL, NULL, NULL),
(106, 'Y', '356', 'IN', 'IND', NULL, NULL, NULL),
(107, 'Y', '360', 'ID', 'IDN', NULL, NULL, NULL),
(108, 'Y', '368', 'IQ', 'IRQ', NULL, NULL, NULL),
(109, 'Y', '364', 'IR', 'IRN', NULL, NULL, NULL),
(110, 'Y', '372', 'IE', 'IRL', '"/^IE[0-9]{1}[A-Z+*]{1}[0-9]{5}[A-W]{1}$/i"", ""/^IE[0-9]{7}[A-W]{1}$/i"', NULL, NULL),
(111, 'Y', '352', 'IS', 'ISL', NULL, NULL, NULL),
(112, 'Y', '376', 'IL', 'ISR', NULL, NULL, NULL),
(113, 'Y', '380', 'IT', 'ITA', '"/^IE[0-9]{7}(0[0-9]{2}|10[0-1]{1}|120|121|888|999)[0-9]{1}$/i"', NULL, NULL),
(114, 'Y', '388', 'JM', 'JAM', NULL, NULL, NULL),
(115, 'Y', '392', 'JP', 'JPN', NULL, NULL, NULL),
(116, 'Y', '832', 'JE', 'JEY', NULL, NULL, NULL),
(117, 'Y', '400', 'JO', 'JOR', NULL, NULL, NULL),
(118, 'Y', '398', 'KZ', 'KAZ', NULL, NULL, NULL),
(119, 'Y', '404', 'KE', 'KEN', NULL, NULL, NULL),
(120, 'Y', '417', 'KG', 'KGZ', NULL, NULL, NULL),
(121, 'Y', '296', 'KI', 'KIR', NULL, NULL, NULL),
(122, 'Y', '414', 'KW', 'KWT', NULL, NULL, NULL),
(123, 'Y', '638', 'RE', 'REU', NULL, NULL, NULL),
(124, 'Y', '418', 'LA', 'LAO', NULL, NULL, NULL),
(125, 'Y', '426', 'LS', 'LSO', NULL, NULL, NULL),
(126, 'Y', '428', 'LV', 'LVA', '"/^LV[0-9]{11}$/i"', NULL, NULL),
(127, 'Y', '422', 'LB', 'LBN', NULL, NULL, NULL),
(128, 'Y', '430', 'LR', 'LBR', NULL, NULL, NULL),
(129, 'Y', '434', 'LY', 'LBY', NULL, NULL, NULL),
(130, 'Y', '438', 'LI', 'LIE', NULL, NULL, NULL),
(131, 'Y', '440', 'LT', 'LTU', '"/^LT[0-9]{7}1[0-9]{1}$/i"", ""/^LT[0-9]{10}1[0-9]{1}$/i"', NULL, NULL),
(132, 'Y', '442', 'LU', 'LUX', '"/^LU[0-9]{8}$/i"', NULL, NULL),
(133, 'Y', '446', 'MO', 'MAC', NULL, NULL, NULL),
(134, 'Y', '807', 'MK', 'MKD', NULL, NULL, NULL),
(135, 'Y', '450', 'MG', 'MDG', NULL, NULL, NULL),
(136, 'Y', '458', 'MY', 'MYS', NULL, NULL, NULL),
(137, 'Y', '454', 'MW', 'MWI', NULL, NULL, NULL),
(138, 'Y', '462', 'MV', 'MDV', NULL, NULL, NULL),
(139, 'Y', '466', 'ML', 'MLI', NULL, NULL, NULL),
(140, 'Y', '470', 'MT', 'MLT', '"/^MT[1-9]{1}[0-9]{7}$/i"', NULL, NULL),
(141, 'Y', '504', 'MA', 'MAR', NULL, NULL, NULL),
(142, 'Y', '584', 'MH', 'MHL', NULL, NULL, NULL),
(143, 'Y', '474', 'MQ', 'MTQ', NULL, NULL, NULL),
(144, 'Y', '480', 'MU', 'MUS', NULL, NULL, NULL),
(145, 'Y', '478', 'MR', 'MRT', NULL, NULL, NULL),
(146, 'Y', '175', 'YT', 'MYT', NULL, NULL, NULL),
(147, 'Y', '484', 'MX', 'MEX', NULL, NULL, NULL),
(148, 'Y', '583', 'FM', 'FSM', NULL, NULL, NULL),
(149, 'Y', '498', 'MD', 'MDA', NULL, NULL, NULL),
(150, 'Y', '492', 'MC', 'MCO', NULL, NULL, NULL),
(151, 'Y', '496', 'MN', 'MNG', NULL, NULL, NULL),
(152, 'Y', '499', 'ME', 'MNE', NULL, NULL, NULL),
(153, 'Y', '500', 'MS', 'MSR', NULL, NULL, NULL),
(154, 'Y', '508', 'MZ', 'MOZ', NULL, NULL, NULL),
(155, 'Y', '516', 'NA', 'NAM', NULL, NULL, NULL),
(156, 'Y', '520', 'NR', 'NRU', NULL, NULL, NULL),
(157, 'Y', '524', 'NP', 'NPL', NULL, NULL, NULL),
(158, 'Y', '558', 'NI', 'NIC', NULL, NULL, NULL),
(159, 'Y', '562', 'NE', 'NER', NULL, NULL, NULL),
(160, 'Y', '566', 'NG', 'NGA', NULL, NULL, NULL),
(161, 'Y', '570', 'NU', 'NIU', NULL, NULL, NULL),
(162, 'Y', '574', 'NF', 'NFK', NULL, NULL, NULL),
(163, 'Y', '578', 'NO', 'NOR', NULL, NULL, NULL),
(164, 'Y', '540', 'NC', 'NCL', NULL, NULL, NULL),
(165, 'Y', '554', 'NZ', 'NZL', NULL, NULL, NULL),
(166, 'Y', '512', 'OM', 'OMN', NULL, NULL, NULL),
(167, 'Y', '800', 'UG', 'UGA', NULL, NULL, NULL),
(168, 'Y', '860', 'UZ', 'UZB', NULL, NULL, NULL),
(169, 'Y', '586', 'PK', 'PAK', NULL, NULL, NULL),
(170, 'Y', '585', 'PW', 'PLW', NULL, NULL, NULL),
(171, 'Y', '275', 'PS', 'PSE', NULL, NULL, NULL),
(172, 'Y', '591', 'PA', 'PAN', NULL, NULL, NULL),
(173, 'Y', '598', 'PG', 'PNG', NULL, NULL, NULL),
(174, 'Y', '600', 'PY', 'PRY', NULL, NULL, NULL),
(175, 'Y', '528', 'NL', 'NLD', '"/^NL[0-9]{9}B[0-9]{2}$/i"', NULL, NULL),
(176, 'Y', '604', 'PE', 'PER', NULL, NULL, NULL),
(177, 'Y', '608', 'PH', 'PHL', NULL, NULL, NULL),
(178, 'Y', '612', 'PN', 'PCN', NULL, NULL, NULL),
(179, 'Y', '616', 'PL', 'POL', '"/^PL[0-9]{10}$/i"', NULL, NULL),
(180, 'Y', '258', 'PF', 'PYF', NULL, NULL, NULL),
(181, 'Y', '630', 'PR', 'PRI', NULL, NULL, NULL),
(182, 'Y', '620', 'PT', 'PRT', '"/^PT[1-9]{1}[0-9]{8}$/i"', NULL, NULL),
(183, 'Y', '634', 'QA', 'QAT', NULL, NULL, NULL),
(184, 'Y', '180', 'CD', 'COD', NULL, NULL, NULL),
(185, 'Y', '214', 'DO', 'DOM', NULL, NULL, NULL),
(186, 'Y', '203', 'CZ', 'CZE', '"/^CZ[0-9]{8,10}$/i"', NULL, NULL),
(187, 'Y', '642', 'RO', 'ROU', '"/^RO[1-9]{1}[0-9]{9}$/i"', NULL, NULL),
(188, 'Y', '826', 'GB', 'GBR', '"/^GB[0-9]{9}$/i"", ""/^GB[0-9]{12}$/i"", ""/^GBGD[0-4]{1}[0-9]{2}$/i"", ""/^GBHA[5-9]{1}[0-9]{2}$/i"', NULL, NULL),
(189, 'Y', '643', 'RU', 'RUS', NULL, NULL, NULL),
(190, 'Y', '646', 'RW', 'RWA', NULL, NULL, NULL),
(191, 'Y', '732', 'EH', 'ESH', NULL, NULL, NULL),
(192, 'Y', '652', 'BL', 'BLM', NULL, NULL, NULL),
(193, 'Y', '659', 'KN', 'KNA', NULL, NULL, NULL),
(194, 'Y', '654', 'SH', 'SHN', NULL, NULL, NULL),
(195, 'Y', '662', 'LC', 'LCA', NULL, NULL, NULL),
(196, 'Y', '674', 'SM', 'SMR', NULL, NULL, NULL),
(197, 'Y', '663', 'MF', 'MAF', NULL, NULL, NULL),
(198, 'Y', '666', 'PM', 'SPM', NULL, NULL, NULL),
(199, 'Y', '670', 'VC', 'VCT', NULL, NULL, NULL),
(200, 'Y', '090', 'SB', 'SLB', NULL, NULL, NULL),
(201, 'Y', '222', 'SV', 'SLV', NULL, NULL, NULL),
(202, 'Y', '882', 'WS', 'WSM', NULL, NULL, NULL),
(203, 'Y', '016', 'AS', 'ASM', NULL, NULL, NULL),
(204, 'Y', '678', 'ST', 'STP', NULL, NULL, NULL),
(205, 'Y', '686', 'SN', 'SEN', NULL, NULL, NULL),
(206, 'Y', '688', 'RS', 'SRB', NULL, NULL, NULL),
(207, 'Y', '690', 'SC', 'SYC', NULL, NULL, NULL),
(208, 'Y', '694', 'SL', 'SLE', NULL, NULL, NULL),
(209, 'Y', '702', 'SG', 'SGP', NULL, NULL, NULL),
(210, 'Y', '703', 'SK', 'SVK', '"/^SK[1-9]{1}[0-9]{1}[234789]{1}[0-9]{7}$/i"', NULL, NULL),
(211, 'Y', '705', 'SI', 'SVN', '"/^SI[1-9]{1}[0-9]{7}$/i"', NULL, NULL),
(212, 'Y', '706', 'SO', 'SOM', NULL, NULL, NULL),
(213, 'Y', '736', 'SD', 'SDN', NULL, NULL, NULL),
(214, 'Y', '144', 'LK', 'LKA', NULL, NULL, NULL),
(215, 'Y', '752', 'SE', 'SWE', '"/^SE[0-9]{12}$/i"', NULL, NULL),
(216, 'Y', '756', 'CH', 'CHE', NULL, NULL, NULL),
(217, 'Y', '740', 'SR', 'SUR', NULL, NULL, NULL),
(218, 'Y', '744', 'SJ', 'SJM', NULL, NULL, NULL),
(219, 'Y', '748', 'SZ', 'SWZ', NULL, NULL, NULL),
(220, 'Y', '760', 'SY', 'SYR', NULL, NULL, NULL),
(221, 'Y', '762', 'TJ', 'TJK', NULL, NULL, NULL),
(222, 'Y', '158', 'TW', 'TWN', NULL, NULL, NULL),
(223, 'Y', '834', 'TZ', 'TZA', NULL, NULL, NULL),
(224, 'Y', '148', 'TD', 'TCD', NULL, NULL, NULL),
(225, 'Y', '260', 'TF', 'ATF', NULL, NULL, NULL),
(226, 'Y', '086', 'IO', 'IOT', NULL, NULL, NULL),
(227, 'Y', '764', 'TH', 'THA', NULL, NULL, NULL),
(228, 'Y', '626', 'TL', 'TLS', NULL, NULL, NULL),
(229, 'Y', '768', 'TG', 'TGO', NULL, NULL, NULL),
(230, 'Y', '772', 'TK', 'TKL', NULL, NULL, NULL),
(231, 'Y', '776', 'TO', 'TON', NULL, NULL, NULL),
(232, 'Y', '780', 'TT', 'TTO', NULL, NULL, NULL),
(233, 'Y', '788', 'TN', 'TUN', NULL, NULL, NULL),
(234, 'Y', '795', 'TM', 'TKM', NULL, NULL, NULL),
(235, 'Y', '792', 'TR', 'TUR', NULL, NULL, NULL),
(236, 'Y', '798', 'TV', 'TUV', NULL, NULL, NULL),
(237, 'Y', '804', 'UA', 'UKR', NULL, NULL, NULL),
(238, 'Y', '858', 'UY', 'URY', NULL, NULL, NULL),
(239, 'Y', '548', 'VU', 'VUT', NULL, NULL, NULL),
(240, 'Y', '336', 'VA', 'VAT', NULL, NULL, NULL),
(241, 'Y', '862', 'VE', 'VEN', NULL, NULL, NULL),
(242, 'Y', '704', 'VN', 'VNM', NULL, NULL, NULL),
(243, 'Y', '876', 'WF', 'WLF', NULL, NULL, NULL),
(244, 'Y', '887', 'YE', 'YEM', NULL, NULL, NULL),
(245, 'Y', '894', 'ZM', 'ZMB', NULL, NULL, NULL),
(246, 'Y', '716', 'ZW', 'ZWE', NULL, NULL, NULL);

-- --------------------------------------------------------

--
-- Structure de la table `pays_translation`
--

CREATE TABLE IF NOT EXISTS `pays_translation` (
  `pays_id` int(10) unsigned NOT NULL,
  `lang` varchar(2) NOT NULL,
  `pays_nom` varchar(150) DEFAULT NULL,
  PRIMARY KEY (`pays_id`,`lang`),
  KEY `fk_pays_pays_id` (`pays_id`)
) ENGINE=InnoDB DEFAULT CHARSET=utf8;

--
-- Contenu de la table `pays_translation`
--

INSERT INTO `pays_translation` (`pays_id`, `lang`, `pays_nom`) VALUES
(1, 'de', 'Afghanistan'),
(1, 'en', 'Afghanistan'),
(1, 'es', 'Afganistán'),
(1, 'fr', 'Afghanistan'),
(1, 'it', 'Afghanistan'),
(2, 'de', 'Südafrika'),
(2, 'en', 'South Africa'),
(2, 'es', 'Sudáfrica'),
(2, 'fr', 'Afrique du Sud'),
(2, 'it', 'Sudafrica'),
(3, 'de', 'Åland'),
(3, 'en', 'Åland Islands'),
(3, 'es', 'Åland'),
(3, 'fr', 'Aland'),
(3, 'it', 'Isole Åland'),
(4, 'de', 'Albanien'),
(4, 'en', 'Albania'),
(4, 'es', 'Albania'),
(4, 'fr', 'Albanie'),
(4, 'it', 'Albania'),
(5, 'de', 'Algerien'),
(5, 'en', 'Algeria'),
(5, 'es', 'Argelia'),
(5, 'fr', 'Algérie'),
(5, 'it', 'Algeria'),
(6, 'de', 'Deutschland'),
(6, 'en', 'Germany'),
(6, 'es', 'Alemania'),
(6, 'fr', 'Allemagne'),
(6, 'it', 'Germania'),
(7, 'de', 'Andorra'),
(7, 'en', 'Andorra'),
(7, 'es', 'Andorra'),
(7, 'fr', 'Andorre'),
(7, 'it', 'Andorra'),
(8, 'de', 'Angola'),
(8, 'en', 'Angola'),
(8, 'es', 'Angola'),
(8, 'fr', 'Angola'),
(8, 'it', 'Angola'),
(9, 'de', 'Anguilla'),
(9, 'en', 'Anguilla'),
(9, 'es', 'Anguila'),
(9, 'fr', 'Anguilla'),
(9, 'it', 'Anguilla'),
(10, 'de', 'Antarktis'),
(10, 'en', 'Antarctica'),
(10, 'es', 'Antártida'),
(10, 'fr', 'Antarctique'),
(10, 'it', 'Antartide'),
(11, 'de', 'Antigua und Barbuda'),
(11, 'en', 'Antigua and Barbuda'),
(11, 'es', 'Antigua y Barbuda'),
(11, 'fr', 'Antigua-et-Barbuda'),
(11, 'it', 'Antigua e Barbuda'),
(12, 'de', 'Niederländische Antillen'),
(12, 'en', 'Netherlands Antilles'),
(12, 'es', 'Antillas Neerlandesas'),
(12, 'fr', 'Antilles néerlandaises'),
(12, 'it', 'Antille olandesi'),
(13, 'de', 'Saudi-Arabien'),
(13, 'en', 'Saudi Arabia'),
(13, 'es', 'Arabia Saudita'),
(13, 'fr', 'Arabie saoudite'),
(13, 'it', 'Arabia Saudita'),
(14, 'de', 'Argentinien'),
(14, 'en', 'Argentina'),
(14, 'es', 'Argentina'),
(14, 'fr', 'Argentine'),
(14, 'it', 'Argentina'),
(15, 'de', 'Armenien'),
(15, 'en', 'Armenia'),
(15, 'es', 'Armenia'),
(15, 'fr', 'Arménie'),
(15, 'it', 'Armenia'),
(16, 'de', 'Aruba'),
(16, 'en', 'Aruba'),
(16, 'es', 'Aruba'),
(16, 'fr', 'Aruba'),
(16, 'it', 'Aruba'),
(17, 'de', 'Australien'),
(17, 'en', 'Australia'),
(17, 'es', 'Australia'),
(17, 'fr', 'Australie'),
(17, 'it', 'Australia'),
(18, 'de', 'Österreich'),
(18, 'en', 'Austria'),
(18, 'es', 'Austria'),
(18, 'fr', 'Autriche'),
(18, 'it', 'Austria'),
(19, 'de', 'Aserbaidschan'),
(19, 'en', 'Azerbaijan'),
(19, 'es', 'Azerbaiyán'),
(19, 'fr', 'Azerbaïdjan'),
(19, 'it', 'Azerbaigian'),
(20, 'de', 'Bahamas'),
(20, 'en', 'Bahamas'),
(20, 'es', 'Bahamas'),
(20, 'fr', 'Bahamas'),
(20, 'it', 'Bahamas'),
(21, 'de', 'Bahrain'),
(21, 'en', 'Bahrain'),
(21, 'es', 'Bahréin'),
(21, 'fr', 'Bahreïn'),
(21, 'it', 'Bahrain'),
(22, 'de', 'Bangladesch'),
(22, 'en', 'Bangladesh'),
(22, 'es', 'Bangladesh'),
(22, 'fr', 'Bangladesh'),
(22, 'it', 'Bangladesh'),
(23, 'de', 'Barbados'),
(23, 'en', 'Barbados'),
(23, 'es', 'Barbados'),
(23, 'fr', 'Barbade'),
(23, 'it', 'Barbados'),
(24, 'de', 'Belgien'),
(24, 'en', 'Belgium'),
(24, 'es', 'Bélgica'),
(24, 'fr', 'Belgique'),
(24, 'it', 'Belgio'),
(25, 'de', 'Belize'),
(25, 'en', 'Belize'),
(25, 'es', 'Belice'),
(25, 'fr', 'Belize'),
(25, 'it', 'Belize'),
(26, 'de', 'Benin'),
(26, 'en', 'Benin'),
(26, 'es', 'Benín'),
(26, 'fr', 'Bénin'),
(26, 'it', 'Benin'),
(27, 'de', 'Bermuda'),
(27, 'en', 'Bermuda'),
(27, 'es', 'Bermudas'),
(27, 'fr', 'Bermudes'),
(27, 'it', 'Bermuda'),
(28, 'de', 'Bhutan'),
(28, 'en', 'Bhutan'),
(28, 'es', 'Bután'),
(28, 'fr', 'Bhoutan'),
(28, 'it', 'Bhutan'),
(29, 'de', 'Belarus'),
(29, 'en', 'Belarus'),
(29, 'es', 'Bielorrusia'),
(29, 'fr', 'Biélorussie'),
(29, 'it', 'Bielorussia'),
(30, 'de', 'Myanmar'),
(30, 'en', 'Myanmar'),
(30, 'es', 'Birmania'),
(30, 'fr', 'Birmanie'),
(30, 'it', 'Mongolia'),
(31, 'de', 'Bolivien'),
(31, 'en', 'Bolivia'),
(31, 'es', 'Bolivia'),
(31, 'fr', 'Bolivie'),
(31, 'it', 'Bolivia'),
(32, 'de', 'Bosnien und Herzegowina'),
(32, 'en', 'Bosnia and Herzegovina'),
(32, 'es', 'Bosnia y Herzegovina'),
(32, 'fr', 'Bosnie-Herzégovine'),
(32, 'it', 'Bosnia-Erzegovina'),
(33, 'de', 'Botswana'),
(33, 'en', 'Botswana'),
(33, 'es', 'Botsuana'),
(33, 'fr', 'Botswana'),
(33, 'it', 'Botswana'),
(34, 'de', 'Brasilien'),
(34, 'en', 'Brazil'),
(34, 'es', 'Brasil'),
(34, 'fr', 'Brésil'),
(34, 'it', 'Brasile'),
(35, 'de', 'Brunei Darussalam'),
(35, 'en', 'Brunei Darussalam'),
(35, 'es', 'Brunéi'),
(35, 'fr', 'Brunei'),
(35, 'it', 'Brunei'),
(36, 'de', 'Bulgarien'),
(36, 'en', 'Bulgaria'),
(36, 'es', 'Bulgaria'),
(36, 'fr', 'Bulgarie'),
(36, 'it', 'Bulgaria'),
(37, 'de', 'Burkina Faso'),
(37, 'en', 'Burkina Faso'),
(37, 'es', 'Burkina Faso'),
(37, 'fr', 'Burkina Faso'),
(37, 'it', 'Burkina Faso'),
(38, 'de', 'Burundi'),
(38, 'en', 'Burundi'),
(38, 'es', 'Burundi'),
(38, 'fr', 'Burundi'),
(38, 'it', 'Burundi'),
(39, 'de', 'Kambodscha'),
(39, 'en', 'Cambodia'),
(39, 'es', 'Camboya'),
(39, 'fr', 'Cambodge'),
(39, 'it', 'Cambogia'),
(40, 'de', 'Kamerun'),
(40, 'en', 'Cameroon'),
(40, 'es', 'Camerún'),
(40, 'fr', 'Cameroun'),
(40, 'it', 'Camerun'),
(41, 'de', 'Kanada'),
(41, 'en', 'Canada'),
(41, 'es', 'Canadá'),
(41, 'fr', 'Canada'),
(41, 'it', 'Canada'),
(42, 'de', 'Kap Verde'),
(42, 'en', 'Cape Verde'),
(42, 'es', 'Cabo Verde'),
(42, 'fr', 'Cap-Vert'),
(42, 'it', 'Capo Verde'),
(43, 'de', 'Zentralafrikanische Republik'),
(43, 'en', 'Central African Republic'),
(43, 'es', 'República Centroafricana'),
(43, 'fr', 'Centrafrique'),
(43, 'it', 'Repubblica Centrafricana'),
(44, 'de', 'Chile'),
(44, 'en', 'Chile'),
(44, 'es', 'Chile'),
(44, 'fr', 'Chili'),
(44, 'it', 'Cile'),
(45, 'de', 'China'),
(45, 'en', 'China'),
(45, 'es', 'China'),
(45, 'fr', 'Chine'),
(45, 'it', 'Cina'),
(46, 'de', 'Zypern'),
(46, 'en', 'Cyprus'),
(46, 'es', 'Chipre'),
(46, 'fr', 'Chypre'),
(46, 'it', 'Cipro'),
(47, 'de', 'Kolumbien'),
(47, 'en', 'Colombia'),
(47, 'es', 'Colombia'),
(47, 'fr', 'Colombie'),
(47, 'it', 'Colombia'),
(48, 'de', 'Komoren'),
(48, 'en', 'Comoros'),
(48, 'es', 'Comoras'),
(48, 'fr', 'Comores'),
(48, 'it', 'Comore'),
(49, 'de', 'Republik Kongo'),
(49, 'en', 'Congo'),
(49, 'es', 'República del Congo'),
(49, 'fr', 'Congo'),
(49, 'it', 'Repubblica del Congo'),
(50, 'de', 'Korea, Demokratische Volksrepublik'),
(50, 'en', 'Korea, Democratic People''s Republic of'),
(50, 'es', 'Corea del Norte'),
(50, 'fr', 'Corée du Nord'),
(50, 'it', 'Corea del Nord'),
(51, 'de', 'Korea, Republik'),
(51, 'en', 'Korea, Republic of'),
(51, 'es', 'Corea del Sur'),
(51, 'fr', 'Corée du Sud'),
(51, 'it', 'Corea del Sud'),
(52, 'de', 'Costa Rica'),
(52, 'en', 'Costa Rica'),
(52, 'es', 'Costa Rica'),
(52, 'fr', 'Costa Rica'),
(52, 'it', 'Costa Rica'),
(53, 'de', 'Côte d''Ivoire'),
(53, 'en', 'Côte d''Ivoire'),
(53, 'es', 'Costa de Marfil'),
(53, 'fr', 'Côte d''Ivoire'),
(53, 'it', 'Costa d''Avorio'),
(54, 'de', 'Kroatien'),
(54, 'en', 'Croatia'),
(54, 'es', 'Croacia'),
(54, 'fr', 'Croatie'),
(54, 'it', 'Croazia'),
(55, 'de', 'Kuba'),
(55, 'en', 'Cuba'),
(55, 'es', 'Cuba'),
(55, 'fr', 'Cuba'),
(55, 'it', 'Cuba'),
(56, 'de', 'Dänemark'),
(56, 'en', 'Denmark'),
(56, 'es', 'Dinamarca'),
(56, 'fr', 'Danemark'),
(56, 'it', 'Danimarca'),
(57, 'de', 'Dschibuti'),
(57, 'en', 'Djibouti'),
(57, 'es', 'Yibuti'),
(57, 'fr', 'Djibouti'),
(57, 'it', 'Gibuti'),
(58, 'de', 'Dominica'),
(58, 'en', 'Dominica'),
(58, 'es', 'Dominica'),
(58, 'fr', 'Dominique'),
(58, 'it', 'Dominica'),
(59, 'de', 'Ägypten'),
(59, 'en', 'Egypt'),
(59, 'es', 'Egipto'),
(59, 'fr', 'Égypte'),
(59, 'it', 'Egitto'),
(60, 'de', 'Vereinigte Arabische Emirate'),
(60, 'en', 'United Arab Emirates'),
(60, 'es', 'Emiratos Árabes Unidos'),
(60, 'fr', 'Émirats arabes unis'),
(60, 'it', 'Emirati Arabi Uniti'),
(61, 'de', 'Ecuador'),
(61, 'en', 'Ecuador'),
(61, 'es', 'Ecuador'),
(61, 'fr', 'Équateur'),
(61, 'it', 'Ecuador'),
(62, 'de', 'Eritrea'),
(62, 'en', 'Eritrea'),
(62, 'es', 'Eritrea'),
(62, 'fr', 'Érythrée'),
(62, 'it', 'Eritrea'),
(63, 'de', 'Spanien'),
(63, 'en', 'Spain'),
(63, 'es', 'España'),
(63, 'fr', 'Espagne'),
(63, 'it', 'Spagna'),
(64, 'de', 'Estland'),
(64, 'en', 'Estonia'),
(64, 'es', 'Estonia'),
(64, 'fr', 'Estonie'),
(64, 'it', 'Estonia'),
(65, 'de', 'Vereinigte Staaten von Amerika'),
(65, 'en', 'United States'),
(65, 'es', 'Estados Unidos'),
(65, 'fr', 'États-Unis'),
(65, 'it', 'Stati Uniti'),
(66, 'de', 'Äthiopien'),
(66, 'en', 'Ethiopia'),
(66, 'es', 'Etiopía'),
(66, 'fr', 'Éthiopie'),
(66, 'it', 'Etiopia'),
(67, 'de', 'Fidschi'),
(67, 'en', 'Fiji'),
(67, 'es', 'Fiyi'),
(67, 'fr', 'Fidji'),
(67, 'it', 'Figi'),
(68, 'de', 'Finnland'),
(68, 'en', 'Finland'),
(68, 'es', 'Finlandia'),
(68, 'fr', 'Finlande'),
(68, 'it', 'Finlandia'),
(69, 'de', 'Frankreich'),
(69, 'en', 'France'),
(69, 'es', 'Francia'),
(69, 'fr', 'France'),
(69, 'it', 'Francia'),
(70, 'de', 'Gabun'),
(70, 'en', 'Gabon'),
(70, 'es', 'Gabón'),
(70, 'fr', 'Gabon'),
(70, 'it', 'Gabon'),
(71, 'de', 'Gambia'),
(71, 'en', 'Gambia'),
(71, 'es', 'Gambia'),
(71, 'fr', 'Gambie'),
(71, 'it', 'Gambia'),
(72, 'de', 'Georgien'),
(72, 'en', 'Georgia'),
(72, 'es', 'Georgia'),
(72, 'fr', 'Géorgie'),
(72, 'it', 'Georgia'),
(73, 'de', 'Südgeorgien und die Südlichen Sandwichinseln'),
(73, 'en', 'South Georgia and the South Sandwich Islands'),
(73, 'es', 'Islas Georgias del Sur y Sandwich del Sur'),
(73, 'fr', 'Géorgie du Sud-et-les Îles Sandwich du Sud'),
(73, 'it', 'Georgia del Sud e isole Sandwich'),
(74, 'de', 'Ghana'),
(74, 'en', 'Ghana'),
(74, 'es', 'Ghana'),
(74, 'fr', 'Ghana'),
(74, 'it', 'Ghana'),
(75, 'de', 'Gibraltar'),
(75, 'en', 'Gibraltar'),
(75, 'es', 'Gibraltar'),
(75, 'fr', 'Gibraltar'),
(75, 'it', 'Gibilterra'),
(76, 'de', 'Griechenland'),
(76, 'en', 'Greece'),
(76, 'es', 'Grecia'),
(76, 'fr', 'Grèce'),
(76, 'it', 'Grecia'),
(77, 'de', 'Grenada'),
(77, 'en', 'Grenada'),
(77, 'es', 'Granada'),
(77, 'fr', 'Grenade'),
(77, 'it', 'Grenada'),
(78, 'de', 'Grönland'),
(78, 'en', 'Greenland'),
(78, 'es', 'Groenlandia'),
(78, 'fr', 'Groenland'),
(78, 'it', 'Groenlandia'),
(79, 'de', 'Guadeloupe'),
(79, 'en', 'Guadeloupe'),
(79, 'es', 'Guadalupe'),
(79, 'fr', 'Guadeloupe'),
(79, 'it', 'Guadalupa'),
(80, 'de', 'Guam'),
(80, 'en', 'Guam'),
(80, 'es', 'Guam'),
(80, 'fr', 'Guam'),
(80, 'it', 'Guam'),
(81, 'de', 'Guatemala'),
(81, 'en', 'Guatemala'),
(81, 'es', 'Guatemala'),
(81, 'fr', 'Guatemala'),
(81, 'it', 'Guatemala'),
(82, 'de', 'Guernsey'),
(82, 'en', 'Guernsey'),
(82, 'es', 'Guernsey'),
(82, 'fr', 'Guernesey'),
(82, 'it', 'Guernsey'),
(83, 'de', 'Guinea'),
(83, 'en', 'Guinea'),
(83, 'es', 'Guinea'),
(83, 'fr', 'Guinée'),
(83, 'it', 'Guinea'),
(84, 'de', 'Äquatorialguinea'),
(84, 'en', 'Equatorial Guinea'),
(84, 'es', 'Guinea Ecuatorial'),
(84, 'fr', 'Guinée équatoriale'),
(84, 'it', 'Guinea Equatoriale'),
(85, 'de', 'Guinea-Bissau'),
(85, 'en', 'Guinea-Bissau'),
(85, 'es', 'Guinea-Bissau'),
(85, 'fr', 'Guinée-Bissau'),
(85, 'it', 'Guinea-Bissau'),
(86, 'de', 'Guyana'),
(86, 'en', 'Guyana'),
(86, 'es', 'Guyana'),
(86, 'fr', 'Guyana'),
(86, 'it', 'Guyana'),
(87, 'de', 'Französisch-Guayana'),
(87, 'en', 'French Guiana'),
(87, 'es', 'Guayana Francesa'),
(87, 'fr', 'Guyane'),
(87, 'it', 'Guyana Francese'),
(88, 'de', 'Haiti'),
(88, 'en', 'Haiti'),
(88, 'es', 'Haití'),
(88, 'fr', 'Haïti'),
(88, 'it', 'Haiti'),
(89, 'de', 'Honduras'),
(89, 'en', 'Honduras'),
(89, 'es', 'Honduras'),
(89, 'fr', 'Honduras'),
(89, 'it', 'Honduras'),
(90, 'de', 'Hongkong'),
(90, 'en', 'Hong Kong'),
(90, 'es', 'Hong Kong'),
(90, 'fr', 'Hong Kong'),
(90, 'it', 'Hong Kong'),
(91, 'de', 'Ungarn'),
(91, 'en', 'Hungary'),
(91, 'es', 'Hungría'),
(91, 'fr', 'Hongrie'),
(91, 'it', 'Ungheria'),
(92, 'de', 'Bouvetinsel'),
(92, 'en', 'Bouvet Island'),
(92, 'es', 'Isla Bouvet'),
(92, 'fr', 'Île Bouvet'),
(92, 'it', 'Isola Bouvet'),
(93, 'de', 'Weihnachtsinsel'),
(93, 'en', 'Christmas Island'),
(93, 'es', 'Isla de Navidad'),
(93, 'fr', 'Île Christmas'),
(93, 'it', 'Isola di Natale'),
(94, 'de', 'Insel Man'),
(94, 'en', 'Isle of Man'),
(94, 'es', 'Isla de Man'),
(94, 'fr', 'Île de Man'),
(94, 'it', 'Isola di Man'),
(95, 'de', 'Heard und McDonaldinseln'),
(95, 'en', 'Heard Island and McDonald Islands'),
(95, 'es', 'Islas Heard y McDonald'),
(95, 'fr', 'Île Heard et îles McDonald'),
(95, 'it', 'Isole Heard e McDonald'),
(96, 'de', 'Kaimaninseln'),
(96, 'en', 'Cayman Islands'),
(96, 'es', 'Islas Caimán'),
(96, 'fr', 'Îles Caïmans'),
(96, 'it', 'Isole Cayman'),
(97, 'de', 'Kokosinseln'),
(97, 'en', 'Cocos (Keeling) Islands'),
(97, 'es', 'Islas Cocos'),
(97, 'fr', 'Îles Cocos'),
(97, 'it', 'Isole Cocos'),
(98, 'de', 'Cookinseln'),
(98, 'en', 'Cook Islands'),
(98, 'es', 'Islas Cook'),
(98, 'fr', 'Îles Cook'),
(98, 'it', 'Isole Cook'),
(99, 'de', 'Färöer'),
(99, 'en', 'Faroe Islands'),
(99, 'es', 'Islas Feroe'),
(99, 'fr', 'Îles Féroé'),
(99, 'it', 'Isole Fær Øer'),
(100, 'de', 'Falklandinseln'),
(100, 'en', 'Falkland Islands (Malvinas)'),
(100, 'es', 'Islas Malvinas'),
(100, 'fr', 'Îles Malouines'),
(100, 'it', 'Isole Falkland'),
(101, 'de', 'Nördliche Marianen'),
(101, 'en', 'Northern Mariana Islands'),
(101, 'es', 'Islas Marianas del Norte'),
(101, 'fr', 'Îles Mariannes du Nord'),
(101, 'it', 'Isole Marianne Settentrionali'),
(102, 'de', 'United States Minor Outlying Islands'),
(102, 'en', 'United States Minor Outlying Islands'),
(102, 'es', 'Islas ultramarinas de Estados Unidos'),
(102, 'fr', 'Îles mineures éloignées des États-Unis'),
(102, 'it', 'Isole minori degli Stati Uniti'),
(103, 'de', 'Turks- und Caicosinseln'),
(103, 'en', 'Turks and Caicos Islands'),
(103, 'es', 'Islas Turcas y Caicos'),
(103, 'fr', 'Îles Turques-et-Caïques'),
(103, 'it', 'Turks e Caicos'),
(104, 'de', 'Amerikanische Jungferninseln'),
(104, 'en', 'Virgin Islands, U.S.'),
(104, 'es', 'Islas Vírgenes Estadounidenses'),
(104, 'fr', 'Îles Vierges américaines'),
(104, 'it', 'Isole Vergini americane'),
(105, 'de', 'Britische Jungferninseln'),
(105, 'en', 'Virgin Islands, British'),
(105, 'es', 'Islas Vírgenes Británicas'),
(105, 'fr', 'Îles Vierges britanniques'),
(105, 'it', 'Isole Vergini britanniche'),
(106, 'de', 'Indien'),
(106, 'en', 'India'),
(106, 'es', 'India'),
(106, 'fr', 'Inde'),
(106, 'it', 'India'),
(107, 'de', 'Indonesien'),
(107, 'en', 'Indonesia'),
(107, 'es', 'Indonesia'),
(107, 'fr', 'Indonésie'),
(107, 'it', 'Indonesia'),
(108, 'de', 'Irak'),
(108, 'en', 'Iraq'),
(108, 'es', 'Iraq'),
(108, 'fr', 'Irak'),
(108, 'it', 'Iraq'),
(109, 'de', 'Iran, Islamische Republik'),
(109, 'en', 'Iran, Islamic Republic of'),
(109, 'es', 'Irán'),
(109, 'fr', 'Iran'),
(109, 'it', 'Iran'),
(110, 'de', 'Irland'),
(110, 'en', 'Ireland'),
(110, 'es', 'Irlanda'),
(110, 'fr', 'Irlande'),
(110, 'it', 'Irlanda'),
(111, 'de', 'Island'),
(111, 'en', 'Iceland'),
(111, 'es', 'Islandia'),
(111, 'fr', 'Islande'),
(111, 'it', 'Islanda'),
(112, 'de', 'Israel'),
(112, 'en', 'Israel'),
(112, 'es', 'Israel'),
(112, 'fr', 'Israël'),
(112, 'it', 'Israele'),
(113, 'de', 'Italien'),
(113, 'en', 'Italy'),
(113, 'es', 'Italia'),
(113, 'fr', 'Italie'),
(113, 'it', 'Italia'),
(114, 'de', 'Jamaika'),
(114, 'en', 'Jamaica'),
(114, 'es', 'Jamaica'),
(114, 'fr', 'Jamaïque'),
(114, 'it', 'Giamaica'),
(115, 'de', 'Japan'),
(115, 'en', 'Japan'),
(115, 'es', 'Japón'),
(115, 'fr', 'Japon'),
(115, 'it', 'Giappone'),
(116, 'de', 'Jersey'),
(116, 'en', 'Jersey'),
(116, 'es', 'Jersey'),
(116, 'fr', 'Jersey'),
(116, 'it', 'Jersey'),
(117, 'de', 'Jordanien'),
(117, 'en', 'Jordan'),
(117, 'es', 'Jordania'),
(117, 'fr', 'Jordanie'),
(117, 'it', 'Giordania'),
(118, 'de', 'Kasachstan'),
(118, 'en', 'Kazakhstan'),
(118, 'es', 'Kazajistán'),
(118, 'fr', 'Kazakhstan'),
(118, 'it', 'Kazakistan'),
(119, 'de', 'Kenia'),
(119, 'en', 'Kenya'),
(119, 'es', 'Kenia'),
(119, 'fr', 'Kenya'),
(119, 'it', 'Kenya'),
(120, 'de', 'Kirgisistan'),
(120, 'en', 'Kyrgyzstan'),
(120, 'es', 'Kirguistán'),
(120, 'fr', 'Kirghizistan'),
(120, 'it', 'Kirghizistan'),
(121, 'de', 'Kiribati'),
(121, 'en', 'Kiribati'),
(121, 'es', 'Kiribati'),
(121, 'fr', 'Kiribati'),
(121, 'it', 'Kiribati'),
(122, 'de', 'Kuwait'),
(122, 'en', 'Kuwait'),
(122, 'es', 'Kuwait'),
(122, 'fr', 'Koweït'),
(122, 'it', 'Kuwait'),
(123, 'de', 'Réunion'),
(123, 'en', 'Réunion'),
(123, 'es', 'Reunión'),
(123, 'fr', 'La Réunion'),
(123, 'it', 'Riunione'),
(124, 'de', 'Laos, Demokratische Volksrepublik'),
(124, 'en', 'Lao People''s Democratic Republic'),
(124, 'es', 'Laos'),
(124, 'fr', 'Laos'),
(124, 'it', 'Laos'),
(125, 'de', 'Lesotho'),
(125, 'en', 'Lesotho'),
(125, 'es', 'Lesoto'),
(125, 'fr', 'Lesotho'),
(125, 'it', 'Lesotho'),
(126, 'de', 'Lettland'),
(126, 'en', 'Latvia'),
(126, 'es', 'Letonia'),
(126, 'fr', 'Lettonie'),
(126, 'it', 'Lettonia'),
(127, 'de', 'Libanon'),
(127, 'en', 'Lebanon'),
(127, 'es', 'Líbano'),
(127, 'fr', 'Liban'),
(127, 'it', 'Libano'),
(128, 'de', 'Liberia'),
(128, 'en', 'Liberia'),
(128, 'es', 'Liberia'),
(128, 'fr', 'Libéria'),
(128, 'it', 'Liberia'),
(129, 'de', 'Libysch-Arabische Dschamahirija'),
(129, 'en', 'Libyan Arab Jamahiriya'),
(129, 'es', 'Libia'),
(129, 'fr', 'Libye'),
(129, 'it', 'Libia'),
(130, 'de', 'Liechtenstein'),
(130, 'en', 'Liechtenstein'),
(130, 'es', 'Liechtenstein'),
(130, 'fr', 'Liechtenstein'),
(130, 'it', 'Liechtenstein'),
(131, 'de', 'Litauen'),
(131, 'en', 'Lithuania'),
(131, 'es', 'Lituania'),
(131, 'fr', 'Lituanie'),
(131, 'it', 'Lituania'),
(132, 'de', 'Luxemburg'),
(132, 'en', 'Luxembourg'),
(132, 'es', 'Luxemburgo'),
(132, 'fr', 'Luxembourg'),
(132, 'it', 'Lussemburgo'),
(133, 'de', 'Macao'),
(133, 'en', 'Macao'),
(133, 'es', 'Macao'),
(133, 'fr', 'Macao'),
(133, 'it', 'Macao'),
(134, 'de', 'Mazedonien, ehem. jugoslawische Republik'),
(134, 'en', 'Macedonia, the former Yugoslav Republic of'),
(134, 'es', 'República de Macedonia'),
(134, 'fr', 'Macédoine'),
(134, 'it', 'Macedonia'),
(135, 'de', 'Madagaskar'),
(135, 'en', 'Madagascar'),
(135, 'es', 'Madagascar'),
(135, 'fr', 'Madagascar'),
(135, 'it', 'Madagascar'),
(136, 'de', 'Malaysia'),
(136, 'en', 'Malaysia'),
(136, 'es', 'Malasia'),
(136, 'fr', 'Malaisie'),
(136, 'it', 'Malesia'),
(137, 'de', 'Malawi'),
(137, 'en', 'Malawi'),
(137, 'es', 'Malaui'),
(137, 'fr', 'Malawi'),
(137, 'it', 'Malawi'),
(138, 'de', 'Malediven'),
(138, 'en', 'Maldives'),
(138, 'es', 'Maldivas'),
(138, 'fr', 'Maldives'),
(138, 'it', 'Maldive'),
(139, 'de', 'Mali'),
(139, 'en', 'Mali'),
(139, 'es', 'Malí'),
(139, 'fr', 'Mali'),
(139, 'it', 'Mali'),
(140, 'de', 'Malta'),
(140, 'en', 'Malta'),
(140, 'es', 'Malta'),
(140, 'fr', 'Malte'),
(140, 'it', 'Malta'),
(141, 'de', 'Marokko'),
(141, 'en', 'Morocco'),
(141, 'es', 'Marruecos'),
(141, 'fr', 'Maroc'),
(141, 'it', 'Marocco'),
(142, 'de', 'Marshallinseln'),
(142, 'en', 'Marshall Islands'),
(142, 'es', 'Islas Marshall'),
(142, 'fr', 'Marshall'),
(142, 'it', 'Isole Marshall'),
(143, 'de', 'Martinique'),
(143, 'en', 'Martinique'),
(143, 'es', 'Martinica'),
(143, 'fr', 'Martinique'),
(143, 'it', 'Martinica'),
(144, 'de', 'Mauritius'),
(144, 'en', 'Mauritius'),
(144, 'es', 'Mauricio'),
(144, 'fr', 'Maurice'),
(144, 'it', 'Mauritius'),
(145, 'de', 'Mauretanien'),
(145, 'en', 'Mauritania'),
(145, 'es', 'Mauritania'),
(145, 'fr', 'Mauritanie'),
(145, 'it', 'Mauritania'),
(146, 'de', 'Mayotte'),
(146, 'en', 'Mayotte'),
(146, 'es', 'Mayotte'),
(146, 'fr', 'Mayotte'),
(146, 'it', 'Mayotte'),
(147, 'de', 'Mexiko'),
(147, 'en', 'Mexico'),
(147, 'es', 'México'),
(147, 'fr', 'Mexique'),
(147, 'it', 'Messico'),
(148, 'de', 'Mikronesien'),
(148, 'en', 'Micronesia, Federated States of'),
(148, 'es', 'Micronesia'),
(148, 'fr', 'Micronésie'),
(148, 'it', 'Micronesia'),
(149, 'de', 'Moldawien'),
(149, 'en', 'Moldova, Republic of'),
(149, 'es', 'Moldavia'),
(149, 'fr', 'Moldavie'),
(149, 'it', 'Moldavia'),
(150, 'de', 'Monaco'),
(150, 'en', 'Monaco'),
(150, 'es', 'Mónaco'),
(150, 'fr', 'Monaco'),
(150, 'it', 'Monaco'),
(151, 'de', 'Mongolei'),
(151, 'en', 'Mongolia'),
(151, 'es', 'Mongolia'),
(151, 'fr', 'Mongolie'),
(151, 'it', 'Mongolia'),
(152, 'de', 'Montenegro'),
(152, 'en', 'Montenegro'),
(152, 'es', 'Montenegro'),
(152, 'fr', 'Monténégro'),
(152, 'it', 'Montenegro'),
(153, 'de', 'Montserrat'),
(153, 'en', 'Montserrat'),
(153, 'es', 'Montserrat'),
(153, 'fr', 'Montserrat'),
(153, 'it', 'Montserrat'),
(154, 'de', 'Mosambik'),
(154, 'en', 'Mozambique'),
(154, 'es', 'Mozambique'),
(154, 'fr', 'Mozambique'),
(154, 'it', 'Mozambico'),
(155, 'de', 'Namibia'),
(155, 'en', 'Namibia'),
(155, 'es', 'Namibia'),
(155, 'fr', 'Namibie'),
(155, 'it', 'Namibia'),
(156, 'de', 'Nauru'),
(156, 'en', 'Nauru'),
(156, 'es', 'Nauru'),
(156, 'fr', 'Nauru'),
(156, 'it', 'Nauru'),
(157, 'de', 'Nepal'),
(157, 'en', 'Nepal'),
(157, 'es', 'Nepal'),
(157, 'fr', 'Népal'),
(157, 'it', 'Nepal'),
(158, 'de', 'Nicaragua'),
(158, 'en', 'Nicaragua'),
(158, 'es', 'Nicaragua'),
(158, 'fr', 'Nicaragua'),
(158, 'it', 'Nicaragua'),
(159, 'de', 'Niger'),
(159, 'en', 'Niger'),
(159, 'es', 'Níger'),
(159, 'fr', 'Niger'),
(159, 'it', 'Niger'),
(160, 'de', 'Nigeria'),
(160, 'en', 'Nigeria'),
(160, 'es', 'Nigeria'),
(160, 'fr', 'Nigeria'),
(160, 'it', 'Nigeria'),
(161, 'de', 'Niue'),
(161, 'en', 'Niue'),
(161, 'es', 'Niue'),
(161, 'fr', 'Niué'),
(161, 'it', 'Niue'),
(162, 'de', 'Norfolkinsel'),
(162, 'en', 'Norfolk Island'),
(162, 'es', 'Norfolk'),
(162, 'fr', 'Norfolk'),
(162, 'it', 'Isola Norfolk'),
(163, 'de', 'Norwegen'),
(163, 'en', 'Norway'),
(163, 'es', 'Noruega'),
(163, 'fr', 'Norvège'),
(163, 'it', 'Norvegia'),
(164, 'de', 'Neukaledonien'),
(164, 'en', 'New Caledonia'),
(164, 'es', 'Nueva Caledonia'),
(164, 'fr', 'Nouvelle-Calédonie'),
(164, 'it', 'Nuova Caledonia'),
(165, 'de', 'Neuseeland'),
(165, 'en', 'New Zealand'),
(165, 'es', 'Nueva Zelanda'),
(165, 'fr', 'Nouvelle-Zélande'),
(165, 'it', 'Nuova Zelanda'),
(166, 'de', 'Oman'),
(166, 'en', 'Oman'),
(166, 'es', 'Omán'),
(166, 'fr', 'Oman'),
(166, 'it', 'Oman'),
(167, 'de', 'Uganda'),
(167, 'en', 'Uganda'),
(167, 'es', 'Uganda'),
(167, 'fr', 'Ouganda'),
(167, 'it', 'Uganda'),
(168, 'de', 'Usbekistan'),
(168, 'en', 'Uzbekistan'),
(168, 'es', 'Uzbekistán'),
(168, 'fr', 'Ouzbékistan'),
(168, 'it', 'Uzbekistan'),
(169, 'de', 'Pakistan'),
(169, 'en', 'Pakistan'),
(169, 'es', 'Pakistán'),
(169, 'fr', 'Pakistan'),
(169, 'it', 'Pakistan'),
(170, 'de', 'Palau'),
(170, 'en', 'Palau'),
(170, 'es', 'Palaos'),
(170, 'fr', 'Palaos'),
(170, 'it', 'Palau'),
(171, 'de', 'Palästinensische Autonomiegebiete'),
(171, 'en', 'Palestinian Territory'),
(171, 'es', 'Territorios palestinos'),
(171, 'fr', 'Palestine'),
(171, 'it', 'Autorità Nazionale Palestinese'),
(172, 'de', 'Panama'),
(172, 'en', 'Panama'),
(172, 'es', 'Panamá'),
(172, 'fr', 'Panamá'),
(172, 'it', 'Panamá'),
(173, 'de', 'Papua-Neuguinea'),
(173, 'en', 'Papua New Guinea'),
(173, 'es', 'Papúa Nueva Guinea'),
(173, 'fr', 'Papouasie-Nouvelle-Guinée'),
(173, 'it', 'Papua Nuova Guinea'),
(174, 'de', 'Paraguay'),
(174, 'en', 'Paraguay'),
(174, 'es', 'Paraguay'),
(174, 'fr', 'Paraguay'),
(174, 'it', 'Paraguay'),
(175, 'de', 'Niederlande'),
(175, 'en', 'Netherlands'),
(175, 'es', 'Países Bajos'),
(175, 'fr', 'Pays-Bas'),
(175, 'it', 'Paesi Bassi'),
(176, 'de', 'Peru'),
(176, 'en', 'Peru'),
(176, 'es', 'Perú'),
(176, 'fr', 'Pérou'),
(176, 'it', 'Perù'),
(177, 'de', 'Philippinen'),
(177, 'en', 'Philippines'),
(177, 'es', 'Filipinas'),
(177, 'fr', 'Philippines'),
(177, 'it', 'Filippine'),
(178, 'de', 'Pitcairninseln'),
(178, 'en', 'Pitcairn'),
(178, 'es', 'Islas Pitcairn'),
(178, 'fr', 'Pitcairn'),
(178, 'it', 'Isole Pitcairn'),
(179, 'de', 'Polen'),
(179, 'en', 'Poland'),
(179, 'es', 'Polonia'),
(179, 'fr', 'Pologne'),
(179, 'it', 'Polonia'),
(180, 'de', 'Französisch-Polynesien'),
(180, 'en', 'French Polynesia'),
(180, 'es', 'Polinesia Francesa'),
(180, 'fr', 'Polynésie française'),
(180, 'it', 'Polinesia francese'),
(181, 'de', 'Puerto Rico'),
(181, 'en', 'Puerto Rico'),
(181, 'es', 'Puerto Rico'),
(181, 'fr', 'Porto Rico'),
(181, 'it', 'Porto Rico'),
(182, 'de', 'Portugal'),
(182, 'en', 'Portugal'),
(182, 'es', 'Portugal'),
(182, 'fr', 'Portugal'),
(182, 'it', 'Portogallo'),
(183, 'de', 'Katar'),
(183, 'en', 'Qatar'),
(183, 'es', 'Qatar'),
(183, 'fr', 'Qatar'),
(183, 'it', 'Qatar'),
(184, 'de', 'Kongo, Demokratische Republik'),
(184, 'en', 'Congo, Democratic Republic of the'),
(184, 'es', 'República Democrática del Congo'),
(184, 'fr', 'République démocratique du Congo'),
(184, 'it', 'Rep. Dem. del Congo'),
(185, 'de', 'Dominikanische Republik'),
(185, 'en', 'Dominican Republic'),
(185, 'es', 'República Dominicana'),
(185, 'fr', 'République dominicaine'),
(185, 'it', 'Repubblica Dominicana'),
(186, 'de', 'Tschechische Republik'),
(186, 'en', 'Czech Republic'),
(186, 'es', 'República Checa'),
(186, 'fr', 'République tchèque'),
(186, 'it', 'Repubblica Ceca'),
(187, 'de', 'Rumänien'),
(187, 'en', 'Romania'),
(187, 'es', 'Rumania'),
(187, 'fr', 'Roumanie'),
(187, 'it', 'Romania'),
(188, 'de', 'Vereinigtes Königreich Großbritannien und Nordirland'),
(188, 'en', 'United Kingdom'),
(188, 'es', 'Reino Unido'),
(188, 'fr', 'Royaume-Uni'),
(188, 'it', 'Regno Unito'),
(189, 'de', 'Russische Föderation'),
(189, 'en', 'Russian Federation'),
(189, 'es', 'Rusia'),
(189, 'fr', 'Russie'),
(189, 'it', 'Russia'),
(190, 'de', 'Ruanda'),
(190, 'en', 'Rwanda'),
(190, 'es', 'Ruanda'),
(190, 'fr', 'Rwanda'),
(190, 'it', 'Ruanda'),
(191, 'de', 'Westsahara'),
(191, 'en', 'Western Sahara'),
(191, 'es', 'República Árabe Saharaui Democrática'),
(191, 'fr', 'Sahara occidental'),
(191, 'it', 'Sahara Occidentale'),
(192, 'de', 'Saint-Barthélemy'),
(192, 'en', 'Saint Barthélemy'),
(192, 'es', 'San Bartolomé'),
(192, 'fr', 'Saint-Barthélemy'),
(192, 'it', 'Saint-Barthélemy'),
(193, 'de', 'St. Kitts und Nevis'),
(193, 'en', 'Saint Kitts and Nevis'),
(193, 'es', 'San Cristóbal y Nieves'),
(193, 'fr', 'Saint-Christophe-et-Niévès'),
(193, 'it', 'Saint Kitts e Nevis'),
(194, 'de', 'St. Helena'),
(194, 'en', 'Saint Helena'),
(194, 'es', 'Santa Helena'),
(194, 'fr', 'Sainte-Hélène (territoire)'),
(194, 'it', 'Sant''Elena'),
(195, 'de', 'St. Lucia'),
(195, 'en', 'Saint Lucia'),
(195, 'es', 'Santa Lucía'),
(195, 'fr', 'Sainte-Lucie'),
(195, 'it', 'Santa Lucia'),
(196, 'de', 'San Marino'),
(196, 'en', 'San Marino'),
(196, 'es', 'San Marino'),
(196, 'fr', 'Saint-Marin'),
(196, 'it', 'San Marino'),
(197, 'de', 'Saint-Martin (franz. Teil)'),
(197, 'en', 'Saint Martin'),
(197, 'es', 'Saint-Martin'),
(197, 'fr', 'Saint-Martin'),
(197, 'it', 'Saint-Martin'),
(198, 'de', 'Saint-Pierre und Miquelon'),
(198, 'en', 'Saint Pierre and Miquelon'),
(198, 'es', 'San Pedro y Miquelón'),
(198, 'fr', 'Saint-Pierre-et-Miquelon'),
(198, 'it', 'Saint-Pierre e Miquelon'),
(199, 'de', 'St. Vincent und die Grenadinen'),
(199, 'en', 'Saint Vincent and the Grenadines'),
(199, 'es', 'San Vicente y las Granadinas'),
(199, 'fr', 'Saint-Vincent-et-les Grenadines'),
(199, 'it', 'Saint Vincent e Grenadine'),
(200, 'de', 'Salomonen'),
(200, 'en', 'Solomon Islands'),
(200, 'es', 'Islas Salomón'),
(200, 'fr', 'Salomon'),
(200, 'it', 'Isole Salomone'),
(201, 'de', 'El Salvador'),
(201, 'en', 'El Salvador'),
(201, 'es', 'El Salvador'),
(201, 'fr', 'Salvador'),
(201, 'it', 'El Salvador'),
(202, 'de', 'Samoa'),
(202, 'en', 'Samoa'),
(202, 'es', 'Samoa'),
(202, 'fr', 'Samoa'),
(202, 'it', 'Samoa'),
(203, 'de', 'Amerikanisch-Samoa'),
(203, 'en', 'American Samoa'),
(203, 'es', 'Samoa Americana'),
(203, 'fr', 'Samoa américaines'),
(203, 'it', 'Samoa Americane'),
(204, 'de', 'São Tomé und Príncipe'),
(204, 'en', 'Sao Tome and Principe'),
(204, 'es', 'Santo Tomé y Príncipe'),
(204, 'fr', 'Sao Tomé-et-Principe'),
(204, 'it', 'São Tomé e Príncipe'),
(205, 'de', 'Senegal'),
(205, 'en', 'Senegal'),
(205, 'es', 'Senegal'),
(205, 'fr', 'Sénégal'),
(205, 'it', 'Senegal'),
(206, 'de', 'Serbien'),
(206, 'en', 'Serbia'),
(206, 'es', 'Serbia'),
(206, 'fr', 'Serbie'),
(206, 'it', 'Serbia'),
(207, 'de', 'Seychellen'),
(207, 'en', 'Seychelles'),
(207, 'es', 'Seychelles'),
(207, 'fr', 'Seychelles'),
(207, 'it', 'Seychelles'),
(208, 'de', 'Sierra Leone'),
(208, 'en', 'Sierra Leone'),
(208, 'es', 'Sierra Leona'),
(208, 'fr', 'Sierra Leone'),
(208, 'it', 'Sierra Leone'),
(209, 'de', 'Singapur'),
(209, 'en', 'Singapore'),
(209, 'es', 'Singapur'),
(209, 'fr', 'Singapour'),
(209, 'it', 'Singapore'),
(210, 'de', 'Slowakei'),
(210, 'en', 'Slovakia'),
(210, 'es', 'Eslovaquia'),
(210, 'fr', 'Slovaquie'),
(210, 'it', 'Slovacchia'),
(211, 'de', 'Slowenien'),
(211, 'en', 'Slovenia'),
(211, 'es', 'Eslovenia'),
(211, 'fr', 'Slovénie'),
(211, 'it', 'Slovenia'),
(212, 'de', 'Somalia'),
(212, 'en', 'Somalia'),
(212, 'es', 'Somalia'),
(212, 'fr', 'Somalie'),
(212, 'it', 'Somalia'),
(213, 'de', 'Sudan'),
(213, 'en', 'Sudan'),
(213, 'es', 'Sudán'),
(213, 'fr', 'Soudan'),
(213, 'it', 'Sudan'),
(214, 'de', 'Sri Lanka'),
(214, 'en', 'Sri Lanka'),
(214, 'es', 'Sri Lanka'),
(214, 'fr', 'Sri Lanka'),
(214, 'it', 'Sri Lanka'),
(215, 'de', 'Schweden'),
(215, 'en', 'Sweden'),
(215, 'es', 'Suecia'),
(215, 'fr', 'Suède'),
(215, 'it', 'Svezia'),
(216, 'de', 'Schweiz'),
(216, 'en', 'Switzerland'),
(216, 'es', 'Suiza'),
(216, 'fr', 'Suisse'),
(216, 'it', 'Svizzera'),
(217, 'de', 'Suriname'),
(217, 'en', 'Suriname'),
(217, 'es', 'Surinam'),
(217, 'fr', 'Suriname'),
(217, 'it', 'Suriname'),
(218, 'de', 'Svalbard und Jan Mayen'),
(218, 'en', 'Svalbard and Jan Mayen'),
(218, 'es', 'Svalbard y Jan Mayen'),
(218, 'fr', 'Svalbard et île Jan Mayen'),
(218, 'it', 'Svalbard e Jan Mayen'),
(219, 'de', 'Swasiland'),
(219, 'en', 'Swaziland'),
(219, 'es', 'Suazilandia'),
(219, 'fr', 'Swaziland'),
(219, 'it', 'Swaziland'),
(220, 'de', 'Syrien, Arabische Republik'),
(220, 'en', 'Syrian Arab Republic'),
(220, 'es', 'Siria'),
(220, 'fr', 'Syrie'),
(220, 'it', 'Siria'),
(221, 'de', 'Tadschikistan'),
(221, 'en', 'Tajikistan'),
(221, 'es', 'Tayikistán'),
(221, 'fr', 'Tadjikistan'),
(221, 'it', 'Tagikistan'),
(222, 'de', 'Taiwan'),
(222, 'en', 'Taiwan'),
(222, 'es', 'Taiwán'),
(222, 'fr', 'Taïwan'),
(222, 'it', 'Taiwan'),
(223, 'de', 'Tansania, Vereinigte Republik'),
(223, 'en', 'Tanzania, United Republic of'),
(223, 'es', 'Tanzania'),
(223, 'fr', 'Tanzanie'),
(223, 'it', 'Tanzania'),
(224, 'de', 'Tschad'),
(224, 'en', 'Chad'),
(224, 'es', 'Chad'),
(224, 'fr', 'Tchad'),
(224, 'it', 'Ciad'),
(225, 'de', 'Französische Süd- und Antarktisgebiete'),
(225, 'en', 'French Southern Territories'),
(225, 'es', 'Territorios Australes Franceses'),
(225, 'fr', 'Terres australes et antarctiques françaises'),
(225, 'it', 'Terre Australi e Antartiche Francesi'),
(226, 'de', 'Britisches Territorium im Indischen Ozean'),
(226, 'en', 'British Indian Ocean Territory'),
(226, 'es', 'Territorio Británico del Océano Índico'),
(226, 'fr', 'Territoire britannique de l''océan Indien'),
(226, 'it', 'Territorio Britannico dell''Oceano Indiano'),
(227, 'de', 'Thailand'),
(227, 'en', 'Thailand'),
(227, 'es', 'Tailandia'),
(227, 'fr', 'Thaïlande'),
(227, 'it', 'Thailandia'),
(228, 'de', 'Osttimor'),
(228, 'en', 'Timor-Leste'),
(228, 'es', 'Timor Oriental'),
(228, 'fr', 'Timor oriental'),
(228, 'it', 'Timor Est'),
(229, 'de', 'Togo'),
(229, 'en', 'Togo'),
(229, 'es', 'Togo'),
(229, 'fr', 'Togo'),
(229, 'it', 'Togo'),
(230, 'de', 'Tokelau'),
(230, 'en', 'Tokelau'),
(230, 'es', 'Tokelau'),
(230, 'fr', 'Tokelau'),
(230, 'it', 'Tokelau'),
(231, 'de', 'Tonga'),
(231, 'en', 'Tonga'),
(231, 'es', 'Tonga'),
(231, 'fr', 'Tonga'),
(231, 'it', 'Tonga'),
(232, 'de', 'Trinidad und Tobago'),
(232, 'en', 'Trinidad and Tobago'),
(232, 'es', 'Trinidad y Tobago'),
(232, 'fr', 'Trinité-et-Tobago'),
(232, 'it', 'Trinidad e Tobago'),
(233, 'de', 'Tunesien'),
(233, 'en', 'Tunisia'),
(233, 'es', 'Túnez'),
(233, 'fr', 'Tunisie'),
(233, 'it', 'Tunisia'),
(234, 'de', 'Turkmenistan'),
(234, 'en', 'Turkmenistan'),
(234, 'es', 'Turkmenistán'),
(234, 'fr', 'Turkménistan'),
(234, 'it', 'Turkmenistan'),
(235, 'de', 'Türkei'),
(235, 'en', 'Turkey'),
(235, 'es', 'Turquía'),
(235, 'fr', 'Turquie'),
(235, 'it', 'Turchia'),
(236, 'de', 'Tuvalu'),
(236, 'en', 'Tuvalu'),
(236, 'es', 'Tuvalu'),
(236, 'fr', 'Tuvalu'),
(236, 'it', 'Tuvalu'),
(237, 'de', 'Ukraine'),
(237, 'en', 'Ukraine'),
(237, 'es', 'Ucrania'),
(237, 'fr', 'Ukraine'),
(237, 'it', 'Ucraina'),
(238, 'de', 'Uruguay'),
(238, 'en', 'Uruguay'),
(238, 'es', 'Uruguay'),
(238, 'fr', 'Uruguay'),
(238, 'it', 'Uruguay'),
(239, 'de', 'Vanuatu'),
(239, 'en', 'Vanuatu'),
(239, 'es', 'Vanuatu'),
(239, 'fr', 'Vanuatu'),
(239, 'it', 'Vanuatu'),
(240, 'de', 'Vatikanstadt'),
(240, 'en', 'Holy See (Vatican City State)'),
(240, 'es', 'Ciudad del Vaticano'),
(240, 'fr', 'Vatican / (Saint-Siège)'),
(240, 'it', 'Città del Vaticano'),
(241, 'de', 'Venezuela'),
(241, 'en', 'Venezuela'),
(241, 'es', 'Venezuela'),
(241, 'fr', 'Venezuela'),
(241, 'it', 'Venezuela'),
(242, 'de', 'Vietnam'),
(242, 'en', 'Viet Nam'),
(242, 'es', 'Vietnam'),
(242, 'fr', 'Viêt Nam'),
(242, 'it', 'Vietnam'),
(243, 'de', 'Wallis und Futuna'),
(243, 'en', 'Wallis and Futuna'),
(243, 'es', 'Wallis y Futuna'),
(243, 'fr', 'Wallis-et-Futuna'),
(243, 'it', 'Wallis e Futuna'),
(244, 'de', 'Jemen'),
(244, 'en', 'Yemen'),
(244, 'es', 'Yemen'),
(244, 'fr', 'Yémen'),
(244, 'it', 'Yemen'),
(245, 'de', 'Sambia'),
(245, 'en', 'Zambia'),
(245, 'es', 'Zambia'),
(245, 'fr', 'Zambie'),
(245, 'it', 'Zambia'),
(246, 'de', 'Simbabwe'),
(246, 'en', 'Zimbabwe'),
(246, 'es', 'Zimbabue'),
(246, 'fr', 'Zimbabwe'),
(246, 'it', 'Zimbabwe');

-- --------------------------------------------------------

--
-- Structure de la table `photos`
--

CREATE TABLE IF NOT EXISTS `photos` (
  `photos_id` int(10) unsigned NOT NULL AUTO_INCREMENT,
  `photos_active` enum('Y','N') NOT NULL DEFAULT 'N',
  `photos_profil` enum('superviseur','referenceur','administrateur','commercial','redacteur') NOT NULL DEFAULT 'administrateur',
  `agences_id` int(10) unsigned DEFAULT NULL,
  `actualites_id` int(10) unsigned DEFAULT NULL,
  `annonces_id` int(10) unsigned DEFAULT NULL,
  `cmspages_id` int(10) unsigned DEFAULT NULL,
  `dossiers_id` int(10) unsigned DEFAULT NULL,
  `formations_id` int(10) unsigned DEFAULT NULL,
  `produits_id` int(10) unsigned DEFAULT NULL,
  `photos_image` varchar(150) DEFAULT NULL,
  `photos_ordre` int(10) unsigned NOT NULL DEFAULT '1',
  PRIMARY KEY (`photos_id`),
  KEY `fk_photos_actualites_id` (`actualites_id`),
  KEY `fk_photos_cmspages_id` (`cmspages_id`),
  KEY `fk_photos_dossiers_id` (`dossiers_id`),
  KEY `fk_photos_formations_id` (`formations_id`),
  KEY `fk_photos_produits_id` (`produits_id`),
  KEY `fk_photos_agences_id` (`agences_id`),
  KEY `fk_photos_annonces_id` (`annonces_id`)
) ENGINE=InnoDB  DEFAULT CHARSET=utf8 AUTO_INCREMENT=376 ;

--
-- Contenu de la table `photos`
--

INSERT INTO `photos` (`photos_id`, `photos_active`, `photos_profil`, `agences_id`, `actualites_id`, `annonces_id`, `cmspages_id`, `dossiers_id`, `formations_id`, `produits_id`, `photos_image`, `photos_ordre`) VALUES
(1, 'Y', 'administrateur', NULL, NULL, NULL, NULL, NULL, NULL, NULL, '/uploaded/photos/photos_image_1.jpg', 354),
(2, 'Y', 'administrateur', NULL, NULL, NULL, NULL, NULL, NULL, NULL, '/uploaded/photos/photos_image_2.jpg', 353),
(3, 'Y', 'administrateur', NULL, NULL, NULL, NULL, NULL, NULL, NULL, '/uploaded/photos/photos_image_3.jpg', 352),
(4, 'Y', 'administrateur', NULL, NULL, NULL, NULL, NULL, NULL, NULL, '/uploaded/photos/photos_image_4.jpg', 351),
(5, 'Y', 'administrateur', NULL, NULL, NULL, NULL, NULL, NULL, NULL, '/uploaded/photos/photos_image_5.jpg', 350),
(7, 'Y', 'administrateur', NULL, NULL, NULL, NULL, NULL, NULL, NULL, '/uploaded/photos/photos_image_7.jpg', 349),
(8, 'Y', 'administrateur', NULL, NULL, NULL, NULL, NULL, NULL, NULL, '/uploaded/photos/photos_image_8.jpg', 348),
(9, 'Y', 'administrateur', NULL, NULL, NULL, NULL, NULL, NULL, NULL, '/uploaded/photos/photos_image_9.jpg', 347),
(10, 'Y', 'administrateur', NULL, NULL, NULL, NULL, NULL, NULL, NULL, '/uploaded/photos/photos_image_10.jpg', 346),
(11, 'Y', 'administrateur', NULL, 1, NULL, NULL, NULL, NULL, NULL, '/uploaded/photos/photos_image_11.jpg', 345),
(15, 'Y', 'administrateur', NULL, NULL, NULL, NULL, 15, NULL, NULL, '/uploaded/photos/photos_image_15.jpg', 344),
(16, 'Y', 'administrateur', NULL, NULL, NULL, NULL, 15, NULL, NULL, '/uploaded/photos/photos_image_16.jpg', 343),
(17, 'Y', 'administrateur', NULL, NULL, NULL, NULL, 15, NULL, NULL, '/uploaded/photos/photos_image_17.jpg', 242),
(18, 'Y', 'administrateur', NULL, NULL, NULL, NULL, NULL, NULL, NULL, '/uploaded/photos/photos_image_18.jpg', 342),
(19, 'Y', 'administrateur', NULL, NULL, NULL, NULL, NULL, NULL, NULL, '/uploaded/photos/photos_image_19.jpg', 341),
(20, 'Y', 'administrateur', NULL, NULL, NULL, NULL, 14, NULL, NULL, '/uploaded/photos/photos_image_20.jpg', 340),
(21, 'Y', 'administrateur', NULL, NULL, NULL, NULL, 14, NULL, NULL, '/uploaded/photos/photos_image_21.jpg', 337),
(23, 'Y', 'administrateur', NULL, NULL, NULL, NULL, 14, NULL, NULL, '/uploaded/photos/photos_image_23.jpg', 339),
(24, 'Y', 'administrateur', NULL, NULL, NULL, NULL, 14, NULL, NULL, '/uploaded/photos/photos_image_24.jpg', 338),
(25, 'Y', 'administrateur', NULL, NULL, NULL, NULL, 17, NULL, NULL, '/uploaded/photos/photos_image_25.jpg', 336),
(26, 'Y', 'administrateur', NULL, NULL, NULL, NULL, 17, NULL, NULL, '/uploaded/photos/photos_image_26.jpg', 335),
(27, 'Y', 'administrateur', NULL, NULL, NULL, NULL, 17, NULL, NULL, '/uploaded/photos/photos_image_27.jpg', 334),
(28, 'Y', 'administrateur', NULL, NULL, NULL, NULL, 17, NULL, NULL, '/uploaded/photos/photos_image_28.jpg', 333),
(29, 'Y', 'administrateur', NULL, NULL, NULL, NULL, 18, NULL, NULL, '/uploaded/photos/photos_image_29.jpg', 329),
(30, 'Y', 'administrateur', NULL, NULL, NULL, NULL, 18, NULL, NULL, '/uploaded/photos/photos_image_30.jpg', 332),
(31, 'Y', 'administrateur', NULL, NULL, NULL, NULL, 18, NULL, NULL, '/uploaded/photos/photos_image_31.jpg', 331),
(32, 'Y', 'administrateur', NULL, NULL, NULL, NULL, 18, NULL, NULL, '/uploaded/photos/photos_image_32.jpg', 330),
(33, 'Y', 'administrateur', NULL, NULL, NULL, NULL, 19, NULL, NULL, '/uploaded/photos/photos_image_33.jpg', 328),
(34, 'Y', 'administrateur', NULL, NULL, NULL, NULL, 19, NULL, NULL, '/uploaded/photos/photos_image_34.jpg', 327),
(35, 'Y', 'administrateur', NULL, NULL, NULL, NULL, 19, NULL, NULL, '/uploaded/photos/photos_image_35.jpg', 326),
(36, 'Y', 'administrateur', NULL, NULL, NULL, NULL, 20, NULL, NULL, '/uploaded/photos/photos_image_36.jpg', 325),
(37, 'Y', 'administrateur', NULL, NULL, NULL, NULL, 20, NULL, NULL, '/uploaded/photos/photos_image_37.jpg', 323),
(38, 'Y', 'administrateur', NULL, NULL, NULL, NULL, 20, NULL, NULL, '/uploaded/photos/photos_image_38.jpg', 324),
(39, 'Y', 'administrateur', NULL, NULL, NULL, NULL, 21, NULL, NULL, '/uploaded/photos/photos_image_39.jpg', 322),
(40, 'Y', 'administrateur', NULL, NULL, NULL, NULL, 21, NULL, NULL, '/uploaded/photos/photos_image_40.jpg', 321),
(41, 'Y', 'administrateur', NULL, NULL, NULL, NULL, 21, NULL, NULL, '/uploaded/photos/photos_image_41.jpg', 320),
(42, 'Y', 'administrateur', NULL, NULL, NULL, NULL, 21, NULL, NULL, '/uploaded/photos/photos_image_42.jpg', 319),
(43, 'Y', 'administrateur', NULL, NULL, NULL, NULL, 22, NULL, NULL, '/uploaded/photos/photos_image_43.jpg', 318),
(44, 'Y', 'administrateur', NULL, NULL, NULL, NULL, 22, NULL, NULL, '/uploaded/photos/photos_image_44.jpg', 317),
(45, 'Y', 'administrateur', NULL, NULL, NULL, NULL, 23, NULL, NULL, '/uploaded/photos/photos_image_45.jpg', 316),
(46, 'Y', 'administrateur', NULL, NULL, NULL, NULL, 23, NULL, NULL, '/uploaded/photos/photos_image_46.jpg', 315),
(47, 'Y', 'administrateur', NULL, NULL, NULL, NULL, 23, NULL, NULL, '/uploaded/photos/photos_image_47.jpg', 314),
(48, 'Y', 'administrateur', NULL, NULL, NULL, NULL, 24, NULL, NULL, '/uploaded/photos/photos_image_48.jpg', 313),
(49, 'Y', 'administrateur', NULL, NULL, NULL, NULL, 24, NULL, NULL, '/uploaded/photos/photos_image_49.jpg', 312),
(50, 'Y', 'administrateur', NULL, NULL, NULL, NULL, 25, NULL, NULL, '/uploaded/photos/photos_image_50.jpg', 311),
(51, 'Y', 'administrateur', NULL, NULL, NULL, NULL, 25, NULL, NULL, '/uploaded/photos/photos_image_51.jpg', 310),
(52, 'Y', 'administrateur', NULL, NULL, NULL, NULL, 25, NULL, NULL, '/uploaded/photos/photos_image_52.jpg', 309),
(53, 'Y', 'administrateur', NULL, NULL, NULL, NULL, 25, NULL, NULL, '/uploaded/photos/photos_image_53.jpg', 308),
(54, 'Y', 'administrateur', NULL, NULL, NULL, NULL, 25, NULL, NULL, '/uploaded/photos/photos_image_54.jpg', 307),
(55, 'Y', 'administrateur', NULL, NULL, NULL, NULL, 26, NULL, NULL, '/uploaded/photos/photos_image_55.jpg', 306),
(56, 'Y', 'administrateur', NULL, NULL, NULL, NULL, 26, NULL, NULL, '/uploaded/photos/photos_image_56.jpg', 305),
(57, 'Y', 'administrateur', NULL, NULL, NULL, NULL, 26, NULL, NULL, '/uploaded/photos/photos_image_57.jpg', 304),
(58, 'Y', 'administrateur', NULL, NULL, NULL, NULL, 26, NULL, NULL, '/uploaded/photos/photos_image_58.jpg', 303),
(59, 'Y', 'administrateur', NULL, NULL, NULL, NULL, 27, NULL, NULL, '/uploaded/photos/photos_image_59.jpg', 302),
(60, 'Y', 'administrateur', NULL, NULL, NULL, NULL, 27, NULL, NULL, '/uploaded/photos/photos_image_60.jpg', 301),
(61, 'Y', 'administrateur', NULL, NULL, NULL, NULL, 27, NULL, NULL, '/uploaded/photos/photos_image_61.jpg', 300),
(62, 'Y', 'administrateur', NULL, NULL, NULL, NULL, 27, NULL, NULL, '/uploaded/photos/photos_image_62.jpg', 299),
(63, 'Y', 'administrateur', NULL, NULL, NULL, NULL, 28, NULL, NULL, '/uploaded/photos/photos_image_63.jpg', 298),
(64, 'Y', 'administrateur', NULL, NULL, NULL, NULL, 28, NULL, NULL, '/uploaded/photos/photos_image_64.jpg', 297),
(65, 'Y', 'administrateur', NULL, NULL, NULL, NULL, 28, NULL, NULL, '/uploaded/photos/photos_image_65.jpg', 296),
(66, 'Y', 'administrateur', NULL, NULL, NULL, NULL, 29, NULL, NULL, '/uploaded/photos/photos_image_66.jpg', 295),
(67, 'Y', 'administrateur', NULL, NULL, NULL, NULL, 29, NULL, NULL, '/uploaded/photos/photos_image_67.jpg', 294),
(68, 'Y', 'administrateur', NULL, NULL, NULL, NULL, 29, NULL, NULL, '/uploaded/photos/photos_image_68.jpg', 293),
(69, 'Y', 'administrateur', NULL, NULL, NULL, NULL, 29, NULL, NULL, '/uploaded/photos/photos_image_69.jpg', 292),
(70, 'Y', 'administrateur', NULL, NULL, NULL, NULL, 30, NULL, NULL, '/uploaded/photos/photos_image_70.jpg', 289),
(71, 'Y', 'administrateur', NULL, NULL, NULL, NULL, 30, NULL, NULL, '/uploaded/photos/photos_image_71.jpg', 291),
(72, 'Y', 'administrateur', NULL, NULL, NULL, NULL, 30, NULL, NULL, '/uploaded/photos/photos_image_72.jpg', 290),
(73, 'Y', 'administrateur', NULL, NULL, NULL, NULL, 31, NULL, NULL, '/uploaded/photos/photos_image_73.jpg', 288),
(74, 'Y', 'administrateur', NULL, NULL, NULL, NULL, 31, NULL, NULL, '/uploaded/photos/photos_image_74.jpg', 287),
(75, 'Y', 'administrateur', NULL, NULL, NULL, NULL, 31, NULL, NULL, '/uploaded/photos/photos_image_75.jpg', 286),
(76, 'Y', 'administrateur', NULL, NULL, NULL, NULL, 31, NULL, NULL, '/uploaded/photos/photos_image_76.jpg', 285),
(77, 'Y', 'administrateur', NULL, NULL, NULL, NULL, 32, NULL, NULL, '/uploaded/photos/photos_image_77.jpg', 284),
(78, 'Y', 'administrateur', NULL, NULL, NULL, NULL, 32, NULL, NULL, '/uploaded/photos/photos_image_78.jpg', 283),
(79, 'Y', 'administrateur', NULL, NULL, NULL, NULL, 32, NULL, NULL, '/uploaded/photos/photos_image_79.jpg', 282),
(80, 'Y', 'administrateur', NULL, NULL, NULL, NULL, 32, NULL, NULL, '/uploaded/photos/photos_image_80.jpg', 281),
(81, 'Y', 'administrateur', NULL, NULL, NULL, NULL, 33, NULL, NULL, '/uploaded/photos/photos_image_81.jpg', 280),
(82, 'Y', 'administrateur', NULL, NULL, NULL, NULL, 33, NULL, NULL, '/uploaded/photos/photos_image_82.jpg', 279),
(83, 'Y', 'administrateur', NULL, NULL, NULL, NULL, 33, NULL, NULL, '/uploaded/photos/photos_image_83.jpg', 278),
(84, 'Y', 'administrateur', NULL, NULL, NULL, NULL, 34, NULL, NULL, '/uploaded/photos/photos_image_84.jpg', 277),
(85, 'Y', 'administrateur', NULL, NULL, NULL, NULL, 34, NULL, NULL, '/uploaded/photos/photos_image_85.jpg', 276),
(86, 'Y', 'administrateur', NULL, NULL, NULL, NULL, 34, NULL, NULL, '/uploaded/photos/photos_image_86.jpg', 275),
(87, 'Y', 'administrateur', NULL, NULL, NULL, NULL, 34, NULL, NULL, '/uploaded/photos/photos_image_87.jpg', 274),
(88, 'Y', 'administrateur', NULL, NULL, NULL, NULL, 35, NULL, NULL, '/uploaded/photos/photos_image_88.jpg', 273),
(89, 'Y', 'administrateur', NULL, NULL, NULL, NULL, 35, NULL, NULL, '/uploaded/photos/photos_image_89.jpg', 272),
(91, 'Y', 'administrateur', NULL, NULL, NULL, NULL, 36, NULL, NULL, '/uploaded/photos/photos_image_91.jpg', 271),
(92, 'Y', 'administrateur', NULL, NULL, NULL, NULL, 36, NULL, NULL, '/uploaded/photos/photos_image_92.jpg', 270),
(93, 'Y', 'administrateur', NULL, NULL, NULL, NULL, 36, NULL, NULL, '/uploaded/photos/photos_image_93.jpg', 269),
(94, 'Y', 'administrateur', NULL, NULL, NULL, NULL, 37, NULL, NULL, '/uploaded/photos/photos_image_94.jpg', 268),
(95, 'Y', 'administrateur', NULL, NULL, NULL, NULL, 37, NULL, NULL, '/uploaded/photos/photos_image_95.jpg', 267),
(96, 'Y', 'administrateur', NULL, NULL, NULL, NULL, 37, NULL, NULL, '/uploaded/photos/photos_image_96.jpg', 266),
(97, 'Y', 'administrateur', NULL, NULL, NULL, NULL, 37, NULL, NULL, '/uploaded/photos/photos_image_97.jpg', 265),
(98, 'Y', 'administrateur', NULL, NULL, NULL, NULL, 38, NULL, NULL, '/uploaded/photos/photos_image_98.jpg', 264),
(99, 'Y', 'administrateur', NULL, NULL, NULL, NULL, 38, NULL, NULL, '/uploaded/photos/photos_image_99.jpg', 263),
(100, 'Y', 'administrateur', NULL, NULL, NULL, NULL, 38, NULL, NULL, '/uploaded/photos/photos_image_100.jpg', 262),
(101, 'Y', 'administrateur', NULL, NULL, NULL, NULL, 38, NULL, NULL, '/uploaded/photos/photos_image_101.jpg', 261),
(102, 'Y', 'administrateur', NULL, NULL, NULL, NULL, 39, NULL, NULL, '/uploaded/photos/photos_image_102.jpg', 260),
(103, 'Y', 'administrateur', NULL, NULL, NULL, NULL, 39, NULL, NULL, '/uploaded/photos/photos_image_103.jpg', 259),
(104, 'Y', 'administrateur', NULL, NULL, NULL, NULL, 39, NULL, NULL, '/uploaded/photos/photos_image_104.jpg', 258),
(105, 'Y', 'administrateur', NULL, NULL, NULL, NULL, 40, NULL, NULL, '/uploaded/photos/photos_image_105.jpg', 257),
(106, 'Y', 'administrateur', NULL, NULL, NULL, NULL, 40, NULL, NULL, '/uploaded/photos/photos_image_106.jpg', 254),
(107, 'Y', 'administrateur', NULL, NULL, NULL, NULL, 40, NULL, NULL, '/uploaded/photos/photos_image_107.jpg', 256),
(108, 'Y', 'administrateur', NULL, NULL, NULL, NULL, 40, NULL, NULL, '/uploaded/photos/photos_image_108.jpg', 255),
(109, 'Y', 'administrateur', NULL, NULL, NULL, NULL, 41, NULL, NULL, '/uploaded/photos/photos_image_109.jpg', 253),
(110, 'Y', 'administrateur', NULL, NULL, NULL, NULL, 41, NULL, NULL, '/uploaded/photos/photos_image_110.jpg', 252),
(112, 'Y', 'administrateur', NULL, NULL, NULL, NULL, 42, NULL, NULL, '/uploaded/photos/photos_image_112.jpg', 251),
(113, 'Y', 'administrateur', NULL, NULL, NULL, NULL, 42, NULL, NULL, '/uploaded/photos/photos_image_113.jpg', 250),
(114, 'Y', 'administrateur', NULL, NULL, NULL, NULL, 42, NULL, NULL, '/uploaded/photos/photos_image_114.jpg', 249),
(115, 'Y', 'administrateur', NULL, NULL, NULL, NULL, 42, NULL, NULL, '/uploaded/photos/photos_image_115.jpg', 248),
(116, 'Y', 'administrateur', NULL, NULL, NULL, NULL, 30, NULL, NULL, '/uploaded/photos/photos_image_116.jpg', 246),
(117, 'Y', 'administrateur', NULL, NULL, NULL, NULL, 30, NULL, NULL, '/uploaded/photos/photos_image_117.jpg', 247),
(118, 'Y', 'administrateur', NULL, NULL, NULL, NULL, 27, NULL, NULL, '/uploaded/photos/photos_image_118.jpg', 245),
(119, 'Y', 'administrateur', NULL, NULL, NULL, NULL, NULL, NULL, NULL, '/uploaded/photos/photos_image_119.jpg', 244),
(120, 'Y', 'administrateur', NULL, NULL, NULL, NULL, 54, NULL, NULL, '/uploaded/photos/photos_image_120.jpg', 243),
(122, 'Y', 'administrateur', NULL, NULL, NULL, NULL, 55, NULL, NULL, '/uploaded/photos/photos_image_122.jpg', 241),
(123, 'Y', 'administrateur', NULL, NULL, NULL, NULL, 55, NULL, NULL, '/uploaded/photos/photos_image_123.jpg', 240),
(124, 'Y', 'administrateur', NULL, NULL, NULL, NULL, 55, NULL, NULL, '/uploaded/photos/photos_image_124.jpg', 239),
(125, 'Y', 'administrateur', NULL, NULL, NULL, NULL, 56, NULL, NULL, '/uploaded/photos/photos_image_125.jpg', 238),
(126, 'Y', 'administrateur', NULL, NULL, NULL, NULL, 56, NULL, NULL, '/uploaded/photos/photos_image_126.jpg', 237),
(127, 'Y', 'administrateur', NULL, NULL, NULL, NULL, 56, NULL, NULL, '/uploaded/photos/photos_image_127.jpg', 236),
(128, 'Y', 'administrateur', NULL, NULL, NULL, NULL, 57, NULL, NULL, '/uploaded/photos/photos_image_128.jpg', 235),
(129, 'Y', 'administrateur', NULL, NULL, NULL, NULL, 57, NULL, NULL, '/uploaded/photos/photos_image_129.jpg', 234),
(130, 'Y', 'administrateur', NULL, NULL, NULL, NULL, 57, NULL, NULL, '/uploaded/photos/photos_image_130.jpg', 233),
(131, 'Y', 'administrateur', NULL, NULL, NULL, NULL, 58, NULL, NULL, '/uploaded/photos/photos_image_131.jpg', 232),
(132, 'Y', 'administrateur', NULL, NULL, NULL, NULL, 58, NULL, NULL, '/uploaded/photos/photos_image_132.jpg', 231),
(133, 'Y', 'administrateur', NULL, NULL, NULL, NULL, 58, NULL, NULL, '/uploaded/photos/photos_image_133.jpg', 230),
(134, 'Y', 'administrateur', NULL, NULL, NULL, NULL, 58, NULL, NULL, '/uploaded/photos/photos_image_134.jpg', 229),
(135, 'Y', 'administrateur', NULL, NULL, NULL, NULL, 59, NULL, NULL, '/uploaded/photos/photos_image_135.jpg', 228),
(136, 'Y', 'administrateur', NULL, NULL, NULL, NULL, 59, NULL, NULL, '/uploaded/photos/photos_image_136.jpg', 227),
(137, 'Y', 'administrateur', NULL, NULL, NULL, NULL, 59, NULL, NULL, '/uploaded/photos/photos_image_137.jpg', 226),
(138, 'Y', 'administrateur', NULL, NULL, NULL, NULL, 60, NULL, NULL, '/uploaded/photos/photos_image_138.jpg', 225),
(139, 'Y', 'administrateur', NULL, NULL, NULL, NULL, 60, NULL, NULL, '/uploaded/photos/photos_image_139.jpg', 224),
(140, 'Y', 'administrateur', NULL, NULL, NULL, NULL, 60, NULL, NULL, '/uploaded/photos/photos_image_140.jpg', 223),
(141, 'Y', 'administrateur', NULL, NULL, NULL, NULL, 60, NULL, NULL, '/uploaded/photos/photos_image_141.jpg', 222),
(142, 'Y', 'administrateur', NULL, NULL, NULL, NULL, 61, NULL, NULL, '/uploaded/photos/photos_image_142.jpg', 221),
(143, 'Y', 'administrateur', NULL, NULL, NULL, NULL, 61, NULL, NULL, '/uploaded/photos/photos_image_143.jpg', 220),
(144, 'Y', 'administrateur', NULL, NULL, NULL, NULL, 61, NULL, NULL, '/uploaded/photos/photos_image_144.jpg', 219),
(145, 'Y', 'administrateur', NULL, NULL, NULL, NULL, 61, NULL, NULL, '/uploaded/photos/photos_image_145.jpg', 218),
(146, 'Y', 'administrateur', NULL, NULL, NULL, NULL, 62, NULL, NULL, '/uploaded/photos/photos_image_146.jpg', 217),
(147, 'Y', 'administrateur', NULL, NULL, NULL, NULL, 62, NULL, NULL, '/uploaded/photos/photos_image_147.jpg', 216),
(148, 'Y', 'administrateur', NULL, NULL, NULL, NULL, 62, NULL, NULL, '/uploaded/photos/photos_image_148.jpg', 215),
(149, 'Y', 'administrateur', NULL, NULL, NULL, NULL, 62, NULL, NULL, '/uploaded/photos/photos_image_149.jpg', 214),
(150, 'Y', 'administrateur', NULL, NULL, NULL, NULL, 63, NULL, NULL, '/uploaded/photos/photos_image_150.jpg', 213),
(151, 'Y', 'administrateur', NULL, NULL, NULL, NULL, 63, NULL, NULL, '/uploaded/photos/photos_image_151.jpg', 212),
(152, 'Y', 'administrateur', NULL, NULL, NULL, NULL, 63, NULL, NULL, '/uploaded/photos/photos_image_152.jpg', 211),
(153, 'Y', 'administrateur', NULL, NULL, NULL, NULL, 63, NULL, NULL, '/uploaded/photos/photos_image_153.jpg', 210),
(154, 'Y', 'administrateur', NULL, NULL, NULL, NULL, 63, NULL, NULL, '/uploaded/photos/photos_image_154.jpg', 209),
(155, 'Y', 'administrateur', NULL, NULL, NULL, NULL, 64, NULL, NULL, '/uploaded/photos/photos_image_155.jpg', 208),
(156, 'Y', 'administrateur', NULL, NULL, NULL, NULL, 64, NULL, NULL, '/uploaded/photos/photos_image_156.jpg', 207),
(157, 'Y', 'administrateur', NULL, NULL, NULL, NULL, 64, NULL, NULL, '/uploaded/photos/photos_image_157.jpg', 206),
(158, 'Y', 'administrateur', NULL, NULL, NULL, NULL, 64, NULL, NULL, '/uploaded/photos/photos_image_158.jpg', 205),
(159, 'Y', 'administrateur', NULL, NULL, NULL, NULL, 64, NULL, NULL, '/uploaded/photos/photos_image_159.jpg', 204),
(160, 'Y', 'administrateur', NULL, NULL, NULL, NULL, 65, NULL, NULL, '/uploaded/photos/photos_image_160.jpg', 203),
(161, 'Y', 'administrateur', NULL, NULL, NULL, NULL, 65, NULL, NULL, '/uploaded/photos/photos_image_161.jpg', 202),
(162, 'Y', 'administrateur', NULL, NULL, NULL, NULL, 65, NULL, NULL, '/uploaded/photos/photos_image_162.jpg', 201),
(163, 'Y', 'administrateur', NULL, NULL, NULL, NULL, 65, NULL, NULL, '/uploaded/photos/photos_image_163.jpg', 200),
(164, 'Y', 'administrateur', NULL, NULL, NULL, NULL, 66, NULL, NULL, '/uploaded/photos/photos_image_164.jpg', 199),
(165, 'Y', 'administrateur', NULL, NULL, NULL, NULL, 66, NULL, NULL, '/uploaded/photos/photos_image_165.jpg', 198),
(166, 'Y', 'administrateur', NULL, NULL, NULL, NULL, 66, NULL, NULL, '/uploaded/photos/photos_image_166.jpg', 197),
(167, 'Y', 'administrateur', NULL, NULL, NULL, NULL, 67, NULL, NULL, '/uploaded/photos/photos_image_167.jpg', 196),
(168, 'N', 'administrateur', NULL, NULL, NULL, NULL, 67, NULL, NULL, '/uploaded/photos/photos_image_168.jpg', 195),
(169, 'Y', 'administrateur', NULL, NULL, NULL, NULL, 67, NULL, NULL, '/uploaded/photos/photos_image_169.jpg', 194),
(170, 'Y', 'administrateur', NULL, NULL, NULL, NULL, 68, NULL, NULL, '/uploaded/photos/photos_image_170.jpg', 193),
(171, 'Y', 'administrateur', NULL, NULL, NULL, NULL, 68, NULL, NULL, '/uploaded/photos/photos_image_171.jpg', 190),
(172, 'Y', 'administrateur', NULL, NULL, NULL, NULL, 68, NULL, NULL, '/uploaded/photos/photos_image_172.jpg', 192),
(173, 'Y', 'administrateur', NULL, NULL, NULL, NULL, 68, NULL, NULL, '/uploaded/photos/photos_image_173.jpg', 191),
(174, 'Y', 'administrateur', NULL, NULL, NULL, NULL, 69, NULL, NULL, '/uploaded/photos/photos_image_174.jpg', 189),
(175, 'Y', 'administrateur', NULL, NULL, NULL, NULL, 69, NULL, NULL, '/uploaded/photos/photos_image_175.jpg', 188),
(176, 'Y', 'administrateur', NULL, NULL, NULL, NULL, 69, NULL, NULL, '/uploaded/photos/photos_image_176.jpg', 187),
(177, 'Y', 'administrateur', NULL, NULL, NULL, NULL, 69, NULL, NULL, '/uploaded/photos/photos_image_177.jpg', 186),
(178, 'Y', 'administrateur', NULL, NULL, NULL, NULL, 70, NULL, NULL, '/uploaded/photos/photos_image_178.jpg', 185),
(179, 'Y', 'administrateur', NULL, NULL, NULL, NULL, 70, NULL, NULL, '/uploaded/photos/photos_image_179.jpg', 184),
(180, 'Y', 'administrateur', NULL, NULL, NULL, NULL, 70, NULL, NULL, '/uploaded/photos/photos_image_180.jpg', 183),
(181, 'Y', 'administrateur', NULL, NULL, NULL, NULL, 70, NULL, NULL, '/uploaded/photos/photos_image_181.jpg', 182),
(182, 'Y', 'administrateur', NULL, NULL, NULL, NULL, 71, NULL, NULL, '/uploaded/photos/photos_image_182.jpg', 181),
(183, 'Y', 'administrateur', NULL, NULL, NULL, NULL, 71, NULL, NULL, '/uploaded/photos/photos_image_183.jpg', 180),
(184, 'Y', 'administrateur', NULL, NULL, NULL, NULL, 71, NULL, NULL, '/uploaded/photos/photos_image_184.jpg', 179),
(185, 'Y', 'administrateur', NULL, NULL, NULL, NULL, 71, NULL, NULL, '/uploaded/photos/photos_image_185.jpg', 178),
(186, 'Y', 'administrateur', NULL, NULL, NULL, NULL, 71, NULL, NULL, '/uploaded/photos/photos_image_186.jpg', 177),
(187, 'Y', 'administrateur', NULL, NULL, NULL, NULL, 72, NULL, NULL, '/uploaded/photos/photos_image_187.jpg', 176),
(188, 'Y', 'administrateur', NULL, NULL, NULL, NULL, 73, NULL, NULL, '/uploaded/photos/photos_image_188.jpg', 175),
(189, 'Y', 'administrateur', NULL, NULL, NULL, NULL, 73, NULL, NULL, '/uploaded/photos/photos_image_189.jpg', 174),
(190, 'Y', 'administrateur', NULL, NULL, NULL, NULL, 73, NULL, NULL, '/uploaded/photos/photos_image_190.jpg', 173),
(191, 'Y', 'administrateur', NULL, NULL, NULL, NULL, 74, NULL, NULL, '/uploaded/photos/photos_image_191.jpg', 172),
(192, 'Y', 'administrateur', NULL, NULL, NULL, NULL, 74, NULL, NULL, '/uploaded/photos/photos_image_192.jpg', 171),
(193, 'Y', 'administrateur', NULL, NULL, NULL, NULL, 74, NULL, NULL, '/uploaded/photos/photos_image_193.jpg', 170),
(194, 'Y', 'administrateur', NULL, NULL, NULL, NULL, 74, NULL, NULL, '/uploaded/photos/photos_image_194.jpg', 169),
(195, 'Y', 'administrateur', NULL, NULL, NULL, NULL, 74, NULL, NULL, '/uploaded/photos/photos_image_195.jpg', 168),
(196, 'Y', 'administrateur', NULL, NULL, NULL, NULL, 75, NULL, NULL, '/uploaded/photos/photos_image_196.jpg', 167),
(197, 'Y', 'administrateur', NULL, NULL, NULL, NULL, 75, NULL, NULL, '/uploaded/photos/photos_image_197.jpg', 166),
(198, 'Y', 'administrateur', NULL, NULL, NULL, NULL, 75, NULL, NULL, '/uploaded/photos/photos_image_198.jpg', 165),
(199, 'Y', 'administrateur', NULL, NULL, NULL, NULL, 76, NULL, NULL, '/uploaded/photos/photos_image_199.jpg', 164),
(200, 'Y', 'administrateur', NULL, NULL, NULL, NULL, 76, NULL, NULL, '/uploaded/photos/photos_image_200.jpg', 163),
(201, 'Y', 'administrateur', NULL, NULL, NULL, NULL, 76, NULL, NULL, '/uploaded/photos/photos_image_201.jpg', 162),
(202, 'Y', 'administrateur', NULL, NULL, NULL, NULL, 76, NULL, NULL, '/uploaded/photos/photos_image_202.jpg', 161),
(203, 'Y', 'administrateur', NULL, NULL, NULL, NULL, 76, NULL, NULL, '/uploaded/photos/photos_image_203.jpg', 160),
(204, 'Y', 'administrateur', NULL, NULL, NULL, NULL, 76, NULL, NULL, '/uploaded/photos/photos_image_204.jpg', 159),
(205, 'Y', 'administrateur', NULL, NULL, NULL, NULL, 76, NULL, NULL, '/uploaded/photos/photos_image_205.jpg', 158),
(206, 'Y', 'administrateur', NULL, NULL, NULL, NULL, 77, NULL, NULL, '/uploaded/photos/photos_image_206.jpg', 157),
(207, 'Y', 'administrateur', NULL, NULL, NULL, NULL, 77, NULL, NULL, '/uploaded/photos/photos_image_207.jpg', 156),
(208, 'Y', 'administrateur', NULL, NULL, NULL, NULL, 77, NULL, NULL, '/uploaded/photos/photos_image_208.jpg', 155),
(209, 'Y', 'administrateur', NULL, NULL, NULL, NULL, 77, NULL, NULL, '/uploaded/photos/photos_image_209.jpg', 154),
(210, 'Y', 'administrateur', NULL, NULL, NULL, NULL, 77, NULL, NULL, '/uploaded/photos/photos_image_210.jpg', 153),
(211, 'Y', 'administrateur', NULL, NULL, NULL, NULL, 77, NULL, NULL, '/uploaded/photos/photos_image_211.jpg', 152),
(212, 'Y', 'administrateur', NULL, NULL, NULL, NULL, 77, NULL, NULL, '/uploaded/photos/photos_image_212.jpg', 151),
(213, 'N', 'administrateur', NULL, NULL, NULL, NULL, 77, NULL, NULL, '/uploaded/photos/photos_image_213.jpg', 150),
(214, 'Y', 'administrateur', NULL, NULL, NULL, NULL, 47, NULL, NULL, '/uploaded/photos/photos_image_214.jpg', 149),
(215, 'Y', 'administrateur', NULL, NULL, NULL, NULL, 51, NULL, NULL, '/uploaded/photos/photos_image_215.jpg', 148),
(216, 'Y', 'administrateur', NULL, NULL, NULL, NULL, 45, NULL, NULL, '/uploaded/photos/photos_image_216.jpg', 147),
(217, 'Y', 'administrateur', NULL, NULL, NULL, NULL, 48, NULL, NULL, '/uploaded/photos/photos_image_217.jpg', 146),
(218, 'Y', 'administrateur', NULL, NULL, NULL, NULL, 52, NULL, NULL, '/uploaded/photos/photos_image_218.jpg', 145),
(219, 'Y', 'administrateur', NULL, NULL, NULL, NULL, 50, NULL, NULL, '/uploaded/photos/photos_image_219.jpg', 144),
(220, 'Y', 'administrateur', NULL, NULL, NULL, NULL, 43, NULL, NULL, '/uploaded/photos/photos_image_220.jpg', 143),
(221, 'Y', 'administrateur', NULL, NULL, NULL, NULL, 46, NULL, NULL, '/uploaded/photos/photos_image_221.jpg', 142),
(222, 'Y', 'administrateur', NULL, NULL, NULL, NULL, 53, NULL, NULL, '/uploaded/photos/photos_image_222.jpg', 141),
(223, 'Y', 'administrateur', NULL, NULL, NULL, NULL, 89, NULL, NULL, '/uploaded/photos/photos_image_223.jpg', 140),
(224, 'Y', 'administrateur', NULL, NULL, NULL, NULL, 89, NULL, NULL, '/uploaded/photos/photos_image_224.jpg', 139),
(225, 'Y', 'administrateur', NULL, NULL, NULL, NULL, 88, NULL, NULL, '/uploaded/photos/photos_image_225.jpg', 138),
(226, 'Y', 'administrateur', NULL, NULL, NULL, NULL, 88, NULL, NULL, '/uploaded/photos/photos_image_226.jpg', 137),
(227, 'Y', 'administrateur', NULL, NULL, NULL, NULL, 86, NULL, NULL, '/uploaded/photos/photos_image_227.jpg', 136),
(228, 'Y', 'administrateur', NULL, NULL, NULL, NULL, 86, NULL, NULL, '/uploaded/photos/photos_image_228.jpg', 135),
(229, 'Y', 'administrateur', NULL, NULL, NULL, NULL, 85, NULL, NULL, '/uploaded/photos/photos_image_229.jpg', 134),
(230, 'Y', 'administrateur', NULL, NULL, NULL, NULL, 85, NULL, NULL, '/uploaded/photos/photos_image_230.jpg', 133),
(231, 'Y', 'administrateur', NULL, NULL, NULL, NULL, 85, NULL, NULL, '/uploaded/photos/photos_image_231.jpg', 132),
(232, 'Y', 'administrateur', NULL, NULL, NULL, NULL, 84, NULL, NULL, '/uploaded/photos/photos_image_232.jpg', 131),
(233, 'Y', 'administrateur', NULL, NULL, NULL, NULL, 84, NULL, NULL, '/uploaded/photos/photos_image_233.jpg', 130),
(234, 'Y', 'administrateur', NULL, NULL, NULL, NULL, 84, NULL, NULL, '/uploaded/photos/photos_image_234.jpg', 129),
(235, 'Y', 'administrateur', NULL, NULL, NULL, NULL, 83, NULL, NULL, '/uploaded/photos/photos_image_235.jpg', 128),
(236, 'Y', 'administrateur', NULL, NULL, NULL, NULL, 83, NULL, NULL, '/uploaded/photos/photos_image_236.jpg', 127),
(237, 'Y', 'administrateur', NULL, NULL, NULL, NULL, 83, NULL, NULL, '/uploaded/photos/photos_image_237.jpg', 126),
(238, 'Y', 'administrateur', NULL, NULL, NULL, NULL, 82, NULL, NULL, '/uploaded/photos/photos_image_238.jpg', 125),
(239, 'Y', 'administrateur', NULL, NULL, NULL, NULL, 82, NULL, NULL, '/uploaded/photos/photos_image_239.jpg', 124),
(240, 'Y', 'administrateur', NULL, NULL, NULL, NULL, 81, NULL, NULL, '/uploaded/photos/photos_image_240.jpg', 123),
(241, 'Y', 'administrateur', NULL, NULL, NULL, NULL, 80, NULL, NULL, '/uploaded/photos/photos_image_241.jpg', 122),
(242, 'Y', 'administrateur', NULL, NULL, NULL, NULL, 80, NULL, NULL, '/uploaded/photos/photos_image_242.jpg', 121),
(243, 'Y', 'administrateur', NULL, NULL, NULL, NULL, 80, NULL, NULL, '/uploaded/photos/photos_image_243.jpg', 120),
(244, 'Y', 'administrateur', NULL, NULL, NULL, NULL, 79, NULL, NULL, '/uploaded/photos/photos_image_244.jpg', 119),
(245, 'Y', 'administrateur', NULL, NULL, NULL, NULL, 79, NULL, NULL, '/uploaded/photos/photos_image_245.jpg', 118),
(246, 'Y', 'administrateur', NULL, NULL, NULL, NULL, 79, NULL, NULL, '/uploaded/photos/photos_image_246.jpg', 117),
(247, 'Y', 'administrateur', NULL, NULL, NULL, NULL, 78, NULL, NULL, '/uploaded/photos/photos_image_247.jpg', 116),
(248, 'Y', 'administrateur', NULL, NULL, NULL, NULL, 78, NULL, NULL, '/uploaded/photos/photos_image_248.jpg', 115),
(249, 'Y', 'administrateur', NULL, NULL, NULL, NULL, 90, NULL, NULL, '/uploaded/photos/photos_image_249.jpg', 114),
(250, 'Y', 'administrateur', NULL, NULL, NULL, NULL, 90, NULL, NULL, '/uploaded/photos/photos_image_250.jpg', 113),
(252, 'Y', 'administrateur', NULL, NULL, NULL, NULL, 90, NULL, NULL, '/uploaded/photos/photos_image_252.jpg', 112),
(253, 'Y', 'administrateur', NULL, NULL, NULL, NULL, 90, NULL, NULL, '/uploaded/photos/photos_image_253.jpg', 111),
(254, 'Y', 'administrateur', NULL, NULL, NULL, NULL, 90, NULL, NULL, '/uploaded/photos/photos_image_254.jpg', 110),
(255, 'Y', 'administrateur', NULL, NULL, NULL, NULL, 90, NULL, NULL, '/uploaded/photos/photos_image_255.jpg', 109),
(256, 'Y', 'administrateur', NULL, NULL, NULL, NULL, 92, NULL, NULL, '/uploaded/photos/photos_image_256.jpg', 108),
(257, 'Y', 'administrateur', NULL, NULL, NULL, NULL, 92, NULL, NULL, '/uploaded/photos/photos_image_257.jpg', 107),
(258, 'Y', 'administrateur', NULL, NULL, NULL, NULL, 92, NULL, NULL, '/uploaded/photos/photos_image_258.jpg', 106),
(259, 'Y', 'administrateur', NULL, 6, NULL, NULL, NULL, NULL, NULL, '/uploaded/photos/photos_image_259.jpg', 105),
(260, 'Y', 'administrateur', NULL, NULL, NULL, NULL, 93, NULL, NULL, '/uploaded/photos/photos_image_260.jpg', 104),
(261, 'Y', 'administrateur', NULL, NULL, NULL, NULL, 93, NULL, NULL, '/uploaded/photos/photos_image_261.jpg', 103),
(262, 'Y', 'administrateur', NULL, NULL, NULL, NULL, 93, NULL, NULL, '/uploaded/photos/photos_image_262.jpg', 102),
(263, 'Y', 'administrateur', NULL, NULL, NULL, NULL, 93, NULL, NULL, '/uploaded/photos/photos_image_263.jpg', 101),
(264, 'Y', 'administrateur', NULL, NULL, NULL, NULL, 49, NULL, NULL, '/uploaded/photos/photos_image_264.jpg', 100),
(265, 'Y', 'administrateur', NULL, NULL, NULL, NULL, 44, NULL, NULL, '/uploaded/photos/photos_image_265.jpg', 99),
(266, 'Y', 'administrateur', NULL, NULL, NULL, NULL, 94, NULL, NULL, '/uploaded/photos/photos_image_266.jpg', 94),
(267, 'Y', 'administrateur', NULL, NULL, NULL, NULL, 94, NULL, NULL, '/uploaded/photos/photos_image_267.jpg', 98),
(268, 'Y', 'administrateur', NULL, NULL, NULL, NULL, 94, NULL, NULL, '/uploaded/photos/photos_image_268.jpg', 97),
(269, 'Y', 'administrateur', NULL, NULL, NULL, NULL, 94, NULL, NULL, '/uploaded/photos/photos_image_269.jpg', 96),
(270, 'N', 'administrateur', NULL, NULL, NULL, NULL, 94, NULL, NULL, '/uploaded/photos/photos_image_270.jpg', 95),
(271, 'Y', 'administrateur', NULL, NULL, NULL, NULL, 95, NULL, NULL, '/uploaded/photos/photos_image_271.jpg', 93),
(272, 'Y', 'administrateur', NULL, NULL, NULL, NULL, 95, NULL, NULL, '/uploaded/photos/photos_image_272.jpg', 92),
(273, 'Y', 'administrateur', NULL, NULL, NULL, NULL, 95, NULL, NULL, '/uploaded/photos/photos_image_273.jpg', 91),
(274, 'Y', 'administrateur', NULL, NULL, NULL, NULL, 95, NULL, NULL, '/uploaded/photos/photos_image_274.jpg', 90),
(275, 'Y', 'administrateur', NULL, NULL, NULL, NULL, 96, NULL, NULL, '/uploaded/photos/photos_image_275.jpg', 89),
(276, 'Y', 'administrateur', NULL, NULL, NULL, NULL, 96, NULL, NULL, '/uploaded/photos/photos_image_276.jpg', 88),
(277, 'Y', 'administrateur', NULL, NULL, NULL, NULL, 96, NULL, NULL, '/uploaded/photos/photos_image_277.jpg', 87),
(278, 'Y', 'administrateur', NULL, 7, NULL, NULL, NULL, NULL, NULL, '/uploaded/photos/photos_image_278.png', 86),
(279, 'Y', 'administrateur', NULL, 11, NULL, NULL, NULL, NULL, NULL, '/uploaded/photos/photos_image_279.png', 83),
(280, 'Y', 'administrateur', NULL, 11, NULL, NULL, NULL, NULL, NULL, '/uploaded/photos/photos_image_280.png', 85),
(281, 'Y', 'administrateur', NULL, 11, NULL, NULL, NULL, NULL, NULL, '/uploaded/photos/photos_image_281.png', 84),
(282, 'Y', 'administrateur', NULL, 10, NULL, NULL, NULL, NULL, NULL, '/uploaded/photos/photos_image_282.png', 82),
(283, 'Y', 'administrateur', NULL, 9, NULL, NULL, NULL, NULL, NULL, '/uploaded/photos/photos_image_283.png', 81),
(284, 'Y', 'administrateur', NULL, NULL, NULL, NULL, 97, NULL, NULL, '/uploaded/photos/photos_image_284.jpg', 80),
(285, 'Y', 'administrateur', NULL, NULL, NULL, NULL, 98, NULL, NULL, '/uploaded/photos/photos_image_285.jpg', 79),
(286, 'Y', 'administrateur', NULL, 8, NULL, NULL, NULL, NULL, NULL, '/uploaded/photos/photos_image_286.jpg', 78),
(287, 'Y', 'administrateur', NULL, NULL, NULL, NULL, 99, NULL, NULL, '/uploaded/photos/photos_image_287.jpg', 77),
(288, 'Y', 'administrateur', NULL, NULL, NULL, NULL, 99, NULL, NULL, '/uploaded/photos/photos_image_288.jpg', 76),
(289, 'Y', 'administrateur', NULL, NULL, NULL, NULL, 99, NULL, NULL, '/uploaded/photos/photos_image_289.jpg', 75),
(290, 'Y', 'administrateur', NULL, NULL, NULL, NULL, 99, NULL, NULL, '/uploaded/photos/photos_image_290.jpg', 74),
(291, 'Y', 'administrateur', NULL, NULL, NULL, NULL, 100, NULL, NULL, '/uploaded/photos/photos_image_291.jpg', 73),
(292, 'Y', 'administrateur', NULL, NULL, NULL, NULL, 100, NULL, NULL, '/uploaded/photos/photos_image_292.jpg', 72),
(293, 'Y', 'administrateur', NULL, NULL, NULL, NULL, 100, NULL, NULL, '/uploaded/photos/photos_image_293.jpg', 71),
(294, 'Y', 'administrateur', NULL, NULL, NULL, NULL, 100, NULL, NULL, '/uploaded/photos/photos_image_294.jpg', 70),
(295, 'Y', 'administrateur', NULL, NULL, NULL, NULL, 100, NULL, NULL, '/uploaded/photos/photos_image_295.jpg', 69),
(296, 'Y', 'administrateur', NULL, NULL, NULL, NULL, 101, NULL, NULL, '/uploaded/photos/photos_image_296.jpg', 68),
(297, 'Y', 'administrateur', NULL, NULL, NULL, NULL, 101, NULL, NULL, '/uploaded/photos/photos_image_297.jpg', 67),
(298, 'Y', 'administrateur', NULL, NULL, NULL, NULL, 101, NULL, NULL, '/uploaded/photos/photos_image_298.jpg', 66),
(299, 'Y', 'administrateur', NULL, NULL, NULL, NULL, 101, NULL, NULL, '/uploaded/photos/photos_image_299.jpg', 65),
(301, 'Y', 'administrateur', NULL, 12, NULL, NULL, NULL, NULL, NULL, '/uploaded/photos/photos_image_301.png', 64),
(302, 'Y', 'administrateur', NULL, 13, NULL, NULL, NULL, NULL, NULL, '/uploaded/photos/photos_image_302.jpg', 63),
(305, 'Y', 'administrateur', NULL, 14, NULL, NULL, NULL, NULL, NULL, '/uploaded/photos/photos_image_305.jpg', 62),
(308, 'Y', 'administrateur', NULL, 15, NULL, NULL, NULL, NULL, NULL, '/uploaded/photos/photos_image_308.jpg', 61),
(309, 'Y', 'administrateur', NULL, 17, NULL, NULL, NULL, NULL, NULL, '/uploaded/photos/photos_image_309.png', 60),
(310, 'Y', 'administrateur', NULL, 18, NULL, NULL, NULL, NULL, NULL, '/uploaded/photos/photos_image_310.png', 59),
(311, 'Y', 'administrateur', NULL, 19, NULL, NULL, NULL, NULL, NULL, '/uploaded/photos/photos_image_311.jpg', 58),
(312, 'Y', 'administrateur', NULL, 20, NULL, NULL, NULL, NULL, NULL, '/uploaded/photos/photos_image_312.jpg', 57),
(313, 'Y', 'administrateur', NULL, 21, NULL, NULL, NULL, NULL, NULL, '/uploaded/photos/photos_image_313.jpg', 56),
(314, 'Y', 'administrateur', NULL, 22, NULL, NULL, NULL, NULL, NULL, '/uploaded/photos/photos_image_314.jpg', 55),
(315, 'Y', 'administrateur', NULL, 23, NULL, NULL, NULL, NULL, NULL, '/uploaded/photos/photos_image_315.jpg', 54),
(316, 'Y', 'administrateur', NULL, 24, NULL, NULL, NULL, NULL, NULL, '/uploaded/photos/photos_image_316.jpg', 53),
(317, 'Y', 'administrateur', NULL, 25, NULL, NULL, NULL, NULL, NULL, '/uploaded/photos/photos_image_317.jpg', 52),
(318, 'Y', 'administrateur', NULL, 26, NULL, NULL, NULL, NULL, NULL, '/uploaded/photos/photos_image_318.jpg', 51),
(319, 'Y', 'administrateur', NULL, 27, NULL, NULL, NULL, NULL, NULL, '/uploaded/photos/photos_image_319.jpg', 50),
(320, 'Y', 'administrateur', NULL, 28, NULL, NULL, NULL, NULL, NULL, '/uploaded/photos/photos_image_320.jpg', 49),
(321, 'Y', 'administrateur', NULL, NULL, NULL, NULL, 102, NULL, NULL, '/uploaded/photos/photos_image_321.jpg', 45),
(322, 'Y', 'administrateur', NULL, NULL, NULL, NULL, 102, NULL, NULL, '/uploaded/photos/photos_image_322.jpg', 46),
(323, 'Y', 'administrateur', NULL, NULL, NULL, NULL, 102, NULL, NULL, '/uploaded/photos/photos_image_323.jpg', 48),
(324, 'Y', 'administrateur', NULL, NULL, NULL, NULL, 102, NULL, NULL, '/uploaded/photos/photos_image_324.jpg', 47),
(325, 'Y', 'administrateur', NULL, NULL, NULL, NULL, 103, NULL, NULL, '/uploaded/photos/photos_image_325.jpg', 35),
(326, 'Y', 'administrateur', NULL, NULL, NULL, NULL, 103, NULL, NULL, '/uploaded/photos/photos_image_326.jpg', 44),
(327, 'Y', 'administrateur', NULL, NULL, NULL, NULL, 103, NULL, NULL, '/uploaded/photos/photos_image_327.jpg', 43),
(328, 'Y', 'administrateur', NULL, NULL, NULL, NULL, 103, NULL, NULL, '/uploaded/photos/photos_image_328.jpg', 42),
(329, 'Y', 'administrateur', NULL, NULL, NULL, NULL, 103, NULL, NULL, '/uploaded/photos/photos_image_329.jpg', 41),
(330, 'Y', 'administrateur', NULL, NULL, NULL, NULL, 103, NULL, NULL, '/uploaded/photos/photos_image_330.jpg', 40),
(331, 'Y', 'administrateur', NULL, NULL, NULL, NULL, 103, NULL, NULL, '/uploaded/photos/photos_image_331.jpg', 39),
(333, 'Y', 'administrateur', NULL, NULL, NULL, NULL, 103, NULL, NULL, '/uploaded/photos/photos_image_333.jpg', 38),
(334, 'Y', 'administrateur', NULL, NULL, NULL, NULL, 103, NULL, NULL, '/uploaded/photos/photos_image_334.jpg', 37),
(335, 'Y', 'administrateur', NULL, NULL, NULL, NULL, 103, NULL, NULL, '/uploaded/photos/photos_image_335.jpg', 36),
(337, 'Y', 'administrateur', NULL, NULL, NULL, NULL, 104, NULL, NULL, '/uploaded/photos/photos_image_337.jpg', 31),
(338, 'Y', 'administrateur', NULL, NULL, NULL, NULL, 104, NULL, NULL, '/uploaded/photos/photos_image_338.jpg', 32),
(339, 'Y', 'administrateur', NULL, NULL, NULL, NULL, 104, NULL, NULL, '/uploaded/photos/photos_image_339.jpg', 34),
(340, 'Y', 'administrateur', NULL, NULL, NULL, NULL, 104, NULL, NULL, '/uploaded/photos/photos_image_340.jpg', 33),
(341, 'Y', 'administrateur', NULL, NULL, NULL, NULL, 104, NULL, NULL, '/uploaded/photos/photos_image_341.jpg', 30),
(342, 'Y', 'administrateur', NULL, NULL, NULL, NULL, 105, NULL, NULL, '/uploaded/photos/photos_image_342.jpg', 29),
(343, 'Y', 'administrateur', NULL, 29, NULL, NULL, NULL, NULL, NULL, '/uploaded/photos/photos_image_343.jpg', 28),
(344, 'Y', 'administrateur', NULL, 30, NULL, NULL, NULL, NULL, NULL, '/uploaded/photos/photos_image_344.jpg', 27),
(345, 'Y', 'administrateur', NULL, 31, NULL, NULL, NULL, NULL, NULL, '/uploaded/photos/photos_image_345.png', 26),
(346, 'Y', 'administrateur', NULL, 32, NULL, NULL, NULL, NULL, NULL, '/uploaded/photos/photos_image_346.png', 25),
(347, 'Y', 'administrateur', NULL, 33, NULL, NULL, NULL, NULL, NULL, '/uploaded/photos/photos_image_347.jpg', 24),
(348, 'Y', 'administrateur', NULL, 34, NULL, NULL, NULL, NULL, NULL, '/uploaded/photos/photos_image_348.jpg', 17),
(349, 'Y', 'administrateur', NULL, 34, NULL, NULL, NULL, NULL, NULL, '/uploaded/photos/photos_image_349.jpg', 16),
(350, 'Y', 'administrateur', NULL, 34, NULL, NULL, NULL, NULL, NULL, '/uploaded/photos/photos_image_350.jpg', 14),
(351, 'Y', 'administrateur', NULL, 34, NULL, NULL, NULL, NULL, NULL, '/uploaded/photos/photos_image_351.jpg', 13),
(352, 'Y', 'administrateur', NULL, 34, NULL, NULL, NULL, NULL, NULL, '/uploaded/photos/photos_image_352.jpg', 15),
(353, 'Y', 'administrateur', NULL, 34, NULL, NULL, NULL, NULL, NULL, '/uploaded/photos/photos_image_353.jpg', 21),
(354, 'Y', 'administrateur', NULL, 34, NULL, NULL, NULL, NULL, NULL, '/uploaded/photos/photos_image_354.jpg', 20),
(355, 'Y', 'administrateur', NULL, 34, NULL, NULL, NULL, NULL, NULL, '/uploaded/photos/photos_image_355.jpg', 19),
(357, 'Y', 'administrateur', NULL, 34, NULL, NULL, NULL, NULL, NULL, '/uploaded/photos/photos_image_357.jpg', 12),
(358, 'Y', 'administrateur', NULL, 34, NULL, NULL, NULL, NULL, NULL, '/uploaded/photos/photos_image_358.jpg', 22),
(359, 'Y', 'administrateur', NULL, 34, NULL, NULL, NULL, NULL, NULL, '/uploaded/photos/photos_image_359.jpg', 23),
(360, 'Y', 'administrateur', NULL, 34, NULL, NULL, NULL, NULL, NULL, '/uploaded/photos/photos_image_360.jpg', 18),
(364, 'Y', 'administrateur', NULL, 35, NULL, NULL, NULL, NULL, NULL, '/uploaded/photos/photos_image_364.png', 11),
(365, 'Y', 'administrateur', NULL, NULL, NULL, NULL, 106, NULL, NULL, '/uploaded/photos/photos_image_365.jpg', 10),
(366, 'Y', 'administrateur', NULL, NULL, NULL, NULL, 106, NULL, NULL, '/uploaded/photos/photos_image_366.jpg', 2),
(367, 'Y', 'administrateur', NULL, NULL, NULL, NULL, 106, NULL, NULL, '/uploaded/photos/photos_image_367.jpg', 9),
(368, 'Y', 'administrateur', NULL, NULL, NULL, NULL, 106, NULL, NULL, '/uploaded/photos/photos_image_368.jpg', 8),
(369, 'Y', 'administrateur', NULL, NULL, NULL, NULL, 106, NULL, NULL, '/uploaded/photos/photos_image_369.jpg', 7),
(370, 'Y', 'administrateur', NULL, NULL, NULL, NULL, 106, NULL, NULL, '/uploaded/photos/photos_image_370.jpg', 6),
(371, 'Y', 'administrateur', NULL, NULL, NULL, NULL, 106, NULL, NULL, '/uploaded/photos/photos_image_371.jpg', 4),
(372, 'Y', 'administrateur', NULL, NULL, NULL, NULL, 106, NULL, NULL, '/uploaded/photos/photos_image_372.jpg', 3),
(373, 'Y', 'administrateur', NULL, NULL, NULL, NULL, 106, NULL, NULL, '/uploaded/photos/photos_image_373.jpg', 5),
(375, 'N', 'administrateur', NULL, NULL, NULL, NULL, 106, NULL, NULL, '/uploaded/photos/photos_image_375.jpg', 1);

-- --------------------------------------------------------

--
-- Structure de la table `photos_actualites`
--

CREATE TABLE IF NOT EXISTS `photos_actualites` (
  `photos_id` int(10) unsigned NOT NULL,
  `actualites_id` int(10) unsigned NOT NULL,
  `photos_actualites_active` enum('Y','N') NOT NULL DEFAULT 'N',
  `photos_actualites_ordre` int(10) unsigned NOT NULL DEFAULT '1',
  PRIMARY KEY (`photos_id`,`actualites_id`),
  KEY `fk_photosactualites_photos_id` (`photos_id`),
  KEY `fk_photosactualites_actualites_id` (`actualites_id`)
) ENGINE=InnoDB DEFAULT CHARSET=utf8;

-- --------------------------------------------------------

--
-- Structure de la table `photos_annonces`
--

CREATE TABLE IF NOT EXISTS `photos_annonces` (
  `photos_id` int(10) unsigned NOT NULL,
  `annonces_id` int(10) unsigned NOT NULL,
  `photos_annonces_active` enum('Y','N') NOT NULL DEFAULT 'N',
  `photos_annonces_ordre` int(10) NOT NULL DEFAULT '1',
  PRIMARY KEY (`photos_id`,`annonces_id`),
  KEY `fk_photosannonces_photos_id` (`photos_id`),
  KEY `fk_photosannonces_annonces_id` (`annonces_id`)
) ENGINE=InnoDB DEFAULT CHARSET=utf8;

-- --------------------------------------------------------

--
-- Structure de la table `photos_cmspages`
--

CREATE TABLE IF NOT EXISTS `photos_cmspages` (
  `photos_id` int(10) unsigned NOT NULL,
  `cmspages_id` int(10) unsigned NOT NULL,
  `photos_cmspages_active` enum('Y','N') NOT NULL DEFAULT 'N',
  `photos_cmspages_ordre` int(10) unsigned NOT NULL DEFAULT '1',
  PRIMARY KEY (`photos_id`,`cmspages_id`),
  KEY `fk_photoscmspages_photos_id` (`photos_id`),
  KEY `fk_photoscmspages_cmspages_id` (`cmspages_id`)
) ENGINE=InnoDB DEFAULT CHARSET=utf8;

-- --------------------------------------------------------

--
-- Structure de la table `photos_diffusion`
--

CREATE TABLE IF NOT EXISTS `photos_diffusion` (
  `photos_id` int(10) unsigned NOT NULL,
  `ndd` varchar(5) NOT NULL,
  `photos_diffusion_active` enum('Y','N') NOT NULL DEFAULT 'N',
  PRIMARY KEY (`photos_id`,`ndd`),
  KEY `fk_photosdiffusion_photos_id` (`photos_id`)
) ENGINE=InnoDB DEFAULT CHARSET=utf8;

--
-- Contenu de la table `photos_diffusion`
--

INSERT INTO `photos_diffusion` (`photos_id`, `ndd`, `photos_diffusion_active`) VALUES
(1, 'fr', 'Y'),
(2, 'fr', 'Y'),
(3, 'fr', 'Y'),
(4, 'fr', 'Y'),
(5, 'fr', 'Y'),
(7, 'fr', 'Y'),
(8, 'fr', 'Y'),
(9, 'fr', 'Y'),
(10, 'fr', 'Y'),
(11, 'fr', 'Y'),
(15, 'fr', 'Y'),
(16, 'fr', 'Y'),
(17, 'fr', 'Y'),
(18, 'fr', 'Y'),
(19, 'fr', 'Y'),
(20, 'fr', 'Y'),
(21, 'fr', 'Y'),
(23, 'fr', 'Y'),
(24, 'fr', 'Y'),
(25, 'fr', 'Y'),
(26, 'fr', 'Y'),
(27, 'fr', 'Y'),
(28, 'fr', 'Y'),
(29, 'fr', 'Y'),
(30, 'fr', 'Y'),
(31, 'fr', 'Y'),
(32, 'fr', 'Y'),
(33, 'fr', 'Y'),
(34, 'fr', 'Y'),
(35, 'fr', 'Y'),
(36, 'fr', 'Y'),
(37, 'fr', 'Y'),
(38, 'fr', 'Y'),
(39, 'fr', 'Y'),
(40, 'fr', 'Y'),
(41, 'fr', 'Y'),
(42, 'fr', 'Y'),
(43, 'fr', 'Y'),
(44, 'fr', 'Y'),
(45, 'fr', 'Y'),
(46, 'fr', 'Y'),
(47, 'fr', 'Y'),
(48, 'fr', 'Y'),
(49, 'fr', 'Y'),
(50, 'fr', 'Y'),
(51, 'fr', 'Y'),
(52, 'fr', 'Y'),
(53, 'fr', 'Y'),
(54, 'fr', 'Y'),
(55, 'fr', 'Y'),
(56, 'fr', 'Y'),
(57, 'fr', 'Y'),
(58, 'fr', 'Y'),
(59, 'fr', 'Y'),
(60, 'fr', 'Y'),
(61, 'fr', 'Y'),
(62, 'fr', 'Y'),
(63, 'fr', 'Y'),
(64, 'fr', 'Y'),
(65, 'fr', 'Y'),
(66, 'fr', 'Y'),
(67, 'fr', 'Y'),
(68, 'fr', 'Y'),
(69, 'fr', 'Y'),
(70, 'fr', 'Y'),
(71, 'fr', 'Y'),
(72, 'fr', 'Y'),
(73, 'fr', 'Y'),
(74, 'fr', 'Y'),
(75, 'fr', 'Y'),
(76, 'fr', 'Y'),
(77, 'fr', 'Y'),
(78, 'fr', 'Y'),
(79, 'fr', 'Y'),
(80, 'fr', 'Y'),
(81, 'fr', 'Y'),
(82, 'fr', 'Y'),
(83, 'fr', 'Y'),
(84, 'fr', 'Y'),
(85, 'fr', 'Y'),
(86, 'fr', 'Y'),
(87, 'fr', 'Y'),
(88, 'fr', 'Y'),
(89, 'fr', 'Y'),
(91, 'fr', 'Y'),
(92, 'fr', 'Y'),
(93, 'fr', 'Y'),
(94, 'fr', 'Y'),
(95, 'fr', 'Y'),
(96, 'fr', 'Y'),
(97, 'fr', 'Y'),
(98, 'fr', 'Y'),
(99, 'fr', 'Y'),
(100, 'fr', 'Y'),
(101, 'fr', 'Y'),
(102, 'fr', 'Y'),
(103, 'fr', 'Y'),
(104, 'fr', 'Y'),
(105, 'fr', 'Y'),
(106, 'fr', 'Y'),
(107, 'fr', 'Y'),
(108, 'fr', 'Y'),
(109, 'fr', 'Y'),
(110, 'fr', 'Y'),
(112, 'fr', 'Y'),
(113, 'fr', 'Y'),
(114, 'fr', 'Y'),
(115, 'fr', 'Y'),
(116, 'fr', 'Y'),
(117, 'fr', 'Y'),
(118, 'fr', 'Y'),
(119, 'fr', 'Y'),
(120, 'fr', 'Y'),
(122, 'fr', 'Y'),
(123, 'fr', 'Y'),
(124, 'fr', 'Y'),
(125, 'fr', 'Y'),
(126, 'fr', 'Y'),
(127, 'fr', 'Y'),
(128, 'fr', 'Y'),
(129, 'fr', 'Y'),
(130, 'fr', 'Y'),
(131, 'fr', 'Y'),
(132, 'fr', 'Y'),
(133, 'fr', 'Y'),
(134, 'fr', 'Y'),
(135, 'fr', 'Y'),
(136, 'fr', 'Y'),
(137, 'fr', 'Y'),
(138, 'fr', 'Y'),
(139, 'fr', 'Y'),
(140, 'fr', 'Y'),
(141, 'fr', 'Y'),
(142, 'fr', 'Y'),
(143, 'fr', 'Y'),
(144, 'fr', 'Y'),
(145, 'fr', 'Y'),
(146, 'fr', 'Y'),
(147, 'fr', 'Y'),
(148, 'fr', 'Y'),
(149, 'fr', 'Y'),
(150, 'fr', 'Y'),
(151, 'fr', 'Y'),
(152, 'fr', 'Y'),
(153, 'fr', 'Y'),
(154, 'fr', 'Y'),
(155, 'fr', 'Y'),
(156, 'fr', 'Y'),
(157, 'fr', 'Y'),
(158, 'fr', 'Y'),
(159, 'fr', 'Y'),
(160, 'fr', 'Y'),
(161, 'fr', 'Y'),
(162, 'fr', 'Y'),
(163, 'fr', 'Y'),
(164, 'fr', 'Y'),
(165, 'fr', 'Y'),
(166, 'fr', 'Y'),
(167, 'fr', 'Y'),
(168, 'fr', 'N'),
(169, 'fr', 'Y'),
(170, 'fr', 'Y'),
(171, 'fr', 'Y'),
(172, 'fr', 'Y'),
(173, 'fr', 'Y'),
(174, 'fr', 'Y'),
(175, 'fr', 'Y'),
(176, 'fr', 'Y'),
(177, 'fr', 'Y'),
(178, 'fr', 'Y'),
(179, 'fr', 'Y'),
(180, 'fr', 'Y'),
(181, 'fr', 'Y'),
(182, 'fr', 'Y'),
(183, 'fr', 'Y'),
(184, 'fr', 'Y'),
(185, 'fr', 'Y'),
(186, 'fr', 'Y'),
(187, 'fr', 'Y'),
(188, 'fr', 'Y'),
(189, 'fr', 'Y'),
(190, 'fr', 'Y'),
(191, 'fr', 'Y'),
(192, 'fr', 'Y'),
(193, 'fr', 'Y'),
(194, 'fr', 'Y'),
(195, 'fr', 'Y'),
(196, 'fr', 'Y'),
(197, 'fr', 'Y'),
(198, 'fr', 'Y'),
(199, 'fr', 'Y'),
(200, 'fr', 'Y'),
(201, 'fr', 'Y'),
(202, 'fr', 'Y'),
(203, 'fr', 'Y'),
(204, 'fr', 'Y'),
(205, 'fr', 'Y'),
(206, 'fr', 'Y'),
(207, 'fr', 'Y'),
(208, 'fr', 'Y'),
(209, 'fr', 'Y'),
(210, 'fr', 'Y'),
(211, 'fr', 'Y'),
(212, 'fr', 'Y'),
(214, 'fr', 'Y'),
(215, 'fr', 'Y'),
(216, 'fr', 'Y'),
(217, 'fr', 'Y'),
(218, 'fr', 'Y'),
(219, 'fr', 'Y'),
(220, 'fr', 'Y'),
(221, 'fr', 'Y'),
(222, 'fr', 'Y'),
(223, 'fr', 'Y'),
(224, 'fr', 'Y'),
(225, 'fr', 'Y'),
(226, 'fr', 'Y'),
(227, 'fr', 'Y'),
(228, 'fr', 'Y'),
(229, 'fr', 'Y'),
(230, 'fr', 'Y'),
(231, 'fr', 'Y'),
(232, 'fr', 'Y'),
(233, 'fr', 'Y'),
(234, 'fr', 'Y'),
(235, 'fr', 'Y'),
(236, 'fr', 'Y'),
(237, 'fr', 'Y'),
(238, 'fr', 'Y'),
(239, 'fr', 'Y'),
(240, 'fr', 'Y'),
(241, 'fr', 'Y'),
(242, 'fr', 'Y'),
(243, 'fr', 'Y'),
(244, 'fr', 'Y'),
(245, 'fr', 'Y'),
(246, 'fr', 'Y'),
(247, 'fr', 'Y'),
(248, 'fr', 'Y'),
(249, 'fr', 'Y'),
(250, 'fr', 'Y'),
(252, 'fr', 'Y'),
(253, 'fr', 'Y'),
(254, 'fr', 'Y'),
(255, 'fr', 'Y'),
(256, 'fr', 'Y'),
(257, 'fr', 'Y'),
(258, 'fr', 'Y'),
(259, 'fr', 'Y'),
(260, 'fr', 'Y'),
(261, 'fr', 'Y'),
(262, 'fr', 'Y'),
(263, 'fr', 'Y'),
(264, 'fr', 'Y'),
(265, 'fr', 'Y'),
(266, 'fr', 'Y'),
(267, 'fr', 'Y'),
(268, 'fr', 'Y'),
(269, 'fr', 'Y'),
(270, 'fr', 'N'),
(271, 'fr', 'Y'),
(272, 'fr', 'Y'),
(273, 'fr', 'Y'),
(274, 'fr', 'Y'),
(275, 'fr', 'Y'),
(276, 'fr', 'Y'),
(277, 'fr', 'Y'),
(278, 'fr', 'Y'),
(279, 'fr', 'Y'),
(280, 'fr', 'Y'),
(281, 'fr', 'Y'),
(282, 'fr', 'Y'),
(283, 'fr', 'Y'),
(284, 'fr', 'Y'),
(285, 'fr', 'Y'),
(286, 'fr', 'Y'),
(287, 'fr', 'Y'),
(288, 'fr', 'Y'),
(289, 'fr', 'Y'),
(290, 'fr', 'Y'),
(291, 'fr', 'Y'),
(292, 'fr', 'Y'),
(293, 'fr', 'Y'),
(294, 'fr', 'Y'),
(295, 'fr', 'Y'),
(296, 'fr', 'Y'),
(297, 'fr', 'Y'),
(298, 'fr', 'Y'),
(299, 'fr', 'Y'),
(301, 'fr', 'Y'),
(302, 'fr', 'Y'),
(305, 'fr', 'Y'),
(308, 'fr', 'Y'),
(309, 'fr', 'Y'),
(310, 'fr', 'Y'),
(311, 'fr', 'Y'),
(312, 'fr', 'Y'),
(313, 'fr', 'Y'),
(314, 'fr', 'Y'),
(315, 'fr', 'Y'),
(316, 'fr', 'Y'),
(317, 'fr', 'Y'),
(318, 'fr', 'Y'),
(319, 'fr', 'Y'),
(320, 'fr', 'Y'),
(321, 'fr', 'Y'),
(322, 'fr', 'Y'),
(323, 'fr', 'Y'),
(324, 'fr', 'Y'),
(325, 'fr', 'Y'),
(326, 'fr', 'Y'),
(327, 'fr', 'Y'),
(328, 'fr', 'Y'),
(329, 'fr', 'Y'),
(330, 'fr', 'Y'),
(331, 'fr', 'Y'),
(333, 'fr', 'Y'),
(334, 'fr', 'Y'),
(335, 'fr', 'Y'),
(337, 'fr', 'Y'),
(338, 'fr', 'Y'),
(339, 'fr', 'Y'),
(340, 'fr', 'Y'),
(341, 'fr', 'Y'),
(342, 'fr', 'Y'),
(343, 'fr', 'Y'),
(344, 'fr', 'Y'),
(345, 'fr', 'Y'),
(346, 'fr', 'Y'),
(347, 'fr', 'Y'),
(348, 'fr', 'Y'),
(349, 'fr', 'Y'),
(350, 'fr', 'Y'),
(351, 'fr', 'Y'),
(352, 'fr', 'Y'),
(353, 'fr', 'Y'),
(354, 'fr', 'Y'),
(355, 'fr', 'Y'),
(357, 'fr', 'Y'),
(358, 'fr', 'Y'),
(359, 'fr', 'Y'),
(360, 'fr', 'Y'),
(364, 'fr', 'Y'),
(365, 'fr', 'Y'),
(366, 'fr', 'Y'),
(367, 'fr', 'Y'),
(368, 'fr', 'Y'),
(369, 'fr', 'Y'),
(370, 'fr', 'Y'),
(371, 'fr', 'Y'),
(372, 'fr', 'Y'),
(373, 'fr', 'Y'),
(375, 'fr', 'N');

-- --------------------------------------------------------

--
-- Structure de la table `photos_dossiers`
--

CREATE TABLE IF NOT EXISTS `photos_dossiers` (
  `photos_id` int(10) unsigned NOT NULL,
  `dossiers_id` int(10) unsigned NOT NULL,
  `photos_dossiers_active` enum('Y','N') NOT NULL DEFAULT 'N',
  `photos_dossiers_ordre` int(10) unsigned NOT NULL DEFAULT '1',
  PRIMARY KEY (`photos_id`,`dossiers_id`),
  KEY `fk_photosdossiers_photos_id` (`photos_id`),
  KEY `fk_photosdossiers_dossiers_id` (`dossiers_id`)
) ENGINE=InnoDB DEFAULT CHARSET=utf8;

-- --------------------------------------------------------

--
-- Structure de la table `photos_formations`
--

CREATE TABLE IF NOT EXISTS `photos_formations` (
  `photos_id` int(10) unsigned NOT NULL,
  `formations_id` int(10) unsigned NOT NULL,
  `photos_formations_active` enum('Y','N') NOT NULL DEFAULT 'N',
  `photos_formations_ordre` int(10) unsigned NOT NULL DEFAULT '1',
  PRIMARY KEY (`photos_id`,`formations_id`),
  KEY `fk_photosformations_photos_id` (`photos_id`),
  KEY `fk_photosformations_formations_id` (`formations_id`)
) ENGINE=InnoDB DEFAULT CHARSET=utf8;

-- --------------------------------------------------------

--
-- Structure de la table `photos_produits`
--

CREATE TABLE IF NOT EXISTS `photos_produits` (
  `photos_id` int(10) unsigned NOT NULL,
  `produits_id` int(10) unsigned NOT NULL,
  `photos_produits_active` enum('Y','N') NOT NULL DEFAULT 'N',
  `photos_produits_ordre` int(10) unsigned NOT NULL DEFAULT '1',
  PRIMARY KEY (`photos_id`,`produits_id`),
  KEY `fk_photosproduits_photos_id` (`photos_id`),
  KEY `fk_photosproduits_produits_id` (`produits_id`)
) ENGINE=InnoDB DEFAULT CHARSET=utf8;

-- --------------------------------------------------------

--
-- Structure de la table `photos_translation`
--

CREATE TABLE IF NOT EXISTS `photos_translation` (
  `photos_id` int(10) unsigned NOT NULL,
  `lang` varchar(2) NOT NULL,
  `tag_alt` varchar(250) DEFAULT NULL,
  `photos_legende` varchar(150) DEFAULT NULL,
  PRIMARY KEY (`photos_id`,`lang`),
  KEY `fk_photos_photos_id` (`photos_id`)
) ENGINE=InnoDB DEFAULT CHARSET=utf8;

--
-- Contenu de la table `photos_translation`
--

INSERT INTO `photos_translation` (`photos_id`, `lang`, `tag_alt`, `photos_legende`) VALUES
(1, 'en', 'paris', 'paris'),
(1, 'fr', 'paris', 'Paris'),
(2, 'en', '', ''),
(2, 'fr', '', ''),
(3, 'en', '', 'Paris'),
(3, 'fr', '', 'Paris'),
(4, 'en', '', ''),
(4, 'fr', '', ''),
(5, 'en', '', ''),
(5, 'fr', '', ''),
(7, 'en', '', ''),
(7, 'fr', '', ''),
(8, 'en', '', ''),
(8, 'fr', '', ''),
(9, 'en', '', ''),
(9, 'fr', '', ''),
(10, 'en', '', ''),
(10, 'fr', '', ''),
(11, 'en', 'Spice Up goes to the Eden Roc', 'legende'),
(11, 'fr', 'spice Up à l''Eden Roc', 'legende'),
(15, 'en', 'Team building Ernst &amp; Young', 'redken salon'),
(15, 'fr', 'Team building Ernst &amp; Young', 'redken salon'),
(16, 'en', 'Team building Ernst &amp; Young Provence', ''),
(16, 'fr', 'Team building Ernst &amp; Young Provence', ''),
(17, 'en', 'Team building Ernst &amp; Young Provence', 'sony center'),
(17, 'fr', 'Team building Ernst &amp; Young Provence', 'sony center'),
(18, 'en', '', ''),
(18, 'fr', '', ''),
(19, 'en', '', ''),
(19, 'fr', '', ''),
(20, 'en', 'Berlin skyline', ''),
(20, 'fr', 'Berlin skyline', ''),
(21, 'en', 'Berlin TV tower', ''),
(21, 'fr', 'Berlin TV tower', ''),
(23, 'en', 'Berlin Sony Center', ''),
(23, 'fr', 'Berlin Sony Center', ''),
(24, 'en', 'Berliner Dom', ''),
(24, 'fr', 'Berliner Dom', ''),
(25, 'en', '', ''),
(25, 'fr', '', ''),
(26, 'en', 'Louvres', ''),
(26, 'fr', 'Louvres', ''),
(27, 'en', 'Seine', ''),
(27, 'fr', 'Seine', ''),
(28, 'en', 'Paris skyline', ''),
(28, 'fr', 'Paris skyline', ''),
(29, 'en', 'South Africa landscape', ''),
(29, 'fr', 'Paysage Afrique du Sud', ''),
(30, 'en', 'Kruger Park', ''),
(30, 'fr', 'Kruger Park', ''),
(31, 'en', 'Cape Town', ''),
(31, 'fr', 'Le Cap', ''),
(32, 'en', 'Sun City', ''),
(32, 'fr', 'Sun City', ''),
(33, 'en', 'Amsterdam', ''),
(33, 'fr', 'Amsterdam', ''),
(34, 'en', 'Amsterdam canal', ''),
(34, 'fr', 'Amsterdam canal', ''),
(35, 'en', 'Amsterdam bikes', ''),
(35, 'fr', 'Amsterdam vélos', ''),
(36, 'en', 'Bali rice field', ''),
(36, 'fr', 'Bali rizière', ''),
(37, 'en', 'Bali beach', ''),
(37, 'fr', 'Plage Bali', ''),
(38, 'en', 'Bali hotel', ''),
(38, 'fr', 'Bali hotel', ''),
(39, 'en', '', ''),
(39, 'fr', '', ''),
(40, 'en', 'San Jose market', ''),
(40, 'fr', 'Marché san Jose', ''),
(41, 'en', '', ''),
(41, 'fr', '', ''),
(42, 'en', 'Gaudi Park Barcelona', ''),
(42, 'fr', 'Parc Gaudi barcelone', ''),
(43, 'en', 'Brussels', ''),
(43, 'fr', 'Bruxelles', ''),
(44, 'en', 'Grand Place Brussels', ''),
(44, 'fr', 'Grand Place Bruxelles', ''),
(45, 'en', 'Camargue pink flamingo', ''),
(45, 'fr', 'Flamands roses camargue', ''),
(46, 'en', 'camargue landscape', ''),
(46, 'fr', 'paysage camargue', ''),
(47, 'en', 'camargue horse', ''),
(47, 'fr', 'camargue cheval', ''),
(48, 'en', 'Ski Chamonix', ''),
(48, 'fr', 'Ski Chamonix', ''),
(49, 'en', 'White lake Chamonix', ''),
(49, 'fr', 'Lac Blanc Chamonix', ''),
(50, 'en', 'Garibaldi place Nice', ''),
(50, 'fr', 'Place Garibaldi Nice', ''),
(51, 'en', 'Cour saleya Nice', ''),
(51, 'fr', 'Cour saleya Nice', ''),
(52, 'en', 'Antibes', ''),
(52, 'fr', 'Antibes', ''),
(53, 'en', 'Cannes', ''),
(53, 'fr', 'Cannes', ''),
(54, 'en', 'Sailing', ''),
(54, 'fr', 'Voile', ''),
(55, 'en', 'Dubrovnik', ''),
(55, 'fr', 'Dubrovnik', ''),
(56, 'en', 'Plitvice waterfalls', ''),
(56, 'fr', 'Chutes de Plitvice', ''),
(57, 'en', 'Rovinj', ''),
(57, 'fr', 'Rovinj', ''),
(58, 'en', 'Primosten', ''),
(58, 'fr', 'Primosten', ''),
(59, 'en', 'Golden Temple', ''),
(59, 'fr', 'Temple d''or', ''),
(60, 'en', 'Jal Maha', ''),
(60, 'fr', 'Jal Maha', ''),
(61, 'en', 'Goa', ''),
(61, 'fr', 'Goa', ''),
(62, 'en', 'Indian town', ''),
(62, 'fr', 'Village inde', ''),
(63, 'en', 'Ireland landscape', ''),
(63, 'fr', 'Paysage irlande', ''),
(64, 'en', 'Ireland castle', ''),
(64, 'fr', 'Chateau irlande', ''),
(65, 'en', 'Dublin', ''),
(65, 'fr', 'Dublin', ''),
(66, 'en', 'Big Ben', ''),
(66, 'fr', 'Big Ben ', ''),
(67, 'en', 'Buckingham Palace', ''),
(67, 'fr', 'Palais de Buckingham', ''),
(68, 'en', 'Leadenhall market', ''),
(68, 'fr', 'Leadenhall market', ''),
(69, 'en', 'Tower Bridge', ''),
(69, 'fr', 'Tower Bridge', ''),
(70, 'en', 'Fourvière', ''),
(70, 'fr', 'Fourvière', ''),
(71, 'en', 'City Hall', ''),
(71, 'fr', 'hotel de ville', ''),
(72, 'en', 'Saône', ''),
(72, 'fr', 'Saône', ''),
(73, 'en', 'Mogador', ''),
(73, 'fr', 'Mogador', ''),
(74, 'en', 'Hassan Tower', ''),
(74, 'fr', 'Tour Hassan', ''),
(75, 'en', 'Todra Valley', ''),
(75, 'fr', 'Vallee du Todra', ''),
(76, 'en', 'Marrakech', ''),
(76, 'fr', 'Marrakech', ''),
(77, 'en', 'sea side marseilles', ''),
(77, 'fr', 'Marseille bord de mer', ''),
(78, 'en', 'Cathedral Marseilles', ''),
(78, 'fr', 'Marseille cathédrale', ''),
(79, 'en', 'Old port', ''),
(79, 'fr', 'Vieux port ', ''),
(80, 'en', 'Calanques', ''),
(80, 'fr', 'Calanques', ''),
(81, 'en', 'Herculis harbor', ''),
(81, 'fr', 'Port Hercule', ''),
(82, 'en', 'Cathedral Monaco', ''),
(82, 'fr', 'Cathedrale Monaco', ''),
(83, 'en', 'Monaco', ''),
(83, 'fr', 'Monaco', ''),
(84, 'en', 'Time Square', ''),
(84, 'fr', 'Time Square', ''),
(85, 'en', 'Streets of new york', ''),
(85, 'fr', 'Rue de new york', ''),
(86, 'en', 'Statue of Liberty', ''),
(86, 'fr', 'Statue de la Liberté', ''),
(87, 'en', 'New york skyline', ''),
(87, 'fr', 'New york skyline', ''),
(88, 'en', 'Prague', ''),
(88, 'fr', 'Prague', ''),
(89, 'en', 'Prague', ''),
(89, 'fr', 'Prague', ''),
(91, 'en', 'Roma', ''),
(91, 'fr', 'Rome', ''),
(92, 'en', 'Trevi Fountain', ''),
(92, 'fr', 'Fontaine de Trevi', ''),
(93, 'en', 'Roma skyline', ''),
(93, 'fr', 'Rome skyline', ''),
(94, 'en', 'Guadalquivir', ''),
(94, 'fr', 'Guadalquivir', ''),
(95, 'en', 'Sevilla', ''),
(95, 'fr', 'Seville', ''),
(96, 'en', 'Giralda', ''),
(96, 'fr', 'Giralda', ''),
(97, 'en', 'Arena', ''),
(97, 'fr', 'Arènes', ''),
(98, 'en', 'Sousse', ''),
(98, 'fr', 'Sousse', ''),
(99, 'en', 'Mountains', ''),
(99, 'fr', 'Montagens', ''),
(100, 'en', 'Monastir', ''),
(100, 'fr', 'Monastir', ''),
(101, 'en', 'Hammamet', ''),
(101, 'fr', 'Hammamet', ''),
(102, 'en', 'Saint Sophia', ''),
(102, 'fr', 'Sainte sophie', ''),
(103, 'en', 'Market', ''),
(103, 'fr', 'Marché', ''),
(104, 'en', 'Bosphorus Detroit', ''),
(104, 'fr', 'Détroit du Bosphore', ''),
(105, 'en', 'grand Canal', ''),
(105, 'fr', 'Grand canal', ''),
(106, 'en', 'Gondolas', ''),
(106, 'fr', 'Gondoles', ''),
(107, 'en', 'venise bridge', ''),
(107, 'fr', 'pont venise', ''),
(108, 'en', 'gondole', ''),
(108, 'fr', 'gondole', ''),
(109, 'en', 'City hall', ''),
(109, 'fr', 'Mairie', ''),
(110, 'en', 'Metropolis Madrid', ''),
(110, 'fr', 'Metropolis Madrid', ''),
(112, 'en', 'Lisbon bridge', ''),
(112, 'fr', 'Pont Lisbonne', ''),
(113, 'en', 'Belem Tower', ''),
(113, 'fr', 'Tour de Belem', ''),
(114, 'en', 'Tage', ''),
(114, 'fr', 'Tage', ''),
(115, 'en', 'Lisbon Basilica', ''),
(115, 'fr', 'Basilique Lisbonne', ''),
(116, 'en', '', ''),
(116, 'fr', '', ''),
(117, 'en', 'Saint John Cathedral Lyon', ''),
(117, 'fr', 'Cathédrale Saint Jean Lyon', ''),
(118, 'en', 'Taj Mahal', ''),
(118, 'fr', 'Taj Mahal', ''),
(119, 'en', 'Edenred Launching Spice Up', 'The Edenred launching in Paris, la Défense'),
(119, 'fr', 'Lancement Edenred Spice Up', 'Le lancement d''Edenred à la Défense'),
(120, 'en', 'Edenred brand launching in la Défense, Paris', ''),
(120, 'fr', 'Lancement de la marque Edenred à La défense à Paris', ''),
(122, 'en', 'Power Plate seminar in Paris', ''),
(122, 'fr', 'Seminaire Power Plate à Paris', ''),
(123, 'en', 'Power Plate seminar in Paris', ''),
(123, 'fr', 'Seminaire Power Plate à Paris', ''),
(124, 'en', 'Power Plate seminar in Paris', ''),
(124, 'fr', 'Seminaire Power Plate à Paris', ''),
(125, 'en', 'L''Oréal H3 Training Paris', ''),
(125, 'fr', 'L''Oréal H3 Training Paris', ''),
(126, 'en', 'L''Oréal H3 Training Paris', ''),
(126, 'fr', 'L''Oréal H3 Training Paris', ''),
(127, 'en', 'L''Oréal H3 Training Paris', ''),
(127, 'fr', 'L''Oréal H3 Training Paris', ''),
(128, 'en', 'national seminar in Paris for Matrix', ''),
(128, 'fr', 'Séminaire national à Paris pour Matrix', ''),
(129, 'en', 'natinal seminar in Paris for Matrix', ''),
(129, 'fr', 'Séminaire national à Paris pour Matrix', ''),
(130, 'en', 'national seminar in Paris for Matrix', ''),
(130, 'fr', 'Séminaire national à Paris pour Matrix', ''),
(131, 'en', 'Forté Pharma seminar in Chantilly', ''),
(131, 'fr', 'Seéminaire Forté Pharma à Chantilly', ''),
(132, 'en', 'Forté Pharma seminar in Chantilly', ''),
(132, 'fr', 'Séminaire Forté Pharma à Chantilly', ''),
(133, 'en', 'Forté Pharma seminar in Chantilly', ''),
(133, 'fr', ' Séminaire Forté Pharma à Chantilly', ''),
(134, 'en', 'Forté Pharma seminar in Chantilly', ''),
(134, 'fr', ' Séminaire Forté Pharma à Chantilly', ''),
(135, 'en', 'L''Oréal Inspiration Paris', ''),
(135, 'fr', 'L''Oréal Inspiration Paris', ''),
(136, 'en', 'L''Oréal Inspiration Paris', ''),
(136, 'fr', 'L''Oréal Inspiration Paris', ''),
(137, 'en', 'L''Oréal Inspiration Paris', ''),
(137, 'fr', 'L''Oréal Inspiration Paris', ''),
(138, 'en', 'carlson French riviera post conference', ''),
(138, 'fr', 'carlson French riviera post conference', ''),
(139, 'en', 'carlson French riviera post conference', ''),
(139, 'fr', 'carlson French riviera post conference', ''),
(140, 'en', 'carlson French riviera post conference', ''),
(140, 'fr', 'carlson French riviera post conference', ''),
(141, 'en', 'carlson French riviera post conference', ''),
(141, 'fr', 'carlson French riviera post conference', ''),
(142, 'en', 'Coca Cola  seminar in Camargue', ''),
(142, 'fr', 'Séminaire Coca Cola en Camargue', ''),
(143, 'en', 'Coca Cola seminar in camargue', ''),
(143, 'fr', 'Séminaire Coca Cola en Camargue', ''),
(144, 'en', 'Coca cola seminar in camargue', ''),
(144, 'fr', 'Séminaire Coca Cola en Camargue', ''),
(145, 'en', 'Coca cola seminar in Camargue', ''),
(145, 'fr', 'Séminaire Coca Cola en Camargue', ''),
(146, 'en', 'L''Oréal H3 training Rome', ''),
(146, 'fr', 'L''Oréal H3 training Rome', ''),
(147, 'en', 'L''Oréal H3 training Rome', ''),
(147, 'fr', 'L''Oréal H3 training Rome', ''),
(148, 'en', 'L''Oréal H3 training Rome', ''),
(148, 'fr', 'L''Oréal H3 training Rome', ''),
(149, 'en', 'L''Oréal H3 training Rome', ''),
(149, 'fr', 'L''Oréal H3 training Rome', ''),
(150, 'en', 'Launching Edenred La Défense', ''),
(150, 'fr', 'Lancement Edenred La Défense', ''),
(151, 'en', 'Launching Edenred La Défense', ''),
(151, 'fr', 'Lancement Edenred La Défense', ''),
(152, 'en', 'Launching Edenred La Défense', ''),
(152, 'fr', 'Lancement Edenred La Défense', ''),
(153, 'en', 'Launching Edenred La Défense', ''),
(153, 'fr', 'Lancement Edenred La Défense', ''),
(154, 'en', 'LaunchingEdenred La Défense', ''),
(154, 'fr', 'Lancement Edenred La Défense', ''),
(155, 'en', 'Kérastase seminar in Paris', ''),
(155, 'fr', 'Kérastase seminar in Paris', ''),
(156, 'en', 'Kérastase seminar in Paris', ''),
(156, 'fr', 'Kérastase seminar in Paris', ''),
(157, 'en', 'Kérastase seminar in Paris', ''),
(157, 'fr', 'Kérastase seminar in Paris', ''),
(158, 'en', 'Kérastase seminar in Paris', ''),
(158, 'fr', 'Kérastase seminar in Paris', ''),
(159, 'en', 'Kérastase seminar in Paris', ''),
(159, 'fr', 'Kérastase seminar in Paris', ''),
(160, 'en', 'APMGO Antibes', ''),
(160, 'fr', 'APMGO Antibes', ''),
(161, 'en', 'APMGO Antibes', ''),
(161, 'fr', 'APMGO Antibes', ''),
(162, 'en', 'APMGO Antibes', ''),
(162, 'fr', 'APMGO Antibes', ''),
(163, 'en', 'APMGO Antibes', ''),
(163, 'fr', 'APMGO Antibes', ''),
(164, 'en', 'Fortis team building Marseilles', ''),
(164, 'fr', 'Fortis team building Marseille', ''),
(165, 'en', 'Fortis team building Marseilles', ''),
(165, 'fr', 'Fortis team building Marseille', ''),
(166, 'en', 'Fortis team building Marseilles', ''),
(166, 'fr', 'Fortis team building Marseille', ''),
(167, 'en', 'Pharmaceutical congress in Disneyland Paris', ''),
(167, 'fr', 'Congrès pharmaceutique à Disney', ''),
(168, 'en', 'Pharmaceutical congress in Disneyland Paris', ''),
(168, 'fr', 'Congrès pharmaceutique à Disney', ''),
(169, 'en', 'Pharmaceutical congress in Disneyland Paris', ''),
(169, 'fr', 'Congrès pharmaceutique à Disney', ''),
(170, 'en', 'PHR congress in Venice', ''),
(170, 'fr', 'Congrès PHR à Venise', ''),
(171, 'en', 'PHR congress in Venice', ''),
(171, 'fr', 'Congrès PHR à Venise', ''),
(172, 'en', 'PHR congress in Venice', ''),
(172, 'fr', 'Congrès PHR à Venise', ''),
(173, 'en', 'PHR congress in Venice', ''),
(173, 'fr', 'Congrès PHR à Venise', ''),
(174, 'en', 'Guerlain seminar in the Alpes', ''),
(174, 'fr', 'séminaire Guerlain à la montagne', ''),
(175, 'en', 'Guerlain seminar in the Alpes', ''),
(175, 'fr', 'Séminaire Guerlain à la Montagne', ''),
(176, 'en', 'Guerlain seminar in the Alpes', ''),
(176, 'fr', 'Séminaire Guerlain à la Montagne', ''),
(177, 'en', 'Guerlain seminar in the Alpes', ''),
(177, 'fr', 'Séminaire Guerlain à la Montagne', ''),
(178, 'en', 'Redken symposium Berlin', ''),
(178, 'fr', 'Redken symposium Berlin', ''),
(179, 'en', 'Redken symposium Berlin', ''),
(179, 'fr', 'Redken symposium Berlin', ''),
(180, 'en', 'Redken symposium Berlin', ''),
(180, 'fr', 'Redken symposium Berlin', ''),
(181, 'en', 'Redken symposium Berlin', ''),
(181, 'fr', 'Redken symposium Berlin', ''),
(182, 'en', 'Reebok Crossfit Beaubourg Paris', ''),
(182, 'fr', 'Reebok Crossfit Beaubourg Paris', ''),
(183, 'en', 'Reebok Crossfit Beaubourg Paris', ''),
(183, 'fr', 'Reebok Crossfit Beaubourg Paris', ''),
(184, 'en', 'Reebok Crossfit Beaubourg Paris', ''),
(184, 'fr', 'Reebok Crossfit Beaubourg Paris', ''),
(185, 'en', 'Reebok Crossfit Beaubourg Paris', ''),
(185, 'fr', 'Reebok Crossfit Beaubourg Paris', ''),
(186, 'en', 'Reebok Crossfit Beaubourg Paris', ''),
(186, 'fr', 'Reebok Crossfit Beaubourg Paris', ''),
(187, 'en', 'CEO 2012 Paris', ''),
(187, 'fr', 'CEO 2012 Paris', ''),
(188, 'en', 'Mecalac evening party at InterMat exhibition', ''),
(188, 'fr', 'Soirée Mecalac au salon InterMat', ''),
(189, 'en', 'Mecalac evening party at InterMat exhibition', ''),
(189, 'fr', 'Soirée Mecalac au salon InterMat', ''),
(190, 'en', 'Mecalac evening party at InterMat exhibition', ''),
(190, 'fr', 'soirée Mecalac au salon InterMat', ''),
(191, 'en', 'Reebok showroom FIF cannes 2012', ''),
(191, 'fr', 'Reebok showroom FIF cannes 2012', ''),
(192, 'en', 'Reebok showroom FIF cannes 2012', ''),
(192, 'fr', 'Reebok showroom FIF cannes 2012', ''),
(193, 'en', 'Reebok showroom FIF cannes 2012', ''),
(193, 'fr', 'Reebok showroom FIF cannes 2012', ''),
(194, 'en', 'Reebok showroom FIF cannes 2012', ''),
(194, 'fr', 'Reebok showroom FIF cannes 2012', ''),
(195, 'en', 'Reebok showroom FIF cannes 2012', ''),
(195, 'fr', 'Reebok showroom FIF cannes 2012', ''),
(196, 'en', 'Kantar Seminar in Arcachon', ''),
(196, 'fr', 'Séminaire Kantar Arcachon', ''),
(197, 'en', 'Kantar Seminar in Arcachon', ''),
(197, 'fr', 'Séminaire Kantar à Arcachon', ''),
(198, 'en', 'Kantar Seminar in Arcachon', ''),
(198, 'fr', 'Séminaire Kantar à Arcachon', ''),
(199, 'en', 'H3 Convention Berlin', ''),
(199, 'fr', 'H3 Convention Berlin', ''),
(200, 'en', 'H3 Convention Berlin', ''),
(200, 'fr', 'H3 Convention Berlin', ''),
(201, 'en', 'H3 Convention Berlin', ''),
(201, 'fr', 'H3 Convention Berlin', ''),
(202, 'en', 'H3 Convention Berlin', ''),
(202, 'fr', 'H3 Convention Berlin', ''),
(203, 'en', 'H3 Convention Berlin', ''),
(203, 'fr', 'H3 Convention Berlin', ''),
(204, 'en', 'H3 Convention Berlin', ''),
(204, 'fr', 'H3 Convention Berlin', ''),
(205, 'en', 'H3 Convention Berlin', ''),
(205, 'fr', 'H3 Convention Berlin', ''),
(206, 'en', 'Seminnov 2012 Méribel', ''),
(206, 'fr', 'Seminnov 2012 Méribel', ''),
(207, 'en', 'Seminnov 2012 Méribel', ''),
(207, 'fr', 'Seminnov 2012 Méribel', ''),
(208, 'en', 'Seminnov 2012 Méribel', ''),
(208, 'fr', 'Seminnov 2012 Méribel', ''),
(209, 'en', 'Seminnov 2012 Méribel', ''),
(209, 'fr', 'Seminnov 2012 Méribel', ''),
(210, 'en', 'Seminnov 2012 Méribel', ''),
(210, 'fr', 'Seminnov 2012 Méribel', ''),
(211, 'en', 'Seminnov 2012 Méribel', ''),
(211, 'fr', 'Seminnov 2012 Méribel', ''),
(212, 'en', 'Seminnov 2012 Méribel', ''),
(212, 'fr', 'Seminnov 2012 Méribel', ''),
(213, 'en', 'Seminnov 2012 Méribel', ''),
(213, 'fr', 'Seminnov 2012 Méribel', ''),
(214, 'en', 'Manon Art Direction Spice Up', ''),
(214, 'fr', 'Manon Direction Artistique Spice Up', ''),
(215, 'en', 'Barbara Project Director Spice Up', ''),
(215, 'fr', 'Barbara Directrice Projet Spice Up', ''),
(216, 'en', 'Charlotte Project Support Spice Up', ''),
(216, 'fr', 'Charlotte Chargée de Projet Spice Up', ''),
(217, 'en', 'Julien Project Manager Spice Up', ''),
(217, 'fr', 'Julien Chef de Projet Spice Up', ''),
(218, 'en', 'Laurence Marketing Communication Director Spice Up', ''),
(218, 'fr', 'Laurence Directrice Marketing Communication Spice Up', ''),
(219, 'en', 'Emilie Business Developper Spice Up', ''),
(219, 'fr', 'Emilie Business Developper Spice Up', ''),
(220, 'en', 'Camille Business Developper Spice Up', ''),
(220, 'fr', 'Camille Business Developper Spice Up', ''),
(221, 'en', 'Lou project support Spice Up', ''),
(221, 'fr', 'Lou chargée de projet spice Up', ''),
(222, 'en', 'Patrick Associate Director Spice Up', ''),
(222, 'fr', 'Patrick Directeur associé Spice Up', ''),
(223, 'en', 'sardinia', ''),
(223, 'fr', 'Sardaigne', ''),
(224, 'en', 'sardinia', ''),
(224, 'fr', 'sardaigne', ''),
(225, 'en', 'Rimini', ''),
(225, 'fr', 'Rimini', ''),
(226, 'en', 'Rimini', ''),
(226, 'fr', 'Rimini', ''),
(227, 'en', 'Milan', ''),
(227, 'fr', 'Milan', ''),
(228, 'en', 'milan', ''),
(228, 'fr', 'milan', ''),
(229, 'en', 'Greece', ''),
(229, 'fr', 'Grece', ''),
(230, 'en', 'greece', ''),
(230, 'fr', 'grece ', ''),
(231, 'en', 'greece', ''),
(231, 'fr', 'grece ', ''),
(232, 'en', 'arcachon', ''),
(232, 'fr', 'arcachon', ''),
(233, 'en', 'arcachon', ''),
(233, 'fr', 'arcachon', ''),
(234, 'en', 'arcachon', ''),
(234, 'fr', 'arcachon', ''),
(235, 'en', 'Futuroscope', ''),
(235, 'fr', 'Futuroscope', ''),
(236, 'en', 'Futuroscope', ''),
(236, 'fr', 'Futuroscope', ''),
(237, 'en', 'Futuroscope', ''),
(237, 'fr', 'Futuroscope', ''),
(238, 'en', 'Disneyland Paris', ''),
(238, 'fr', 'Disneyland Paris', ''),
(239, 'en', 'Disneyland Paris', ''),
(239, 'fr', 'Disneyland Paris', ''),
(240, 'en', 'Port aventura', ''),
(240, 'fr', 'Port aventura', ''),
(241, 'en', 'canarias', ''),
(241, 'fr', 'canaries', ''),
(242, 'en', 'canarias', ''),
(242, 'fr', 'canaries', ''),
(243, 'en', 'canarias', ''),
(243, 'fr', 'canaries', ''),
(244, 'en', 'Ibiza', ''),
(244, 'fr', 'Ibiza', ''),
(245, 'en', 'Ibiza', ''),
(245, 'fr', 'Ibiza', ''),
(246, 'en', 'Ibiza', ''),
(246, 'fr', 'Ibiza', ''),
(247, 'en', 'Méribel', ''),
(247, 'fr', 'Méribel', ''),
(248, 'en', 'Méribel', ''),
(248, 'fr', 'Méribel', ''),
(249, 'en', 'le congres l''Oréal monaco', ''),
(249, 'fr', 'le congres l''Oréal monaco', ''),
(250, 'en', 'le congres l''Oréal monaco', ''),
(250, 'fr', 'le congres l''Oréal monaco', ''),
(252, 'en', 'le congres l''Oréal monaco', ''),
(252, 'fr', 'le congres l''Oréal monaco', ''),
(253, 'en', 'le congres l''Oréal monaco', ''),
(253, 'fr', 'le congres l''Oréal monaco', ''),
(254, 'en', 'le congres l''Oréal monaco', ''),
(254, 'fr', 'le congres l''Oréal monaco', ''),
(255, 'en', 'le congres l''Oréal monaco', ''),
(255, 'fr', 'le congres l''Oréal monaco', ''),
(256, 'en', 'seminaire guerlain cannes', ''),
(256, 'fr', 'seminaire guerlain cannes', ''),
(257, 'en', 'seminaire guerlain cannes', ''),
(257, 'fr', 'seminaire guerlain cannes', ''),
(258, 'en', 'seminaire guerlain cannes', ''),
(258, 'fr', 'seminaire guerlain cannes', ''),
(259, 'en', 'Guiness Museum in Dublin', ''),
(259, 'fr', 'Guiness Museum à Dublin', ''),
(260, 'en', 'Reebok showroom Cannes 2013', ''),
(260, 'fr', 'Reebok showroom Cannes 2013', ''),
(261, 'en', 'Reebok showroom Cannes 2013', ''),
(261, 'fr', 'Reebok showroom Cannes 2013', ''),
(262, 'en', 'Reebok showroom Cannes 2013', ''),
(262, 'fr', 'Reebok showroom Cannes 2013', ''),
(263, 'en', 'Reebok showroom Cannes 2013', ''),
(263, 'fr', 'Reebok showroom Cannes 2013', ''),
(264, 'en', 'manuela business developer', ''),
(264, 'fr', 'manuela business developer', ''),
(265, 'en', 'Sandrine - Evening manager', ''),
(265, 'fr', 'Sandrine - Responsable Soirée', ''),
(266, 'en', 'Pharmaceutical seminar in Marseille', ''),
(266, 'fr', 'Seminaire pharmaceutique Marseille', ''),
(267, 'en', 'Pharmaceutical seminar in Marseille', ''),
(267, 'fr', 'seminaire pharmaceutique Marseille', ''),
(268, 'en', 'Pharmaceutical seminar in Marseille', ''),
(268, 'fr', 'Seminaire pharmaceutique Marseille', ''),
(269, 'en', 'Pharmaceutical seminar in Marseille', ''),
(269, 'fr', 'Seminaire pharmaceutique Marseille', ''),
(270, 'en', 'Pharmaceutical seminar in Marseille', ''),
(270, 'fr', 'Seminaire pharmaceutique Marseille', ''),
(271, 'en', 'Team Building Arkopharma Lyon', ''),
(271, 'fr', 'Team Building Arkopharma Lyon', ''),
(272, 'en', 'Team Building Arkopharma Lyon', ''),
(272, 'fr', 'Team Building Arkopharma Lyon', ''),
(273, 'en', 'Team Building Arkopharma Lyon', ''),
(273, 'fr', 'Team Building Arkopharma Lyon', ''),
(274, 'en', 'Team Building Arkopharma Lyon', ''),
(274, 'fr', 'Team Building Arkopharma Lyon', ''),
(275, 'en', 'sanders seminar dublin', ''),
(275, 'fr', 'Seminaire sanders Dublin', ''),
(276, 'en', 'sanders seminar dublin', ''),
(276, 'fr', 'Seminaire sanders Dublin', ''),
(277, 'en', 'sanders seminar dublin', ''),
(277, 'fr', 'seminaire sanders Dublin', ''),
(278, 'en', 'Spice Up exhibits at EIBTM 2013', ''),
(278, 'fr', 'Spice Up expose à EIBTM 2013', ''),
(279, 'en', 'House of Denmark Terrace', ''),
(279, 'fr', 'Terrasse de la Maison du Danemark', ''),
(280, 'en', 'cigar bar animation', ''),
(280, 'fr', 'animation bar à cigares', ''),
(281, 'en', 'show cooking animation', ''),
(281, 'fr', 'animation show cooking', ''),
(282, 'en', 'traditional Christmas dinner in the Marais', ''),
(282, 'fr', 'Dîner de Noël tradi dans le Marais', ''),
(283, 'en', 'Christmas the old fashion way in Montmartre', ''),
(283, 'fr', 'Noël rétro à Montmartre', ''),
(284, 'en', 'Reebok Crossfit launching in Paris - Spice Up', ''),
(284, 'fr', 'Lancement de reebok Crossfit à Paris - Spice Up', ''),
(285, 'en', 'Spice Up Press Kit for EIBTM 2013', ''),
(285, 'fr', 'Dossier de presse Spice Up pour EIBTM 2013', ''),
(286, 'en', 'Spice Up supports the french Football team !', ''),
(286, 'fr', 'Spice Up soutient l''équipe de France de Foot', ''),
(287, 'en', 'Spice Up organizes the annual evening of Amadeus on the French Riviera', ''),
(287, 'fr', 'Spice Up organise la soirée annuelle d''Amadeus sur la Côte d''Azur', ''),
(288, 'en', 'Spice Up organizes the annual evening of Amadeus on the French Riviera', ''),
(288, 'fr', 'Spice Up organise la soirée annuelle d''Amadeus sur la Côte d''Azur', ''),
(289, 'en', 'spice Up organizes the annual evening of Amadeus on the French Riviera', ''),
(289, 'fr', 'Spice Up organise la soirée annuelle d''Amadeus sur la Côte d''Azur', ''),
(290, 'en', 'Spice Up organizes the annual evening of Amadeus on the French Riviera', ''),
(290, 'fr', 'Spice Up organise la soirée annuelle d''Amadeus sur la Côte d''Azur', ''),
(291, 'en', 'Ginini in la Clusaz', ''),
(291, 'fr', 'Ginini à la Clusaz', ''),
(292, 'en', 'Ginini in la Clusaz', ''),
(292, 'fr', 'Ginini à la Clusaz', ''),
(293, 'en', 'Ginini in la Clusaz', ''),
(293, 'fr', 'Ginini à la Clusaz', ''),
(294, 'en', 'Ginini in la Clusaz', ''),
(294, 'fr', 'Ginini à la Clusaz', ''),
(295, 'en', 'Ginini in la Clusaz', ''),
(295, 'fr', 'Ginini à la Clusaz', ''),
(296, 'en', 'Reebok press conference in Club Med Gym', ''),
(296, 'fr', 'conférence de presse Reebok au Club Med Gym', ''),
(297, 'en', 'reebok press conference in Club Med Gym', ''),
(297, 'fr', 'conférence de presse Reebok au Club Med Gym', ''),
(298, 'en', 'reebok press conference in Club Med Gym', ''),
(298, 'fr', 'conférence de presse Reebok au Club Med Gym', ''),
(299, 'en', 'reebok press conference in Club Med Gym', ''),
(299, 'fr', 'conférence de presse Reebok au Club Med Gym', ''),
(301, 'en', 'Victory of France against Ukraine', ''),
(301, 'fr', 'Victoire des Bleus Contre l''Ukraine', ''),
(302, 'en', 'restaurant Chamonix chimney', ''),
(302, 'fr', 'restaurant Chamonix cheminée', ''),
(305, 'en', 'ski la clusaz', ''),
(305, 'fr', 'ski la clusaz', ''),
(308, 'en', 'la folie douce', ''),
(308, 'fr', 'la folie douce', ''),
(309, 'en', 'Valentine''s Day Contest !', ''),
(309, 'fr', 'Concours spécial Saint Valentin !', ''),
(310, 'en', 'Pink menu for Valnetine''s day', ''),
(310, 'fr', 'Menu &quot;tout rose&quot; pour la saint valentin!', ''),
(311, 'en', 'Monaco', ''),
(311, 'fr', 'Monaco', ''),
(312, 'en', 'Nice', ''),
(312, 'fr', 'Nice', ''),
(313, 'en', 'Antibes Picasso Museum', ''),
(313, 'fr', 'Antibes Musée Picasso', ''),
(314, 'en', 'Camargue', ''),
(314, 'fr', 'Camargue', ''),
(315, 'en', 'Saint-Tropez', ''),
(315, 'fr', 'Saint-Tropez', ''),
(316, 'en', 'Cannes', ''),
(316, 'fr', 'Cannes', ''),
(317, 'en', 'Bordeaux', ''),
(317, 'fr', 'Bordeaux', ''),
(318, 'en', 'Lyon', ''),
(318, 'fr', 'Lyon', ''),
(319, 'en', 'The French Alpes', ''),
(319, 'fr', 'Les Alpes', ''),
(320, 'en', 'Paris', ''),
(320, 'fr', 'Paris', ''),
(321, 'en', 'Guerlain Seminar Spice Up', 'Guerlain Seminar Spice Up'),
(321, 'fr', 'Séminaire Guerlain Spice Up', 'Séminaire Guerlain Spice Up'),
(322, 'en', 'Guerlain seminar Spice Up 4x4', 'Guerlain seminar Spice Up 4x4'),
(322, 'fr', 'Séminaire Guerlain Spice Up 4x4', 'Séminaire Guerlain Spice Up 4x4'),
(323, 'en', 'Guerlain seminar Spice Up swimming pool', 'Guerlain seminar Spice Up swimming pool'),
(323, 'fr', 'Séminaire Guerlain Spice Up Piscine', 'Séminaire Guerlain Spice Up Piscine'),
(324, 'en', 'Guerlain seminar Spice Up Terrasse', 'Guerlain seminar Spice Up Terrasse'),
(324, 'fr', 'Séminaire Guerlain Spice Up Terrasse', 'Séminaire Guerlain Spice Up Terrasse'),
(325, 'en', 'Reebok Fit Hub Spice Up', 'Spice Up organized the opening of the firts Reebok Fit Hub'),
(325, 'fr', 'Reebok Fit Hub Spice Up', 'Spice Up a organisé l''inauguration du premier Reebok Fit Hub'),
(326, 'en', 'Reebok Fit Hub Spice Up', 'Opening Reebok Fit Hub CrossFit'),
(326, 'fr', 'Reebok Fit Hub Spice Up', 'Inauguration Boutique Reebok Fit Hub CrossFit'),
(327, 'en', 'Reebok Fit Hub Spice Up', 'Stars at opening of the Reebok Fit Hub'),
(327, 'fr', 'Reebok Fit Hub Spice Up', 'Il y avait des célébrités à l''inauguration du Reebok Fit Hub'),
(328, 'en', 'Reebok Fit Hub Spice Up', 'Spice Up organized the opening of the first Reebok Fit Hub'),
(328, 'fr', 'Reebok Fit Hub Spice Up', 'Spice Up a organisé l''inauguration du premier Reebok Fit Hub'),
(329, 'en', 'Reebok Fit Hub Spice Up', 'Spice Up organized the opening of the first Reebok Fit Hub'),
(329, 'fr', 'Reebok Fit Hub Spice Up', 'Spice Up a organisé l''inauguration du premier Reebok Fit Hub'),
(330, 'en', 'Reebok Fit Hub Spice Up', 'Spice Up organized the opening of the first Reebok Fit Hub'),
(330, 'fr', 'Reebok Fit Hub Spice Up', 'Spice Up a organisé l''inauguration du premier Reebok Fit Hub'),
(331, 'en', 'Reebok Fit Hub Spice Up', 'Spice Up organized the opening of the first Reebok Fit Hub'),
(331, 'fr', 'Reebok Fit Hub Spice Up', 'Spice Up a organisé l''inauguration du premier Reebok Fit Hub'),
(333, 'en', 'Reebok Fit Hub Spice Up, jean imbert', 'Spice Up organized the opening of the first Reebok Fit Hub'),
(333, 'fr', 'Reebok Fit Hub Spice Up, jean imbert', 'Spice Up a organisé l''inauguration du premier Reebok Fit Hub'),
(334, 'en', 'Reebok Fit Hub Spice Up', 'Spice Up organized the opening of the first Reebok Fit Hub'),
(334, 'fr', 'Reebok Fit Hub Spice Up', 'Spice Up a organisé l''inauguration du premier Reebok Fit Hub'),
(335, 'en', 'Reebok Fit Hub Spice Up, party', 'Spice Up organized the opening of the first Reebok Fit Hub'),
(335, 'fr', 'Reebok Fit Hub Spice Up, party', 'Spice Up a organisé l''inauguration du premier Reebok Fit Hub'),
(337, 'en', 'Matrix seminar March 2014', 'Matrix seminar March 2014'),
(337, 'fr', 'Séminaire Matrix Mars 2014 Spice Up', 'Séminaire Matrix Mars 2014 Spice Up'),
(338, 'en', 'Matrix seminar March 2014', 'Matrix seminar March 2014'),
(338, 'fr', 'Séminaire Matrix Mars 2014 Spice Up', 'Séminaire Matrix Mars 2014 Spice Up'),
(339, 'en', 'Matrix seminar March 2014', 'Matrix seminar March 2014'),
(339, 'fr', 'Séminaire Matrix Mars 2014 Spice Up', 'Séminaire Matrix Mars 2014 Spice Up'),
(340, 'en', 'Matrix seminar March 2014', 'Matrix seminar March 2014'),
(340, 'fr', 'Séminaire Matrix Mars 2014 Spice Up', 'Séminaire Matrix Mars 2014 Spice Up'),
(341, 'en', 'Matrix seminar March 2014', 'Matrix seminar March 2014'),
(341, 'fr', 'Séminaire Matrix Mars 2014 Spice Up', 'Séminaire Matrix Mars 2014 Spice Up'),
(342, 'en', 'Ingrid project manager', ''),
(342, 'fr', 'Ingrid chef de projet', ''),
(343, 'en', 'Ingrid project manager', ''),
(343, 'fr', 'Ingrid chef de projet', ''),
(344, 'en', 'office', ''),
(344, 'fr', 'bureau', ''),
(345, 'en', 'Cannes Film festival 2014', ''),
(345, 'fr', 'Festival de Cannes 2014', ''),
(346, 'en', 'Spice Up exhibits at IMEX 2014', ''),
(346, 'fr', 'Spice Up expose à IMEX 2014', ''),
(347, 'en', 'Spice Up Venue Finding', ''),
(347, 'fr', 'Spice Up Venue Finding', ''),
(348, 'en', 'Reebok Spice Up', 'Reebok Spice Up Villa Schweppes'),
(348, 'fr', 'Reebok Spice Up', 'Reebok Spice Up Villa Schweppes'),
(349, 'en', 'Reebok Spice Up Villa Schweppes', 'Reebok Spice Up Villa Schweppes'),
(349, 'fr', 'Reebok Spice Up Villa Schweppes', 'Reebok Spice Up Villa Schweppes'),
(350, 'en', 'Reebok Spice Up Villa Schweppes', 'Reebok Spice Up Villa Schweppes'),
(350, 'fr', 'Reebok Spice Up Villa Schweppes', 'Reebok Spice Up Villa Schweppes'),
(351, 'en', 'Reebok Spice Up Villa Schweppes', 'Reebok Spice Up Villa Schweppes'),
(351, 'fr', 'Reebok Spice Up Villa Schweppes', 'Reebok Spice Up Villa Schweppes'),
(352, 'en', 'Reebok Spice Up Villa Schweppes', 'Reebok Spice Up Villa Schweppes'),
(352, 'fr', 'Reebok Spice Up Villa Schweppes', 'Reebok Spice Up Villa Schweppes'),
(353, 'en', 'Reebok Spice Up Jean Imbert', 'Reebok Spice Up Jean Imbert'),
(353, 'fr', 'Reebok Spice Up Jean Imbert', 'Reebok Spice Up Jean Imbert'),
(354, 'en', 'Villa Schweppes Laure Manaudou', 'Villa Schweppes Laure Manaudou'),
(354, 'fr', 'Villa Schweppes Laure Manaudou', 'Villa Schweppes Laure Manaudou'),
(355, 'en', 'Reebok Spice Up Villa Schweppes', 'Reebok Spice Up Villa Schweppes'),
(355, 'fr', 'Reebok Spice Up Villa Schweppes', 'Reebok Spice Up Villa Schweppes'),
(357, 'en', 'Reebok Spice Up Villa Schweppes', 'Reebok Spice Up Villa Schweppes'),
(357, 'fr', 'Reebok Spice Up Villa Schweppes', 'Reebok Spice Up Villa Schweppes'),
(358, 'en', 'Reebok Spice Up Villa Schweppes', 'Reebok Spice Up Villa Schweppes'),
(358, 'fr', 'Reebok Spice Up Villa Schweppes', 'Reebok Spice Up Villa Schweppes'),
(359, 'en', 'Reebok Spice Up Villa Schweppes', 'Reebok Spice Up Villa Schweppes'),
(359, 'fr', 'Reebok Spice Up Villa Schweppes', 'Reebok Spice Up Villa Schweppes'),
(360, 'en', 'Reebok Spice Up Villa Schweppes', 'Reebok Spice Up Villa Schweppes'),
(360, 'fr', 'Reebok Spice Up Villa Schweppes', 'Reebok Spice Up Villa Schweppes'),
(364, 'en', 'easyJet game', ''),
(364, 'fr', 'Jeu easyJet', ''),
(365, 'en', 'spice up easyjet', ''),
(365, 'fr', 'spice up easyjet', ''),
(366, 'en', '', ''),
(366, 'fr', '', ''),
(367, 'en', '', ''),
(367, 'fr', '', ''),
(368, 'en', '', ''),
(368, 'fr', '', ''),
(369, 'en', '', ''),
(369, 'fr', '', ''),
(370, 'en', '', ''),
(370, 'fr', '', ''),
(371, 'en', '', ''),
(371, 'fr', '', ''),
(372, 'en', '', ''),
(372, 'fr', '', ''),
(373, 'en', '', ''),
(373, 'fr', '', ''),
(375, 'en', 'ipad app easyJet', 'ipad app easyJet'),
(375, 'fr', 'Application ipad easyJet', 'Application ipad easyJet');

-- --------------------------------------------------------

--
-- Structure de la table `pictogrammes`
--

CREATE TABLE IF NOT EXISTS `pictogrammes` (
  `pictogrammes_id` int(10) unsigned NOT NULL AUTO_INCREMENT,
  `pictogrammes_active` enum('Y','N') NOT NULL DEFAULT 'N',
  `pictogrammes_profil` enum('superviseur','referenceur','administrateur','commercial','redacteur') NOT NULL DEFAULT 'administrateur',
  `agences_id` int(10) unsigned DEFAULT NULL,
  `actualites_id` int(10) unsigned DEFAULT NULL,
  `annonces_id` int(10) unsigned DEFAULT NULL,
  `cmspages_id` int(10) unsigned DEFAULT NULL,
  `dossiers_id` int(10) unsigned DEFAULT NULL,
  `formations_id` int(10) unsigned DEFAULT NULL,
  `produits_id` int(10) unsigned DEFAULT NULL,
  `pictogrammes_image` varchar(150) DEFAULT NULL,
  `pictogrammes_ordre` int(10) unsigned NOT NULL DEFAULT '1',
  PRIMARY KEY (`pictogrammes_id`),
  KEY `fk_pictogrammes_actualites_id` (`actualites_id`),
  KEY `fk_pictogrammes_cmspages_id` (`cmspages_id`),
  KEY `fk_pictogrammes_dossiers_id` (`dossiers_id`),
  KEY `fk_pictogrammes_formations_id` (`formations_id`),
  KEY `fk_pictogrammes_produits_id` (`produits_id`),
  KEY `fk_pictogrammes_agences_id` (`agences_id`),
  KEY `fk_pictogrammes_annonces_id` (`annonces_id`)
) ENGINE=InnoDB DEFAULT CHARSET=utf8 AUTO_INCREMENT=1 ;

-- --------------------------------------------------------

--
-- Structure de la table `pictogrammes_actualites`
--

CREATE TABLE IF NOT EXISTS `pictogrammes_actualites` (
  `pictogrammes_id` int(10) unsigned NOT NULL,
  `actualites_id` int(10) unsigned NOT NULL,
  `pictogrammes_actualites_active` enum('Y','N') NOT NULL DEFAULT 'N',
  `pictogrammes_actualites_ordre` int(10) unsigned NOT NULL DEFAULT '1',
  PRIMARY KEY (`pictogrammes_id`,`actualites_id`),
  KEY `fk_pictogrammesactualites_pictogrammes_id` (`pictogrammes_id`),
  KEY `fk_pictogrammesactualites_actualites_id` (`actualites_id`)
) ENGINE=InnoDB DEFAULT CHARSET=utf8;

-- --------------------------------------------------------

--
-- Structure de la table `pictogrammes_annonces`
--

CREATE TABLE IF NOT EXISTS `pictogrammes_annonces` (
  `pictogrammes_id` int(10) unsigned NOT NULL,
  `annonces_id` int(10) unsigned NOT NULL,
  `pictogrammes_annonces_active` enum('Y','N') NOT NULL DEFAULT 'N',
  `pictogrammes_annonces_ordre` int(10) unsigned NOT NULL DEFAULT '1',
  PRIMARY KEY (`pictogrammes_id`,`annonces_id`),
  KEY `fk_pictogrammesannonces_pictogrammes_id` (`pictogrammes_id`),
  KEY `fk_pictogrammesannonces_annonces_id` (`annonces_id`)
) ENGINE=InnoDB DEFAULT CHARSET=utf8;

-- --------------------------------------------------------

--
-- Structure de la table `pictogrammes_cmspages`
--

CREATE TABLE IF NOT EXISTS `pictogrammes_cmspages` (
  `pictogrammes_id` int(10) unsigned NOT NULL,
  `cmspages_id` int(10) unsigned NOT NULL,
  `pictogrammes_cmspages_active` enum('Y','N') NOT NULL DEFAULT 'N',
  `pictogrammes_cmspages_ordre` int(10) unsigned NOT NULL DEFAULT '1',
  PRIMARY KEY (`pictogrammes_id`,`cmspages_id`),
  KEY `fk_pictogrammescmspages_pictogrammes_id` (`pictogrammes_id`),
  KEY `fk_pictogrammescmspages_cmspages_id` (`cmspages_id`)
) ENGINE=InnoDB DEFAULT CHARSET=utf8;

-- --------------------------------------------------------

--
-- Structure de la table `pictogrammes_diffusion`
--

CREATE TABLE IF NOT EXISTS `pictogrammes_diffusion` (
  `pictogrammes_id` int(10) unsigned NOT NULL,
  `ndd` varchar(5) NOT NULL,
  `pictogrammes_diffusion_active` enum('Y','N') NOT NULL DEFAULT 'N',
  PRIMARY KEY (`pictogrammes_id`,`ndd`),
  KEY `fk_pictogrammesdiffusion_pictogrammes_id` (`pictogrammes_id`)
) ENGINE=InnoDB DEFAULT CHARSET=utf8;

-- --------------------------------------------------------

--
-- Structure de la table `pictogrammes_dossiers`
--

CREATE TABLE IF NOT EXISTS `pictogrammes_dossiers` (
  `pictogrammes_id` int(10) unsigned NOT NULL,
  `dossiers_id` int(10) unsigned NOT NULL,
  `pictogrammes_cmspages_active` enum('Y','N') NOT NULL DEFAULT 'N',
  `pictogrammes_cmspages_ordre` int(10) unsigned NOT NULL DEFAULT '1',
  PRIMARY KEY (`pictogrammes_id`,`dossiers_id`),
  KEY `fk_pictogrammesdossiers_pictogrammes_id` (`pictogrammes_id`),
  KEY `fk_pictogrammesdossiers_dossiers_id` (`dossiers_id`)
) ENGINE=InnoDB DEFAULT CHARSET=utf8;

-- --------------------------------------------------------

--
-- Structure de la table `pictogrammes_formations`
--

CREATE TABLE IF NOT EXISTS `pictogrammes_formations` (
  `pictogrammes_id` int(10) unsigned NOT NULL,
  `formations_id` int(10) unsigned NOT NULL,
  `pictogrammes_formations_active` enum('Y','N') NOT NULL DEFAULT 'N',
  `pictogrammes_formations_ordre` int(10) unsigned NOT NULL DEFAULT '1',
  PRIMARY KEY (`pictogrammes_id`,`formations_id`),
  KEY `fk_pictogrammesformations_pictogrammes_id` (`pictogrammes_id`),
  KEY `fk_pictogrammesformations_formations_id` (`formations_id`)
) ENGINE=InnoDB DEFAULT CHARSET=utf8;

-- --------------------------------------------------------

--
-- Structure de la table `pictogrammes_produits`
--

CREATE TABLE IF NOT EXISTS `pictogrammes_produits` (
  `pictogrammes_id` int(10) unsigned NOT NULL,
  `produits_id` int(10) unsigned NOT NULL,
  `pictogrammes_produits_active` enum('Y','N') NOT NULL DEFAULT 'N',
  `pictogrammes_produits_ordre` int(10) unsigned NOT NULL DEFAULT '1',
  PRIMARY KEY (`pictogrammes_id`,`produits_id`),
  KEY `fk_pictogrammesproduits_pictogrammes_id` (`pictogrammes_id`),
  KEY `fk_pictogrammesproduits_produits_id` (`produits_id`)
) ENGINE=InnoDB DEFAULT CHARSET=utf8;

-- --------------------------------------------------------

--
-- Structure de la table `pictogrammes_translation`
--

CREATE TABLE IF NOT EXISTS `pictogrammes_translation` (
  `pictogrammes_id` int(10) unsigned NOT NULL,
  `lang` varchar(2) NOT NULL,
  `tag_alt` varchar(250) DEFAULT NULL,
  `pictogrammes_legende` varchar(150) DEFAULT NULL,
  PRIMARY KEY (`pictogrammes_id`,`lang`),
  KEY `fk_pictogrammes_pictogrammes_id` (`pictogrammes_id`)
) ENGINE=InnoDB DEFAULT CHARSET=utf8;

-- --------------------------------------------------------

--
-- Structure de la table `produits`
--

CREATE TABLE IF NOT EXISTS `produits` (
  `produits_id` int(10) unsigned NOT NULL AUTO_INCREMENT,
  `produits_active` enum('Y','N') NOT NULL DEFAULT 'N',
  `produits_profil` enum('superviseur','referenceur','administrateur','commercial','redacteur') NOT NULL DEFAULT 'administrateur',
  `agences_id` int(10) unsigned DEFAULT NULL,
  `produits_type` enum('simple','multiple','composant') NOT NULL DEFAULT 'simple',
  `produits_critere` int(11) DEFAULT NULL,
  `parents_id` int(10) unsigned DEFAULT NULL,
  `jeuxattributs_id` int(10) unsigned DEFAULT NULL,
  `familles_id` int(10) unsigned DEFAULT NULL,
  `gammes_id` int(10) unsigned DEFAULT NULL,
  `univers_id` int(10) unsigned DEFAULT NULL,
  `produits_reference` varchar(150) DEFAULT NULL,
  `produits_gencod` varchar(50) DEFAULT NULL,
  `fournisseurs_id` int(10) unsigned DEFAULT NULL,
  `produits_reffournisseur` varchar(150) DEFAULT NULL,
  `marques_id` int(10) unsigned DEFAULT NULL,
  `produits_poids` decimal(10,2) DEFAULT NULL,
  `produits_qtestock` int(11) DEFAULT NULL,
  `produits_public_qtestock` int(11) DEFAULT NULL,
  `produits_pro_qtestock` int(11) DEFAULT NULL,
  `produits_photo` varchar(150) DEFAULT NULL,
  `produits_pictogramme` varchar(150) DEFAULT NULL,
  `produits_kdo` enum('Y','N') NOT NULL DEFAULT 'N',
  `produits_ordre` int(10) unsigned NOT NULL DEFAULT '1',
  PRIMARY KEY (`produits_id`),
  KEY `fk_produits_jeuxattributs_id` (`jeuxattributs_id`),
  KEY `fk_produits_familles_id` (`familles_id`),
  KEY `fk_produits_fournisseurs_id` (`fournisseurs_id`),
  KEY `fk_produits_marques_id` (`marques_id`),
  KEY `fk_produits_parents_id` (`parents_id`),
  KEY `fk_produits_univers_id` (`univers_id`),
  KEY `fk_produits_gammes_id` (`gammes_id`),
  KEY `fk_produits_agences_id` (`agences_id`)
) ENGINE=InnoDB DEFAULT CHARSET=utf8 AUTO_INCREMENT=1 ;

-- --------------------------------------------------------

--
-- Structure de la table `produits_associes`
--

CREATE TABLE IF NOT EXISTS `produits_associes` (
  `produits_id` int(10) unsigned NOT NULL,
  `associes_id` int(10) unsigned NOT NULL,
  `produits_associes_active` enum('Y','N') NOT NULL DEFAULT 'N',
  `produits_associes_ordre` int(10) unsigned NOT NULL DEFAULT '1',
  PRIMARY KEY (`produits_id`,`associes_id`),
  KEY `fk_produitsassocies_produits_id` (`produits_id`),
  KEY `fk_produitsassocies_associes_id` (`associes_id`)
) ENGINE=InnoDB DEFAULT CHARSET=utf8;

-- --------------------------------------------------------

--
-- Structure de la table `produits_croises`
--

CREATE TABLE IF NOT EXISTS `produits_croises` (
  `produits_id` int(10) unsigned NOT NULL,
  `croises_id` int(10) unsigned NOT NULL,
  `produits_croises_active` enum('Y','N') NOT NULL DEFAULT 'N',
  `produits_croises_ordre` int(10) unsigned NOT NULL DEFAULT '1',
  PRIMARY KEY (`produits_id`,`croises_id`),
  KEY `fk_produitscroises_produits_id` (`produits_id`),
  KEY `fk_produitscroises_croises_id` (`croises_id`)
) ENGINE=InnoDB DEFAULT CHARSET=utf8;

-- --------------------------------------------------------

--
-- Structure de la table `produits_diffusion`
--

CREATE TABLE IF NOT EXISTS `produits_diffusion` (
  `produits_id` int(10) unsigned NOT NULL,
  `ndd` varchar(5) NOT NULL,
  `produits_diffusion_active` enum('Y','N') NOT NULL DEFAULT 'N',
  `tva_id` int(10) unsigned DEFAULT NULL,
  `produits_saisieprix` enum('ht','ttc') NOT NULL DEFAULT 'ht',
  `produits_affichageprix` enum('ht','ttc') NOT NULL DEFAULT 'ht',
  `produits_prixachat` decimal(10,2) DEFAULT NULL,
  `produits_qtemini` int(11) DEFAULT NULL,
  `produits_public` enum('Y','N') NOT NULL DEFAULT 'N',
  `produits_prixpublic` decimal(10,2) DEFAULT NULL,
  `produits_promopublic` enum('Y','N') NOT NULL DEFAULT 'N',
  `produits_promopublictype` enum('€','%') NOT NULL DEFAULT '€',
  `produits_promopublicprix` decimal(10,2) DEFAULT NULL,
  `produits_promopublicremise` int(11) DEFAULT NULL,
  `produits_promopublicdebut` date DEFAULT NULL,
  `produits_promopublicfin` date DEFAULT NULL,
  `produits_soldespublic` enum('Y','N') NOT NULL DEFAULT 'N',
  `produits_marketingpublic1` enum('Y','N') NOT NULL DEFAULT 'N',
  `produits_marketingpublic2` enum('Y','N') NOT NULL DEFAULT 'N',
  `produits_marketingpublic3` enum('Y','N') NOT NULL DEFAULT 'N',
  `produits_marketingpublic4` enum('Y','N') NOT NULL DEFAULT 'N',
  `produits_marketingpublic5` enum('Y','N') NOT NULL DEFAULT 'N',
  `produits_accueilpublic` enum('Y','N') NOT NULL DEFAULT 'N',
  `produits_pro` enum('Y','N') NOT NULL DEFAULT 'N',
  `produits_prixpro` decimal(10,2) DEFAULT NULL,
  `produits_promopro` enum('Y','N') NOT NULL DEFAULT 'N',
  `produits_promoprotype` enum('€','%') NOT NULL DEFAULT '€',
  `produits_promoproprix` decimal(10,2) DEFAULT NULL,
  `produits_promoproremise` int(11) DEFAULT NULL,
  `produits_promoprodebut` date DEFAULT NULL,
  `produits_promoprofin` date DEFAULT NULL,
  `produits_soldespro` enum('Y','N') NOT NULL DEFAULT 'N',
  `produits_marketingpro1` enum('Y','N') NOT NULL DEFAULT 'N',
  `produits_marketingpro2` enum('Y','N') NOT NULL DEFAULT 'N',
  `produits_marketingpro3` enum('Y','N') NOT NULL DEFAULT 'N',
  `produits_marketingpro4` enum('Y','N') NOT NULL DEFAULT 'N',
  `produits_marketingpro5` enum('Y','N') NOT NULL DEFAULT 'N',
  `produits_accueilpro` enum('Y','N') NOT NULL DEFAULT 'N',
  `produits_cadeau` enum('Y','N') NOT NULL DEFAULT 'N',
  `produits_points` int(4) DEFAULT NULL,
  PRIMARY KEY (`produits_id`,`ndd`),
  KEY `fk_produitsdiffusion_produits_id` (`produits_id`),
  KEY `fk_produitsdiffusion_tva_id` (`tva_id`)
) ENGINE=InnoDB DEFAULT CHARSET=utf8;

-- --------------------------------------------------------

--
-- Structure de la table `produits_translation`
--

CREATE TABLE IF NOT EXISTS `produits_translation` (
  `produits_id` int(10) unsigned NOT NULL,
  `lang` varchar(2) NOT NULL,
  `meta_title` varchar(250) DEFAULT NULL,
  `meta_description` varchar(250) DEFAULT NULL,
  `meta_keywords` varchar(250) DEFAULT NULL,
  `produits_designation` varchar(150) DEFAULT NULL,
  `produits_resume` text,
  `produits_description` longtext,
  `produits_complement` longtext,
  `produits_document` varchar(150) DEFAULT NULL,
  `produits_videos` text,
  PRIMARY KEY (`produits_id`,`lang`),
  KEY `fk_produits_produits_id` (`produits_id`)
) ENGINE=InnoDB DEFAULT CHARSET=utf8;

-- --------------------------------------------------------

--
-- Structure de la table `regles`
--

CREATE TABLE IF NOT EXISTS `regles` (
  `regles_id` int(10) unsigned NOT NULL AUTO_INCREMENT,
  `remises_id` int(10) unsigned NOT NULL,
  `regles_conditions` text,
  `regles_appliqueremises` text,
  `regles_ordre` int(10) unsigned NOT NULL DEFAULT '1',
  PRIMARY KEY (`regles_id`),
  KEY `fk_regles_remises_id` (`remises_id`)
) ENGINE=InnoDB DEFAULT CHARSET=utf8 AUTO_INCREMENT=1 ;

-- --------------------------------------------------------

--
-- Structure de la table `regles_translation`
--

CREATE TABLE IF NOT EXISTS `regles_translation` (
  `regles_id` int(10) unsigned NOT NULL,
  `lang` varchar(2) NOT NULL,
  `regles_description` text,
  PRIMARY KEY (`regles_id`,`lang`),
  KEY `fk_regles_regles_id` (`regles_id`)
) ENGINE=InnoDB DEFAULT CHARSET=utf8;

-- --------------------------------------------------------

--
-- Structure de la table `remises`
--

CREATE TABLE IF NOT EXISTS `remises` (
  `remises_id` int(10) unsigned NOT NULL AUTO_INCREMENT,
  `ndd` varchar(5) NOT NULL,
  `remises_active` enum('Y','N') NOT NULL DEFAULT 'N',
  `users_email` varchar(150) DEFAULT NULL,
  `remises_type` enum('COUPON','PROMO','ANNIV','CHQKDO') DEFAULT 'PROMO',
  `remises_code` varchar(50) DEFAULT NULL,
  `remises_debut` date DEFAULT NULL,
  `remises_fin` date DEFAULT NULL,
  `remises_transition` enum('OR','AND') NOT NULL DEFAULT 'OR',
  `remises_horspromo` enum('Y','N') NOT NULL DEFAULT 'Y',
  `remises_reutilise` enum('Y','N') NOT NULL DEFAULT 'N',
  PRIMARY KEY (`remises_id`)
) ENGINE=InnoDB DEFAULT CHARSET=utf8 AUTO_INCREMENT=1 ;

-- --------------------------------------------------------

--
-- Structure de la table `remises_translation`
--

CREATE TABLE IF NOT EXISTS `remises_translation` (
  `remises_id` int(10) unsigned NOT NULL,
  `lang` varchar(2) NOT NULL,
  `remises_description` varchar(250) DEFAULT NULL,
  PRIMARY KEY (`remises_id`,`lang`),
  KEY `fk_remises_remises_id` (`remises_id`)
) ENGINE=InnoDB DEFAULT CHARSET=utf8;

-- --------------------------------------------------------

--
-- Structure de la table `remises_utilisees`
--

CREATE TABLE IF NOT EXISTS `remises_utilisees` (
  `remises_id` int(10) unsigned NOT NULL,
  `users_email` varchar(150) NOT NULL,
  `commandes_id` int(10) unsigned DEFAULT NULL,
  PRIMARY KEY (`remises_id`,`users_email`),
  KEY `fk_remisesutilisees_remises_id` (`remises_id`),
  KEY `fk_remisesutilisees_commandes_id` (`commandes_id`),
  KEY `fk_remisesutilisees_users_email` (`users_email`)
) ENGINE=InnoDB DEFAULT CHARSET=utf8;

-- --------------------------------------------------------

--
-- Structure de la table `searchengine`
--

CREATE TABLE IF NOT EXISTS `searchengine` (
  `searchengine_id` int(10) unsigned NOT NULL AUTO_INCREMENT,
  `searchengine_session` varchar(40) NOT NULL,
  `searchengine_date` datetime NOT NULL,
  `searchengine_params` text,
  `searchengine_results` longtext,
  PRIMARY KEY (`searchengine_id`),
  UNIQUE KEY `uk_searchengine_session` (`searchengine_session`),
  KEY `i_searchengine_date` (`searchengine_date`)
) ENGINE=InnoDB DEFAULT CHARSET=utf8 AUTO_INCREMENT=1 ;

-- --------------------------------------------------------

--
-- Structure de la table `sessions`
--

CREATE TABLE IF NOT EXISTS `sessions` (
  `sessions_id` int(10) unsigned NOT NULL AUTO_INCREMENT,
  `sessions_active` enum('Y','N') NOT NULL DEFAULT 'N',
  `sessions_profil` enum('superviseur','referenceur','administrateur','commercial','redacteur') NOT NULL DEFAULT 'administrateur',
  `agences_id` int(10) unsigned DEFAULT NULL,
  `formations_id` int(10) unsigned NOT NULL,
  `sessions_datedebut` date DEFAULT NULL,
  `sessions_datefin` date DEFAULT NULL,
  PRIMARY KEY (`sessions_id`),
  KEY `fk_sessions_formations_id` (`formations_id`),
  KEY `fk_sessions_agences_id` (`agences_id`)
) ENGINE=InnoDB DEFAULT CHARSET=utf8 AUTO_INCREMENT=1 ;

-- --------------------------------------------------------

--
-- Structure de la table `sessions_translation`
--

CREATE TABLE IF NOT EXISTS `sessions_translation` (
  `sessions_id` int(10) unsigned NOT NULL,
  `lang` varchar(2) NOT NULL,
  `sessions_lieu` varchar(150) NOT NULL,
  PRIMARY KEY (`sessions_id`,`lang`),
  KEY `fk_sessions_sessions_id` (`sessions_id`)
) ENGINE=InnoDB DEFAULT CHARSET=utf8;

-- --------------------------------------------------------

--
-- Structure de la table `thematiques`
--

CREATE TABLE IF NOT EXISTS `thematiques` (
  `thematiques_id` int(10) unsigned NOT NULL AUTO_INCREMENT,
  `thematiques_active` enum('Y','N') NOT NULL DEFAULT 'N',
  `thematiques_profil` enum('superviseur','referenceur','administrateur','commercial','redacteur') NOT NULL DEFAULT 'administrateur',
  `agences_id` int(10) unsigned DEFAULT NULL,
  `thematiques_bandeau` varchar(150) DEFAULT NULL,
  `thematiques_bg` int(11) NOT NULL DEFAULT '0',
  `thematiques_bd` int(11) NOT NULL DEFAULT '0',
  `thematiques_niveau` int(10) unsigned NOT NULL DEFAULT '1',
  `parents_id` int(10) unsigned DEFAULT NULL,
  PRIMARY KEY (`thematiques_id`),
  KEY `fk_thematiques_parents_id` (`parents_id`),
  KEY `fk_thematiques_agences_id` (`agences_id`)
) ENGINE=InnoDB DEFAULT CHARSET=utf8 AUTO_INCREMENT=1 ;

-- --------------------------------------------------------

--
-- Structure de la table `thematiques_translation`
--

CREATE TABLE IF NOT EXISTS `thematiques_translation` (
  `thematiques_id` int(10) unsigned NOT NULL,
  `lang` varchar(2) NOT NULL,
  `meta_title` varchar(250) DEFAULT NULL,
  `meta_description` varchar(250) DEFAULT NULL,
  `meta_keywords` varchar(250) DEFAULT NULL,
  `thematiques_libelle` varchar(150) NOT NULL,
  `thematiques_accroche` text,
  `thematiques_description` longtext,
  PRIMARY KEY (`thematiques_id`,`lang`),
  KEY `fk_thematiques_thematiques_id` (`thematiques_id`)
) ENGINE=InnoDB DEFAULT CHARSET=utf8;

-- --------------------------------------------------------

--
-- Structure de la table `transporteurs`
--

CREATE TABLE IF NOT EXISTS `transporteurs` (
  `transporteurs_id` int(10) unsigned NOT NULL AUTO_INCREMENT,
  `zones_id` int(10) unsigned NOT NULL,
  `tva_id` int(10) unsigned NOT NULL,
  `transporteurs_active` enum('Y','N') NOT NULL DEFAULT 'N',
  `transporteurs_type` enum('LIVRAISON','RELAIS','RETRAIT') NOT NULL DEFAULT 'LIVRAISON',
  `transporteurs_nom` varchar(150) NOT NULL,
  `transporteurs_url_tracking` varchar(250) NOT NULL,
  `transporteurs_logo` varchar(150) DEFAULT NULL,
  PRIMARY KEY (`transporteurs_id`),
  KEY `fk_transporteurs_zones_id` (`zones_id`),
  KEY `fk_transporteurs_tva_id` (`tva_id`)
) ENGINE=InnoDB DEFAULT CHARSET=utf8 AUTO_INCREMENT=1 ;

-- --------------------------------------------------------

--
-- Structure de la table `transporteurs_translation`
--

CREATE TABLE IF NOT EXISTS `transporteurs_translation` (
  `transporteurs_id` int(10) unsigned NOT NULL,
  `lang` varchar(2) NOT NULL,
  `transporteurs_description` longtext,
  PRIMARY KEY (`transporteurs_id`,`lang`),
  KEY `fk_transporteurs_transporteurs_id` (`transporteurs_id`)
) ENGINE=InnoDB DEFAULT CHARSET=utf8;

-- --------------------------------------------------------

--
-- Structure de la table `tva`
--

CREATE TABLE IF NOT EXISTS `tva` (
  `tva_id` int(10) unsigned NOT NULL AUTO_INCREMENT,
  `ndd` varchar(5) DEFAULT NULL,
  `tva_active` enum('Y','N') NOT NULL DEFAULT 'N',
  `tva_taux` decimal(10,2) NOT NULL DEFAULT '0.00',
  PRIMARY KEY (`tva_id`)
) ENGINE=InnoDB  DEFAULT CHARSET=utf8 AUTO_INCREMENT=3 ;

--
-- Contenu de la table `tva`
--

INSERT INTO `tva` (`tva_id`, `ndd`, `tva_active`, `tva_taux`) VALUES
(1, 'com', 'Y', 19.60),
(2, 'com', 'Y', 5.50);

-- --------------------------------------------------------

--
-- Structure de la table `tva_translation`
--

CREATE TABLE IF NOT EXISTS `tva_translation` (
  `tva_id` int(10) unsigned NOT NULL,
  `lang` varchar(2) NOT NULL,
  `tva_libelle` varchar(50) DEFAULT NULL,
  PRIMARY KEY (`tva_id`,`lang`),
  KEY `fk_tva_tva_id` (`tva_id`)
) ENGINE=InnoDB DEFAULT CHARSET=utf8;

--
-- Contenu de la table `tva_translation`
--

INSERT INTO `tva_translation` (`tva_id`, `lang`, `tva_libelle`) VALUES
(1, 'fr', 'Tva 19,6%'),
(2, 'fr', 'Tva 5,5%');

-- --------------------------------------------------------

--
-- Structure de la table `univers`
--

CREATE TABLE IF NOT EXISTS `univers` (
  `univers_id` int(10) unsigned NOT NULL AUTO_INCREMENT,
  `univers_active` enum('Y','N') NOT NULL DEFAULT 'N',
  `univers_bandeau` varchar(150) DEFAULT NULL,
  `univers_ordre` int(10) unsigned NOT NULL DEFAULT '1',
  PRIMARY KEY (`univers_id`)
) ENGINE=InnoDB DEFAULT CHARSET=utf8 AUTO_INCREMENT=1 ;

-- --------------------------------------------------------

--
-- Structure de la table `univers_translation`
--

CREATE TABLE IF NOT EXISTS `univers_translation` (
  `univers_id` int(10) unsigned NOT NULL,
  `lang` varchar(2) NOT NULL,
  `univers_libelle` varchar(250) NOT NULL,
  PRIMARY KEY (`univers_id`,`lang`),
  KEY `fk_univers_univers_id` (`univers_id`)
) ENGINE=InnoDB DEFAULT CHARSET=utf8;

-- --------------------------------------------------------

--
-- Structure de la table `univers_users`
--

CREATE TABLE IF NOT EXISTS `univers_users` (
  `univers_id` int(10) unsigned NOT NULL,
  `users_id` int(10) unsigned NOT NULL,
  PRIMARY KEY (`univers_id`,`users_id`),
  KEY `fk_universusers_univers_id` (`univers_id`),
  KEY `fk_universusers_users_id` (`users_id`)
) ENGINE=InnoDB DEFAULT CHARSET=utf8;

-- --------------------------------------------------------

--
-- Structure de la table `uservalues`
--

CREATE TABLE IF NOT EXISTS `uservalues` (
  `uservalues_id` int(10) unsigned NOT NULL AUTO_INCREMENT,
  `attributs_id` int(10) unsigned NOT NULL,
  `uservalues_image` varchar(150) DEFAULT NULL,
  `uservalues_ordre` int(10) unsigned NOT NULL DEFAULT '1',
  PRIMARY KEY (`uservalues_id`),
  KEY `fk_uservalues_attributs_id` (`attributs_id`)
) ENGINE=InnoDB DEFAULT CHARSET=utf8 AUTO_INCREMENT=1 ;

-- --------------------------------------------------------

--
-- Structure de la table `uservalues_translation`
--

CREATE TABLE IF NOT EXISTS `uservalues_translation` (
  `uservalues_id` int(10) unsigned NOT NULL,
  `lang` varchar(2) NOT NULL,
  `uservalues_value` varchar(250) NOT NULL,
  PRIMARY KEY (`uservalues_id`,`lang`),
  KEY `fk_uservalues_uservalues_id` (`uservalues_id`)
) ENGINE=InnoDB DEFAULT CHARSET=utf8;

-- --------------------------------------------------------

--
-- Structure de la table `versions`
--

CREATE TABLE IF NOT EXISTS `versions` (
  `domaines_code` varchar(5) NOT NULL,
  `langues_code` varchar(2) NOT NULL,
  `versions_active` enum('Y','N') NOT NULL DEFAULT 'N',
  `versions_defaut` enum('Y','N') NOT NULL DEFAULT 'N',
  `versions_ordre` int(10) unsigned NOT NULL DEFAULT '1',
  PRIMARY KEY (`domaines_code`,`langues_code`),
  KEY `fk_versions_domaines_code` (`domaines_code`),
  KEY `fk_versions_langues_code` (`langues_code`)
) ENGINE=InnoDB DEFAULT CHARSET=utf8;

--
-- Contenu de la table `versions`
--

INSERT INTO `versions` (`domaines_code`, `langues_code`, `versions_active`, `versions_defaut`, `versions_ordre`) VALUES
('fr', 'en', 'Y', 'N', 2),
('fr', 'fr', 'Y', 'Y', 1);

-- --------------------------------------------------------

--
-- Structure de la table `videos`
--

CREATE TABLE IF NOT EXISTS `videos` (
  `videos_id` int(10) unsigned NOT NULL AUTO_INCREMENT,
  `videos_active` enum('Y','N') NOT NULL DEFAULT 'N',
  `videos_profil` enum('superviseur','referenceur','administrateur','commercial','redacteur') NOT NULL DEFAULT 'administrateur',
  `agences_id` int(10) unsigned DEFAULT NULL,
  `annonces_id` int(10) unsigned DEFAULT NULL,
  `actualites_id` int(10) unsigned DEFAULT NULL,
  `cmspages_id` int(10) unsigned DEFAULT NULL,
  `dossiers_id` int(10) unsigned DEFAULT NULL,
  `formations_id` int(10) unsigned DEFAULT NULL,
  `produits_id` int(10) unsigned DEFAULT NULL,
  `videos_ordre` int(10) unsigned NOT NULL DEFAULT '1',
  PRIMARY KEY (`videos_id`),
  KEY `fk_videos_actualites_id` (`actualites_id`),
  KEY `fk_videos_cmspages_id` (`cmspages_id`),
  KEY `fk_videos_dossiers_id` (`dossiers_id`),
  KEY `fk_videos_formations_id` (`formations_id`),
  KEY `fk_videos_produits_id` (`produits_id`),
  KEY `fk_videos_agences_id` (`agences_id`),
  KEY `fk_videos_annonces_id` (`annonces_id`)
) ENGINE=InnoDB  DEFAULT CHARSET=utf8 AUTO_INCREMENT=13 ;

--
-- Contenu de la table `videos`
--

INSERT INTO `videos` (`videos_id`, `videos_active`, `videos_profil`, `agences_id`, `annonces_id`, `actualites_id`, `cmspages_id`, `dossiers_id`, `formations_id`, `produits_id`, `videos_ordre`) VALUES
(2, 'Y', 'administrateur', NULL, NULL, NULL, NULL, 42, NULL, NULL, 10),
(4, 'N', 'administrateur', NULL, NULL, 1, NULL, NULL, NULL, NULL, 9),
(5, 'Y', 'administrateur', NULL, NULL, NULL, NULL, 69, NULL, NULL, 8),
(6, 'Y', 'administrateur', NULL, NULL, NULL, NULL, 72, NULL, NULL, 7),
(7, 'Y', 'administrateur', NULL, NULL, NULL, NULL, 73, NULL, NULL, 6),
(8, 'Y', 'administrateur', NULL, NULL, NULL, NULL, 14, NULL, NULL, 5),
(9, 'Y', 'administrateur', NULL, NULL, NULL, NULL, 63, NULL, NULL, 4),
(10, 'Y', 'administrateur', NULL, NULL, NULL, NULL, 65, NULL, NULL, 3),
(11, 'Y', 'administrateur', NULL, NULL, NULL, NULL, 103, NULL, NULL, 2),
(12, 'Y', 'administrateur', NULL, NULL, NULL, NULL, 106, NULL, NULL, 1);

-- --------------------------------------------------------

--
-- Structure de la table `videos_actualites`
--

CREATE TABLE IF NOT EXISTS `videos_actualites` (
  `videos_id` int(10) unsigned NOT NULL,
  `actualites_id` int(10) unsigned NOT NULL,
  `videos_actualites_active` enum('Y','N') NOT NULL DEFAULT 'N',
  `videos_actualites_ordre` int(10) unsigned NOT NULL DEFAULT '1',
  PRIMARY KEY (`videos_id`,`actualites_id`),
  KEY `fk_videosactualites_videos_id` (`videos_id`),
  KEY `fk_videosactualites_actualites_id` (`actualites_id`)
) ENGINE=InnoDB DEFAULT CHARSET=utf8;

-- --------------------------------------------------------

--
-- Structure de la table `videos_annonces`
--

CREATE TABLE IF NOT EXISTS `videos_annonces` (
  `videos_id` int(10) unsigned NOT NULL,
  `annonces_id` int(10) unsigned NOT NULL,
  `videos_annonces_active` enum('Y','N') NOT NULL DEFAULT 'N',
  `videos_annonces_ordre` int(10) NOT NULL DEFAULT '1',
  PRIMARY KEY (`videos_id`,`annonces_id`),
  KEY `fk_videosannonces_videos_id` (`videos_id`),
  KEY `fk_videosannonces_annonces_id` (`annonces_id`)
) ENGINE=InnoDB DEFAULT CHARSET=utf8;

-- --------------------------------------------------------

--
-- Structure de la table `videos_cmspages`
--

CREATE TABLE IF NOT EXISTS `videos_cmspages` (
  `videos_id` int(10) unsigned NOT NULL,
  `cmspages_id` int(10) unsigned NOT NULL,
  `videos_cmspages_active` enum('Y','N') NOT NULL DEFAULT 'N',
  `videos_cmspages_ordre` int(10) unsigned NOT NULL DEFAULT '1',
  PRIMARY KEY (`videos_id`,`cmspages_id`),
  KEY `fk_videoscmspages_videos_id` (`videos_id`),
  KEY `fk_videoscmspages_cmspages_id` (`cmspages_id`)
) ENGINE=InnoDB DEFAULT CHARSET=utf8;

-- --------------------------------------------------------

--
-- Structure de la table `videos_diffusion`
--

CREATE TABLE IF NOT EXISTS `videos_diffusion` (
  `videos_id` int(10) unsigned NOT NULL,
  `ndd` varchar(5) NOT NULL,
  `videos_diffusion_active` enum('Y','N') NOT NULL DEFAULT 'N',
  PRIMARY KEY (`videos_id`,`ndd`),
  KEY `fk_videosdiffusion_videos_id` (`videos_id`)
) ENGINE=InnoDB DEFAULT CHARSET=utf8;

--
-- Contenu de la table `videos_diffusion`
--

INSERT INTO `videos_diffusion` (`videos_id`, `ndd`, `videos_diffusion_active`) VALUES
(2, 'fr', 'Y'),
(4, 'fr', 'N'),
(5, 'fr', 'Y'),
(6, 'fr', 'Y'),
(7, 'fr', 'Y'),
(8, 'fr', 'Y'),
(9, 'fr', 'Y'),
(10, 'fr', 'Y'),
(11, 'fr', 'Y'),
(12, 'fr', 'Y');

-- --------------------------------------------------------

--
-- Structure de la table `videos_dossiers`
--

CREATE TABLE IF NOT EXISTS `videos_dossiers` (
  `videos_id` int(10) unsigned NOT NULL,
  `dossiers_id` int(10) unsigned NOT NULL,
  `videos_dossiers_active` enum('Y','N') NOT NULL DEFAULT 'N',
  `videos_dossiers_ordre` int(10) unsigned NOT NULL DEFAULT '1',
  PRIMARY KEY (`videos_id`,`dossiers_id`),
  KEY `fk_videosdossiers_videos_id` (`videos_id`),
  KEY `fk_videosdossiers_dossiers_id` (`dossiers_id`)
) ENGINE=InnoDB DEFAULT CHARSET=utf8;

-- --------------------------------------------------------

--
-- Structure de la table `videos_formations`
--

CREATE TABLE IF NOT EXISTS `videos_formations` (
  `videos_id` int(10) unsigned NOT NULL,
  `formations_id` int(10) unsigned NOT NULL,
  `videos_formations_active` enum('Y','N') NOT NULL DEFAULT 'N',
  `videos_formations_ordre` int(10) unsigned NOT NULL DEFAULT '1',
  PRIMARY KEY (`videos_id`,`formations_id`),
  KEY `fk_videosformations_videos_id` (`videos_id`),
  KEY `fk_videosformations_formations_id` (`formations_id`)
) ENGINE=InnoDB DEFAULT CHARSET=utf8;

-- --------------------------------------------------------

--
-- Structure de la table `videos_produits`
--

CREATE TABLE IF NOT EXISTS `videos_produits` (
  `videos_id` int(10) unsigned NOT NULL,
  `produits_id` int(10) unsigned NOT NULL,
  `videos_produits_active` enum('Y','N') NOT NULL DEFAULT 'N',
  `videos_produits_ordre` int(10) unsigned NOT NULL DEFAULT '1',
  PRIMARY KEY (`videos_id`,`produits_id`),
  KEY `fk_videosproduits_videos_id` (`videos_id`),
  KEY `fk_videosproduits_produits_id` (`produits_id`)
) ENGINE=InnoDB DEFAULT CHARSET=utf8;

-- --------------------------------------------------------

--
-- Structure de la table `videos_translation`
--

CREATE TABLE IF NOT EXISTS `videos_translation` (
  `videos_id` int(10) unsigned NOT NULL,
  `lang` varchar(2) NOT NULL,
  `meta_title` varchar(250) DEFAULT NULL,
  `meta_description` varchar(250) DEFAULT NULL,
  `meta_keywords` varchar(250) DEFAULT NULL,
  `videos_code` text NOT NULL,
  `videos_titre` varchar(250) NOT NULL,
  PRIMARY KEY (`videos_id`,`lang`),
  KEY `fk_videos_videos_id` (`videos_id`)
) ENGINE=InnoDB DEFAULT CHARSET=utf8;

--
-- Contenu de la table `videos_translation`
--

INSERT INTO `videos_translation` (`videos_id`, `lang`, `meta_title`, `meta_description`, `meta_keywords`, `videos_code`, `videos_titre`) VALUES
(2, 'en', '', '', '', '<iframe width="560" height="315" src="//www.youtube.com/embed/nXRln0xBg74" frameborder="0" allowfullscreen></iframe>', 'Mon titre '),
(2, 'fr', '', '', '', '<iframe width="560" height="315" src="//www.youtube.com/embed/nXRln0xBg74" frameborder="0" allowfullscreen></iframe>', 'Mon titre '),
(4, 'en', '', '', '', '<iframe width="560" height="315" src="//www.youtube.com/embed/nXRln0xBg74" frameborder="0" allowfullscreen></iframe>', 'présentation'),
(4, 'fr', '', '', '', '<iframe width="560" height="315" src="//www.youtube.com/embed/nXRln0xBg74" frameborder="0" allowfullscreen></iframe>', 'présentation'),
(5, 'en', '', '', '', '<iframe width="560" height="315" src="//www.youtube.com/embed/Y5N-flmJMrs" frameborder="0" allowfullscreen></iframe>', 'Video Guerlain'),
(5, 'fr', '', '', '', '<iframe width="560" height="315" src="//www.youtube.com/embed/Y5N-flmJMrs" frameborder="0" allowfullscreen></iframe>', 'Video Guerlain'),
(6, 'en', '', '', '', '<iframe width="560" height="315" src="//www.youtube.com/embed/2bdZ5Ktm0Co" frameborder="0" allowfullscreen></iframe>', 'Video CEO 2013'),
(6, 'fr', '', '', '', '<iframe width="560" height="315" src="//www.youtube.com/embed/2bdZ5Ktm0Co" frameborder="0" allowfullscreen></iframe>', 'Video CEO 2013'),
(7, 'en', '', '', '', '<iframe width="560" height="315" src="//www.youtube.com/embed/kb8x7rGyGkg" frameborder="0" allowfullscreen></iframe>', 'Video Mecalac'),
(7, 'fr', '', '', '', '<iframe width="560" height="315" src="//www.youtube.com/embed/kb8x7rGyGkg" frameborder="0" allowfullscreen></iframe>', 'Video Mecalac'),
(8, 'en', '', '', '', 'B<iframe width="560" height="315" src="//www.youtube.com/embed/StSPCXvSWI4" frameborder="0" allowfullscreen></iframe>', 'Video Berlin'),
(8, 'fr', '', '', '', '<iframe width="560" height="315" src="//www.youtube.com/embed/StSPCXvSWI4" frameborder="0" allowfullscreen></iframe>', 'Video Berlin'),
(9, 'en', '', '', '', '<iframe width="560" height="315" src="//www.youtube.com/embed/nxQXV5FDjBY" frameborder="0" allowfullscreen></iframe>', 'Video Edenred'),
(9, 'fr', '', '', '', '<iframe width="560" height="315" src="//www.youtube.com/embed/nxQXV5FDjBY" frameborder="0" allowfullscreen></iframe>', 'Video Edenred'),
(10, 'en', '', '', '', '<iframe width="560" height="315" src="//www.youtube.com/embed/d8ix3a_CimE" frameborder="0" allowfullscreen></iframe>', 'Video APMGO'),
(10, 'fr', '', '', '', '<iframe width="560" height="315" src="//www.youtube.com/embed/d8ix3a_CimE" frameborder="0" allowfullscreen></iframe>', 'Video APMGO'),
(11, 'en', '', '', '', '<iframe width="560" height="315" src="//www.youtube.com/embed/7fm3xs2Ey5w" frameborder="0" allowfullscreen></iframe>', 'Spice Up organizes the openning of the first Reebok Fit Hub in Paris'),
(11, 'fr', '', '', '', '<iframe width="560" height="315" src="//www.youtube.com/embed/7fm3xs2Ey5w" frameborder="0" allowfullscreen></iframe>', 'Spice Up organise l''inauguration du premier Reebok Fit Hub à Paris'),
(12, 'en', '', '', '', '<iframe width="560" height="315" src="//www.youtube.com/embed/ohXCmwEfHss?fs=1&autoplay=1&loop=1" frameborder="0" allowfullscreen></iframe><br /><br /><img src="http://www.spiceup.fr/uploaded/photos/photos_image_375.jpg" width="560">', 'Spice Up on the move for easyJet '),
(12, 'fr', '', '', '', '<iframe width="560" height="315" src="//www.youtube.com/embed/4b4lLw9Q6OY?fs=1&autoplay=1&loop=1" frameborder="0" allowfullscreen></iframe><br /><br /><img src="http://www.spiceup.fr/uploaded/photos/photos_image_375.jpg" width="560">', 'L''agence Spice Up en mouvement pour easyJet ');

-- --------------------------------------------------------

--
-- Structure de la table `wallpapers`
--

CREATE TABLE IF NOT EXISTS `wallpapers` (
  `wallpapers_id` int(10) unsigned NOT NULL AUTO_INCREMENT,
  `wallpapers_active` enum('Y','N') NOT NULL DEFAULT 'N',
  `wallpapers_profil` enum('superviseur','referenceur','administrateur','commercial','redacteur') NOT NULL DEFAULT 'administrateur',
  `agences_id` int(10) unsigned DEFAULT NULL,
  `wallpapers_x` varchar(10) DEFAULT NULL,
  `wallpapers_y` varchar(10) DEFAULT NULL,
  `wallpapers_repeat` enum('Y','N') NOT NULL DEFAULT 'N',
  `wallpapers_fixed` enum('Y','N') NOT NULL DEFAULT 'N',
  PRIMARY KEY (`wallpapers_id`),
  KEY `fk_wallpapers_agences_id` (`agences_id`)
) ENGINE=InnoDB DEFAULT CHARSET=utf8 AUTO_INCREMENT=1 ;

-- --------------------------------------------------------

--
-- Structure de la table `wallpapers_diffusion`
--

CREATE TABLE IF NOT EXISTS `wallpapers_diffusion` (
  `wallpapers_id` int(10) unsigned NOT NULL,
  `ndd` varchar(5) NOT NULL,
  `wallpapers_diffusion_active` enum('Y','N') NOT NULL DEFAULT 'N',
  PRIMARY KEY (`wallpapers_id`,`ndd`),
  KEY `fk_wallpapersdiffusion_wallpapers_id` (`wallpapers_id`)
) ENGINE=InnoDB DEFAULT CHARSET=utf8;

-- --------------------------------------------------------

--
-- Structure de la table `wallpapers_translation`
--

CREATE TABLE IF NOT EXISTS `wallpapers_translation` (
  `wallpapers_id` int(10) unsigned NOT NULL,
  `lang` varchar(2) NOT NULL,
  `wallpapers_nom` varchar(250) NOT NULL,
  `wallpapers_image` varchar(150) DEFAULT NULL,
  PRIMARY KEY (`wallpapers_id`,`lang`),
  KEY `fk_wallpapers_wallpapers_id` (`wallpapers_id`)
) ENGINE=InnoDB DEFAULT CHARSET=utf8;

-- --------------------------------------------------------

--
-- Structure de la table `zones`
--

CREATE TABLE IF NOT EXISTS `zones` (
  `zones_id` int(10) unsigned NOT NULL AUTO_INCREMENT,
  `zones_active` enum('Y','N') NOT NULL DEFAULT 'N',
  PRIMARY KEY (`zones_id`)
) ENGINE=InnoDB  DEFAULT CHARSET=utf8 AUTO_INCREMENT=6 ;

--
-- Contenu de la table `zones`
--

INSERT INTO `zones` (`zones_id`, `zones_active`) VALUES
(1, 'Y'),
(2, 'Y'),
(3, 'Y'),
(4, 'Y'),
(5, 'Y');

-- --------------------------------------------------------

--
-- Structure de la table `zones_pays`
--

CREATE TABLE IF NOT EXISTS `zones_pays` (
  `zones_id` int(10) unsigned NOT NULL,
  `pays_id` int(10) unsigned NOT NULL,
  `zones_pays_franco_saisie` enum('ht','ttc') NOT NULL DEFAULT 'ht',
  `zones_pays_franco_montant` decimal(10,2) DEFAULT NULL,
  `zones_pays_franco_poids` int(11) DEFAULT NULL,
  `zones_pays_deptinclus` text,
  PRIMARY KEY (`zones_id`,`pays_id`),
  KEY `fk_zonespays_zones_id` (`zones_id`),
  KEY `fk_zonespays_pays_id` (`pays_id`)
) ENGINE=InnoDB DEFAULT CHARSET=utf8;

--
-- Contenu de la table `zones_pays`
--

INSERT INTO `zones_pays` (`zones_id`, `pays_id`, `zones_pays_franco_saisie`, `zones_pays_franco_montant`, `zones_pays_franco_poids`, `zones_pays_deptinclus`) VALUES
(1, 69, 'ttc', 0.00, 0, '01,02,03,04,05,06,07,08,09,10,11,12,13,14,15,16,17,18,19,21,22,23,24,25,26,27,28,29,30,31,32,33,34,35,36,37,38,39,40,41,42,43,44,45,46,47,48,49,50,51,52,53,54,55,56,57,58,59,60,61,62,63,64,65,66,67,68,69,70,71,72,73,74,75,76,77,78,79,80,81,82,83,84,85,86,87,88,89,90,91,92,93,94,95'),
(2, 69, 'ttc', 0.00, 0, '20'),
(3, 69, 'ttc', 0.00, 0, '97'),
(4, 6, 'ttc', 0.00, 0, ''),
(4, 18, 'ttc', 0.00, 0, ''),
(4, 24, 'ttc', 0.00, 0, ''),
(4, 36, 'ttc', 0.00, 0, ''),
(4, 46, 'ttc', 0.00, 0, ''),
(4, 56, 'ttc', 0.00, 0, ''),
(4, 63, 'ttc', 0.00, 0, ''),
(4, 64, 'ttc', 0.00, 0, ''),
(4, 68, 'ttc', 0.00, 0, ''),
(4, 76, 'ttc', 0.00, 0, ''),
(4, 91, 'ttc', 0.00, 0, ''),
(4, 110, 'ttc', 0.00, 0, ''),
(4, 113, 'ttc', 0.00, 0, ''),
(4, 126, 'ttc', 0.00, 0, ''),
(4, 131, 'ttc', 0.00, 0, ''),
(4, 132, 'ttc', 0.00, 0, ''),
(4, 140, 'ttc', 0.00, 0, ''),
(4, 175, 'ttc', 0.00, 0, ''),
(4, 179, 'ttc', 0.00, 0, ''),
(4, 182, 'ttc', 0.00, 0, ''),
(4, 186, 'ttc', 0.00, 0, ''),
(4, 187, 'ttc', 0.00, 0, ''),
(4, 188, 'ttc', 0.00, 0, ''),
(4, 210, 'ttc', 0.00, 0, ''),
(4, 211, 'ttc', 0.00, 0, ''),
(4, 215, 'ttc', 0.00, 0, ''),
(5, 1, 'ttc', 0.00, 0, ''),
(5, 2, 'ttc', 0.00, 0, ''),
(5, 3, 'ttc', 0.00, 0, ''),
(5, 4, 'ttc', 0.00, 0, ''),
(5, 5, 'ttc', 0.00, 0, ''),
(5, 7, 'ttc', 0.00, 0, ''),
(5, 8, 'ttc', 0.00, 0, ''),
(5, 9, 'ttc', 0.00, 0, ''),
(5, 10, 'ttc', 0.00, 0, ''),
(5, 11, 'ttc', 0.00, 0, ''),
(5, 12, 'ttc', 0.00, 0, ''),
(5, 13, 'ttc', 0.00, 0, ''),
(5, 14, 'ttc', 0.00, 0, ''),
(5, 15, 'ttc', 0.00, 0, ''),
(5, 16, 'ttc', 0.00, 0, ''),
(5, 17, 'ttc', 0.00, 0, ''),
(5, 19, 'ttc', 0.00, 0, ''),
(5, 20, 'ttc', 0.00, 0, ''),
(5, 21, 'ttc', 0.00, 0, ''),
(5, 22, 'ttc', 0.00, 0, ''),
(5, 23, 'ttc', 0.00, 0, ''),
(5, 25, 'ttc', 0.00, 0, ''),
(5, 26, 'ttc', 0.00, 0, ''),
(5, 27, 'ttc', 0.00, 0, ''),
(5, 28, 'ttc', 0.00, 0, ''),
(5, 29, 'ttc', 0.00, 0, ''),
(5, 30, 'ttc', 0.00, 0, ''),
(5, 31, 'ttc', 0.00, 0, ''),
(5, 32, 'ttc', 0.00, 0, ''),
(5, 33, 'ttc', 0.00, 0, ''),
(5, 34, 'ttc', 0.00, 0, ''),
(5, 35, 'ttc', 0.00, 0, ''),
(5, 37, 'ttc', 0.00, 0, ''),
(5, 38, 'ttc', 0.00, 0, ''),
(5, 39, 'ttc', 0.00, 0, ''),
(5, 40, 'ttc', 0.00, 0, ''),
(5, 41, 'ttc', 0.00, 0, ''),
(5, 42, 'ttc', 0.00, 0, ''),
(5, 43, 'ttc', 0.00, 0, ''),
(5, 44, 'ttc', 0.00, 0, ''),
(5, 45, 'ttc', 0.00, 0, ''),
(5, 47, 'ttc', 0.00, 0, ''),
(5, 48, 'ttc', 0.00, 0, ''),
(5, 49, 'ttc', 0.00, 0, ''),
(5, 50, 'ttc', 0.00, 0, ''),
(5, 51, 'ttc', 0.00, 0, ''),
(5, 52, 'ttc', 0.00, 0, ''),
(5, 53, 'ttc', 0.00, 0, ''),
(5, 54, 'ttc', 0.00, 0, ''),
(5, 55, 'ttc', 0.00, 0, ''),
(5, 57, 'ttc', 0.00, 0, ''),
(5, 58, 'ttc', 0.00, 0, ''),
(5, 59, 'ttc', 0.00, 0, ''),
(5, 60, 'ttc', 0.00, 0, ''),
(5, 61, 'ttc', 0.00, 0, ''),
(5, 62, 'ttc', 0.00, 0, ''),
(5, 65, 'ttc', 0.00, 0, ''),
(5, 66, 'ttc', 0.00, 0, ''),
(5, 67, 'ttc', 0.00, 0, ''),
(5, 70, 'ttc', 0.00, 0, ''),
(5, 71, 'ttc', 0.00, 0, ''),
(5, 72, 'ttc', 0.00, 0, ''),
(5, 73, 'ttc', 0.00, 0, ''),
(5, 74, 'ttc', 0.00, 0, ''),
(5, 75, 'ttc', 0.00, 0, ''),
(5, 77, 'ttc', 0.00, 0, ''),
(5, 78, 'ttc', 0.00, 0, ''),
(5, 79, 'ttc', 0.00, 0, ''),
(5, 80, 'ttc', 0.00, 0, ''),
(5, 81, 'ttc', 0.00, 0, ''),
(5, 82, 'ttc', 0.00, 0, ''),
(5, 83, 'ttc', 0.00, 0, ''),
(5, 84, 'ttc', 0.00, 0, ''),
(5, 85, 'ttc', 0.00, 0, ''),
(5, 86, 'ttc', 0.00, 0, ''),
(5, 87, 'ttc', 0.00, 0, ''),
(5, 88, 'ttc', 0.00, 0, ''),
(5, 89, 'ttc', 0.00, 0, ''),
(5, 90, 'ttc', 0.00, 0, ''),
(5, 92, 'ttc', 0.00, 0, ''),
(5, 93, 'ttc', 0.00, 0, ''),
(5, 94, 'ttc', 0.00, 0, ''),
(5, 95, 'ttc', 0.00, 0, ''),
(5, 96, 'ttc', 0.00, 0, ''),
(5, 97, 'ttc', 0.00, 0, ''),
(5, 98, 'ttc', 0.00, 0, ''),
(5, 99, 'ttc', 0.00, 0, ''),
(5, 100, 'ttc', 0.00, 0, ''),
(5, 101, 'ttc', 0.00, 0, ''),
(5, 102, 'ttc', 0.00, 0, ''),
(5, 103, 'ttc', 0.00, 0, ''),
(5, 104, 'ttc', 0.00, 0, ''),
(5, 105, 'ttc', 0.00, 0, ''),
(5, 106, 'ttc', 0.00, 0, ''),
(5, 107, 'ttc', 0.00, 0, ''),
(5, 108, 'ttc', 0.00, 0, ''),
(5, 109, 'ttc', 0.00, 0, ''),
(5, 111, 'ttc', 0.00, 0, ''),
(5, 112, 'ttc', 0.00, 0, ''),
(5, 114, 'ttc', 0.00, 0, ''),
(5, 115, 'ttc', 0.00, 0, ''),
(5, 116, 'ttc', 0.00, 0, ''),
(5, 117, 'ttc', 0.00, 0, ''),
(5, 118, 'ttc', 0.00, 0, ''),
(5, 119, 'ttc', 0.00, 0, ''),
(5, 120, 'ttc', 0.00, 0, ''),
(5, 121, 'ttc', 0.00, 0, ''),
(5, 122, 'ttc', 0.00, 0, ''),
(5, 123, 'ttc', 0.00, 0, ''),
(5, 124, 'ttc', 0.00, 0, ''),
(5, 125, 'ttc', 0.00, 0, ''),
(5, 127, 'ttc', 0.00, 0, ''),
(5, 128, 'ttc', 0.00, 0, ''),
(5, 129, 'ttc', 0.00, 0, ''),
(5, 130, 'ttc', 0.00, 0, ''),
(5, 133, 'ttc', 0.00, 0, ''),
(5, 134, 'ttc', 0.00, 0, ''),
(5, 135, 'ttc', 0.00, 0, ''),
(5, 136, 'ttc', 0.00, 0, ''),
(5, 137, 'ttc', 0.00, 0, ''),
(5, 138, 'ttc', 0.00, 0, ''),
(5, 139, 'ttc', 0.00, 0, ''),
(5, 141, 'ttc', 0.00, 0, ''),
(5, 142, 'ttc', 0.00, 0, ''),
(5, 143, 'ttc', 0.00, 0, ''),
(5, 144, 'ttc', 0.00, 0, ''),
(5, 145, 'ttc', 0.00, 0, ''),
(5, 146, 'ttc', 0.00, 0, ''),
(5, 147, 'ttc', 0.00, 0, ''),
(5, 148, 'ttc', 0.00, 0, ''),
(5, 149, 'ttc', 0.00, 0, ''),
(5, 150, 'ttc', 0.00, 0, ''),
(5, 151, 'ttc', 0.00, 0, ''),
(5, 152, 'ttc', 0.00, 0, ''),
(5, 153, 'ttc', 0.00, 0, ''),
(5, 154, 'ttc', 0.00, 0, ''),
(5, 155, 'ttc', 0.00, 0, ''),
(5, 156, 'ttc', 0.00, 0, ''),
(5, 157, 'ttc', 0.00, 0, ''),
(5, 158, 'ttc', 0.00, 0, ''),
(5, 159, 'ttc', 0.00, 0, ''),
(5, 160, 'ttc', 0.00, 0, ''),
(5, 161, 'ttc', 0.00, 0, ''),
(5, 162, 'ttc', 0.00, 0, ''),
(5, 163, 'ttc', 0.00, 0, ''),
(5, 164, 'ttc', 0.00, 0, ''),
(5, 165, 'ttc', 0.00, 0, ''),
(5, 166, 'ttc', 0.00, 0, ''),
(5, 167, 'ttc', 0.00, 0, ''),
(5, 168, 'ttc', 0.00, 0, ''),
(5, 169, 'ttc', 0.00, 0, ''),
(5, 170, 'ttc', 0.00, 0, ''),
(5, 171, 'ttc', 0.00, 0, ''),
(5, 172, 'ttc', 0.00, 0, ''),
(5, 173, 'ttc', 0.00, 0, ''),
(5, 174, 'ttc', 0.00, 0, ''),
(5, 176, 'ttc', 0.00, 0, ''),
(5, 177, 'ttc', 0.00, 0, ''),
(5, 178, 'ttc', 0.00, 0, ''),
(5, 180, 'ttc', 0.00, 0, ''),
(5, 181, 'ttc', 0.00, 0, ''),
(5, 183, 'ttc', 0.00, 0, ''),
(5, 184, 'ttc', 0.00, 0, ''),
(5, 185, 'ttc', 0.00, 0, ''),
(5, 189, 'ttc', 0.00, 0, ''),
(5, 190, 'ttc', 0.00, 0, ''),
(5, 191, 'ttc', 0.00, 0, ''),
(5, 192, 'ttc', 0.00, 0, ''),
(5, 193, 'ttc', 0.00, 0, ''),
(5, 194, 'ttc', 0.00, 0, ''),
(5, 195, 'ttc', 0.00, 0, ''),
(5, 196, 'ttc', 0.00, 0, ''),
(5, 197, 'ttc', 0.00, 0, ''),
(5, 198, 'ttc', 0.00, 0, ''),
(5, 199, 'ttc', 0.00, 0, ''),
(5, 200, 'ttc', 0.00, 0, ''),
(5, 201, 'ttc', 0.00, 0, ''),
(5, 202, 'ttc', 0.00, 0, ''),
(5, 203, 'ttc', 0.00, 0, ''),
(5, 204, 'ttc', 0.00, 0, ''),
(5, 205, 'ttc', 0.00, 0, ''),
(5, 206, 'ttc', 0.00, 0, ''),
(5, 207, 'ttc', 0.00, 0, ''),
(5, 208, 'ttc', 0.00, 0, ''),
(5, 209, 'ttc', 0.00, 0, ''),
(5, 212, 'ttc', 0.00, 0, ''),
(5, 213, 'ttc', 0.00, 0, ''),
(5, 214, 'ttc', 0.00, 0, ''),
(5, 216, 'ttc', 0.00, 0, ''),
(5, 217, 'ttc', 0.00, 0, ''),
(5, 218, 'ttc', 0.00, 0, ''),
(5, 219, 'ttc', 0.00, 0, ''),
(5, 220, 'ttc', 0.00, 0, ''),
(5, 221, 'ttc', 0.00, 0, ''),
(5, 222, 'ttc', 0.00, 0, ''),
(5, 223, 'ttc', 0.00, 0, ''),
(5, 224, 'ttc', 0.00, 0, ''),
(5, 225, 'ttc', 0.00, 0, ''),
(5, 226, 'ttc', 0.00, 0, ''),
(5, 227, 'ttc', 0.00, 0, ''),
(5, 228, 'ttc', 0.00, 0, ''),
(5, 229, 'ttc', 0.00, 0, ''),
(5, 230, 'ttc', 0.00, 0, ''),
(5, 231, 'ttc', 0.00, 0, ''),
(5, 232, 'ttc', 0.00, 0, ''),
(5, 233, 'ttc', 0.00, 0, ''),
(5, 234, 'ttc', 0.00, 0, ''),
(5, 235, 'ttc', 0.00, 0, ''),
(5, 236, 'ttc', 0.00, 0, ''),
(5, 237, 'ttc', 0.00, 0, ''),
(5, 238, 'ttc', 0.00, 0, ''),
(5, 239, 'ttc', 0.00, 0, ''),
(5, 240, 'ttc', 0.00, 0, ''),
(5, 241, 'ttc', 0.00, 0, ''),
(5, 242, 'ttc', 0.00, 0, ''),
(5, 243, 'ttc', 0.00, 0, ''),
(5, 244, 'ttc', 0.00, 0, ''),
(5, 245, 'ttc', 0.00, 0, ''),
(5, 246, 'ttc', 0.00, 0, '');

-- --------------------------------------------------------

--
-- Structure de la table `zones_translation`
--

CREATE TABLE IF NOT EXISTS `zones_translation` (
  `zones_id` int(10) unsigned NOT NULL,
  `lang` varchar(2) NOT NULL,
  `zones_nom` varchar(150) NOT NULL,
  PRIMARY KEY (`zones_id`,`lang`),
  KEY `fk_zones_zones_id` (`zones_id`)
) ENGINE=InnoDB DEFAULT CHARSET=utf8;

--
-- Contenu de la table `zones_translation`
--

INSERT INTO `zones_translation` (`zones_id`, `lang`, `zones_nom`) VALUES
(1, 'fr', 'France'),
(2, 'fr', 'Corse'),
(3, 'fr', 'DOM TOM'),
(4, 'fr', 'Europe'),
(5, 'fr', 'Reste du Monde');

--
-- Contraintes pour les tables exportées
--

--
-- Contraintes pour la table `actualites`
--
ALTER TABLE `actualites`
  ADD CONSTRAINT `fk_actualites_agences_id` FOREIGN KEY (`agences_id`) REFERENCES `agences` (`agences_id`) ON DELETE SET NULL ON UPDATE CASCADE,
  ADD CONSTRAINT `fk_actualites_thematiques_id` FOREIGN KEY (`thematiques_id`) REFERENCES `thematiques` (`thematiques_id`) ON DELETE SET NULL ON UPDATE CASCADE,
  ADD CONSTRAINT `fk_actualites_univers_id` FOREIGN KEY (`univers_id`) REFERENCES `univers` (`univers_id`) ON DELETE SET NULL ON UPDATE CASCADE;

--
-- Contraintes pour la table `actualites_diffusion`
--
ALTER TABLE `actualites_diffusion`
  ADD CONSTRAINT `fk_actualitesdiffusion_actualites_id` FOREIGN KEY (`actualites_id`) REFERENCES `actualites` (`actualites_id`) ON DELETE CASCADE ON UPDATE CASCADE;

--
-- Contraintes pour la table `actualites_translation`
--
ALTER TABLE `actualites_translation`
  ADD CONSTRAINT `fk_actualites_actualites_id` FOREIGN KEY (`actualites_id`) REFERENCES `actualites` (`actualites_id`) ON DELETE CASCADE ON UPDATE CASCADE;

--
-- Contraintes pour la table `agences`
--
ALTER TABLE `agences`
  ADD CONSTRAINT `fk_agences_pays_id` FOREIGN KEY (`pays_id`) REFERENCES `pays` (`pays_id`) ON DELETE SET NULL ON UPDATE CASCADE;

--
-- Contraintes pour la table `agences_translation`
--
ALTER TABLE `agences_translation`
  ADD CONSTRAINT `fk_agences_agences_id` FOREIGN KEY (`agences_id`) REFERENCES `agences` (`agences_id`) ON DELETE CASCADE ON UPDATE CASCADE;

--
-- Contraintes pour la table `annonces`
--
ALTER TABLE `annonces`
  ADD CONSTRAINT `fk_annonces_agences_id` FOREIGN KEY (`agences_id`) REFERENCES `agences` (`agences_id`) ON DELETE SET NULL ON UPDATE CASCADE,
  ADD CONSTRAINT `fk_annonces_familles_id` FOREIGN KEY (`familles_id`) REFERENCES `familles` (`familles_id`) ON DELETE SET NULL ON UPDATE CASCADE,
  ADD CONSTRAINT `fk_annonces_users_id` FOREIGN KEY (`users_id`) REFERENCES `users` (`users_id`) ON DELETE SET NULL ON UPDATE CASCADE;

--
-- Contraintes pour la table `attributs_compositions`
--
ALTER TABLE `attributs_compositions`
  ADD CONSTRAINT `fk_attributscompositions_attributs_id` FOREIGN KEY (`attributs_id`) REFERENCES `attributs` (`attributs_id`) ON DELETE CASCADE ON UPDATE CASCADE,
  ADD CONSTRAINT `fk_attributscompositions_jeuxattributs_id` FOREIGN KEY (`jeuxattributs_id`) REFERENCES `jeuxattributs` (`jeuxattributs_id`) ON DELETE CASCADE ON UPDATE CASCADE;

--
-- Contraintes pour la table `attributs_translation`
--
ALTER TABLE `attributs_translation`
  ADD CONSTRAINT `fk_attributs_attributs_id` FOREIGN KEY (`attributs_id`) REFERENCES `attributs` (`attributs_id`) ON DELETE CASCADE ON UPDATE CASCADE;

--
-- Contraintes pour la table `attributs_valeurs`
--
ALTER TABLE `attributs_valeurs`
  ADD CONSTRAINT `fk_attributsvaleurs_attributs_id` FOREIGN KEY (`attributs_id`) REFERENCES `attributs` (`attributs_id`) ON DELETE CASCADE ON UPDATE CASCADE,
  ADD CONSTRAINT `fk_attributsvaleurs_produits_id` FOREIGN KEY (`produits_id`) REFERENCES `produits` (`produits_id`) ON DELETE CASCADE ON UPDATE CASCADE;

--
-- Contraintes pour la table `bannieres`
--
ALTER TABLE `bannieres`
  ADD CONSTRAINT `fk_bannieres_agences_id` FOREIGN KEY (`agences_id`) REFERENCES `agences` (`agences_id`) ON DELETE SET NULL ON UPDATE CASCADE;

--
-- Contraintes pour la table `bannieres_diffusion`
--
ALTER TABLE `bannieres_diffusion`
  ADD CONSTRAINT `fk_bannieresdiffusion_bannieres_id` FOREIGN KEY (`bannieres_id`) REFERENCES `bannieres` (`bannieres_id`) ON DELETE CASCADE ON UPDATE CASCADE;

--
-- Contraintes pour la table `bannieres_stats`
--
ALTER TABLE `bannieres_stats`
  ADD CONSTRAINT `fk_bannieres_stats_bannieres_id` FOREIGN KEY (`bannieres_id`) REFERENCES `bannieres` (`bannieres_id`) ON DELETE CASCADE ON UPDATE CASCADE;

--
-- Contraintes pour la table `caroussels`
--
ALTER TABLE `caroussels`
  ADD CONSTRAINT `fk_caroussels_agences_id` FOREIGN KEY (`agences_id`) REFERENCES `agences` (`agences_id`) ON DELETE SET NULL ON UPDATE CASCADE,
  ADD CONSTRAINT `fk_caroussels_univers_id` FOREIGN KEY (`univers_id`) REFERENCES `univers` (`univers_id`) ON DELETE SET NULL ON UPDATE CASCADE;

--
-- Contraintes pour la table `caroussels_diffusion`
--
ALTER TABLE `caroussels_diffusion`
  ADD CONSTRAINT `fk_carousselsdiffusion_caroussels_id` FOREIGN KEY (`caroussels_id`) REFERENCES `caroussels` (`caroussels_id`) ON DELETE CASCADE ON UPDATE CASCADE;

--
-- Contraintes pour la table `caroussels_translation`
--
ALTER TABLE `caroussels_translation`
  ADD CONSTRAINT `fk_caroussels_caroussels_id` FOREIGN KEY (`caroussels_id`) REFERENCES `caroussels` (`caroussels_id`) ON DELETE CASCADE ON UPDATE CASCADE;

--
-- Contraintes pour la table `cmspages`
--
ALTER TABLE `cmspages`
  ADD CONSTRAINT `fk_cmspages_agences_id` FOREIGN KEY (`agences_id`) REFERENCES `agences` (`agences_id`) ON DELETE SET NULL ON UPDATE CASCADE,
  ADD CONSTRAINT `fk_cmspages_parents_id` FOREIGN KEY (`parents_id`) REFERENCES `cmspages` (`cmspages_id`) ON DELETE CASCADE ON UPDATE CASCADE,
  ADD CONSTRAINT `fk_cmspages_univers_id` FOREIGN KEY (`univers_id`) REFERENCES `univers` (`univers_id`) ON DELETE SET NULL ON UPDATE CASCADE;

--
-- Contraintes pour la table `cmspages_diffusion`
--
ALTER TABLE `cmspages_diffusion`
  ADD CONSTRAINT `fk_cmspagesdiffusion_cmspages_id` FOREIGN KEY (`cmspages_id`) REFERENCES `cmspages` (`cmspages_id`) ON DELETE CASCADE ON UPDATE CASCADE;

--
-- Contraintes pour la table `cmspages_translation`
--
ALTER TABLE `cmspages_translation`
  ADD CONSTRAINT `fk_cmspages_cmspages_id` FOREIGN KEY (`cmspages_id`) REFERENCES `cmspages` (`cmspages_id`) ON DELETE CASCADE ON UPDATE CASCADE;

--
-- Contraintes pour la table `comlignes`
--
ALTER TABLE `comlignes`
  ADD CONSTRAINT `fk_comlignes_commandes_id` FOREIGN KEY (`commandes_id`) REFERENCES `commandes` (`commandes_id`) ON DELETE CASCADE ON UPDATE CASCADE,
  ADD CONSTRAINT `fk_comlignes_produits_id` FOREIGN KEY (`produits_id`) REFERENCES `produits` (`produits_id`) ON DELETE SET NULL ON UPDATE CASCADE,
  ADD CONSTRAINT `fk_comlignes_remises_id` FOREIGN KEY (`remises_id`) REFERENCES `remises` (`remises_id`) ON DELETE SET NULL ON UPDATE CASCADE,
  ADD CONSTRAINT `fk_comlignes_tva_id` FOREIGN KEY (`tva_id`) REFERENCES `tva` (`tva_id`) ON DELETE SET NULL ON UPDATE CASCADE;

--
-- Contraintes pour la table `commandes`
--
ALTER TABLE `commandes`
  ADD CONSTRAINT `fk_commandes_domaines_code` FOREIGN KEY (`ndd`) REFERENCES `domaines` (`domaines_code`) ON DELETE SET NULL ON UPDATE CASCADE,
  ADD CONSTRAINT `fk_commandes_paysfact_id` FOREIGN KEY (`pays_fact_id`) REFERENCES `pays` (`pays_id`) ON DELETE SET NULL ON UPDATE CASCADE,
  ADD CONSTRAINT `fk_commandes_payslivr_id` FOREIGN KEY (`pays_livr_id`) REFERENCES `pays` (`pays_id`) ON DELETE SET NULL ON UPDATE CASCADE,
  ADD CONSTRAINT `fk_commandes_transporteurs_id` FOREIGN KEY (`transporteurs_id`) REFERENCES `transporteurs` (`transporteurs_id`) ON DELETE SET NULL ON UPDATE CASCADE,
  ADD CONSTRAINT `fk_commandes_users_id` FOREIGN KEY (`users_id`) REFERENCES `users` (`users_id`) ON DELETE SET NULL ON UPDATE CASCADE;

--
-- Contraintes pour la table `config_translation`
--
ALTER TABLE `config_translation`
  ADD CONSTRAINT `fk_config_config_key` FOREIGN KEY (`config_key`) REFERENCES `config` (`config_key`) ON DELETE CASCADE ON UPDATE CASCADE;

--
-- Contraintes pour la table `contenus`
--
ALTER TABLE `contenus`
  ADD CONSTRAINT `fk_contenus_agences_id` FOREIGN KEY (`agences_id`) REFERENCES `agences` (`agences_id`) ON DELETE SET NULL ON UPDATE CASCADE,
  ADD CONSTRAINT `fk_contenus_parents_id` FOREIGN KEY (`parents_id`) REFERENCES `contenus` (`contenus_id`) ON DELETE CASCADE ON UPDATE CASCADE,
  ADD CONSTRAINT `fk_contenus_univers_id` FOREIGN KEY (`univers_id`) REFERENCES `univers` (`univers_id`) ON DELETE SET NULL ON UPDATE CASCADE;

--
-- Contraintes pour la table `contenus_diffusion`
--
ALTER TABLE `contenus_diffusion`
  ADD CONSTRAINT `fk_contenusdiffusion_contenus_id` FOREIGN KEY (`contenus_id`) REFERENCES `contenus` (`contenus_id`) ON DELETE CASCADE ON UPDATE CASCADE;

--
-- Contraintes pour la table `contenus_translation`
--
ALTER TABLE `contenus_translation`
  ADD CONSTRAINT `fk_contenus_contenus_id` FOREIGN KEY (`contenus_id`) REFERENCES `contenus` (`contenus_id`) ON DELETE CASCADE ON UPDATE CASCADE;

--
-- Contraintes pour la table `documents`
--
ALTER TABLE `documents`
  ADD CONSTRAINT `fk_documents_actualites_id` FOREIGN KEY (`actualites_id`) REFERENCES `actualites` (`actualites_id`) ON DELETE SET NULL ON UPDATE CASCADE,
  ADD CONSTRAINT `fk_documents_agences_id` FOREIGN KEY (`agences_id`) REFERENCES `agences` (`agences_id`) ON DELETE SET NULL ON UPDATE CASCADE,
  ADD CONSTRAINT `fk_documents_annonces_id` FOREIGN KEY (`annonces_id`) REFERENCES `annonces` (`annonces_id`) ON DELETE SET NULL ON UPDATE CASCADE,
  ADD CONSTRAINT `fk_documents_cmspages_id` FOREIGN KEY (`cmspages_id`) REFERENCES `cmspages` (`cmspages_id`) ON DELETE SET NULL ON UPDATE CASCADE,
  ADD CONSTRAINT `fk_documents_dossiers_id` FOREIGN KEY (`dossiers_id`) REFERENCES `dossiers` (`dossiers_id`) ON DELETE SET NULL ON UPDATE CASCADE,
  ADD CONSTRAINT `fk_documents_formations_id` FOREIGN KEY (`formations_id`) REFERENCES `formations` (`formations_id`) ON DELETE SET NULL ON UPDATE CASCADE,
  ADD CONSTRAINT `fk_documents_produits_id` FOREIGN KEY (`produits_id`) REFERENCES `produits` (`produits_id`) ON DELETE SET NULL ON UPDATE CASCADE;

--
-- Contraintes pour la table `documents_actualites`
--
ALTER TABLE `documents_actualites`
  ADD CONSTRAINT `fk_documentsactualites_actualites_id` FOREIGN KEY (`actualites_id`) REFERENCES `actualites` (`actualites_id`) ON DELETE CASCADE ON UPDATE CASCADE,
  ADD CONSTRAINT `fk_documentsactualites_documents_id` FOREIGN KEY (`documents_id`) REFERENCES `documents` (`documents_id`) ON DELETE CASCADE ON UPDATE CASCADE;

--
-- Contraintes pour la table `documents_annonces`
--
ALTER TABLE `documents_annonces`
  ADD CONSTRAINT `fk_documentsannonces_annonces_id` FOREIGN KEY (`annonces_id`) REFERENCES `annonces` (`annonces_id`) ON DELETE CASCADE ON UPDATE CASCADE,
  ADD CONSTRAINT `fk_documentsannonces_documents_id` FOREIGN KEY (`documents_id`) REFERENCES `documents` (`documents_id`) ON DELETE CASCADE ON UPDATE CASCADE;

--
-- Contraintes pour la table `documents_cmspages`
--
ALTER TABLE `documents_cmspages`
  ADD CONSTRAINT `fk_documentscmspages_cmspages_id` FOREIGN KEY (`cmspages_id`) REFERENCES `cmspages` (`cmspages_id`) ON DELETE CASCADE ON UPDATE CASCADE,
  ADD CONSTRAINT `fk_documentscmspages_documents_id` FOREIGN KEY (`documents_id`) REFERENCES `documents` (`documents_id`) ON DELETE CASCADE ON UPDATE CASCADE;

--
-- Contraintes pour la table `documents_diffusion`
--
ALTER TABLE `documents_diffusion`
  ADD CONSTRAINT `fk_documentsdiffusion_documents_id` FOREIGN KEY (`documents_id`) REFERENCES `documents` (`documents_id`) ON DELETE CASCADE ON UPDATE CASCADE;

--
-- Contraintes pour la table `documents_dossiers`
--
ALTER TABLE `documents_dossiers`
  ADD CONSTRAINT `fk_documentsdossiers_documents_id` FOREIGN KEY (`documents_id`) REFERENCES `documents` (`documents_id`) ON DELETE CASCADE ON UPDATE CASCADE,
  ADD CONSTRAINT `fk_documentsdossiers_dossiers_id` FOREIGN KEY (`dossiers_id`) REFERENCES `dossiers` (`dossiers_id`) ON DELETE CASCADE ON UPDATE CASCADE;

--
-- Contraintes pour la table `documents_formations`
--
ALTER TABLE `documents_formations`
  ADD CONSTRAINT `fk_documentsformations_documents_id` FOREIGN KEY (`documents_id`) REFERENCES `documents` (`documents_id`) ON DELETE CASCADE ON UPDATE CASCADE,
  ADD CONSTRAINT `fk_documentsformations_formations_id` FOREIGN KEY (`formations_id`) REFERENCES `formations` (`formations_id`) ON DELETE CASCADE ON UPDATE CASCADE;

--
-- Contraintes pour la table `documents_produits`
--
ALTER TABLE `documents_produits`
  ADD CONSTRAINT `fk_documentsproduits_documents_id` FOREIGN KEY (`documents_id`) REFERENCES `documents` (`documents_id`) ON DELETE CASCADE ON UPDATE CASCADE,
  ADD CONSTRAINT `fk_documentsproduits_produits_id` FOREIGN KEY (`produits_id`) REFERENCES `produits` (`produits_id`) ON DELETE CASCADE ON UPDATE CASCADE;

--
-- Contraintes pour la table `documents_translation`
--
ALTER TABLE `documents_translation`
  ADD CONSTRAINT `fk_documents_documents_id` FOREIGN KEY (`documents_id`) REFERENCES `documents` (`documents_id`) ON DELETE CASCADE ON UPDATE CASCADE;

--
-- Contraintes pour la table `domaines`
--
ALTER TABLE `domaines`
  ADD CONSTRAINT `fk_domaines_pays_id` FOREIGN KEY (`pays_id`) REFERENCES `pays` (`pays_id`) ON DELETE CASCADE ON UPDATE CASCADE;

--
-- Contraintes pour la table `dossiers`
--
ALTER TABLE `dossiers`
  ADD CONSTRAINT `fk_dossiers_agences_id` FOREIGN KEY (`agences_id`) REFERENCES `agences` (`agences_id`) ON DELETE SET NULL ON UPDATE CASCADE,
  ADD CONSTRAINT `fk_dossiers_parents_id` FOREIGN KEY (`parents_id`) REFERENCES `dossiers` (`dossiers_id`) ON DELETE CASCADE ON UPDATE CASCADE;

--
-- Contraintes pour la table `dossiers_diffusion`
--
ALTER TABLE `dossiers_diffusion`
  ADD CONSTRAINT `fk_dossiersdiffusion_dossiers_id` FOREIGN KEY (`dossiers_id`) REFERENCES `dossiers` (`dossiers_id`) ON DELETE CASCADE ON UPDATE CASCADE;

--
-- Contraintes pour la table `dossiers_translation`
--
ALTER TABLE `dossiers_translation`
  ADD CONSTRAINT `fk_dossiers_dossiers_id` FOREIGN KEY (`dossiers_id`) REFERENCES `dossiers` (`dossiers_id`) ON DELETE CASCADE ON UPDATE CASCADE;

--
-- Contraintes pour la table `emplois`
--
ALTER TABLE `emplois`
  ADD CONSTRAINT `fk_emplois_agences_id` FOREIGN KEY (`agences_id`) REFERENCES `agences` (`agences_id`) ON DELETE SET NULL ON UPDATE CASCADE;

--
-- Contraintes pour la table `emplois_diffusion`
--
ALTER TABLE `emplois_diffusion`
  ADD CONSTRAINT `fk_emploisdiffusion_emplois_id` FOREIGN KEY (`emplois_id`) REFERENCES `emplois` (`emplois_id`) ON DELETE CASCADE ON UPDATE CASCADE;

--
-- Contraintes pour la table `emplois_translation`
--
ALTER TABLE `emplois_translation`
  ADD CONSTRAINT `fk_emplois_emplois_id` FOREIGN KEY (`emplois_id`) REFERENCES `emplois` (`emplois_id`) ON DELETE CASCADE ON UPDATE CASCADE;

--
-- Contraintes pour la table `familles`
--
ALTER TABLE `familles`
  ADD CONSTRAINT `fk_familles_agences_id` FOREIGN KEY (`agences_id`) REFERENCES `agences` (`agences_id`) ON DELETE SET NULL ON UPDATE CASCADE,
  ADD CONSTRAINT `fk_familles_marques_id` FOREIGN KEY (`marques_id`) REFERENCES `marques` (`marques_id`) ON DELETE SET NULL ON UPDATE CASCADE,
  ADD CONSTRAINT `fk_familles_parents_id` FOREIGN KEY (`parents_id`) REFERENCES `familles` (`familles_id`) ON DELETE CASCADE ON UPDATE CASCADE;

--
-- Contraintes pour la table `familles_annonces`
--
ALTER TABLE `familles_annonces`
  ADD CONSTRAINT `fk_famillesannonces_annonces_id` FOREIGN KEY (`annonces_id`) REFERENCES `annonces` (`annonces_id`) ON DELETE CASCADE ON UPDATE CASCADE,
  ADD CONSTRAINT `fk_famillesannonces_familles_id` FOREIGN KEY (`familles_id`) REFERENCES `familles` (`familles_id`) ON DELETE CASCADE ON UPDATE CASCADE;

--
-- Contraintes pour la table `familles_formations`
--
ALTER TABLE `familles_formations`
  ADD CONSTRAINT `fk_famillesformations_familles_id` FOREIGN KEY (`familles_id`) REFERENCES `familles` (`familles_id`) ON DELETE CASCADE ON UPDATE CASCADE,
  ADD CONSTRAINT `fk_famillesformations_formations_id` FOREIGN KEY (`formations_id`) REFERENCES `formations` (`formations_id`) ON DELETE CASCADE ON UPDATE CASCADE;

--
-- Contraintes pour la table `familles_produits`
--
ALTER TABLE `familles_produits`
  ADD CONSTRAINT `fk_famillesproduits_familles_id` FOREIGN KEY (`familles_id`) REFERENCES `familles` (`familles_id`) ON DELETE CASCADE ON UPDATE CASCADE,
  ADD CONSTRAINT `fk_famillesproduits_produits_id` FOREIGN KEY (`produits_id`) REFERENCES `produits` (`produits_id`) ON DELETE CASCADE ON UPDATE CASCADE;

--
-- Contraintes pour la table `familles_translation`
--
ALTER TABLE `familles_translation`
  ADD CONSTRAINT `fk_familles_familles_id` FOREIGN KEY (`familles_id`) REFERENCES `familles` (`familles_id`) ON DELETE CASCADE ON UPDATE CASCADE;

--
-- Contraintes pour la table `faqs`
--
ALTER TABLE `faqs`
  ADD CONSTRAINT `fk_faqs_agences_id` FOREIGN KEY (`agences_id`) REFERENCES `agences` (`agences_id`) ON DELETE SET NULL ON UPDATE CASCADE,
  ADD CONSTRAINT `fk_faqs_univers_id` FOREIGN KEY (`univers_id`) REFERENCES `univers` (`univers_id`) ON DELETE SET NULL ON UPDATE CASCADE;

--
-- Contraintes pour la table `faqs_diffusion`
--
ALTER TABLE `faqs_diffusion`
  ADD CONSTRAINT `fk_faqsdiffusion_faqs_id` FOREIGN KEY (`faqs_id`) REFERENCES `faqs` (`faqs_id`) ON DELETE CASCADE ON UPDATE CASCADE;

--
-- Contraintes pour la table `faqs_translation`
--
ALTER TABLE `faqs_translation`
  ADD CONSTRAINT `fk_faqs_faqs_id` FOREIGN KEY (`faqs_id`) REFERENCES `faqs` (`faqs_id`) ON DELETE CASCADE ON UPDATE CASCADE;

--
-- Contraintes pour la table `favoris`
--
ALTER TABLE `favoris`
  ADD CONSTRAINT `fk_favoris_produits_id` FOREIGN KEY (`produits_id`) REFERENCES `produits` (`produits_id`) ON DELETE CASCADE ON UPDATE CASCADE,
  ADD CONSTRAINT `fk_favoris_users_id` FOREIGN KEY (`users_id`) REFERENCES `users` (`users_id`) ON DELETE CASCADE ON UPDATE CASCADE;

--
-- Contraintes pour la table `formations`
--
ALTER TABLE `formations`
  ADD CONSTRAINT `fk_formations_agences_id` FOREIGN KEY (`agences_id`) REFERENCES `agences` (`agences_id`) ON DELETE SET NULL ON UPDATE CASCADE,
  ADD CONSTRAINT `fk_formations_familles_id` FOREIGN KEY (`familles_id`) REFERENCES `familles` (`familles_id`) ON DELETE SET NULL ON UPDATE CASCADE;

--
-- Contraintes pour la table `formations_associes`
--
ALTER TABLE `formations_associes`
  ADD CONSTRAINT `fk_formationsassocies_associes_id` FOREIGN KEY (`associes_id`) REFERENCES `formations` (`formations_id`) ON DELETE CASCADE ON UPDATE CASCADE,
  ADD CONSTRAINT `fk_formationsassocies_formations_id` FOREIGN KEY (`formations_id`) REFERENCES `formations` (`formations_id`) ON DELETE CASCADE ON UPDATE CASCADE;

--
-- Contraintes pour la table `formations_diffusion`
--
ALTER TABLE `formations_diffusion`
  ADD CONSTRAINT `fk_formationsdiffusion_formations_id` FOREIGN KEY (`formations_id`) REFERENCES `formations` (`formations_id`) ON DELETE CASCADE ON UPDATE CASCADE;

--
-- Contraintes pour la table `formations_translation`
--
ALTER TABLE `formations_translation`
  ADD CONSTRAINT `fk_formations_formations_id` FOREIGN KEY (`formations_id`) REFERENCES `formations` (`formations_id`) ON DELETE CASCADE ON UPDATE CASCADE;

--
-- Contraintes pour la table `fournisseurs`
--
ALTER TABLE `fournisseurs`
  ADD CONSTRAINT `fk_fournisseurs_agences_id` FOREIGN KEY (`agences_id`) REFERENCES `agences` (`agences_id`) ON DELETE SET NULL ON UPDATE CASCADE;

--
-- Contraintes pour la table `fournisseurs_translation`
--
ALTER TABLE `fournisseurs_translation`
  ADD CONSTRAINT `fk_fournisseurs_fournisseurs_id` FOREIGN KEY (`fournisseurs_id`) REFERENCES `fournisseurs` (`fournisseurs_id`) ON DELETE CASCADE ON UPDATE CASCADE;

--
-- Contraintes pour la table `gammes`
--
ALTER TABLE `gammes`
  ADD CONSTRAINT `fk_gammes_agences_id` FOREIGN KEY (`agences_id`) REFERENCES `agences` (`agences_id`) ON DELETE SET NULL ON UPDATE CASCADE,
  ADD CONSTRAINT `fk_gammes_familles_id` FOREIGN KEY (`familles_id`) REFERENCES `familles` (`familles_id`) ON DELETE SET NULL ON UPDATE CASCADE;

--
-- Contraintes pour la table `gammes_translation`
--
ALTER TABLE `gammes_translation`
  ADD CONSTRAINT `fk_gammes_gammes_id` FOREIGN KEY (`gammes_id`) REFERENCES `gammes` (`gammes_id`) ON DELETE CASCADE ON UPDATE CASCADE;

--
-- Contraintes pour la table `gestions`
--
ALTER TABLE `gestions`
  ADD CONSTRAINT `fk_gestions_agences_id` FOREIGN KEY (`agences_id`) REFERENCES `agences` (`agences_id`) ON DELETE CASCADE ON UPDATE CASCADE,
  ADD CONSTRAINT `fk_gestions_domaines_code` FOREIGN KEY (`domaines_code`) REFERENCES `domaines` (`domaines_code`) ON DELETE CASCADE ON UPDATE CASCADE;

--
-- Contraintes pour la table `grillesfdp`
--
ALTER TABLE `grillesfdp`
  ADD CONSTRAINT `fk_grillesfdp_transporteurs_id` FOREIGN KEY (`transporteurs_id`) REFERENCES `transporteurs` (`transporteurs_id`) ON DELETE CASCADE ON UPDATE CASCADE;

--
-- Contraintes pour la table `grillesprix`
--
ALTER TABLE `grillesprix`
  ADD CONSTRAINT `fk_grillesprix_produitsdiffusion_id` FOREIGN KEY (`produits_id`) REFERENCES `produits` (`produits_id`) ON DELETE CASCADE ON UPDATE CASCADE;

--
-- Contraintes pour la table `inscriptions`
--
ALTER TABLE `inscriptions`
  ADD CONSTRAINT `fk_insccriptions_formations_id` FOREIGN KEY (`formations_id`) REFERENCES `formations` (`formations_id`) ON DELETE SET NULL ON UPDATE CASCADE,
  ADD CONSTRAINT `fk_inscriptions_sessions_id` FOREIGN KEY (`sessions_id`) REFERENCES `sessions` (`sessions_id`) ON DELETE SET NULL ON UPDATE CASCADE;

--
-- Contraintes pour la table `jeuxattributs_translation`
--
ALTER TABLE `jeuxattributs_translation`
  ADD CONSTRAINT `fk_jeuxattributs_jeuxattributs_id` FOREIGN KEY (`jeuxattributs_id`) REFERENCES `jeuxattributs` (`jeuxattributs_id`) ON DELETE CASCADE ON UPDATE CASCADE;

--
-- Contraintes pour la table `lexiques`
--
ALTER TABLE `lexiques`
  ADD CONSTRAINT `fk_agences_id` FOREIGN KEY (`agences_id`) REFERENCES `agences` (`agences_id`) ON DELETE SET NULL ON UPDATE CASCADE,
  ADD CONSTRAINT `fk_lexiques_univers_id` FOREIGN KEY (`univers_id`) REFERENCES `univers` (`univers_id`) ON DELETE SET NULL ON UPDATE CASCADE;

--
-- Contraintes pour la table `lexiques_diffusion`
--
ALTER TABLE `lexiques_diffusion`
  ADD CONSTRAINT `fk_lexiquesdiffusion_lexiques_id` FOREIGN KEY (`lexiques_id`) REFERENCES `lexiques` (`lexiques_id`) ON DELETE CASCADE ON UPDATE CASCADE;

--
-- Contraintes pour la table `lexiques_translation`
--
ALTER TABLE `lexiques_translation`
  ADD CONSTRAINT `fk_lexiques_lexiques_id` FOREIGN KEY (`lexiques_id`) REFERENCES `lexiques` (`lexiques_id`) ON DELETE CASCADE ON UPDATE CASCADE;

--
-- Contraintes pour la table `livraisons`
--
ALTER TABLE `livraisons`
  ADD CONSTRAINT `fk_livraisons_pays_id` FOREIGN KEY (`pays_id`) REFERENCES `pays` (`pays_id`) ON DELETE CASCADE ON UPDATE CASCADE,
  ADD CONSTRAINT `fk_livraisons_users_id` FOREIGN KEY (`users_id`) REFERENCES `users` (`users_id`) ON DELETE CASCADE ON UPDATE CASCADE;

--
-- Contraintes pour la table `marques`
--
ALTER TABLE `marques`
  ADD CONSTRAINT `fk_marques_agences_id` FOREIGN KEY (`agences_id`) REFERENCES `agences` (`agences_id`) ON DELETE SET NULL ON UPDATE CASCADE;

--
-- Contraintes pour la table `marques_diffusion`
--
ALTER TABLE `marques_diffusion`
  ADD CONSTRAINT `fk_marquesdiffusion_marques_id` FOREIGN KEY (`marques_id`) REFERENCES `marques` (`marques_id`) ON DELETE CASCADE ON UPDATE CASCADE;

--
-- Contraintes pour la table `marques_translation`
--
ALTER TABLE `marques_translation`
  ADD CONSTRAINT `fk_marques_marques_id` FOREIGN KEY (`marques_id`) REFERENCES `marques` (`marques_id`) ON DELETE CASCADE ON UPDATE CASCADE;

--
-- Contraintes pour la table `newsletters_groups_translation`
--
ALTER TABLE `newsletters_groups_translation`
  ADD CONSTRAINT `fk_newslettersgroups_newslettersgroups_id` FOREIGN KEY (`newsletters_groups_id`) REFERENCES `newsletters_groups` (`newsletters_groups_id`) ON DELETE CASCADE ON UPDATE CASCADE;

--
-- Contraintes pour la table `newsletters_lines`
--
ALTER TABLE `newsletters_lines`
  ADD CONSTRAINT `fk_newsletterslines_newsletters_id` FOREIGN KEY (`newsletters_id`) REFERENCES `newsletters` (`newsletters_id`) ON DELETE CASCADE ON UPDATE CASCADE;

--
-- Contraintes pour la table `newsletters_redirects`
--
ALTER TABLE `newsletters_redirects`
  ADD CONSTRAINT `fk_newslettersredirects_newsletterssends_id` FOREIGN KEY (`newsletters_sends_id`) REFERENCES `newsletters_sends` (`newsletters_sends_id`) ON DELETE CASCADE ON UPDATE CASCADE;

--
-- Contraintes pour la table `newsletters_sends`
--
ALTER TABLE `newsletters_sends`
  ADD CONSTRAINT `fk_newsletterssends_newslettersgroups_id` FOREIGN KEY (`newsletters_groups_id`) REFERENCES `newsletters_groups` (`newsletters_groups_id`) ON DELETE SET NULL ON UPDATE CASCADE,
  ADD CONSTRAINT `fk_newsletterssends_newsletters_id` FOREIGN KEY (`newsletters_id`) REFERENCES `newsletters` (`newsletters_id`) ON DELETE CASCADE ON UPDATE CASCADE,
  ADD CONSTRAINT `newsletters_sends_ibfk_1` FOREIGN KEY (`niveaux_id`) REFERENCES `niveaux` (`niveaux_id`) ON DELETE SET NULL ON UPDATE CASCADE;

--
-- Contraintes pour la table `newsletters_subscribes`
--
ALTER TABLE `newsletters_subscribes`
  ADD CONSTRAINT `fk_newsletterssubscribes_newsletterssends_id` FOREIGN KEY (`newsletters_sends_id`) REFERENCES `newsletters_sends` (`newsletters_sends_id`) ON DELETE SET NULL ON UPDATE CASCADE;

--
-- Contraintes pour la table `newsletters_trackings`
--
ALTER TABLE `newsletters_trackings`
  ADD CONSTRAINT `fk_newsletterstrackings_newsletterssends_id` FOREIGN KEY (`newsletters_sends_id`) REFERENCES `newsletters_sends` (`newsletters_sends_id`) ON DELETE CASCADE ON UPDATE CASCADE;

--
-- Contraintes pour la table `newsletters_users`
--
ALTER TABLE `newsletters_users`
  ADD CONSTRAINT `fk_newslettersusers_newsletersgroups_id` FOREIGN KEY (`newsletters_groups_id`) REFERENCES `newsletters_groups` (`newsletters_groups_id`) ON DELETE SET NULL ON UPDATE CASCADE,
  ADD CONSTRAINT `newsletters_users_ibfk_1` FOREIGN KEY (`niveaux_id`) REFERENCES `niveaux` (`niveaux_id`) ON DELETE SET NULL ON UPDATE CASCADE;

--
-- Contraintes pour la table `niveaux_translation`
--
ALTER TABLE `niveaux_translation`
  ADD CONSTRAINT `fk_niveaux_niveaux_translation` FOREIGN KEY (`niveaux_id`) REFERENCES `niveaux` (`niveaux_id`) ON DELETE CASCADE ON UPDATE CASCADE;

--
-- Contraintes pour la table `pays_translation`
--
ALTER TABLE `pays_translation`
  ADD CONSTRAINT `fk_pays_pays_id` FOREIGN KEY (`pays_id`) REFERENCES `pays` (`pays_id`) ON DELETE CASCADE ON UPDATE CASCADE;

--
-- Contraintes pour la table `photos`
--
ALTER TABLE `photos`
  ADD CONSTRAINT `fk_photos_actualites_id` FOREIGN KEY (`actualites_id`) REFERENCES `actualites` (`actualites_id`) ON DELETE SET NULL ON UPDATE CASCADE,
  ADD CONSTRAINT `fk_photos_agences_id` FOREIGN KEY (`agences_id`) REFERENCES `agences` (`agences_id`) ON DELETE SET NULL ON UPDATE CASCADE,
  ADD CONSTRAINT `fk_photos_annonces_id` FOREIGN KEY (`annonces_id`) REFERENCES `annonces` (`annonces_id`) ON DELETE SET NULL ON UPDATE CASCADE,
  ADD CONSTRAINT `fk_photos_cmspages_id` FOREIGN KEY (`cmspages_id`) REFERENCES `cmspages` (`cmspages_id`) ON DELETE SET NULL ON UPDATE CASCADE,
  ADD CONSTRAINT `fk_photos_dossiers_id` FOREIGN KEY (`dossiers_id`) REFERENCES `dossiers` (`dossiers_id`) ON DELETE SET NULL ON UPDATE CASCADE,
  ADD CONSTRAINT `fk_photos_formations_id` FOREIGN KEY (`formations_id`) REFERENCES `formations` (`formations_id`) ON DELETE SET NULL ON UPDATE CASCADE,
  ADD CONSTRAINT `fk_photos_produits_id` FOREIGN KEY (`produits_id`) REFERENCES `produits` (`produits_id`) ON DELETE SET NULL ON UPDATE CASCADE;

--
-- Contraintes pour la table `photos_actualites`
--
ALTER TABLE `photos_actualites`
  ADD CONSTRAINT `fk_photosactualites_actualites_id` FOREIGN KEY (`actualites_id`) REFERENCES `actualites` (`actualites_id`) ON DELETE CASCADE ON UPDATE CASCADE,
  ADD CONSTRAINT `fk_photosactualites_photos_id` FOREIGN KEY (`photos_id`) REFERENCES `photos` (`photos_id`) ON DELETE CASCADE ON UPDATE CASCADE;

--
-- Contraintes pour la table `photos_annonces`
--
ALTER TABLE `photos_annonces`
  ADD CONSTRAINT `fk_photosannonces_annonces_id` FOREIGN KEY (`annonces_id`) REFERENCES `annonces` (`annonces_id`) ON DELETE CASCADE ON UPDATE CASCADE,
  ADD CONSTRAINT `fk_photosannonces_photos_id` FOREIGN KEY (`photos_id`) REFERENCES `photos` (`photos_id`) ON DELETE CASCADE ON UPDATE CASCADE;

--
-- Contraintes pour la table `photos_cmspages`
--
ALTER TABLE `photos_cmspages`
  ADD CONSTRAINT `fk_photoscmspages_cmspages_id` FOREIGN KEY (`cmspages_id`) REFERENCES `cmspages` (`cmspages_id`) ON DELETE CASCADE ON UPDATE CASCADE,
  ADD CONSTRAINT `fk_photoscmspages_photos_id` FOREIGN KEY (`photos_id`) REFERENCES `photos` (`photos_id`) ON DELETE CASCADE ON UPDATE CASCADE;

--
-- Contraintes pour la table `photos_diffusion`
--
ALTER TABLE `photos_diffusion`
  ADD CONSTRAINT `fk_photosdiffusion_photos_id` FOREIGN KEY (`photos_id`) REFERENCES `photos` (`photos_id`) ON DELETE CASCADE ON UPDATE CASCADE;

--
-- Contraintes pour la table `photos_dossiers`
--
ALTER TABLE `photos_dossiers`
  ADD CONSTRAINT `fk_photosdossiers_dossiers_id` FOREIGN KEY (`dossiers_id`) REFERENCES `dossiers` (`dossiers_id`) ON DELETE CASCADE ON UPDATE CASCADE,
  ADD CONSTRAINT `fk_photosdossiers_photos_id` FOREIGN KEY (`photos_id`) REFERENCES `photos` (`photos_id`) ON DELETE CASCADE ON UPDATE CASCADE;

--
-- Contraintes pour la table `photos_formations`
--
ALTER TABLE `photos_formations`
  ADD CONSTRAINT `fk_photosformations_formations_id` FOREIGN KEY (`formations_id`) REFERENCES `formations` (`formations_id`) ON DELETE CASCADE ON UPDATE CASCADE,
  ADD CONSTRAINT `fk_photosformations_photos_id` FOREIGN KEY (`photos_id`) REFERENCES `photos` (`photos_id`) ON DELETE CASCADE ON UPDATE CASCADE;

--
-- Contraintes pour la table `photos_produits`
--
ALTER TABLE `photos_produits`
  ADD CONSTRAINT `fk_photosproduits_photos_id` FOREIGN KEY (`photos_id`) REFERENCES `photos` (`photos_id`) ON DELETE CASCADE ON UPDATE CASCADE,
  ADD CONSTRAINT `fk_photosproduits_produits_id` FOREIGN KEY (`produits_id`) REFERENCES `produits` (`produits_id`) ON DELETE CASCADE ON UPDATE CASCADE;

--
-- Contraintes pour la table `photos_translation`
--
ALTER TABLE `photos_translation`
  ADD CONSTRAINT `fk_photos_photos_id` FOREIGN KEY (`photos_id`) REFERENCES `photos` (`photos_id`) ON DELETE CASCADE ON UPDATE CASCADE;

--
-- Contraintes pour la table `pictogrammes`
--
ALTER TABLE `pictogrammes`
  ADD CONSTRAINT `fk_pictogrammes_actualites_id` FOREIGN KEY (`actualites_id`) REFERENCES `actualites` (`actualites_id`) ON DELETE SET NULL ON UPDATE CASCADE,
  ADD CONSTRAINT `fk_pictogrammes_agences_id` FOREIGN KEY (`agences_id`) REFERENCES `agences` (`agences_id`) ON DELETE SET NULL ON UPDATE CASCADE,
  ADD CONSTRAINT `fk_pictogrammes_annonces_id` FOREIGN KEY (`annonces_id`) REFERENCES `annonces` (`annonces_id`) ON DELETE SET NULL ON UPDATE CASCADE,
  ADD CONSTRAINT `fk_pictogrammes_cmspages_id` FOREIGN KEY (`cmspages_id`) REFERENCES `cmspages` (`cmspages_id`) ON DELETE SET NULL ON UPDATE CASCADE,
  ADD CONSTRAINT `fk_pictogrammes_dossiers_id` FOREIGN KEY (`dossiers_id`) REFERENCES `dossiers` (`dossiers_id`) ON DELETE SET NULL ON UPDATE CASCADE,
  ADD CONSTRAINT `fk_pictogrammes_formations_id` FOREIGN KEY (`formations_id`) REFERENCES `formations` (`formations_id`) ON DELETE SET NULL ON UPDATE CASCADE,
  ADD CONSTRAINT `fk_pictogrammes_produits_id` FOREIGN KEY (`produits_id`) REFERENCES `produits` (`produits_id`) ON DELETE SET NULL ON UPDATE CASCADE;

--
-- Contraintes pour la table `pictogrammes_actualites`
--
ALTER TABLE `pictogrammes_actualites`
  ADD CONSTRAINT `fk_pictogrammesactualites_actualites_id` FOREIGN KEY (`actualites_id`) REFERENCES `actualites` (`actualites_id`) ON DELETE CASCADE ON UPDATE CASCADE,
  ADD CONSTRAINT `fk_pictogrammesactualites_pictogrammes_id` FOREIGN KEY (`pictogrammes_id`) REFERENCES `pictogrammes` (`pictogrammes_id`) ON DELETE CASCADE ON UPDATE CASCADE;

--
-- Contraintes pour la table `pictogrammes_annonces`
--
ALTER TABLE `pictogrammes_annonces`
  ADD CONSTRAINT `fk_pictogrammesannonces_annonces_id` FOREIGN KEY (`annonces_id`) REFERENCES `annonces` (`annonces_id`) ON DELETE CASCADE ON UPDATE CASCADE,
  ADD CONSTRAINT `fk_pictogrammesannonces_pictogrammes_id` FOREIGN KEY (`pictogrammes_id`) REFERENCES `pictogrammes` (`pictogrammes_id`) ON DELETE CASCADE ON UPDATE CASCADE;

--
-- Contraintes pour la table `pictogrammes_cmspages`
--
ALTER TABLE `pictogrammes_cmspages`
  ADD CONSTRAINT `fk_pictogrammescmspages_cmspages_id` FOREIGN KEY (`cmspages_id`) REFERENCES `cmspages` (`cmspages_id`) ON DELETE CASCADE ON UPDATE CASCADE,
  ADD CONSTRAINT `fk_pictogrammescmspages_pictogrammes_id` FOREIGN KEY (`pictogrammes_id`) REFERENCES `pictogrammes` (`pictogrammes_id`) ON DELETE CASCADE ON UPDATE CASCADE;

--
-- Contraintes pour la table `pictogrammes_diffusion`
--
ALTER TABLE `pictogrammes_diffusion`
  ADD CONSTRAINT `fk_pictogrammesdiffusion_pictogrammes_id` FOREIGN KEY (`pictogrammes_id`) REFERENCES `pictogrammes` (`pictogrammes_id`) ON DELETE CASCADE ON UPDATE CASCADE;

--
-- Contraintes pour la table `pictogrammes_dossiers`
--
ALTER TABLE `pictogrammes_dossiers`
  ADD CONSTRAINT `fk_pictogrammesdossiers_dossiers_id` FOREIGN KEY (`dossiers_id`) REFERENCES `dossiers` (`dossiers_id`) ON DELETE CASCADE ON UPDATE CASCADE,
  ADD CONSTRAINT `fk_pictogrammesdossiers_pictogrammes_id` FOREIGN KEY (`pictogrammes_id`) REFERENCES `pictogrammes` (`pictogrammes_id`) ON DELETE CASCADE ON UPDATE CASCADE;

--
-- Contraintes pour la table `pictogrammes_formations`
--
ALTER TABLE `pictogrammes_formations`
  ADD CONSTRAINT `fk_pictogrammesformations_formations_id` FOREIGN KEY (`formations_id`) REFERENCES `formations` (`formations_id`) ON DELETE CASCADE ON UPDATE CASCADE,
  ADD CONSTRAINT `fk_pictogrammesformations_pictogrammes_id` FOREIGN KEY (`pictogrammes_id`) REFERENCES `pictogrammes` (`pictogrammes_id`) ON DELETE CASCADE ON UPDATE CASCADE;

--
-- Contraintes pour la table `pictogrammes_produits`
--
ALTER TABLE `pictogrammes_produits`
  ADD CONSTRAINT `fk_pictogrammesproduits_pictogrammes_id` FOREIGN KEY (`pictogrammes_id`) REFERENCES `pictogrammes` (`pictogrammes_id`) ON DELETE CASCADE ON UPDATE CASCADE,
  ADD CONSTRAINT `fk_pictogrammesproduits_produits_id` FOREIGN KEY (`produits_id`) REFERENCES `produits` (`produits_id`) ON DELETE CASCADE ON UPDATE CASCADE;

--
-- Contraintes pour la table `pictogrammes_translation`
--
ALTER TABLE `pictogrammes_translation`
  ADD CONSTRAINT `fk_pictogrammes_pictogrammes_id` FOREIGN KEY (`pictogrammes_id`) REFERENCES `pictogrammes` (`pictogrammes_id`) ON DELETE CASCADE ON UPDATE CASCADE;

--
-- Contraintes pour la table `produits`
--
ALTER TABLE `produits`
  ADD CONSTRAINT `fk_produits_agences_id` FOREIGN KEY (`agences_id`) REFERENCES `agences` (`agences_id`) ON DELETE SET NULL ON UPDATE CASCADE,
  ADD CONSTRAINT `fk_produits_familles_id` FOREIGN KEY (`familles_id`) REFERENCES `familles` (`familles_id`) ON DELETE SET NULL ON UPDATE CASCADE,
  ADD CONSTRAINT `fk_produits_fournisseurs_id` FOREIGN KEY (`fournisseurs_id`) REFERENCES `fournisseurs` (`fournisseurs_id`) ON DELETE SET NULL ON UPDATE CASCADE,
  ADD CONSTRAINT `fk_produits_gammes_id` FOREIGN KEY (`gammes_id`) REFERENCES `gammes` (`gammes_id`) ON DELETE SET NULL ON UPDATE CASCADE,
  ADD CONSTRAINT `fk_produits_jeuxattributs_id` FOREIGN KEY (`jeuxattributs_id`) REFERENCES `jeuxattributs` (`jeuxattributs_id`) ON DELETE SET NULL ON UPDATE CASCADE,
  ADD CONSTRAINT `fk_produits_marques_id` FOREIGN KEY (`marques_id`) REFERENCES `marques` (`marques_id`) ON DELETE SET NULL ON UPDATE CASCADE,
  ADD CONSTRAINT `fk_produits_parents_id` FOREIGN KEY (`parents_id`) REFERENCES `produits` (`produits_id`) ON DELETE CASCADE ON UPDATE CASCADE,
  ADD CONSTRAINT `fk_produits_univers_id` FOREIGN KEY (`univers_id`) REFERENCES `univers` (`univers_id`) ON DELETE SET NULL ON UPDATE CASCADE;

--
-- Contraintes pour la table `produits_associes`
--
ALTER TABLE `produits_associes`
  ADD CONSTRAINT `fk_produitsassocies_associes_id` FOREIGN KEY (`associes_id`) REFERENCES `produits` (`produits_id`) ON DELETE CASCADE ON UPDATE CASCADE,
  ADD CONSTRAINT `fk_produitsassocies_produits_id` FOREIGN KEY (`produits_id`) REFERENCES `produits` (`produits_id`) ON DELETE CASCADE ON UPDATE CASCADE;

--
-- Contraintes pour la table `produits_croises`
--
ALTER TABLE `produits_croises`
  ADD CONSTRAINT `fk_produitscroises_croises_id` FOREIGN KEY (`croises_id`) REFERENCES `produits` (`produits_id`) ON DELETE CASCADE ON UPDATE CASCADE,
  ADD CONSTRAINT `fk_produitscroises_produits_id` FOREIGN KEY (`produits_id`) REFERENCES `produits` (`produits_id`) ON DELETE CASCADE ON UPDATE CASCADE;

--
-- Contraintes pour la table `produits_diffusion`
--
ALTER TABLE `produits_diffusion`
  ADD CONSTRAINT `fk_produitsdiffusion_produits_id` FOREIGN KEY (`produits_id`) REFERENCES `produits` (`produits_id`) ON DELETE CASCADE ON UPDATE CASCADE,
  ADD CONSTRAINT `fk_produitsdiffusion_tva_id` FOREIGN KEY (`tva_id`) REFERENCES `tva` (`tva_id`) ON DELETE SET NULL ON UPDATE CASCADE;

--
-- Contraintes pour la table `produits_translation`
--
ALTER TABLE `produits_translation`
  ADD CONSTRAINT `fk_produits_produits_id` FOREIGN KEY (`produits_id`) REFERENCES `produits` (`produits_id`) ON DELETE CASCADE ON UPDATE CASCADE;

--
-- Contraintes pour la table `regles`
--
ALTER TABLE `regles`
  ADD CONSTRAINT `fk_regles_remises_id` FOREIGN KEY (`remises_id`) REFERENCES `remises` (`remises_id`) ON DELETE CASCADE ON UPDATE CASCADE;

--
-- Contraintes pour la table `regles_translation`
--
ALTER TABLE `regles_translation`
  ADD CONSTRAINT `fk_regles_regles_id` FOREIGN KEY (`regles_id`) REFERENCES `regles` (`regles_id`) ON DELETE CASCADE ON UPDATE CASCADE;

--
-- Contraintes pour la table `remises_translation`
--
ALTER TABLE `remises_translation`
  ADD CONSTRAINT `fk_remises_remises_id` FOREIGN KEY (`remises_id`) REFERENCES `remises` (`remises_id`) ON DELETE CASCADE ON UPDATE CASCADE;

--
-- Contraintes pour la table `remises_utilisees`
--
ALTER TABLE `remises_utilisees`
  ADD CONSTRAINT `fk_remisesutilisees_commandes_id` FOREIGN KEY (`commandes_id`) REFERENCES `commandes` (`commandes_id`) ON DELETE SET NULL ON UPDATE CASCADE,
  ADD CONSTRAINT `fk_remisesutilisees_remises_id` FOREIGN KEY (`remises_id`) REFERENCES `remises` (`remises_id`) ON DELETE CASCADE ON UPDATE CASCADE,
  ADD CONSTRAINT `fk_remisesutilisees_users_email` FOREIGN KEY (`users_email`) REFERENCES `users` (`users_email`) ON DELETE CASCADE ON UPDATE CASCADE;

--
-- Contraintes pour la table `sessions`
--
ALTER TABLE `sessions`
  ADD CONSTRAINT `fk_sessions_agences_id` FOREIGN KEY (`agences_id`) REFERENCES `agences` (`agences_id`) ON DELETE SET NULL ON UPDATE CASCADE,
  ADD CONSTRAINT `fk_sessions_formations_id` FOREIGN KEY (`formations_id`) REFERENCES `formations` (`formations_id`) ON DELETE CASCADE ON UPDATE CASCADE;

--
-- Contraintes pour la table `sessions_translation`
--
ALTER TABLE `sessions_translation`
  ADD CONSTRAINT `fk_sessions_sessions_id` FOREIGN KEY (`sessions_id`) REFERENCES `sessions` (`sessions_id`) ON DELETE CASCADE ON UPDATE CASCADE;

--
-- Contraintes pour la table `thematiques`
--
ALTER TABLE `thematiques`
  ADD CONSTRAINT `fk_thematiques_agences_id` FOREIGN KEY (`agences_id`) REFERENCES `agences` (`agences_id`) ON DELETE SET NULL ON UPDATE CASCADE,
  ADD CONSTRAINT `fk_thematiques_parents_id` FOREIGN KEY (`parents_id`) REFERENCES `thematiques` (`thematiques_id`) ON DELETE CASCADE ON UPDATE CASCADE;

--
-- Contraintes pour la table `thematiques_translation`
--
ALTER TABLE `thematiques_translation`
  ADD CONSTRAINT `fk_thematiques_thematiques_id` FOREIGN KEY (`thematiques_id`) REFERENCES `thematiques` (`thematiques_id`) ON DELETE CASCADE ON UPDATE CASCADE;

--
-- Contraintes pour la table `transporteurs`
--
ALTER TABLE `transporteurs`
  ADD CONSTRAINT `fk_transporteurs_tva_id` FOREIGN KEY (`tva_id`) REFERENCES `tva` (`tva_id`) ON DELETE CASCADE ON UPDATE CASCADE,
  ADD CONSTRAINT `fk_transporteurs_zones_id` FOREIGN KEY (`zones_id`) REFERENCES `zones` (`zones_id`) ON DELETE CASCADE ON UPDATE CASCADE;

--
-- Contraintes pour la table `transporteurs_translation`
--
ALTER TABLE `transporteurs_translation`
  ADD CONSTRAINT `fk_transporteurs_transporteurs_id` FOREIGN KEY (`transporteurs_id`) REFERENCES `transporteurs` (`transporteurs_id`) ON DELETE CASCADE ON UPDATE CASCADE;

--
-- Contraintes pour la table `tva_translation`
--
ALTER TABLE `tva_translation`
  ADD CONSTRAINT `fk_tva_tva_id` FOREIGN KEY (`tva_id`) REFERENCES `tva` (`tva_id`) ON DELETE CASCADE ON UPDATE CASCADE;

--
-- Contraintes pour la table `univers_translation`
--
ALTER TABLE `univers_translation`
  ADD CONSTRAINT `fk_univers_univers_id` FOREIGN KEY (`univers_id`) REFERENCES `univers` (`univers_id`) ON DELETE CASCADE ON UPDATE CASCADE;

--
-- Contraintes pour la table `univers_users`
--
ALTER TABLE `univers_users`
  ADD CONSTRAINT `fk_universusers_univers_id` FOREIGN KEY (`univers_id`) REFERENCES `univers` (`univers_id`) ON DELETE CASCADE ON UPDATE CASCADE,
  ADD CONSTRAINT `fk_universusers_users_id` FOREIGN KEY (`users_id`) REFERENCES `users` (`users_id`) ON DELETE CASCADE ON UPDATE CASCADE;

--
-- Contraintes pour la table `uservalues`
--
ALTER TABLE `uservalues`
  ADD CONSTRAINT `fk_uservalues_attributs_id` FOREIGN KEY (`attributs_id`) REFERENCES `attributs` (`attributs_id`) ON DELETE CASCADE ON UPDATE CASCADE;

--
-- Contraintes pour la table `uservalues_translation`
--
ALTER TABLE `uservalues_translation`
  ADD CONSTRAINT `fk_uservalues_uservalues_id` FOREIGN KEY (`uservalues_id`) REFERENCES `uservalues` (`uservalues_id`) ON DELETE CASCADE ON UPDATE CASCADE;

--
-- Contraintes pour la table `versions`
--
ALTER TABLE `versions`
  ADD CONSTRAINT `fk_versions_domaines_code` FOREIGN KEY (`domaines_code`) REFERENCES `domaines` (`domaines_code`) ON DELETE CASCADE ON UPDATE CASCADE,
  ADD CONSTRAINT `fk_versions_langues_code` FOREIGN KEY (`langues_code`) REFERENCES `langues` (`langues_code`) ON DELETE CASCADE ON UPDATE CASCADE;

--
-- Contraintes pour la table `videos`
--
ALTER TABLE `videos`
  ADD CONSTRAINT `fk_videos_actualites_id` FOREIGN KEY (`actualites_id`) REFERENCES `actualites` (`actualites_id`) ON DELETE SET NULL ON UPDATE CASCADE,
  ADD CONSTRAINT `fk_videos_agences_id` FOREIGN KEY (`agences_id`) REFERENCES `agences` (`agences_id`) ON DELETE SET NULL ON UPDATE CASCADE,
  ADD CONSTRAINT `fk_videos_annonces_id` FOREIGN KEY (`annonces_id`) REFERENCES `annonces` (`annonces_id`) ON DELETE SET NULL ON UPDATE CASCADE,
  ADD CONSTRAINT `fk_videos_cmspages_id` FOREIGN KEY (`cmspages_id`) REFERENCES `cmspages` (`cmspages_id`) ON DELETE SET NULL ON UPDATE CASCADE,
  ADD CONSTRAINT `fk_videos_dossiers_id` FOREIGN KEY (`dossiers_id`) REFERENCES `dossiers` (`dossiers_id`) ON DELETE SET NULL ON UPDATE CASCADE,
  ADD CONSTRAINT `fk_videos_formations_id` FOREIGN KEY (`formations_id`) REFERENCES `formations` (`formations_id`) ON DELETE SET NULL ON UPDATE CASCADE,
  ADD CONSTRAINT `fk_videos_produits_id` FOREIGN KEY (`produits_id`) REFERENCES `produits` (`produits_id`) ON DELETE SET NULL ON UPDATE CASCADE;

--
-- Contraintes pour la table `videos_actualites`
--
ALTER TABLE `videos_actualites`
  ADD CONSTRAINT `fk_videosactualites_actualites_id` FOREIGN KEY (`actualites_id`) REFERENCES `actualites` (`actualites_id`) ON DELETE CASCADE ON UPDATE CASCADE,
  ADD CONSTRAINT `fk_videosactualites_videos_id` FOREIGN KEY (`videos_id`) REFERENCES `videos` (`videos_id`) ON DELETE CASCADE ON UPDATE CASCADE;

--
-- Contraintes pour la table `videos_annonces`
--
ALTER TABLE `videos_annonces`
  ADD CONSTRAINT `fk_videosannonces_annonces_id` FOREIGN KEY (`annonces_id`) REFERENCES `annonces` (`annonces_id`) ON DELETE CASCADE ON UPDATE CASCADE,
  ADD CONSTRAINT `fk_videosannonces_videos_id` FOREIGN KEY (`videos_id`) REFERENCES `videos` (`videos_id`) ON DELETE CASCADE ON UPDATE CASCADE;

--
-- Contraintes pour la table `videos_cmspages`
--
ALTER TABLE `videos_cmspages`
  ADD CONSTRAINT `fk_videoscmspages_cmspages_id` FOREIGN KEY (`cmspages_id`) REFERENCES `cmspages` (`cmspages_id`) ON DELETE CASCADE ON UPDATE CASCADE,
  ADD CONSTRAINT `fk_videoscmspages_videos_id` FOREIGN KEY (`videos_id`) REFERENCES `videos` (`videos_id`) ON DELETE CASCADE ON UPDATE CASCADE;

--
-- Contraintes pour la table `videos_diffusion`
--
ALTER TABLE `videos_diffusion`
  ADD CONSTRAINT `fk_videosdiffusion_videos_id` FOREIGN KEY (`videos_id`) REFERENCES `videos` (`videos_id`) ON DELETE CASCADE ON UPDATE CASCADE;

--
-- Contraintes pour la table `videos_dossiers`
--
ALTER TABLE `videos_dossiers`
  ADD CONSTRAINT `fk_videosdossiers_dossiers_id` FOREIGN KEY (`dossiers_id`) REFERENCES `dossiers` (`dossiers_id`) ON DELETE CASCADE ON UPDATE CASCADE,
  ADD CONSTRAINT `fk_videosdossiers_videos_id` FOREIGN KEY (`videos_id`) REFERENCES `videos` (`videos_id`) ON DELETE CASCADE ON UPDATE CASCADE;

--
-- Contraintes pour la table `videos_formations`
--
ALTER TABLE `videos_formations`
  ADD CONSTRAINT `fk_videosformations_formations_id` FOREIGN KEY (`formations_id`) REFERENCES `formations` (`formations_id`) ON DELETE CASCADE ON UPDATE CASCADE,
  ADD CONSTRAINT `fk_videosformations_videos_id` FOREIGN KEY (`videos_id`) REFERENCES `videos` (`videos_id`) ON DELETE CASCADE ON UPDATE CASCADE;

--
-- Contraintes pour la table `videos_produits`
--
ALTER TABLE `videos_produits`
  ADD CONSTRAINT `fk_videosproduits_produits_id` FOREIGN KEY (`produits_id`) REFERENCES `produits` (`produits_id`) ON DELETE CASCADE ON UPDATE CASCADE,
  ADD CONSTRAINT `fk_videosproduits_videos_id` FOREIGN KEY (`videos_id`) REFERENCES `videos` (`videos_id`) ON DELETE CASCADE ON UPDATE CASCADE;

--
-- Contraintes pour la table `videos_translation`
--
ALTER TABLE `videos_translation`
  ADD CONSTRAINT `fk_videos_videos_id` FOREIGN KEY (`videos_id`) REFERENCES `videos` (`videos_id`) ON DELETE CASCADE ON UPDATE CASCADE;

--
-- Contraintes pour la table `wallpapers`
--
ALTER TABLE `wallpapers`
  ADD CONSTRAINT `fk_wallpapers_agences_id` FOREIGN KEY (`agences_id`) REFERENCES `agences` (`agences_id`) ON DELETE SET NULL ON UPDATE CASCADE;

--
-- Contraintes pour la table `wallpapers_diffusion`
--
ALTER TABLE `wallpapers_diffusion`
  ADD CONSTRAINT `fk_wallpapersdiffusion_wallpapers_id` FOREIGN KEY (`wallpapers_id`) REFERENCES `wallpapers` (`wallpapers_id`) ON DELETE CASCADE ON UPDATE CASCADE;

--
-- Contraintes pour la table `wallpapers_translation`
--
ALTER TABLE `wallpapers_translation`
  ADD CONSTRAINT `fk_wallpapers_wallpapers_id` FOREIGN KEY (`wallpapers_id`) REFERENCES `wallpapers` (`wallpapers_id`) ON DELETE CASCADE ON UPDATE CASCADE;

--
-- Contraintes pour la table `zones_pays`
--
ALTER TABLE `zones_pays`
  ADD CONSTRAINT `fk_zonespays_pays_id` FOREIGN KEY (`pays_id`) REFERENCES `pays` (`pays_id`) ON DELETE CASCADE ON UPDATE CASCADE,
  ADD CONSTRAINT `fk_zonespays_zones_id` FOREIGN KEY (`zones_id`) REFERENCES `zones` (`zones_id`) ON DELETE CASCADE ON UPDATE CASCADE;

--
-- Contraintes pour la table `zones_translation`
--
ALTER TABLE `zones_translation`
  ADD CONSTRAINT `fk_zones_zones_id` FOREIGN KEY (`zones_id`) REFERENCES `zones` (`zones_id`) ON DELETE CASCADE ON UPDATE CASCADE;

